{"id":15445,"date":"2018-07-10T06:54:46","date_gmt":"2018-07-10T06:54:46","guid":{"rendered":"http:\/\/testwordpress.nirmalnagari.org\/smnd\/index.php\/importance-of-family\/"},"modified":"2018-07-10T06:54:46","modified_gmt":"2018-07-10T06:54:46","slug":"bedeutung-familie","status":"publish","type":"page","link":"https:\/\/shrimataji.org\/chatbot\/de\/bedeutung-familie\/","title":{"rendered":"Die Bedeutung der Familie"},"content":{"rendered":"\n\n\t<h1>Die Bedeutung der Familie<\/h1>\n<h2>Das Fundament der Gesellschaft<\/h2>\n\t<h4>Eine erfolgreiche Gesellschaft beruht auf der St\u00e4rke ihrer Familien und auf unseren Rollen und Beziehungen zueinander. Shri Mataji dr\u00fcckte oft ihre Vision einer solchen ausgewogenen Gesellschaft aus, und ihr ganzes Leben gab sie ein ideales Beispiel f\u00fcr die vielf\u00e4ltigen Rollen, die eine Frau in der Familie, in der Gesellschaft und auf der Weltb\u00fchne erf\u00fcllen kann.<\/h4>\n\t<p>Schon fr\u00fch \u00fcbernahm sie Verantwortung in ihrer Familie. Obwohl sie nicht die \u00c4lteste war, k\u00fcmmerte sie sich um ihre vielen Geschwister. Ihre Eltern waren in den Kampf um die indische Unabh\u00e4ngigkeit involviert &#8211; eine Bewegung, der auch sie sich als junge Frau anschlie\u00dfen sollte. Als Mutter k\u00fcmmerte sich Shri Mataji um ihre Kinder. Doch als Ehefrau unterst\u00fctzte sie ebenfalls ihren Ehemann auf seinen internationalen Reisen, die er im Rahmen seiner Arbeit f\u00fcr die <a href=\"https:\/\/www.imo.org\/en\/\" target=\"_blank\" rel=\"noopener\">United Nations Maritime Organization<\/a> unternahm. W\u00e4hrend sie sich weltweit f\u00fcr die spirituelle Entwicklung der Menschheit einsetzte, wartete sie, bis ihre T\u00f6chter verheiratet waren und sich niedergelassen hatten, bevor sie mit ihrer \u00f6ffentlichen Arbeit begann.<\/p>\n\t<p>\u00dcber die Dynamik der Beziehung zwischen Ehemann und Ehefrau sagte Shri Mataji einmal: &#8220;Ihr m\u00fcsst im Gleichgewicht sein. Es geht nicht um den Mann oder die Frau, sondern um beide. Sie sollten sich gegenseitig respektieren, lieben, alles miteinander teilen und so existieren, dass die Menschen sehen, dass es zwei R\u00e4der eines Wagens gibt &#8211; eines auf der linken und eines auf der rechten Seite.&#8221; Und Gleichgewicht setzt Gleichwertigkeit voraus. &#8220;Es gibt kein Ungleichgewicht. Sie sind gleichwertig, aber nicht gleichartig.&#8221;<\/p>\n\t<p>[su_quote] Wenn man eine gute Familie gr\u00fcndet, dann schafft man ein sch\u00f6nes, ein sehr sch\u00f6nes Universum um sich herum. [\/su_quote]<\/p>\n\t<p>Shri Mataji verglich die Qualit\u00e4ten einer Ehefrau mit denen der Mutter Erde: Sie ist n\u00e4hrend, sie ist gro\u00dfz\u00fcgig und liebevoll, und sie kann Sch\u00f6nheit erschaffen. Sie ist auch die Friedensstifterin und hilft, die Beziehungen in einer Familie harmonisch zu halten. Sie ist die Quelle der St\u00e4rke einer Familie, und ihr Beitrag geht \u00fcber die Familie hinaus. &#8220;Die Frau gibt Kraft &#8230; eurem Sohn, eurem Ehemann, der ganzen Gesellschaft&#8221;.<\/p>\n\t\t\t\t<img decoding=\"async\" src=\"https:\/\/shrimataji.org\/wp-content\/uploads\/2018\/07\/media_originals\/images\/art\/aftertitian-aldobrandini-by-graham-brown-dec-2009-1024x694.jpg\" alt=\"Aldobrandinische Madonna nach Tizian\n(Graham Brown, 2009)\" title=\"aftertitian-aldobrandini-by-graham-brown-dec-2009\" \/>\n\t<p>Der Ehemann hat die Aufgabe, sich um alle Mitglieder seiner Familie zu k\u00fcmmern und daf\u00fcr zu sorgen, dass ihre Bed\u00fcrfnisse erf\u00fcllt werden. Zwischen Ehemann und Ehefrau sollte gegenseitiger Respekt herrschen, da ihre Rollen voneinander abh\u00e4ngig und gleichwertig sind.<\/p>\n<p>Weitere wichtige Aspekte des Familienlebens sind die Beziehungen zwischen Kindern und Eltern, Br\u00fcdern und Schwestern, j\u00fcngeren Familienmitgliedern und \u00c4lteren. Ausgewogenheit und Frieden in der Familie strahlen in die Gesellschaft aus und haben eine friedliche und ausgleichende Wirkung.<\/p>\n\t<p>W\u00e4hrend sie ihre Rolle als Ehefrau, Mutter, Gro\u00df- und sogar Urgro\u00dfmutter erf\u00fcllte, blieb Shri Matajis Aufmerksamkeit mit diesen Werten und dieser Vision eine globale. Die Botschaft des Gleichgewichts und der gegenseitigen Abh\u00e4ngigkeit von M\u00e4nnern und Frauen brachte sie auf die Weltb\u00fchne, als sie 1995 auf der Frauenkonferenz der Vereinten Nationen in Peking auf der <a href=\"https:\/\/shrimataji.org\/de\/weltfrauenkonferenz\/\" target=\"_blank\" rel=\"noopener\">Weltfrauenkonferenz<\/a> in Peking sprach. Sie ihre Besorgnis \u00fcber die Situation der Frauen und betonte die Bedeutung der Rolle der Mutter, die in vielen Gesellschaften unterbewertet wird.<\/p>\n\t<p>Wie alle wahren gro\u00dfen F\u00fchrungspers\u00f6nlichkeiten betrachtete sie die ganze Welt als ihre Familie. Alle Menschen waren &#8211; ungeachtet ihrer Ethnie, Religion oder Nationalit\u00e4t &#8211; ihres Interesses und ihrer F\u00fcrsorge w\u00fcrdig.<\/p>\n\n","protected":false},"excerpt":{"rendered":"<p>Die Bedeutung der Familie Das Fundament der Gesellschaft Eine erfolgreiche Gesellschaft beruht auf der St\u00e4rke ihrer Familien und auf unseren Rollen und Beziehungen zueinander. Shri Mataji dr\u00fcckte oft ihre Vision einer solchen ausgewogenen Gesellschaft aus, und ihr ganzes Leben gab sie ein ideales Beispiel f\u00fcr die vielf\u00e4ltigen Rollen, die eine Frau in der Familie, in&hellip; <br \/> <a class=\"read-more\" href=\"https:\/\/shrimataji.org\/chatbot\/de\/bedeutung-familie\/\">Read more<\/a><\/p>\n","protected":false},"author":2,"featured_media":168,"parent":0,"menu_order":0,"comment_status":"closed","ping_status":"closed","template":"","meta":{"footnotes":""},"class_list":["post-15445","page","type-page","status-publish","has-post-thumbnail","hentry"],"_links":{"self":[{"href":"https:\/\/shrimataji.org\/chatbot\/wp-json\/wp\/v2\/pages\/15445","targetHints":{"allow":["GET"]}}],"collection":[{"href":"https:\/\/shrimataji.org\/chatbot\/wp-json\/wp\/v2\/pages"}],"about":[{"href":"https:\/\/shrimataji.org\/chatbot\/wp-json\/wp\/v2\/types\/page"}],"author":[{"embeddable":true,"href":"https:\/\/shrimataji.org\/chatbot\/wp-json\/wp\/v2\/users\/2"}],"replies":[{"embeddable":true,"href":"https:\/\/shrimataji.org\/chatbot\/wp-json\/wp\/v2\/comments?post=15445"}],"version-history":[{"count":0,"href":"https:\/\/shrimataji.org\/chatbot\/wp-json\/wp\/v2\/pages\/15445\/revisions"}],"wp:featuredmedia":[{"embeddable":true,"href":"https:\/\/shrimataji.org\/chatbot\/wp-json\/wp\/v2\/media\/168"}],"wp:attachment":[{"href":"https:\/\/shrimataji.org\/chatbot\/wp-json\/wp\/v2\/media?parent=15445"}],"curies":[{"name":"wp","href":"https:\/\/api.w.org\/{rel}","templated":true}]}}