{"id":10167,"date":"2018-07-06T01:24:02","date_gmt":"2018-07-06T01:24:02","guid":{"rendered":"http:\/\/testwordpress.nirmalnagari.org\/smnd\/index.php\/mesmerize\/"},"modified":"2024-07-11T23:57:07","modified_gmt":"2024-07-11T23:57:07","slug":"home-tr","status":"publish","type":"page","link":"https:\/\/shrimataji.org\/test\/tr\/home-tr\/","title":{"rendered":"Home TR"},"content":{"rendered":"<div  data-label=\"Content\" data-id=\"content--1\" data-export-id=\"content-12\" data-category=\"content\" class=\"content-12 content-section content-section-spacing\" id=\"content-1\" style=\"background-color: rgba(255, 255, 255, 0); background-image: none;\"><div  class=\"gridContainer\"> <div  class=\"row text-center\"><div  class=\"section-title-col\" data-type=\"column\"><h1  class=\"\" style=\"margin-bottom: 16px; outline-color: rgb(204, 204, 204); outline-style: solid;\">SHRI MATAJI NIRMALA DEVI<\/h1>  <h2  class=\"\">\u0130nsanl\u0131\u011fa Adanm\u0131\u015f Bir Hayat<\/h2><h4  class=\"\"><\/h4><h4  class=\"\" style=\"margin-bottom: 2rem; outline-color: rgb(204, 204, 204); outline-style: solid; font-family: Montserrat-Medium; text-align: left;\"><span  style=\"font-family: &quot;Montserrat Medium&quot;, arial, helvetica, sans-serif;\">Shri Mataji Nirmala Devi ya\u015famlar\u0131 usul usul d\u00f6n\u00fc\u015ft\u00fcrd\u00fc. K\u0131rk y\u0131ldan daha uzun bir s\u00fcre<br >\nuluslararas\u0131 seyahatler yaparak; \u0131rk, din ayr\u0131m\u0131 g\u00f6zetmeksizin ve herhangi bir ko\u015ful \u00f6ne s\u00fcrmeden,<br >\nhi\u00e7 kimseden \u00fccret almad\u0131\u011f\u0131 halk programlar\u0131 d\u00fczenleyerek, insanlara <a data-mce-href=\"..\/..\/..\/tr\/aydinlanma\" href=\"..\/..\/..\/tr\/aydinlanma\" target=\"_self\" data-mce-selected=\"inline-boundary\" data-cp-link=\"1\" rel=\"noopener\" class=\"\">ayd\u0131nlanma<\/a> deneyimini<br >\nsundu. \u0130nsanlar\u0131n bu de\u011ferli deneyimi sadece ba\u015fkalar\u0131na aktarmalar\u0131na izin vermekle kalmayarak,<br >\nbu deneyimi s\u00fcrd\u00fcrebilmelerini sa\u011flamak i\u00e7in, <a data-mce-href=\"..\/..\/..\/tr\/sahaja-yoga\" href=\"..\/..\/..\/tr\/sahaja-yoga\" target=\"_self\" data-mce-selected=\"inline-boundary\" data-cp-link=\"1\" rel=\"noopener\" class=\"\">Sahaja Yoga<\/a> olarak bilinen bu de\u011ferli meditasyon<br >\ntekni\u011fini de herkese \u00f6\u011fretti.<\/span><\/h4><\/div> <\/div> <div  class=\"row center-xs middle-xs\"> <div  class=\"col-sm-9\" data-type=\"column\"> <\/div> <\/div><\/div> <\/div><div  data-label=\"Content\" data-id=\"content--2\" data-export-id=\"content-11\" data-category=\"content\" class=\"content-11 content-section content-section-spacing\" id=\"content-2\" style=\"background-color: rgba(255, 255, 255, 0); background-image: none;\"><div  class=\"gridContainer\">  <div  class=\"row center-xs middle-xs\"> <div  class=\"col-sm-9\"> <div  class=\"lightbox-video lightbox-video-tall dark-overlay shadow-large flexbox middle-xs center-xs\" data-type=\"group\" data-bg=\"image\" style=\"background-image: url(&quot;https:\/\/shrimataji.org\/test\/wp-content\/uploads\/2020\/07\/cropped-p01.jpg&quot;);\"> <a  data-fancybox=\"\" data-video-lightbox=\"true\" href=\"https:\/\/www.youtube.com\/embed\/j-2my7csT_c\" class=\"\"> <i  data-cp-fa=\"true\" class=\"fa video-icon fa-play-circle-o color-white\"><\/i><\/a> <\/div><\/div> <\/div><\/div> <\/div><div  data-label=\"Content\" data-id=\"content--3\" data-export-id=\"content-12\" data-category=\"content\" class=\"content-12 content-section content-section-spacing\" id=\"content-3\" style=\"background-color: rgba(255, 255, 255, 0); background-image: none;\"><div  class=\"\"> <div  class=\"row text-center\"><div  class=\"section-title-col\" data-type=\"column\">  <p  class=\"\" style=\"text-align: left;\"><span  style=\"text-align: left;\">Shri Mataji, her insanda i\u00e7sel, ruhani bir potansiyel oldu\u011funu ve bu potansiyelin kendili\u011finden uyand\u0131r\u0131labilece\u011fini s\u00f6yledi. Ayd\u0131nlanma olarak adland\u0131r\u0131lan bu uyan\u0131\u015f\u0131n, parayla sat\u0131n al\u0131namayaca\u011f\u0131n\u0131 vurgulad\u0131. Ayd\u0131nlanma deneyiminin ya\u015fanmas\u0131 veya <a data-mce-href=\"..\/..\/..\/tr\/sahaja-yoga-meditasyon\" href=\"..\/..\/..\/tr\/sahaja-yoga-meditasyon\" target=\"_self\" data-mce-selected=\"inline-boundary\" data-cp-link=\"1\" rel=\"noopener\" class=\"\">Sahaja Yoga meditasyon<\/a> tekni\u011finin \u00f6\u011fretilmesi i\u00e7in, hi\u00e7bir zaman \u00fccret al\u0131nmad\u0131 ve ileride de al\u0131nmayacakt\u0131r.\n<br ><br >Sahaja Yoga meditasyonunun uygulanmas\u0131yla gelen i\u00e7sel denge ve huzurdan halihaz\u0131rda y\u00fczbinlerce ki\u015fi yararland\u0131. \u0130\u00e7sel ruhani g\u00fcc\u00fcm\u00fcz\u00fc kolay ve h\u0131zl\u0131 bir \u015fekilde aktif hale getirebilmesi ve yararlar\u0131n\u0131n deneyimlenebilmesi, Sahaja Yoga\u2019y\u0131 di\u011fer meditasyon tekniklerinden ay\u0131rmaktad\u0131r. Meditasyon uygulamas\u0131 ile ki\u015filer sa\u011fl\u0131k, s\u00fckunet ve i\u00e7sel tatmin i\u00e7in kendi enerjilerini y\u00f6nlendirebilir ve zihinsel, fiziksel ve duygusal olarak dengeye gelebilirler.\n<br ><br >Shri Mataji, 100\u2019den fazla \u00fclkede faaliyet g\u00f6steren Sahaja Yoga\u2019ya ilave olarak, kimsesiz kad\u0131nlar ve \u00e7ocuklar i\u00e7in bir sivil toplum kurulu\u015fu, uluslararas\u0131 okullar, Sahaja Yoga tekni\u011fi ile tedavi hizmeti veren sa\u011fl\u0131k klinikleri, klasik dans, m\u00fczik ve resim becerilerini geli\u015ftirmek \u00fczere bir g\u00fczel sanatlar akademisi kurmu\u015ftur.<\/span><\/p><\/div> <\/div> <div  class=\"row center-xs middle-xs\"> <div  class=\"col-sm-9\" data-type=\"column\"> <\/div> <\/div><\/div> <\/div><div  data-label=\"About\" data-id=\"about--1\" data-export-id=\"about-image-text\" data-category=\"about\" class=\"about-image-text content-section content-section-spacing\" id=\"about-1\" style=\"background-color: rgba(255, 255, 255, 0); background-image: none;\" data-section-ov=\"1\"><div  class=\"gridContainer\"> <div  class=\"row\"><div  class=\"col-sm-6 flexbox-strech center-xs middle-xs no-gutter-col\"> <div  class=\"shadow-large overlap-right-large flexbox middle-xs center-xs left-img\" data-bg=\"image\" style=\"background-image: url(&quot;https:\/\/shrimataji.org\/test\/wp-content\/uploads\/2023\/03\/Home-Poster-BW-scaled.jpg&quot;);\"><\/div><\/div> <div  class=\"col-sm-6 space-bottom-xs col-padding-small-xs col-sm-padding-large bg-color5 white-text content-col\" data-type=\"column\">  <h1  class=\"\" style=\"text-align: center;\">SAHAJA YOGA<\/h1><h2  class=\"\" style=\"text-align: center;\">E\u015eS\u0130Z KE\u015eF\u0130<\/h2><p  class=\"lead\" style=\"text-align: center;\">\u0130\u00c7SEL\n<br >D\u00d6\u015e\u00dcMDEN\n<br >K\u00dcRESEL\n<br >D\u00d6N\u00dc\u015e\u00dcME\n<\/p><h4  class=\"\" style=\"text-align: center;\"><a data-mce-href=\"sahaja-yoga\" href=\"https:\/\/shrimataji.org\/test\/sahaja-yoga\" target=\"_self\" data-mce-selected=\"inline-boundary\" data-cp-link=\"1\" rel=\"noopener\">Daha fazla bilgi edinin &gt;&gt;<\/a><\/h4><\/div> <\/div><\/div> <\/div><div  data-label=\"Content\" data-id=\"content--5\" data-export-id=\"content-12\" data-category=\"content\" class=\"content-12 content-section content-section-spacing\" id=\"content-5\" style=\"background-color: rgba(255, 255, 255, 0); background-image: none;\"><div  class=\"\"><div  data-section-title-area=\"true\" class=\"row text-center\">   <div  class=\"section-title-col\" data-type=\"column\">                 <\/div><\/div>  <div  class=\"row center-xs middle-xs\"> <div  class=\"col-sm-9\" data-type=\"column\"><div  data-editable=\"true\" data-name=\"ope-custom-content-shortcode\" data-content-shortcode=\"su_quote]A\u00e7\u0131k\u00e7as\u0131 insan\u0131n i\u00e7inde de d\u0131\u015f\u0131nda da huzur yoktur. Fakir de zengin de mutsuzdur. \u0130nsanlar her yerde \u00e7\u00f6z\u00fcm ar\u0131yor. Y\u00fczeysel d\u00fczlemde ayd\u0131n ki\u015filer etraf\u0131m\u0131zda tehlikeli buldu\u011fumuz \u015feylerle ilgili baz\u0131 sorunlar\u0131 \u00e7\u00f6zebilirler. Ancak baz\u0131 sorunlar bu \u015fekilde \u00e7\u00f6z\u00fclebilirken, ba\u015fka sorunlar da ortaya \u00e7\u0131kar. Ger\u00e7ek \u00e7\u00f6z\u00fcm d\u0131\u015fsal etkenlerde de\u011fil, insanlar\u0131n kendi i\u00e7indedir. Mevcut hastal\u0131klar\u0131n ger\u00e7ek ve kal\u0131c\u0131 \u00e7\u00f6z\u00fcmlerine ancak insanlar\u0131n i\u00e7sel, kolektif d\u00f6n\u00fc\u015f\u00fcm\u00fcyle eri\u015filebilir. Bu bir imkans\u0131zl\u0131k de\u011fildir. Esasen zaten ger\u00e7ekle\u015fendir.[\/su_quote\" class=\"\"><div class=\"su-quote su-quote-style-default\"><div class=\"su-quote-inner su-u-clearfix su-u-trim\">A\u00e7\u0131k\u00e7as\u0131 insan\u0131n i\u00e7inde de d\u0131\u015f\u0131nda da huzur yoktur. Fakir de zengin de mutsuzdur. \u0130nsanlar her yerde \u00e7\u00f6z\u00fcm ar\u0131yor. Y\u00fczeysel d\u00fczlemde ayd\u0131n ki\u015filer etraf\u0131m\u0131zda tehlikeli buldu\u011fumuz \u015feylerle ilgili baz\u0131 sorunlar\u0131 \u00e7\u00f6zebilirler. Ancak baz\u0131 sorunlar bu \u015fekilde \u00e7\u00f6z\u00fclebilirken, ba\u015fka sorunlar da ortaya \u00e7\u0131kar. Ger\u00e7ek \u00e7\u00f6z\u00fcm d\u0131\u015fsal etkenlerde de\u011fil, insanlar\u0131n kendi i\u00e7indedir. Mevcut hastal\u0131klar\u0131n ger\u00e7ek ve kal\u0131c\u0131 \u00e7\u00f6z\u00fcmlerine ancak insanlar\u0131n i\u00e7sel, kolektif d\u00f6n\u00fc\u015f\u00fcm\u00fcyle eri\u015filebilir. Bu bir imkans\u0131zl\u0131k de\u011fildir. Esasen zaten ger\u00e7ekle\u015fendir.<\/div><\/div><\/div> <\/div> <\/div><\/div> <\/div><div  data-label=\"Features\" data-id=\"features--1\" data-export-id=\"features-16\" data-category=\"features\" class=\"features-16 content-section content-section-spacing\" id=\"features-1\" style=\"background-color: rgba(255, 255, 255, 0); background-image: none;\"><div  class=\"gridContainer\"> <div  class=\"row text-center\"><div  class=\"section-title-col\" data-type=\"column\">  <h1  class=\"\">MAKALELER<\/h1><\/div> <\/div> <div  class=\"row spaced-cols\" data-type=\"row\"> <div  class=\"col-xs-12 col-sm-6 col-md-4 space-bottom\"> <img  decoding=\"async\" class=\"face jetpack-lazy-image\" src=\"https:\/\/shrimataji.org\/test\/wp-content\/uploads\/2018\/11\/cropped-cropped-shri-mataji-nirmala-devi-clearing-technique-in-england-2.jpg\" title=\"cropped-cropped-shri-mataji-nirmala-devi-clearing-technique-in-england-2.jpg\" alt=\"\" data-lazy-src=\"https:\/\/shrimataji.org\/test\/wp-content\/uploads\/2018\/11\/cropped-cropped-shri-mataji-nirmala-devi-clearing-technique-in-england-2.jpg?is-pending-load=1\" srcset=\"data:image\/gif;base64,R0lGODlhAQABAIAAAAAAAP\/\/\/yH5BAEAAAAALAAAAAABAAEAAAIBRAA7\"> <div  data-type=\"column\" class=\"col-padding-small col-padding-small-xs description-container\"> <h4  class=\"font-500\">Shri Mataji<\/h4> <p  class=\"\"><span  style=\"color: rgb(100, 3, 46);\">Shri Mataji \u00e7ok k\u00fc\u00e7\u00fck ya\u015flardan itibaren etraf\u0131nda olup bitenle ilgiliydi. Ebeveynleri Hindistan\u2019\u0131n ba\u011f\u0131ms\u0131zl\u0131k m\u00fccadelesine aktif olarak kat\u0131l\u0131rken, Shri Mataji k\u00fc\u00e7\u00fck bir \u00e7ocuk oldu\u011fu halde evin sorumlulu\u011funu \u00fcstlendi. K\u00fc\u00e7\u00fck ya\u015fta a\u015fram\u0131n\u0131 s\u0131k s\u0131k ziyaret etti\u011fi Mahatma Gandhi, onun ruhani bir deha oldu\u011funu fark etti.<\/span><\/p> <a class=\"read-more\" href=\"https:\/\/shrimataji.org\/tr\/shrimataji\" target=\"_self\" data-cp-link=\"1\" rel=\"noopener\">Devam\u0131n\u0131 okuyun<\/a><\/div> <\/div> <div  class=\"col-xs-12 col-sm-6 col-md-4 space-bottom\"> <img  decoding=\"async\" class=\"face jetpack-lazy-image\" src=\"https:\/\/shrimataji.org\/test\/wp-content\/uploads\/2018\/11\/cropped-shri-mataji-meeting-with-village-people-in-india-2-3.jpg\" title=\"cropped-shri-mataji-meeting-with-village-people-in-india-2-3.jpg\" alt=\"\" data-lazy-src=\"https:\/\/shrimataji.org\/test\/wp-content\/uploads\/2018\/11\/cropped-shri-mataji-meeting-with-village-people-in-india-2-3.jpg?is-pending-load=1\" srcset=\"data:image\/gif;base64,R0lGODlhAQABAIAAAAAAAP\/\/\/yH5BAEAAAAALAAAAAABAAEAAAIBRAA7\"> <div  data-type=\"column\" class=\"col-padding-small col-padding-small-xs description-container\"> <h4  class=\"font-500\">Toplumsal D\u00f6n\u00fc\u015f\u00fcm<\/h4> <p  class=\"\"><span  style=\"color: rgb(100, 3, 46);\">\u2026\u0130nsanlar\u0131n t\u00fcm sorunlar\u0131n\u0131n, ruhsal varl\u0131klar olarak ger\u00e7ek i\u00e7sel potansiyellerini bilememelerinden kaynakland\u0131\u011f\u0131n\u0131 ve bu potansiyelin, ayd\u0131nlanma alarak kolayca ortaya \u00e7\u0131kar\u0131labilece\u011fini fark etti. Toplumsal d\u00f6n\u00fc\u015f\u00fcm\u00fcn anahtar\u0131 olan i\u00e7sel d\u00f6n\u00fc\u015f\u00fcm, Shri Mataji\u2019nin ba\u015flatt\u0131\u011f\u0131 t\u00fcm k\u00fcresel sivil toplum kurulu\u015flar\u0131n\u0131n (STK) esas amac\u0131 olarak hizmet etti.<\/span><\/p> <a class=\"read-more\" href=\"https:\/\/shrimataji.org\/tr\/societal-transformation\" target=\"_self\" data-cp-link=\"1\" rel=\"noopener\">Devam\u0131n\u0131 okuyun<\/a><\/div> <\/div> <div  class=\"col-xs-12 col-sm-6 col-md-4 space-bottom\"> <img  decoding=\"async\" class=\"face jetpack-lazy-image\" src=\"https:\/\/shrimataji.org\/test\/wp-content\/uploads\/2018\/07\/cropped-fp02.jpg\" title=\"cropped-fp02.jpg\" alt=\"\" data-lazy-src=\"https:\/\/shrimataji.org\/test\/wp-content\/uploads\/2018\/07\/cropped-fp02.jpg?is-pending-load=1\" srcset=\"data:image\/gif;base64,R0lGODlhAQABAIAAAAAAAP\/\/\/yH5BAEAAAAALAAAAAABAAEAAAIBRAA7\"> <div  data-type=\"column\" class=\"col-padding-small col-padding-small-xs description-container\"> <h4  class=\"font-500\">Shri Mataji\u2019nin Halk Programlar\u0131<\/h4> <p  class=\"\"><span  style=\"color: rgb(100, 3, 46);\">Onun i\u00e7in ziyaret edilemeyecek kadar k\u00fc\u00e7\u00fck ya da uzak hi\u00e7bir yer yoktu. Himalayalar\u2019\u0131n eteklerinden Avustralya\u2019n\u0131n \u00fccra yerlerine, Londra\u2019dan \u0130stanbul\u2019a ve Los Angeles\u2019a, Shri Mataji zaman\u0131n\u0131 ayd\u0131nlanma deneyimini arzulayan herkesle payla\u015fmaya adad\u0131\u2026<\/span><\/p> <a class=\"read-more\" href=\"https:\/\/shrimataji.org\/tr\/public-programs\" target=\"_self\" data-cp-link=\"1\" rel=\"noopener\">Devam\u0131n\u0131 okuyun<\/a><\/div> <\/div><\/div> <\/div><\/div>","protected":false},"excerpt":{"rendered":"<p>SHRI MATAJI NIRMALA DEVI \u0130nsanl\u0131\u011fa Adanm\u0131\u015f Bir HayatShri Mataji Nirmala Devi ya\u015famlar\u0131 usul usul d\u00f6n\u00fc\u015ft\u00fcrd\u00fc. K\u0131rk y\u0131ldan daha uzun bir s\u00fcre uluslararas\u0131 seyahatler yaparak; \u0131rk, din ayr\u0131m\u0131 g\u00f6zetmeksizin ve herhangi bir ko\u015ful \u00f6ne s\u00fcrmeden, hi\u00e7 kimseden \u00fccret almad\u0131\u011f\u0131 halk programlar\u0131 d\u00fczenleyerek, insanlara ayd\u0131nlanma deneyimini sundu. \u0130nsanlar\u0131n bu de\u011ferli deneyimi sadece ba\u015fkalar\u0131na aktarmalar\u0131na izin vermekle kalmayarak,&hellip; <br \/> <a class=\"read-more\" href=\"https:\/\/shrimataji.org\/test\/tr\/home-tr\/\">Read more<\/a><\/p>\n","protected":false},"author":1,"featured_media":276,"parent":0,"menu_order":0,"comment_status":"closed","ping_status":"closed","template":"page-templates\/homepage.php","meta":{"inline_featured_image":false,"footnotes":""},"class_list":["post-10167","page","type-page","status-publish","has-post-thumbnail","hentry"],"yoast_head":"<!-- This site is optimized with the Yoast SEO plugin v27.4 - https:\/\/yoast.com\/product\/yoast-seo-wordpress\/ -->\n<title>TEST - SMND<\/title>\n<meta name=\"description\" content=\"A Life Dedicated to Humanity\" \/>\n<meta name=\"robots\" content=\"noindex, follow, max-snippet:-1, max-image-preview:large, max-video-preview:-1\" \/>\n<meta property=\"og:locale\" content=\"en_US\" \/>\n<meta property=\"og:type\" content=\"article\" \/>\n<meta property=\"og:title\" content=\"Shri Mataji Nirmala Devi\" \/>\n<meta property=\"og:description\" content=\"A Life Dedicated to Humanity\" \/>\n<meta property=\"og:url\" content=\"https:\/\/shrimataji.org\/test\/tr\/home-tr\/\" \/>\n<meta property=\"og:site_name\" content=\"TEST - SMND\" \/>\n<meta property=\"article:publisher\" content=\"https:\/\/www.facebook.com\/shrimataji\" \/>\n<meta property=\"article:modified_time\" content=\"2024-07-11T23:57:07+00:00\" \/>\n<meta property=\"og:image\" content=\"https:\/\/shrimataji.org\/test\/wp-content\/uploads\/2018\/07\/fp11-e1588597806347.jpg\" \/>\n\t<meta property=\"og:image:width\" content=\"707\" \/>\n\t<meta property=\"og:image:height\" content=\"700\" \/>\n\t<meta property=\"og:image:type\" content=\"image\/jpeg\" \/>\n<meta name=\"twitter:card\" content=\"summary_large_image\" \/>\n<meta name=\"twitter:title\" content=\"Shri Mataji Nirmala Devi\" \/>\n<meta name=\"twitter:description\" content=\"A Life Dedicated to Humanity\" \/>\n<meta name=\"twitter:image\" content=\"https:\/\/shrimataji.org\/test\/wp-content\/uploads\/2018\/07\/fp11-e1588597806347.jpg\" \/>\n<meta name=\"twitter:site\" content=\"@shrimataji\" \/>\n<meta name=\"twitter:label1\" content=\"Est. reading time\" \/>\n\t<meta name=\"twitter:data1\" content=\"3 minutes\" \/>\n<script type=\"application\/ld+json\" class=\"yoast-schema-graph\">{\"@context\":\"https:\\\/\\\/schema.org\",\"@graph\":[{\"@type\":\"WebPage\",\"@id\":\"https:\\\/\\\/shrimataji.org\\\/test\\\/tr\\\/home-tr\\\/\",\"url\":\"https:\\\/\\\/shrimataji.org\\\/test\\\/tr\\\/home-tr\\\/\",\"name\":\"TEST - SMND\",\"isPartOf\":{\"@id\":\"https:\\\/\\\/shrimataji.org\\\/test\\\/#website\"},\"primaryImageOfPage\":{\"@id\":\"https:\\\/\\\/shrimataji.org\\\/test\\\/tr\\\/home-tr\\\/#primaryimage\"},\"image\":{\"@id\":\"https:\\\/\\\/shrimataji.org\\\/test\\\/tr\\\/home-tr\\\/#primaryimage\"},\"thumbnailUrl\":\"https:\\\/\\\/shrimataji.org\\\/test\\\/wp-content\\\/uploads\\\/2018\\\/07\\\/media_originals\\\/images\\\/shri-mataji-portraits\\\/shri-mataji-in-belgium-1984.jpg\",\"datePublished\":\"2018-07-06T01:24:02+00:00\",\"dateModified\":\"2024-07-11T23:57:07+00:00\",\"description\":\"A Life Dedicated to Humanity\",\"breadcrumb\":{\"@id\":\"https:\\\/\\\/shrimataji.org\\\/test\\\/tr\\\/home-tr\\\/#breadcrumb\"},\"inLanguage\":\"en-US\",\"potentialAction\":[{\"@type\":\"ReadAction\",\"target\":[\"https:\\\/\\\/shrimataji.org\\\/test\\\/tr\\\/home-tr\\\/\"]}]},{\"@type\":\"ImageObject\",\"inLanguage\":\"en-US\",\"@id\":\"https:\\\/\\\/shrimataji.org\\\/test\\\/tr\\\/home-tr\\\/#primaryimage\",\"url\":\"https:\\\/\\\/shrimataji.org\\\/test\\\/wp-content\\\/uploads\\\/2018\\\/07\\\/media_originals\\\/images\\\/shri-mataji-portraits\\\/shri-mataji-in-belgium-1984.jpg\",\"contentUrl\":\"https:\\\/\\\/shrimataji.org\\\/test\\\/wp-content\\\/uploads\\\/2018\\\/07\\\/media_originals\\\/images\\\/shri-mataji-portraits\\\/shri-mataji-in-belgium-1984.jpg\",\"width\":1500,\"height\":975},{\"@type\":\"BreadcrumbList\",\"@id\":\"https:\\\/\\\/shrimataji.org\\\/test\\\/tr\\\/home-tr\\\/#breadcrumb\",\"itemListElement\":[{\"@type\":\"ListItem\",\"position\":1,\"name\":\"Home\",\"item\":\"https:\\\/\\\/shrimataji.org\\\/test\\\/uk\\\/home-en\\\/\"},{\"@type\":\"ListItem\",\"position\":2,\"name\":\"Home TR\"}]},{\"@type\":\"WebSite\",\"@id\":\"https:\\\/\\\/shrimataji.org\\\/test\\\/#website\",\"url\":\"https:\\\/\\\/shrimataji.org\\\/test\\\/\",\"name\":\"Shri Mataji Nirmala Devi\",\"description\":\"A Life Dedicated to Humanity\",\"publisher\":{\"@id\":\"https:\\\/\\\/shrimataji.org\\\/test\\\/#\\\/schema\\\/person\\\/a1b3419c6585f164aa96da1ff85715d1\"},\"potentialAction\":[{\"@type\":\"SearchAction\",\"target\":{\"@type\":\"EntryPoint\",\"urlTemplate\":\"https:\\\/\\\/shrimataji.org\\\/test\\\/?s={search_term_string}\"},\"query-input\":{\"@type\":\"PropertyValueSpecification\",\"valueRequired\":true,\"valueName\":\"search_term_string\"}}],\"inLanguage\":\"en-US\"},{\"@type\":[\"Person\",\"Organization\"],\"@id\":\"https:\\\/\\\/shrimataji.org\\\/test\\\/#\\\/schema\\\/person\\\/a1b3419c6585f164aa96da1ff85715d1\",\"name\":\"Nirmala Shrivastava\",\"image\":{\"@type\":\"ImageObject\",\"inLanguage\":\"en-US\",\"@id\":\"https:\\\/\\\/shrimataji.org\\\/test\\\/wp-content\\\/uploads\\\/2023\\\/02\\\/SMO_LOGO-03.svg\",\"url\":\"https:\\\/\\\/shrimataji.org\\\/test\\\/wp-content\\\/uploads\\\/2023\\\/02\\\/SMO_LOGO-03.svg\",\"contentUrl\":\"https:\\\/\\\/shrimataji.org\\\/test\\\/wp-content\\\/uploads\\\/2023\\\/02\\\/SMO_LOGO-03.svg\",\"width\":\"1024\",\"height\":\"1024\",\"caption\":\"Nirmala Shrivastava\"},\"logo\":{\"@id\":\"https:\\\/\\\/shrimataji.org\\\/test\\\/wp-content\\\/uploads\\\/2023\\\/02\\\/SMO_LOGO-03.svg\"},\"sameAs\":[\"https:\\\/\\\/shrimataji.org\\\/test\",\"https:\\\/\\\/www.facebook.com\\\/shrimataji\",\"https:\\\/\\\/x.com\\\/shrimataji\",\"https:\\\/\\\/www.youtube.com\\\/@Shri_Mataji_Nirmala_Devi\\\/featured\"]}]}<\/script>\n<!-- \/ Yoast SEO plugin. -->","yoast_head_json":{"title":"TEST - SMND","description":"A Life Dedicated to Humanity","robots":{"index":"noindex","follow":"follow","max-snippet":"max-snippet:-1","max-image-preview":"max-image-preview:large","max-video-preview":"max-video-preview:-1"},"og_locale":"en_US","og_type":"article","og_title":"Shri Mataji Nirmala Devi","og_description":"A Life Dedicated to Humanity","og_url":"https:\/\/shrimataji.org\/test\/tr\/home-tr\/","og_site_name":"TEST - SMND","article_publisher":"https:\/\/www.facebook.com\/shrimataji","article_modified_time":"2024-07-11T23:57:07+00:00","og_image":[{"width":707,"height":700,"url":"https:\/\/shrimataji.org\/test\/wp-content\/uploads\/2018\/07\/fp11-e1588597806347.jpg","type":"image\/jpeg"}],"twitter_card":"summary_large_image","twitter_title":"Shri Mataji Nirmala Devi","twitter_description":"A Life Dedicated to Humanity","twitter_image":"https:\/\/shrimataji.org\/test\/wp-content\/uploads\/2018\/07\/fp11-e1588597806347.jpg","twitter_site":"@shrimataji","twitter_misc":{"Est. reading time":"3 minutes"},"schema":{"@context":"https:\/\/schema.org","@graph":[{"@type":"WebPage","@id":"https:\/\/shrimataji.org\/test\/tr\/home-tr\/","url":"https:\/\/shrimataji.org\/test\/tr\/home-tr\/","name":"TEST - SMND","isPartOf":{"@id":"https:\/\/shrimataji.org\/test\/#website"},"primaryImageOfPage":{"@id":"https:\/\/shrimataji.org\/test\/tr\/home-tr\/#primaryimage"},"image":{"@id":"https:\/\/shrimataji.org\/test\/tr\/home-tr\/#primaryimage"},"thumbnailUrl":"https:\/\/shrimataji.org\/test\/wp-content\/uploads\/2018\/07\/media_originals\/images\/shri-mataji-portraits\/shri-mataji-in-belgium-1984.jpg","datePublished":"2018-07-06T01:24:02+00:00","dateModified":"2024-07-11T23:57:07+00:00","description":"A Life Dedicated to Humanity","breadcrumb":{"@id":"https:\/\/shrimataji.org\/test\/tr\/home-tr\/#breadcrumb"},"inLanguage":"en-US","potentialAction":[{"@type":"ReadAction","target":["https:\/\/shrimataji.org\/test\/tr\/home-tr\/"]}]},{"@type":"ImageObject","inLanguage":"en-US","@id":"https:\/\/shrimataji.org\/test\/tr\/home-tr\/#primaryimage","url":"https:\/\/shrimataji.org\/test\/wp-content\/uploads\/2018\/07\/media_originals\/images\/shri-mataji-portraits\/shri-mataji-in-belgium-1984.jpg","contentUrl":"https:\/\/shrimataji.org\/test\/wp-content\/uploads\/2018\/07\/media_originals\/images\/shri-mataji-portraits\/shri-mataji-in-belgium-1984.jpg","width":1500,"height":975},{"@type":"BreadcrumbList","@id":"https:\/\/shrimataji.org\/test\/tr\/home-tr\/#breadcrumb","itemListElement":[{"@type":"ListItem","position":1,"name":"Home","item":"https:\/\/shrimataji.org\/test\/uk\/home-en\/"},{"@type":"ListItem","position":2,"name":"Home TR"}]},{"@type":"WebSite","@id":"https:\/\/shrimataji.org\/test\/#website","url":"https:\/\/shrimataji.org\/test\/","name":"Shri Mataji Nirmala Devi","description":"A Life Dedicated to Humanity","publisher":{"@id":"https:\/\/shrimataji.org\/test\/#\/schema\/person\/a1b3419c6585f164aa96da1ff85715d1"},"potentialAction":[{"@type":"SearchAction","target":{"@type":"EntryPoint","urlTemplate":"https:\/\/shrimataji.org\/test\/?s={search_term_string}"},"query-input":{"@type":"PropertyValueSpecification","valueRequired":true,"valueName":"search_term_string"}}],"inLanguage":"en-US"},{"@type":["Person","Organization"],"@id":"https:\/\/shrimataji.org\/test\/#\/schema\/person\/a1b3419c6585f164aa96da1ff85715d1","name":"Nirmala Shrivastava","image":{"@type":"ImageObject","inLanguage":"en-US","@id":"https:\/\/shrimataji.org\/test\/wp-content\/uploads\/2023\/02\/SMO_LOGO-03.svg","url":"https:\/\/shrimataji.org\/test\/wp-content\/uploads\/2023\/02\/SMO_LOGO-03.svg","contentUrl":"https:\/\/shrimataji.org\/test\/wp-content\/uploads\/2023\/02\/SMO_LOGO-03.svg","width":"1024","height":"1024","caption":"Nirmala Shrivastava"},"logo":{"@id":"https:\/\/shrimataji.org\/test\/wp-content\/uploads\/2023\/02\/SMO_LOGO-03.svg"},"sameAs":["https:\/\/shrimataji.org\/test","https:\/\/www.facebook.com\/shrimataji","https:\/\/x.com\/shrimataji","https:\/\/www.youtube.com\/@Shri_Mataji_Nirmala_Devi\/featured"]}]}},"lang":"tr","translations":{"tr":10167,"ur":28779,"en":5,"am":18011,"th":19959,"hu":19488,"sq":18412,"zh":17309,"hi":8573,"pl":10244,"pt":10379,"fr":10751,"it":10849,"es":10946,"ru":11431,"bn":11623,"te":11731,"sw":11854,"he":12002,"el":12293,"sk":12391,"fa":12489,"bg":13483,"ro":14558,"cs":14751,"de":15376,"ja":16420,"nl":16572,"ku":16732,"ar":16908,"be":18619,"kn":18893,"mr":20323,"uk":20615,"ml":20912,"ta":22727,"sv":23000,"bs":27286,"fi":28770,"gu":28935,"pa":29004,"fil":29446,"sd":31000,"da":37751,"nn":38303},"pll_sync_post":[],"_links":{"self":[{"href":"https:\/\/shrimataji.org\/test\/wp-json\/wp\/v2\/pages\/10167","targetHints":{"allow":["GET"]}}],"collection":[{"href":"https:\/\/shrimataji.org\/test\/wp-json\/wp\/v2\/pages"}],"about":[{"href":"https:\/\/shrimataji.org\/test\/wp-json\/wp\/v2\/types\/page"}],"author":[{"embeddable":true,"href":"https:\/\/shrimataji.org\/test\/wp-json\/wp\/v2\/users\/1"}],"replies":[{"embeddable":true,"href":"https:\/\/shrimataji.org\/test\/wp-json\/wp\/v2\/comments?post=10167"}],"version-history":[{"count":0,"href":"https:\/\/shrimataji.org\/test\/wp-json\/wp\/v2\/pages\/10167\/revisions"}],"wp:featuredmedia":[{"embeddable":true,"href":"https:\/\/shrimataji.org\/test\/wp-json\/wp\/v2\/media\/276"}],"wp:attachment":[{"href":"https:\/\/shrimataji.org\/test\/wp-json\/wp\/v2\/media?parent=10167"}],"curies":[{"name":"wp","href":"https:\/\/api.w.org\/{rel}","templated":true}]}}