{"id":10170,"date":"2022-01-29T10:31:30","date_gmt":"2022-01-29T10:31:30","guid":{"rendered":"https:\/\/test.shrimataji.org\/?page_id=6410"},"modified":"2024-08-18T21:55:10","modified_gmt":"2024-08-18T21:55:10","slug":"ida-nadi","status":"publish","type":"page","link":"https:\/\/shrimataji.org\/test\/tr\/ida-nadi\/","title":{"rendered":"\u0130da Nadi TR"},"content":{"rendered":"\n\n\t<h1>\u0130da Nadi<\/h1>\n<h2>Arzular ve Duygular<\/h2>\n\t<h4>Ay kanal\u0131 olarak da bilinen sol enerji kanal\u0131m\u0131z (Sanskrit\u00e7ede \u0130da Nadi olarak adland\u0131r\u0131l\u0131r), ilk merkezimiz olan Mooladhara \u00e7akradan ba\u015flar ve bedenimizin sol taraf\u0131ndan yukar\u0131 do\u011fru ilerleyerek beynimizin sa\u011f taraf\u0131nda bir balon gibi en y\u00fcksek noktaya ula\u015f\u0131r.<\/h4>\n<p>Shri Mataji, bu balonu t\u00fcm an\u0131lar\u0131m\u0131z\u0131n, al\u0131\u015fkanl\u0131klar\u0131m\u0131z\u0131n ve \u015fartlanmalar\u0131m\u0131z\u0131n deposu i\u015flevini g\u00f6ren s\u00fcperego olarak ifade etmi\u015ftir. Bu s\u00fcperego, ayn\u0131 zamanda k\u00fclt\u00fcrel geleneklerimizi, ebeveynlerimizin yeti\u015ftirme tarz\u0131n\u0131 ve akranlar\u0131m\u0131z arac\u0131l\u0131\u011f\u0131yla edindi\u011fimiz ahlaki davran\u0131\u015flar\u0131m\u0131z\u0131 da y\u00f6nlendirir.<\/p>\n<p>Ayd\u0131nlanma almadan \u00f6nce egoist ve haz pe\u015findeki d\u00fcrt\u00fclerimize kar\u015f\u0131 bir m\u00fccadele olarak s\u00fcperegomuzun tetikledi\u011fi engellemeler ya\u015far\u0131z.<\/p>\n\t\t\t\t<img loading=\"lazy\" decoding=\"async\" src=\"https:\/\/shrimataji.org\/test\/wp-content\/uploads\/2024\/06\/TR_Ida-Nadi.png\" alt=\"TR_Ida-Nadi\" height=\"1636\" width=\"1543\" title=\"TR_Ida-Nadi\" \/>\n\t\n\t<p>Ne\u015fe, sol enerji kanal\u0131yla ilgili temel bir niteliktir. Ancak bu ne\u015fe, bir \u015feyden mutlu olma veya heyecan duyma anlam\u0131nda de\u011fildir ki do\u011fas\u0131 gere\u011fi ge\u00e7ici olma e\u011filimindedir. \u0130\u015fler beklendi\u011fi gibi gitmedi\u011finde ise mutsuz olma veya hayal k\u0131r\u0131kl\u0131\u011f\u0131na u\u011frama gibi bir dezavantaj\u0131 vard\u0131r. Oysa, bu daha saf nitelikte bir ne\u015fedir. Shri Mataji, ruhumuzun saf ne\u015fe niteli\u011fini, alg\u0131lar\u0131m\u0131z veya beklentilerimizle ilgili olmayan, i\u00e7ten gelen do\u011fal duyguyu ifade eden bir \u015fey olarak tan\u0131mlar. Bu, ebedi bir do\u011faya sahiptir ve hi\u00e7bir \u015fey bu saf ne\u015fe duygusuna bir \u015fey ekleyemez ya da ondan bir \u015fey alamaz. Ruhumuzdaki bu saf ne\u015fe niteli\u011fi, ayd\u0131nlanma ald\u0131ktan sonra kendili\u011finden fark\u0131ndal\u0131k yarat\u0131r ve d\u00fczenli meditasyonla kolayca s\u00fcrd\u00fcr\u00fclebilir.<\/p>\n<p>Shri Mataji, sol enerji kanal\u0131m\u0131z t\u0131kand\u0131\u011f\u0131nda ya\u015fam\u0131m\u0131zda ortaya \u00e7\u0131kan bir tak\u0131m sorunlar tespit etmi\u015ftir. B\u00f6yle bir ki\u015fi duygusal a\u015f\u0131r\u0131l\u0131klar ya\u015fayabilir. Buna, mutluluktan depresyona uzanan ve tekrar tersine h\u0131zla de\u011fi\u015fen ruh halleri de dahildir. Ayn\u0131 zamanda ki\u015fi hareketsizlik ve a\u015f\u0131r\u0131 pasiflik de ya\u015fayabilir, bu durum genellikle &#8220;couch potato&#8221; sendromuyla (oturma hastal\u0131\u011f\u0131) ili\u015fkilendirilir.<\/p>\n<p>\u00d6zetlemek gerekir ise sol enerji kanal\u0131 duygular\u0131m\u0131z\u0131, heyecanlar\u0131m\u0131z\u0131 ve arzular\u0131m\u0131z\u0131 etkiler. Ayn\u0131 zamanda an\u0131lar\u0131m\u0131z ve ge\u00e7mi\u015f deneyimlerimizle de ba\u011flant\u0131l\u0131d\u0131r. Duygular\u0131m\u0131z normal seviyelerde kald\u0131\u011f\u0131 s\u00fcrece sa\u011fl\u0131kl\u0131 ve dengeli bir hayat ya\u015far\u0131z. Ancak depresyon, karamsarl\u0131k ve \u00e7ok fazla d\u00fc\u015f\u00fcnme gibi a\u015f\u0131r\u0131 duygular ya\u015fad\u0131\u011f\u0131m\u0131zda gerekli \u00f6nlemleri almam\u0131z gerekir. Bu noktada da Sahaja Yoga meditasyonuyla ilgili yap\u0131lm\u0131\u015f pek \u00e7ok klinik \u00e7al\u0131\u015fmada ba\u015far\u0131l\u0131 ara\u015ft\u0131rmalar y\u00fcr\u00fct\u00fclm\u00fc\u015f ve olumlu sonu\u00e7lar elde edilmi\u015ftir.<\/p>\n<p>Shri Mataji; kolay, g\u00fcvenli ve sol taraf\u0131m\u0131z\u0131 dengeye getirebilece\u011fimiz, duygusal ve zihinsel varl\u0131\u011f\u0131m\u0131z \u00fczerindeki olumsuz etkileri d\u00fczeltebilece\u011fimiz \u00e7ok basit teknikler \u00f6nermi\u015ftir. D\u00fczenli meditasyon, titre\u015fimsel (vibrasyonel) fark\u0131ndal\u0131\u011f\u0131m\u0131z\u0131n durumu \u00fczerine i\u00e7 g\u00f6zlem ve Shri Mataji&#8217;nin sol kanal\u0131m\u0131z\u0131 temizlemek i\u00e7in g\u00f6sterdi\u011fi tekniklerin uygulanmas\u0131 yeni ne\u015fe duygular\u0131n\u0131 tetikleyerek hayata dair daha enerjik ve olumlu bir tutuma sahip olmam\u0131z\u0131 sa\u011flar.<\/p>\n\n","protected":false},"excerpt":{"rendered":"<p>\u0130da Nadi Arzular ve Duygular Ay kanal\u0131 olarak da bilinen sol enerji kanal\u0131m\u0131z (Sanskrit\u00e7ede \u0130da Nadi olarak adland\u0131r\u0131l\u0131r), ilk merkezimiz olan Mooladhara \u00e7akradan ba\u015flar ve bedenimizin sol taraf\u0131ndan yukar\u0131 do\u011fru ilerleyerek beynimizin sa\u011f taraf\u0131nda bir balon gibi en y\u00fcksek noktaya ula\u015f\u0131r. Shri Mataji, bu balonu t\u00fcm an\u0131lar\u0131m\u0131z\u0131n, al\u0131\u015fkanl\u0131klar\u0131m\u0131z\u0131n ve \u015fartlanmalar\u0131m\u0131z\u0131n deposu i\u015flevini g\u00f6ren s\u00fcperego olarak&hellip; <br \/> <a class=\"read-more\" href=\"https:\/\/shrimataji.org\/test\/tr\/ida-nadi\/\">Read more<\/a><\/p>\n","protected":false},"author":12,"featured_media":9247,"parent":0,"menu_order":0,"comment_status":"closed","ping_status":"closed","template":"","meta":{"inline_featured_image":false,"footnotes":""},"class_list":["post-10170","page","type-page","status-publish","has-post-thumbnail","hentry"],"yoast_head":"<!-- This site is optimized with the Yoast SEO plugin v27.4 - https:\/\/yoast.com\/product\/yoast-seo-wordpress\/ -->\n<title>\u0130da Nadi TR - TEST - SMND<\/title>\n<meta name=\"robots\" content=\"noindex, follow, max-snippet:-1, max-image-preview:large, max-video-preview:-1\" \/>\n<meta property=\"og:locale\" content=\"en_US\" \/>\n<meta property=\"og:type\" content=\"article\" \/>\n<meta property=\"og:title\" content=\"\u0130da Nadi TR - TEST - SMND\" \/>\n<meta property=\"og:description\" content=\"\u0130da Nadi Arzular ve Duygular Ay kanal\u0131 olarak da bilinen sol enerji kanal\u0131m\u0131z (Sanskrit\u00e7ede \u0130da Nadi olarak adland\u0131r\u0131l\u0131r), ilk merkezimiz olan Mooladhara \u00e7akradan ba\u015flar ve bedenimizin sol taraf\u0131ndan yukar\u0131 do\u011fru ilerleyerek beynimizin sa\u011f taraf\u0131nda bir balon gibi en y\u00fcksek noktaya ula\u015f\u0131r. Shri Mataji, bu balonu t\u00fcm an\u0131lar\u0131m\u0131z\u0131n, al\u0131\u015fkanl\u0131klar\u0131m\u0131z\u0131n ve \u015fartlanmalar\u0131m\u0131z\u0131n deposu i\u015flevini g\u00f6ren s\u00fcperego olarak&hellip; Read more\" \/>\n<meta property=\"og:url\" content=\"https:\/\/shrimataji.org\/test\/tr\/ida-nadi\/\" \/>\n<meta property=\"og:site_name\" content=\"TEST - SMND\" \/>\n<meta property=\"article:publisher\" content=\"https:\/\/www.facebook.com\/shrimataji\" \/>\n<meta property=\"article:modified_time\" content=\"2024-08-18T21:55:10+00:00\" \/>\n<meta property=\"og:image\" content=\"https:\/\/shrimataji.org\/test\/wp-content\/uploads\/2023\/03\/12_Banner-SY-Ida-scaled.jpg\" \/>\n\t<meta property=\"og:image:width\" content=\"2560\" \/>\n\t<meta property=\"og:image:height\" content=\"905\" \/>\n\t<meta property=\"og:image:type\" content=\"image\/jpeg\" \/>\n<meta name=\"twitter:card\" content=\"summary_large_image\" \/>\n<meta name=\"twitter:site\" content=\"@shrimataji\" \/>\n<script type=\"application\/ld+json\" class=\"yoast-schema-graph\">{\"@context\":\"https:\\\/\\\/schema.org\",\"@graph\":[{\"@type\":\"WebPage\",\"@id\":\"https:\\\/\\\/shrimataji.org\\\/test\\\/tr\\\/ida-nadi\\\/\",\"url\":\"https:\\\/\\\/shrimataji.org\\\/test\\\/tr\\\/ida-nadi\\\/\",\"name\":\"\u0130da Nadi TR - TEST - SMND\",\"isPartOf\":{\"@id\":\"https:\\\/\\\/shrimataji.org\\\/test\\\/#website\"},\"primaryImageOfPage\":{\"@id\":\"https:\\\/\\\/shrimataji.org\\\/test\\\/tr\\\/ida-nadi\\\/#primaryimage\"},\"image\":{\"@id\":\"https:\\\/\\\/shrimataji.org\\\/test\\\/tr\\\/ida-nadi\\\/#primaryimage\"},\"thumbnailUrl\":\"https:\\\/\\\/shrimataji.org\\\/test\\\/wp-content\\\/uploads\\\/2023\\\/03\\\/12_Banner-SY-Ida-scaled.jpg\",\"datePublished\":\"2022-01-29T10:31:30+00:00\",\"dateModified\":\"2024-08-18T21:55:10+00:00\",\"breadcrumb\":{\"@id\":\"https:\\\/\\\/shrimataji.org\\\/test\\\/tr\\\/ida-nadi\\\/#breadcrumb\"},\"inLanguage\":\"en-US\",\"potentialAction\":[{\"@type\":\"ReadAction\",\"target\":[\"https:\\\/\\\/shrimataji.org\\\/test\\\/tr\\\/ida-nadi\\\/\"]}]},{\"@type\":\"ImageObject\",\"inLanguage\":\"en-US\",\"@id\":\"https:\\\/\\\/shrimataji.org\\\/test\\\/tr\\\/ida-nadi\\\/#primaryimage\",\"url\":\"https:\\\/\\\/shrimataji.org\\\/test\\\/wp-content\\\/uploads\\\/2023\\\/03\\\/12_Banner-SY-Ida-scaled.jpg\",\"contentUrl\":\"https:\\\/\\\/shrimataji.org\\\/test\\\/wp-content\\\/uploads\\\/2023\\\/03\\\/12_Banner-SY-Ida-scaled.jpg\",\"width\":2560,\"height\":905},{\"@type\":\"BreadcrumbList\",\"@id\":\"https:\\\/\\\/shrimataji.org\\\/test\\\/tr\\\/ida-nadi\\\/#breadcrumb\",\"itemListElement\":[{\"@type\":\"ListItem\",\"position\":1,\"name\":\"Home\",\"item\":\"https:\\\/\\\/shrimataji.org\\\/test\\\/uk\\\/home-en\\\/\"},{\"@type\":\"ListItem\",\"position\":2,\"name\":\"\u0130da Nadi TR\"}]},{\"@type\":\"WebSite\",\"@id\":\"https:\\\/\\\/shrimataji.org\\\/test\\\/#website\",\"url\":\"https:\\\/\\\/shrimataji.org\\\/test\\\/\",\"name\":\"Shri Mataji Nirmala Devi\",\"description\":\"A Life Dedicated to Humanity\",\"publisher\":{\"@id\":\"https:\\\/\\\/shrimataji.org\\\/test\\\/#\\\/schema\\\/person\\\/a1b3419c6585f164aa96da1ff85715d1\"},\"potentialAction\":[{\"@type\":\"SearchAction\",\"target\":{\"@type\":\"EntryPoint\",\"urlTemplate\":\"https:\\\/\\\/shrimataji.org\\\/test\\\/?s={search_term_string}\"},\"query-input\":{\"@type\":\"PropertyValueSpecification\",\"valueRequired\":true,\"valueName\":\"search_term_string\"}}],\"inLanguage\":\"en-US\"},{\"@type\":[\"Person\",\"Organization\"],\"@id\":\"https:\\\/\\\/shrimataji.org\\\/test\\\/#\\\/schema\\\/person\\\/a1b3419c6585f164aa96da1ff85715d1\",\"name\":\"Nirmala Shrivastava\",\"image\":{\"@type\":\"ImageObject\",\"inLanguage\":\"en-US\",\"@id\":\"https:\\\/\\\/shrimataji.org\\\/test\\\/wp-content\\\/uploads\\\/2023\\\/02\\\/SMO_LOGO-03.svg\",\"url\":\"https:\\\/\\\/shrimataji.org\\\/test\\\/wp-content\\\/uploads\\\/2023\\\/02\\\/SMO_LOGO-03.svg\",\"contentUrl\":\"https:\\\/\\\/shrimataji.org\\\/test\\\/wp-content\\\/uploads\\\/2023\\\/02\\\/SMO_LOGO-03.svg\",\"width\":\"1024\",\"height\":\"1024\",\"caption\":\"Nirmala Shrivastava\"},\"logo\":{\"@id\":\"https:\\\/\\\/shrimataji.org\\\/test\\\/wp-content\\\/uploads\\\/2023\\\/02\\\/SMO_LOGO-03.svg\"},\"sameAs\":[\"https:\\\/\\\/shrimataji.org\\\/test\",\"https:\\\/\\\/www.facebook.com\\\/shrimataji\",\"https:\\\/\\\/x.com\\\/shrimataji\",\"https:\\\/\\\/www.youtube.com\\\/@Shri_Mataji_Nirmala_Devi\\\/featured\"]}]}<\/script>\n<!-- \/ Yoast SEO plugin. -->","yoast_head_json":{"title":"\u0130da Nadi TR - TEST - SMND","robots":{"index":"noindex","follow":"follow","max-snippet":"max-snippet:-1","max-image-preview":"max-image-preview:large","max-video-preview":"max-video-preview:-1"},"og_locale":"en_US","og_type":"article","og_title":"\u0130da Nadi TR - TEST - SMND","og_description":"\u0130da Nadi Arzular ve Duygular Ay kanal\u0131 olarak da bilinen sol enerji kanal\u0131m\u0131z (Sanskrit\u00e7ede \u0130da Nadi olarak adland\u0131r\u0131l\u0131r), ilk merkezimiz olan Mooladhara \u00e7akradan ba\u015flar ve bedenimizin sol taraf\u0131ndan yukar\u0131 do\u011fru ilerleyerek beynimizin sa\u011f taraf\u0131nda bir balon gibi en y\u00fcksek noktaya ula\u015f\u0131r. Shri Mataji, bu balonu t\u00fcm an\u0131lar\u0131m\u0131z\u0131n, al\u0131\u015fkanl\u0131klar\u0131m\u0131z\u0131n ve \u015fartlanmalar\u0131m\u0131z\u0131n deposu i\u015flevini g\u00f6ren s\u00fcperego olarak&hellip; Read more","og_url":"https:\/\/shrimataji.org\/test\/tr\/ida-nadi\/","og_site_name":"TEST - SMND","article_publisher":"https:\/\/www.facebook.com\/shrimataji","article_modified_time":"2024-08-18T21:55:10+00:00","og_image":[{"width":2560,"height":905,"url":"https:\/\/shrimataji.org\/test\/wp-content\/uploads\/2023\/03\/12_Banner-SY-Ida-scaled.jpg","type":"image\/jpeg"}],"twitter_card":"summary_large_image","twitter_site":"@shrimataji","schema":{"@context":"https:\/\/schema.org","@graph":[{"@type":"WebPage","@id":"https:\/\/shrimataji.org\/test\/tr\/ida-nadi\/","url":"https:\/\/shrimataji.org\/test\/tr\/ida-nadi\/","name":"\u0130da Nadi TR - TEST - SMND","isPartOf":{"@id":"https:\/\/shrimataji.org\/test\/#website"},"primaryImageOfPage":{"@id":"https:\/\/shrimataji.org\/test\/tr\/ida-nadi\/#primaryimage"},"image":{"@id":"https:\/\/shrimataji.org\/test\/tr\/ida-nadi\/#primaryimage"},"thumbnailUrl":"https:\/\/shrimataji.org\/test\/wp-content\/uploads\/2023\/03\/12_Banner-SY-Ida-scaled.jpg","datePublished":"2022-01-29T10:31:30+00:00","dateModified":"2024-08-18T21:55:10+00:00","breadcrumb":{"@id":"https:\/\/shrimataji.org\/test\/tr\/ida-nadi\/#breadcrumb"},"inLanguage":"en-US","potentialAction":[{"@type":"ReadAction","target":["https:\/\/shrimataji.org\/test\/tr\/ida-nadi\/"]}]},{"@type":"ImageObject","inLanguage":"en-US","@id":"https:\/\/shrimataji.org\/test\/tr\/ida-nadi\/#primaryimage","url":"https:\/\/shrimataji.org\/test\/wp-content\/uploads\/2023\/03\/12_Banner-SY-Ida-scaled.jpg","contentUrl":"https:\/\/shrimataji.org\/test\/wp-content\/uploads\/2023\/03\/12_Banner-SY-Ida-scaled.jpg","width":2560,"height":905},{"@type":"BreadcrumbList","@id":"https:\/\/shrimataji.org\/test\/tr\/ida-nadi\/#breadcrumb","itemListElement":[{"@type":"ListItem","position":1,"name":"Home","item":"https:\/\/shrimataji.org\/test\/uk\/home-en\/"},{"@type":"ListItem","position":2,"name":"\u0130da Nadi TR"}]},{"@type":"WebSite","@id":"https:\/\/shrimataji.org\/test\/#website","url":"https:\/\/shrimataji.org\/test\/","name":"Shri Mataji Nirmala Devi","description":"A Life Dedicated to Humanity","publisher":{"@id":"https:\/\/shrimataji.org\/test\/#\/schema\/person\/a1b3419c6585f164aa96da1ff85715d1"},"potentialAction":[{"@type":"SearchAction","target":{"@type":"EntryPoint","urlTemplate":"https:\/\/shrimataji.org\/test\/?s={search_term_string}"},"query-input":{"@type":"PropertyValueSpecification","valueRequired":true,"valueName":"search_term_string"}}],"inLanguage":"en-US"},{"@type":["Person","Organization"],"@id":"https:\/\/shrimataji.org\/test\/#\/schema\/person\/a1b3419c6585f164aa96da1ff85715d1","name":"Nirmala Shrivastava","image":{"@type":"ImageObject","inLanguage":"en-US","@id":"https:\/\/shrimataji.org\/test\/wp-content\/uploads\/2023\/02\/SMO_LOGO-03.svg","url":"https:\/\/shrimataji.org\/test\/wp-content\/uploads\/2023\/02\/SMO_LOGO-03.svg","contentUrl":"https:\/\/shrimataji.org\/test\/wp-content\/uploads\/2023\/02\/SMO_LOGO-03.svg","width":"1024","height":"1024","caption":"Nirmala Shrivastava"},"logo":{"@id":"https:\/\/shrimataji.org\/test\/wp-content\/uploads\/2023\/02\/SMO_LOGO-03.svg"},"sameAs":["https:\/\/shrimataji.org\/test","https:\/\/www.facebook.com\/shrimataji","https:\/\/x.com\/shrimataji","https:\/\/www.youtube.com\/@Shri_Mataji_Nirmala_Devi\/featured"]}]}},"lang":"tr","translations":{"tr":10170,"ur":37443,"en":6410,"am":18017,"th":19968,"hu":19494,"sq":18418,"zh":17315,"hi":8307,"pt":10382,"de":10656,"fr":10754,"it":10852,"es":10949,"ja":11246,"ru":11434,"bn":11626,"te":11734,"sw":11857,"he":12005,"el":12296,"sk":12394,"fa":12492,"fi":12590,"bg":13384,"ro":14458,"cs":14651,"nl":16578,"ku":16738,"ar":16914,"be":18625,"kn":18899,"mr":20332,"uk":20624,"ml":20921,"ta":22733,"sv":23006,"gu":28850,"pa":29010,"fil":29452,"da":37757,"pl":37970,"nn":38309},"pll_sync_post":[],"_links":{"self":[{"href":"https:\/\/shrimataji.org\/test\/wp-json\/wp\/v2\/pages\/10170","targetHints":{"allow":["GET"]}}],"collection":[{"href":"https:\/\/shrimataji.org\/test\/wp-json\/wp\/v2\/pages"}],"about":[{"href":"https:\/\/shrimataji.org\/test\/wp-json\/wp\/v2\/types\/page"}],"author":[{"embeddable":true,"href":"https:\/\/shrimataji.org\/test\/wp-json\/wp\/v2\/users\/12"}],"replies":[{"embeddable":true,"href":"https:\/\/shrimataji.org\/test\/wp-json\/wp\/v2\/comments?post=10170"}],"version-history":[{"count":0,"href":"https:\/\/shrimataji.org\/test\/wp-json\/wp\/v2\/pages\/10170\/revisions"}],"wp:featuredmedia":[{"embeddable":true,"href":"https:\/\/shrimataji.org\/test\/wp-json\/wp\/v2\/media\/9247"}],"wp:attachment":[{"href":"https:\/\/shrimataji.org\/test\/wp-json\/wp\/v2\/media?parent=10170"}],"curies":[{"name":"wp","href":"https:\/\/api.w.org\/{rel}","templated":true}]}}