{"id":10175,"date":"2022-01-29T10:17:23","date_gmt":"2022-01-29T10:17:23","guid":{"rendered":"https:\/\/test.shrimataji.org\/?page_id=6401"},"modified":"2024-07-12T00:02:00","modified_gmt":"2024-07-12T00:02:00","slug":"kundalini","status":"publish","type":"page","link":"https:\/\/shrimataji.org\/test\/tr\/kundalini\/","title":{"rendered":"Kundalini TR"},"content":{"rendered":"\n\n\t<h1>Kundalini<\/h1>\n<h2>Sevginin Evrimsel G\u00fcc\u00fc<\/h2>\n\t<div class=\"su-quote su-quote-style-default\"><div class=\"su-quote-inner su-u-clearfix su-u-trim\">Ezeli Kundalini&#8217;nin b\u00fcy\u00fck bir soba bacas\u0131 gibi y\u00fckseldi\u011fini g\u00f6rd\u00fcm. Soba bacas\u0131 \u00e7ok sessizdi ama yanan bir g\u00f6r\u00fcn\u00fcme sahipti sanki bir metali \u0131s\u0131t\u0131yormu\u015fsunuz da bir\u00e7ok rengi varm\u0131\u015f gibi. Ayn\u0131 \u015fekilde Kundalini de \u00f6yle bir ortaya \u00e7\u0131kt\u0131 ki, muazzam bir soba gibi&#8230; Buna elektrik \u00fcretmek i\u00e7in k\u00f6m\u00fcr yakan tesislerde g\u00f6rd\u00fc\u011f\u00fcn\u00fcz t\u00fcnele benzeyen bir f\u0131r\u0131n da diyebilirsiniz sonra birbiri ard\u0131na bir teleskop gibi uzad\u0131, \u00e7\u0131kt\u0131 -g\u00fcr\u00fcl g\u00fcr\u00fcl- i\u015fte b\u00f6yle&#8230;<\/div><\/div>\n\t<h4>Shri Mataji&#8217;nin Kundalini uyan\u0131\u015f\u0131n\u0131n i\u00e7sel ruhani deneyimi ve bunun s\u00fcptil sistemimizdeki karma\u015f\u0131k i\u015fleyi\u015fi, onun d\u00fcnyaya yayd\u0131\u011f\u0131 Sahaja Yoga meditasyonunun temeli oldu. Bu alanda mutlak bir guru ve otorite olarak, cenin hen\u00fcz olu\u015furken \u00e7ok erken bir a\u015famada Kundalini&#8217;nin nas\u0131l i\u00e7imize girdi\u011fini, onun ilahi do\u011fas\u0131n\u0131, sevginin bu ilahi g\u00fcc\u00fcn\u00fcn neden \u00f6zg\u00fcrl\u00fc\u011f\u00fcm\u00fcze sayg\u0131 g\u00f6sterdi\u011fini ve \u00f6zg\u00fcr irademize m\u00fcdahale etmedi\u011fini ayr\u0131nt\u0131l\u0131 olarak anlatm\u0131\u015ft\u0131r.<\/h4>\n<p>Yaln\u0131zca mutlak hakikati deneyimlemeye y\u00f6nelik olan saf arzumuz, fark\u0131ndal\u0131\u011f\u0131m\u0131zdaki bu ruhsal g\u00fcc\u00fcn uyan\u0131\u015f\u0131n\u0131 ba\u015flat\u0131r ve ayd\u0131nlanmam\u0131z\u0131 sa\u011flar.<\/p>\n\t<p>Ruhsal enerjinin gizli, di\u015fil ve arketip formu, her insan\u0131n omurgan\u0131n taban\u0131nda olup, \u00fc\u00e7gen \u015feklindeki sakrum kemi\u011finde bulunmaktad\u0131r. Bu di\u015fil enerji Sanskrit\u00e7e&#8217;de, \u00fc\u00e7 bu\u00e7uk spiral \u015feklinde k\u0131vr\u0131lm\u0131\u015f ve sarmal anlam\u0131na gelen Kundalini olarak bilinir. Kundalini, uyand\u0131\u011f\u0131nda omurga boyunca y\u00fckselir ve enerji merkezlerimiz olan <a href=\"https:\/\/shrimataji.org\/test\/tr\/cakralar-ve-kaliteleri\/\">\u00e7akralardan<\/a>\u00a0ge\u00e7er, ba\u015f\u0131n b\u0131ng\u0131ldak b\u00f6lgesinden \u00e7\u0131kar, buras\u0131 bebeklerde ba\u015f\u0131n \u00fczerindeki yumu\u015fak k\u0131s\u0131md\u0131r. Kundalini bu b\u00f6lgeden ge\u00e7ti\u011finde onu sanki bir kaynaktan \u00e7\u0131kan hafif, serin bir esinti olarak hissederiz. \u0130lgin\u00e7 bir \u015fekilde fontanel (b\u0131ng\u0131ldak) ad\u0131, &#8220;k\u00fc\u00e7\u00fck \u00e7e\u015fme&#8221; anlam\u0131na gelen eski Frans\u0131zcaya ait fontanelle kelimesinden t\u00fcremi\u015ftir.<\/p>\n<p>Kundalini, t\u00fcm yarat\u0131l\u0131\u015f\u0131n kayna\u011f\u0131 olan Tanr\u0131&#8217;n\u0131n sevgisinin ebedi g\u00fcc\u00fcn\u00fcn bir yans\u0131mas\u0131d\u0131r. O, en k\u00fc\u00e7\u00fck atom par\u00e7ac\u0131\u011f\u0131ndan tek h\u00fccreli ya\u015fam formlar\u0131na kadar d\u00fc\u015f\u00fcnen, anlayan, d\u00fczenleyen, birlikte \u00e7al\u0131\u015fan ve her \u015feyi ahenkle geli\u015ftiren evrensel g\u00fc\u00e7t\u00fcr.<\/p>\n\t\t\t\t<img loading=\"lazy\" decoding=\"async\" src=\"https:\/\/shrimataji.org\/test\/wp-content\/uploads\/2024\/06\/TR_1a-Kundalini.png\" alt=\"TR_1a-Kundalini\" height=\"1644\" width=\"1543\" title=\"TR_1a-Kundalini\" \/>\n\t\t\t\t<img loading=\"lazy\" decoding=\"async\" src=\"https:\/\/shrimataji.org\/test\/wp-content\/uploads\/2023\/02\/Sacrum-1-scaled.jpg\" alt=\"Sacrum\" height=\"2225\" width=\"2560\" title=\"Sacrum\" \/>\n\t<p>Shri Mataji, Kundalini&#8217;ye dair bilgilerin Natha Panthis gibi yoga geleneklerinin baz\u0131 mezheplerinde gizli tutulmas\u0131na ra\u011fmen, bir\u00e7ok eski k\u00fclt\u00fcr ve gelenekte Kundalini konusuna s\u0131kl\u0131kla at\u0131fta bulunuldu\u011funa dikkat \u00e7ekti. Bunlar, omurgan\u0131n sonunda Kundalini&#8217;nin bulundu\u011fu, kutsal anlam\u0131na gelen ve eski Yunanca&#8217;da &#8220;Hieron osteon&#8221; kelimesinden do\u011frudan bir \u00e7eviri olarak t\u00fcretilmi\u015f &#8220;Os Sacrum&#8221; ad\u0131 verilen \u00fc\u00e7gen \u015feklindeki kemikle ilgili eski kaynaklar\u0131 i\u00e7ermektedir. Bu kemi\u011fin ad\u0131, dirili\u015f ve tar\u0131m tanr\u0131s\u0131 Osiris i\u00e7in kutsal sayan, eski M\u0131s\u0131r k\u00fclt\u00fcr\u00fcndeki kaynaklarda da ge\u00e7mektedir. Yine \u0130ncil Mezmurlar, 34:20 de bu kutsal kemi\u011fe &#8220;B\u00fct\u00fcn kemiklerini korur, bir tanesi bile k\u0131r\u0131lmaz.&#8221; c\u00fcmlesiyle g\u00f6ndermede bulunurlar. Orta\u00e7a\u011f Avrupa&#8217;s\u0131nda simya ve eczac\u0131l\u0131\u011f\u0131n sembol\u00fc haline gelen Caduceus (Kaduse), bir asaya yedi kez sar\u0131lm\u0131\u015f iki y\u0131lan\u0131 g\u00f6sterir. Bir\u00e7ok antik sanat eseri, Kundalini&#8217;nin \u00fc\u00e7 bu\u00e7uk sarmal formunu tasvir eder. B\u00fct\u00fcn bunlar g\u00f6stermektedir ki tarih boyunca insanlar, bilin\u00e7sizce bu gizli g\u00fc\u00e7 taraf\u0131ndan y\u00f6nlendirilmi\u015ftir.<\/p>\n\t<div class=\"epyt-video-wrapper\"><div  data-ep-a=\"fadeIn\"  style=\"display: block; margin: 0px auto;\"  id=\"_ytid_89539\"  width=\"3840\" height=\"2160\"  data-origwidth=\"3840\" data-origheight=\"2160\" data-facadesrc=\"https:\/\/www.youtube.com\/embed\/d9vKBI_X_QY?enablejsapi=1&autoplay=0&cc_load_policy=0&cc_lang_pref=&iv_load_policy=1&loop=0&rel=0&fs=1&playsinline=1&autohide=2&theme=dark&color=red&controls=1&disablekb=0&\" class=\"__youtube_prefs__ epyt-facade  no-lazyload\" data-epautoplay=\"1\" ><img decoding=\"async\" data-spai-excluded=\"true\" class=\"epyt-facade-poster skip-lazy\" loading=\"lazy\"  alt=\"YouTube player\"  src=\"https:\/\/i.ytimg.com\/vi\/d9vKBI_X_QY\/maxresdefault.jpg\"  \/><button class=\"epyt-facade-play\" aria-label=\"Play\"><svg data-no-lazy=\"1\" height=\"100%\" version=\"1.1\" viewBox=\"0 0 68 48\" width=\"100%\"><path class=\"ytp-large-play-button-bg\" d=\"M66.52,7.74c-0.78-2.93-2.49-5.41-5.42-6.19C55.79,.13,34,0,34,0S12.21,.13,6.9,1.55 C3.97,2.33,2.27,4.81,1.48,7.74C0.06,13.05,0,24,0,24s0.06,10.95,1.48,16.26c0.78,2.93,2.49,5.41,5.42,6.19 C12.21,47.87,34,48,34,48s21.79-0.13,27.1-1.55c2.93-0.78,4.64-3.26,5.42-6.19C67.94,34.95,68,24,68,24S67.94,13.05,66.52,7.74z\" fill=\"#f00\"><\/path><path d=\"M 45,24 27,14 27,34\" fill=\"#fff\"><\/path><\/svg><\/button><\/div><\/div><span itemprop=\"video\" itemscope itemtype=\"http:\/\/schema.org\/VideoObject\"><meta itemprop=\"embedUrl\" content=\"https:\/\/www.youtube.com\/embed\/d9vKBI_X_QY\"><meta itemprop=\"name\" content=\"Kundalini, the pure desire\"><meta itemprop=\"description\" content=\"YouTube video\"><meta itemprop=\"thumbnailUrl\" content=\"https:\/\/i.ytimg.com\/vi\/d9vKBI_X_QY\/0.jpg\"><meta itemprop=\"duration\" content=\"PT3M57S\"><meta itemprop=\"uploadDate\" content=\"2022-11-12T03:31:46Z\"><\/span>\n\t<p>Shri Mataji, Kundalini&#8217;nin uyan\u0131\u015f\u0131n\u0131n tehlikeli veya zararl\u0131 oldu\u011funa dair bir\u00e7ok yanl\u0131\u015f kavram\u0131 a\u00e7\u0131kl\u0131\u011fa kavu\u015fturdu. Ya\u015famlar boyu, hayat yolculu\u011fumuzda bize e\u015flik eden ve biz ayd\u0131nlanmam\u0131z\u0131 almay\u0131 arzulayana kadar sab\u0131rla bekleyen, do\u011fu\u015ftan bize ait ruhani annemiz Kundalini&#8217;ye a\u00e7\u0131k bir analoji kazand\u0131rd\u0131. D\u00fcnya \u00fczerindeki tek bir do\u011fal t\u00fcrde bile, bir annenin kendi \u00e7ocu\u011funa zarar verdi\u011fi g\u00f6r\u00fclmemi\u015ftir. Aksine evrimsel potansiyeline tamamen ula\u015fabilmesi i\u00e7in \u00e7ocu\u011fu koruyan, besleyen ve destekleyen, annedir.<\/p>\n<h5>&#8220;\u015eekli olmayan ama m\u00fckemmel; cennetten ve d\u00fcnyadan \u00f6nce de var olan; sessiz ve s\u0131n\u0131rs\u0131z; yaln\u0131z ve de\u011fi\u015fmeyen; her yeri kaplayan ama yorulmak nedir bilmeyen; O, g\u00f6klerin alt\u0131ndaki her \u015feyin Anas\u0131&#8230; Ad\u0131n\u0131 bilmiyorum, bu nedenle O&#8217;na Tao diyorum.&#8221;<\/h5>\n<h5>Lao Tzu &#8211; Tao Te King<\/h5>\n<p>Kundalini&#8217;nin bu mistik deneyimi, aralar\u0131nda Adi Shankaracharya (MS 700), Kabir (MS 1400) ve Jnanadeva&#8217;n\u0131n (MS 1200) da oldu\u011fu bir\u00e7ok Hintli aziz taraf\u0131ndan anlat\u0131lm\u0131\u015ft\u0131r.<\/p>\n<p>Kundalini, genellikle uyuyan bir enerjidir. Ayd\u0131nlanman\u0131n amac\u0131, niteliklerinin tezah\u00fcr etmesi i\u00e7in bu enerjiyi uyand\u0131rmakt\u0131r. Saf arzu g\u00fcc\u00fcm\u00fczle &#8211; ger\u00e7ek benli\u011fimizi, Ruhumuzu tan\u0131ma arzumuzla &#8211; uyand\u0131r\u0131labilir. Ger\u00e7ek benli\u011fimiz genellikle kendi d\u00fc\u015f\u00fcncelerimiz ve duygular\u0131m\u0131z taraf\u0131ndan bizden saklan\u0131r ancak Kundalini, y\u00fckseldi\u011finde bizi kendili\u011finden dikkatimizin sessizli\u011finde, saf ruhumuzun tezah\u00fcr etti\u011fi bir meditasyon konumuna getirir. B\u00f6ylece hepimizin i\u00e7inde ebediyen var olan saf ne\u015fe ve huzuru deneyimleyerek bu d\u00fc\u015f\u00fcnce ve duygulardan s\u0131yr\u0131labiliriz.<\/p>\n<h5>&#8220;Materyalizmden uzakla\u015farak&#8230; Ruhun semas\u0131na girdim ve onuncu kap\u0131y\u0131 a\u00e7t\u0131m. Sarmal Kundalini enerjisinin \u00e7akralar\u0131 a\u00e7\u0131ld\u0131 ve Y\u00fcce Efendim Kral\u0131mla korkusuzca tan\u0131\u015ft\u0131m.&#8221;<\/h5>\n<h5>Aziz Kabir<\/h5>\n<p>Kundalini&#8217;nin etkileri, fiziksel d\u00fczeyde merkezi sinir sistemi ile temsil edilen s\u00fcptil sistem \u00fczerinde hissedilebilir. Kundalini, y\u00fckseldi\u011finde omurgam\u0131z boyunca uzanan ana sinir a\u011flar\u0131na (pleksuslara) kar\u015f\u0131l\u0131k gelen \u00e7akralardan ge\u00e7er. Shri Mataji, Kundalini&#8217;mizin milyonlarca iplik\u00e7ikten olu\u015fan bir halat olarak hayal edilebilece\u011fini a\u00e7\u0131klad\u0131. Ayd\u0131nlanmam\u0131z\u0131 ilk ald\u0131\u011f\u0131m\u0131zda, \u00e7akralardan sadece bir veya iki iplik\u00e7ik ge\u00e7erek ba\u015f\u0131n tepesindeki Sahasrara&#8217;ya ula\u015fabilmektedir. G\u00fcnl\u00fck meditasyonla, derinle\u015fen, daha yo\u011fun ve keyifli hale gelen meditasyon deneyimiyle ba\u011flant\u0131m\u0131z g\u00fc\u00e7lendi\u011finde, Kundalini&#8217;nin iplik\u00e7i\u011fi giderek daha fazla\u00a0 y\u00fckselir.<\/p>\n<div class=\"su-quote su-quote-style-default\"><div class=\"su-quote-inner su-u-clearfix su-u-trim\">\u015eimdi as\u0131l mesele, d\u00fc\u015f\u00fcnceyi akl\u0131n\u0131zdan nas\u0131l \u00e7\u0131karaca\u011f\u0131n\u0131zd\u0131r. D\u00fc\u015f\u00fcnceler, her zaman zihninizdedir. Ancak Kundalini y\u00fckseldi\u011finde, o zaman olan \u015fey bu d\u00fc\u015f\u00fcncelerin uzamas\u0131d\u0131r. D\u00fc\u015f\u00fcnceler aras\u0131nda ise bir bo\u015fluk olu\u015fur. \u0130\u015fte bu bo\u015fluk bizim huzura ula\u015ft\u0131\u011f\u0131m\u0131z yerdir. O huzuru yakalad\u0131\u011f\u0131n\u0131zda d\u00fcnyada huzur sa\u011flan\u0131r. Sadece pankartlar asarak, bar\u0131\u015f i\u00e7in hayk\u0131rarak, bar\u0131\u015f\u0131 sa\u011flayamazs\u0131n\u0131z. Bar\u0131\u015f, insan\u0131n kalbinden gelmelidir. \u0130nsan\u0131n kalbinde bar\u0131\u015f ancak huzurdan gelen mutlulu\u011fun ortaya \u00e7\u0131kt\u0131\u011f\u0131 kalbin \u00f6z\u00fcne, Ruh&#8217;u yerle\u015ftirdi\u011finizde sa\u011flanabilir. Bar\u0131\u015ftan gelen mutlulu\u011funun tad\u0131n\u0131 \u00e7\u0131karmaya ba\u015flad\u0131\u011f\u0131n\u0131zda sava\u015f istemezsiniz, sava\u015f\u0131 d\u00fc\u015f\u00fcnmezsiniz ve \u015fimdi bu insano\u011flunun art\u0131k y\u00fckselmesi ve ula\u015fmas\u0131 gereken konumdur.<\/div><\/div>\n\n","protected":false},"excerpt":{"rendered":"<p>Kundalini Sevginin Evrimsel G\u00fcc\u00fc Shri Mataji&#8217;nin Kundalini uyan\u0131\u015f\u0131n\u0131n i\u00e7sel ruhani deneyimi ve bunun s\u00fcptil sistemimizdeki karma\u015f\u0131k i\u015fleyi\u015fi, onun d\u00fcnyaya yayd\u0131\u011f\u0131 Sahaja Yoga meditasyonunun temeli oldu. Bu alanda mutlak bir guru ve otorite olarak, cenin hen\u00fcz olu\u015furken \u00e7ok erken bir a\u015famada Kundalini&#8217;nin nas\u0131l i\u00e7imize girdi\u011fini, onun ilahi do\u011fas\u0131n\u0131, sevginin bu ilahi g\u00fcc\u00fcn\u00fcn neden \u00f6zg\u00fcrl\u00fc\u011f\u00fcm\u00fcze sayg\u0131 g\u00f6sterdi\u011fini&hellip; <br \/> <a class=\"read-more\" href=\"https:\/\/shrimataji.org\/test\/tr\/kundalini\/\">Read more<\/a><\/p>\n","protected":false},"author":12,"featured_media":9244,"parent":0,"menu_order":0,"comment_status":"closed","ping_status":"closed","template":"","meta":{"inline_featured_image":false,"footnotes":""},"class_list":["post-10175","page","type-page","status-publish","has-post-thumbnail","hentry"],"yoast_head":"<!-- This site is optimized with the Yoast SEO plugin v27.4 - https:\/\/yoast.com\/product\/yoast-seo-wordpress\/ -->\n<title>Kundalini TR - TEST - SMND<\/title>\n<meta name=\"robots\" content=\"noindex, follow, max-snippet:-1, max-image-preview:large, max-video-preview:-1\" \/>\n<meta property=\"og:locale\" content=\"en_US\" \/>\n<meta property=\"og:type\" content=\"article\" \/>\n<meta property=\"og:title\" content=\"Kundalini TR - TEST - SMND\" \/>\n<meta property=\"og:description\" content=\"Kundalini Sevginin Evrimsel G\u00fcc\u00fc Shri Mataji&#8217;nin Kundalini uyan\u0131\u015f\u0131n\u0131n i\u00e7sel ruhani deneyimi ve bunun s\u00fcptil sistemimizdeki karma\u015f\u0131k i\u015fleyi\u015fi, onun d\u00fcnyaya yayd\u0131\u011f\u0131 Sahaja Yoga meditasyonunun temeli oldu. Bu alanda mutlak bir guru ve otorite olarak, cenin hen\u00fcz olu\u015furken \u00e7ok erken bir a\u015famada Kundalini&#8217;nin nas\u0131l i\u00e7imize girdi\u011fini, onun ilahi do\u011fas\u0131n\u0131, sevginin bu ilahi g\u00fcc\u00fcn\u00fcn neden \u00f6zg\u00fcrl\u00fc\u011f\u00fcm\u00fcze sayg\u0131 g\u00f6sterdi\u011fini&hellip; Read more\" \/>\n<meta property=\"og:url\" content=\"https:\/\/shrimataji.org\/test\/tr\/kundalini\/\" \/>\n<meta property=\"og:site_name\" content=\"TEST - SMND\" \/>\n<meta property=\"article:publisher\" content=\"https:\/\/www.facebook.com\/shrimataji\" \/>\n<meta property=\"article:modified_time\" content=\"2024-07-12T00:02:00+00:00\" \/>\n<meta property=\"og:image\" content=\"https:\/\/shrimataji.org\/test\/wp-content\/uploads\/2023\/03\/9_Banner-SY-Kundalini-scaled.jpg\" \/>\n\t<meta property=\"og:image:width\" content=\"2560\" \/>\n\t<meta property=\"og:image:height\" content=\"905\" \/>\n\t<meta property=\"og:image:type\" content=\"image\/jpeg\" \/>\n<meta name=\"twitter:card\" content=\"summary_large_image\" \/>\n<meta name=\"twitter:site\" content=\"@shrimataji\" \/>\n<meta name=\"twitter:label1\" content=\"Est. reading time\" \/>\n\t<meta name=\"twitter:data1\" content=\"6 minutes\" \/>\n<script type=\"application\/ld+json\" class=\"yoast-schema-graph\">{\"@context\":\"https:\\\/\\\/schema.org\",\"@graph\":[{\"@type\":\"WebPage\",\"@id\":\"https:\\\/\\\/shrimataji.org\\\/test\\\/tr\\\/kundalini\\\/\",\"url\":\"https:\\\/\\\/shrimataji.org\\\/test\\\/tr\\\/kundalini\\\/\",\"name\":\"Kundalini TR - TEST - SMND\",\"isPartOf\":{\"@id\":\"https:\\\/\\\/shrimataji.org\\\/test\\\/#website\"},\"primaryImageOfPage\":{\"@id\":\"https:\\\/\\\/shrimataji.org\\\/test\\\/tr\\\/kundalini\\\/#primaryimage\"},\"image\":{\"@id\":\"https:\\\/\\\/shrimataji.org\\\/test\\\/tr\\\/kundalini\\\/#primaryimage\"},\"thumbnailUrl\":\"https:\\\/\\\/shrimataji.org\\\/test\\\/wp-content\\\/uploads\\\/2023\\\/03\\\/9_Banner-SY-Kundalini-scaled.jpg\",\"datePublished\":\"2022-01-29T10:17:23+00:00\",\"dateModified\":\"2024-07-12T00:02:00+00:00\",\"breadcrumb\":{\"@id\":\"https:\\\/\\\/shrimataji.org\\\/test\\\/tr\\\/kundalini\\\/#breadcrumb\"},\"inLanguage\":\"en-US\",\"potentialAction\":[{\"@type\":\"ReadAction\",\"target\":[\"https:\\\/\\\/shrimataji.org\\\/test\\\/tr\\\/kundalini\\\/\"]}]},{\"@type\":\"ImageObject\",\"inLanguage\":\"en-US\",\"@id\":\"https:\\\/\\\/shrimataji.org\\\/test\\\/tr\\\/kundalini\\\/#primaryimage\",\"url\":\"https:\\\/\\\/shrimataji.org\\\/test\\\/wp-content\\\/uploads\\\/2023\\\/03\\\/9_Banner-SY-Kundalini-scaled.jpg\",\"contentUrl\":\"https:\\\/\\\/shrimataji.org\\\/test\\\/wp-content\\\/uploads\\\/2023\\\/03\\\/9_Banner-SY-Kundalini-scaled.jpg\",\"width\":2560,\"height\":905},{\"@type\":\"BreadcrumbList\",\"@id\":\"https:\\\/\\\/shrimataji.org\\\/test\\\/tr\\\/kundalini\\\/#breadcrumb\",\"itemListElement\":[{\"@type\":\"ListItem\",\"position\":1,\"name\":\"Home\",\"item\":\"https:\\\/\\\/shrimataji.org\\\/test\\\/uk\\\/home-en\\\/\"},{\"@type\":\"ListItem\",\"position\":2,\"name\":\"Kundalini TR\"}]},{\"@type\":\"WebSite\",\"@id\":\"https:\\\/\\\/shrimataji.org\\\/test\\\/#website\",\"url\":\"https:\\\/\\\/shrimataji.org\\\/test\\\/\",\"name\":\"Shri Mataji Nirmala Devi\",\"description\":\"A Life Dedicated to Humanity\",\"publisher\":{\"@id\":\"https:\\\/\\\/shrimataji.org\\\/test\\\/#\\\/schema\\\/person\\\/a1b3419c6585f164aa96da1ff85715d1\"},\"potentialAction\":[{\"@type\":\"SearchAction\",\"target\":{\"@type\":\"EntryPoint\",\"urlTemplate\":\"https:\\\/\\\/shrimataji.org\\\/test\\\/?s={search_term_string}\"},\"query-input\":{\"@type\":\"PropertyValueSpecification\",\"valueRequired\":true,\"valueName\":\"search_term_string\"}}],\"inLanguage\":\"en-US\"},{\"@type\":[\"Person\",\"Organization\"],\"@id\":\"https:\\\/\\\/shrimataji.org\\\/test\\\/#\\\/schema\\\/person\\\/a1b3419c6585f164aa96da1ff85715d1\",\"name\":\"Nirmala Shrivastava\",\"image\":{\"@type\":\"ImageObject\",\"inLanguage\":\"en-US\",\"@id\":\"https:\\\/\\\/shrimataji.org\\\/test\\\/wp-content\\\/uploads\\\/2023\\\/02\\\/SMO_LOGO-03.svg\",\"url\":\"https:\\\/\\\/shrimataji.org\\\/test\\\/wp-content\\\/uploads\\\/2023\\\/02\\\/SMO_LOGO-03.svg\",\"contentUrl\":\"https:\\\/\\\/shrimataji.org\\\/test\\\/wp-content\\\/uploads\\\/2023\\\/02\\\/SMO_LOGO-03.svg\",\"width\":\"1024\",\"height\":\"1024\",\"caption\":\"Nirmala Shrivastava\"},\"logo\":{\"@id\":\"https:\\\/\\\/shrimataji.org\\\/test\\\/wp-content\\\/uploads\\\/2023\\\/02\\\/SMO_LOGO-03.svg\"},\"sameAs\":[\"https:\\\/\\\/shrimataji.org\\\/test\",\"https:\\\/\\\/www.facebook.com\\\/shrimataji\",\"https:\\\/\\\/x.com\\\/shrimataji\",\"https:\\\/\\\/www.youtube.com\\\/@Shri_Mataji_Nirmala_Devi\\\/featured\"]}]}<\/script>\n<!-- \/ Yoast SEO plugin. -->","yoast_head_json":{"title":"Kundalini TR - TEST - SMND","robots":{"index":"noindex","follow":"follow","max-snippet":"max-snippet:-1","max-image-preview":"max-image-preview:large","max-video-preview":"max-video-preview:-1"},"og_locale":"en_US","og_type":"article","og_title":"Kundalini TR - TEST - SMND","og_description":"Kundalini Sevginin Evrimsel G\u00fcc\u00fc Shri Mataji&#8217;nin Kundalini uyan\u0131\u015f\u0131n\u0131n i\u00e7sel ruhani deneyimi ve bunun s\u00fcptil sistemimizdeki karma\u015f\u0131k i\u015fleyi\u015fi, onun d\u00fcnyaya yayd\u0131\u011f\u0131 Sahaja Yoga meditasyonunun temeli oldu. Bu alanda mutlak bir guru ve otorite olarak, cenin hen\u00fcz olu\u015furken \u00e7ok erken bir a\u015famada Kundalini&#8217;nin nas\u0131l i\u00e7imize girdi\u011fini, onun ilahi do\u011fas\u0131n\u0131, sevginin bu ilahi g\u00fcc\u00fcn\u00fcn neden \u00f6zg\u00fcrl\u00fc\u011f\u00fcm\u00fcze sayg\u0131 g\u00f6sterdi\u011fini&hellip; Read more","og_url":"https:\/\/shrimataji.org\/test\/tr\/kundalini\/","og_site_name":"TEST - SMND","article_publisher":"https:\/\/www.facebook.com\/shrimataji","article_modified_time":"2024-07-12T00:02:00+00:00","og_image":[{"width":2560,"height":905,"url":"https:\/\/shrimataji.org\/test\/wp-content\/uploads\/2023\/03\/9_Banner-SY-Kundalini-scaled.jpg","type":"image\/jpeg"}],"twitter_card":"summary_large_image","twitter_site":"@shrimataji","twitter_misc":{"Est. reading time":"6 minutes"},"schema":{"@context":"https:\/\/schema.org","@graph":[{"@type":"WebPage","@id":"https:\/\/shrimataji.org\/test\/tr\/kundalini\/","url":"https:\/\/shrimataji.org\/test\/tr\/kundalini\/","name":"Kundalini TR - TEST - SMND","isPartOf":{"@id":"https:\/\/shrimataji.org\/test\/#website"},"primaryImageOfPage":{"@id":"https:\/\/shrimataji.org\/test\/tr\/kundalini\/#primaryimage"},"image":{"@id":"https:\/\/shrimataji.org\/test\/tr\/kundalini\/#primaryimage"},"thumbnailUrl":"https:\/\/shrimataji.org\/test\/wp-content\/uploads\/2023\/03\/9_Banner-SY-Kundalini-scaled.jpg","datePublished":"2022-01-29T10:17:23+00:00","dateModified":"2024-07-12T00:02:00+00:00","breadcrumb":{"@id":"https:\/\/shrimataji.org\/test\/tr\/kundalini\/#breadcrumb"},"inLanguage":"en-US","potentialAction":[{"@type":"ReadAction","target":["https:\/\/shrimataji.org\/test\/tr\/kundalini\/"]}]},{"@type":"ImageObject","inLanguage":"en-US","@id":"https:\/\/shrimataji.org\/test\/tr\/kundalini\/#primaryimage","url":"https:\/\/shrimataji.org\/test\/wp-content\/uploads\/2023\/03\/9_Banner-SY-Kundalini-scaled.jpg","contentUrl":"https:\/\/shrimataji.org\/test\/wp-content\/uploads\/2023\/03\/9_Banner-SY-Kundalini-scaled.jpg","width":2560,"height":905},{"@type":"BreadcrumbList","@id":"https:\/\/shrimataji.org\/test\/tr\/kundalini\/#breadcrumb","itemListElement":[{"@type":"ListItem","position":1,"name":"Home","item":"https:\/\/shrimataji.org\/test\/uk\/home-en\/"},{"@type":"ListItem","position":2,"name":"Kundalini TR"}]},{"@type":"WebSite","@id":"https:\/\/shrimataji.org\/test\/#website","url":"https:\/\/shrimataji.org\/test\/","name":"Shri Mataji Nirmala Devi","description":"A Life Dedicated to Humanity","publisher":{"@id":"https:\/\/shrimataji.org\/test\/#\/schema\/person\/a1b3419c6585f164aa96da1ff85715d1"},"potentialAction":[{"@type":"SearchAction","target":{"@type":"EntryPoint","urlTemplate":"https:\/\/shrimataji.org\/test\/?s={search_term_string}"},"query-input":{"@type":"PropertyValueSpecification","valueRequired":true,"valueName":"search_term_string"}}],"inLanguage":"en-US"},{"@type":["Person","Organization"],"@id":"https:\/\/shrimataji.org\/test\/#\/schema\/person\/a1b3419c6585f164aa96da1ff85715d1","name":"Nirmala Shrivastava","image":{"@type":"ImageObject","inLanguage":"en-US","@id":"https:\/\/shrimataji.org\/test\/wp-content\/uploads\/2023\/02\/SMO_LOGO-03.svg","url":"https:\/\/shrimataji.org\/test\/wp-content\/uploads\/2023\/02\/SMO_LOGO-03.svg","contentUrl":"https:\/\/shrimataji.org\/test\/wp-content\/uploads\/2023\/02\/SMO_LOGO-03.svg","width":"1024","height":"1024","caption":"Nirmala Shrivastava"},"logo":{"@id":"https:\/\/shrimataji.org\/test\/wp-content\/uploads\/2023\/02\/SMO_LOGO-03.svg"},"sameAs":["https:\/\/shrimataji.org\/test","https:\/\/www.facebook.com\/shrimataji","https:\/\/x.com\/shrimataji","https:\/\/www.youtube.com\/@Shri_Mataji_Nirmala_Devi\/featured"]}]}},"lang":"tr","translations":{"tr":10175,"am":18025,"th":19981,"hu":19505,"be":6401,"sq":18426,"zh":17323,"hi":8293,"pt":10387,"de":10661,"fr":10759,"it":10857,"es":10954,"ja":11251,"ru":11439,"bn":11631,"te":11739,"sw":11862,"he":12010,"el":12302,"sk":12400,"fa":12498,"fi":12596,"bg":13390,"ro":14464,"cs":14657,"nl":16586,"ku":16746,"ar":16922,"kn":18907,"mr":20345,"uk":20637,"ml":20932,"ta":22744,"sv":23016,"gu":28858,"pa":29018},"pll_sync_post":[],"_links":{"self":[{"href":"https:\/\/shrimataji.org\/test\/wp-json\/wp\/v2\/pages\/10175","targetHints":{"allow":["GET"]}}],"collection":[{"href":"https:\/\/shrimataji.org\/test\/wp-json\/wp\/v2\/pages"}],"about":[{"href":"https:\/\/shrimataji.org\/test\/wp-json\/wp\/v2\/types\/page"}],"author":[{"embeddable":true,"href":"https:\/\/shrimataji.org\/test\/wp-json\/wp\/v2\/users\/12"}],"replies":[{"embeddable":true,"href":"https:\/\/shrimataji.org\/test\/wp-json\/wp\/v2\/comments?post=10175"}],"version-history":[{"count":0,"href":"https:\/\/shrimataji.org\/test\/wp-json\/wp\/v2\/pages\/10175\/revisions"}],"wp:featuredmedia":[{"embeddable":true,"href":"https:\/\/shrimataji.org\/test\/wp-json\/wp\/v2\/media\/9244"}],"wp:attachment":[{"href":"https:\/\/shrimataji.org\/test\/wp-json\/wp\/v2\/media?parent=10175"}],"curies":[{"name":"wp","href":"https:\/\/api.w.org\/{rel}","templated":true}]}}