{"id":10179,"date":"2017-08-11T05:00:00","date_gmt":"2017-08-11T05:00:00","guid":{"rendered":"http:\/\/testwordpress.nirmalnagari.org\/smnd\/index.php\/legacy\/"},"modified":"2024-07-12T00:02:02","modified_gmt":"2024-07-12T00:02:02","slug":"miras","status":"publish","type":"page","link":"https:\/\/shrimataji.org\/test\/tr\/miras\/","title":{"rendered":"Miras"},"content":{"rendered":"\n\n\t<h1>Miras<\/h1>\n<h2>D\u00f6n\u00fc\u015f\u00fcm &#8211; Bireyselden toplumsala.<\/h2>\n\t<h4>Kitaplar ve okullar, s\u0131n\u0131flar ve sa\u011fl\u0131k merkezleri, sanat ve m\u00fczik i\u00e7in bir akademi ve hatta yoksullar i\u00e7in bir yuva, ama Shri Mataji&#8217;nin miras\u0131 bundan \u00e7ok daha fazlas\u0131d\u0131r.<\/h4>\n<p>Hi\u00e7bir an\u0131t veya sivil toplum kurulu\u015fu tek ba\u015f\u0131na Shri Mataji Nirmala Devi&#8217;nin ger\u00e7ek miras\u0131n\u0131 g\u00f6steremez; onun mirasi, t\u00fcm bunlar\u0131n \u00fcst\u00fcnde ve \u00f6tesindedir.<\/p>\n<p>Shri Mataji&#8217;nin d\u00fcnyaya bah\u015fetti\u011fi \u015fey bir felsefe, doktrin ya da hatta inan\u00e7 sistemi de\u011fil, tek ba\u015f\u0131na ola\u011fan\u00fcst\u00fc bir \u015feydir: Ayd\u0131nlanma. Bu ezeli ruhsal uyan\u0131\u015f, kelimenin tam anlam\u0131yla d\u00fcnyay\u0131 de\u011fi\u015ftirme kapasitesine sahip bir \u015feydir.<\/p>\n<p>\u00c7o\u011fu de\u011fi\u015fim re\u00e7etesinden farkl\u0131 olarak bu, bireyin samimi ve b\u00fcy\u00fcyen ki\u015fisel fark\u0131ndal\u0131\u011f\u0131yla ba\u015flar. Bu manevi tan\u0131nma k\u0131v\u0131lc\u0131m\u0131 Shri Mataji&#8217;nin d\u00fcnyaya miras\u0131d\u0131r.<\/p>\n<p>\u00c7al\u0131\u015fmalar\u0131 sayesinde 100&#8217;den fazla \u00fclkede Sahaja Yoga uygulay\u0131c\u0131lar\u0131ndan olu\u015fan k\u00fcresel bir topluluk yaratt\u0131, hepsi kendilerini d\u00f6n\u00fc\u015ft\u00fcrme arzusuyla birle\u015fiyor ve bunu yaparken daha geni\u015f bir d\u00fczeyde d\u00f6n\u00fc\u015f\u00fcm olana\u011f\u0131 yarat\u0131yorlar.<\/p>\n\t\t\t\t<img loading=\"lazy\" decoding=\"async\" src=\"https:\/\/shrimataji.org\/test\/wp-content\/uploads\/2024\/06\/shri-mataji-nirmala-devi-in-daglio-italy-7th-july-2007-683x1024.jpg\" alt=\"Shri Mataji Daglio&#039;da (Kuzey \u0130talya, 2007)\" height=\"1024\" width=\"683\" title=\"shri-mataji-nirmala-devi-in-daglio-italy-7th-july-2007\" \/>\n\t\tShri Mataji Daglio&#8217;da (Kuzey \u0130talya, 2007)\n\t<p>Onun vizyonu kurumlar ya da hareketler yaratmak de\u011fildi; bunun yerine onun mesaj\u0131 bireye, benli\u011fe odaklanm\u0131\u015ft\u0131. D\u00fcnyaya yaln\u0131zca ger\u00e7ek bireysel ve kolektif maneviyata ba\u011fl\u0131l\u0131\u011f\u0131n k\u00fcresel s\u0131k\u0131nt\u0131lar\u0131 \u00e7\u00f6zebilece\u011fini \u00f6\u011fretti. Ayn\u0131 zamanda bireyin \u00f6zg\u00fcrl\u00fc\u011f\u00fc konusunda da \u0131srar etti; Sahaja Yoga&#8217;da dogma ya da doktrin yoktur, sadece ki\u015finin ruhsal geli\u015fimi i\u00e7in neyin uygun oldu\u011funa dair ayd\u0131nlanm\u0131\u015f bir fark\u0131ndal\u0131k vard\u0131r.<\/p>\n\t<p>&#8220;Onlar\u0131 kendi sorunlar\u0131n\u0131 \u00e7\u00f6zebilecek donan\u0131ma sahip k\u0131lmak benim yapmam gereken \u015fey bu&#8230; Kendi kendinizin doktoru olmal\u0131s\u0131n\u0131z. Kendi kendinizin gurusu olmal\u0131s\u0131n\u0131z.&#8221;<\/p>\n<p>Kundalini&#8217;nin uyan\u0131\u015f\u0131 ve ard\u0131ndan gelen meditasyon yoluyla bireyde somut bir de\u011fi\u015fimi tetikleyerek, d\u00fcnyaya sadece maddi ba\u015far\u0131 veya g\u00fc\u00e7ten daha y\u00fcksek bir arzuya nas\u0131l ula\u015f\u0131laca\u011f\u0131n\u0131 \u00f6\u011fretti. &#8220;\u0130\u00e7imizde bar\u0131\u015f\u0131 sa\u011flamal\u0131y\u0131z&#8221; tavsiyesinde bulundu. &#8220;Meditasyon yapmaya \u00e7al\u0131\u015f\u0131n. Meditasyon yap\u0131n ki i\u00e7sel varl\u0131\u011f\u0131n\u0131za ula\u015f\u0131n. Bu i\u00e7sel varl\u0131k engin bir mutluluk okyanusudur!&#8221;<\/p>\n\t<div class=\"su-quote su-quote-style-default\"><div class=\"su-quote-inner su-u-clearfix su-u-trim\"> Kundalini uyan\u0131\u015f\u0131n\u0131n sonu\u00e7lar\u0131n\u0131 g\u00f6stermeliyiz&#8230; Bu t\u00fcm d\u00fcnya i\u00e7in. Bu benim vizyonum <\/div><\/div>\n\t<p>Onun ayd\u0131nlanma yoluyla d\u00f6n\u00fc\u015f\u00fcm miras\u0131, Sahaja Yoga meditasyonu uygulamas\u0131 ile ger\u00e7ek i\u00e7 huzuruna ve birbirleri ve Do\u011fa Ana ile uyum i\u00e7inde ya\u015famak i\u00e7in mutlak \u00f6zg\u00fcrl\u00fc\u011fe ula\u015fan milyonlarca insan\u0131n hayat\u0131na dokunmaya devam ediyor.<\/p>\n\n","protected":false},"excerpt":{"rendered":"<p>Miras D\u00f6n\u00fc\u015f\u00fcm &#8211; Bireyselden toplumsala. Kitaplar ve okullar, s\u0131n\u0131flar ve sa\u011fl\u0131k merkezleri, sanat ve m\u00fczik i\u00e7in bir akademi ve hatta yoksullar i\u00e7in bir yuva, ama Shri Mataji&#8217;nin miras\u0131 bundan \u00e7ok daha fazlas\u0131d\u0131r. Hi\u00e7bir an\u0131t veya sivil toplum kurulu\u015fu tek ba\u015f\u0131na Shri Mataji Nirmala Devi&#8217;nin ger\u00e7ek miras\u0131n\u0131 g\u00f6steremez; onun mirasi, t\u00fcm bunlar\u0131n \u00fcst\u00fcnde ve \u00f6tesindedir. Shri&hellip; <br \/> <a class=\"read-more\" href=\"https:\/\/shrimataji.org\/test\/tr\/miras\/\">Read more<\/a><\/p>\n","protected":false},"author":12,"featured_media":294,"parent":0,"menu_order":0,"comment_status":"closed","ping_status":"closed","template":"","meta":{"inline_featured_image":false,"footnotes":""},"class_list":["post-10179","page","type-page","status-publish","has-post-thumbnail","hentry"],"yoast_head":"<!-- This site is optimized with the Yoast SEO plugin v27.4 - https:\/\/yoast.com\/product\/yoast-seo-wordpress\/ -->\n<title>Miras - TEST - SMND<\/title>\n<meta name=\"robots\" content=\"noindex, follow, max-snippet:-1, max-image-preview:large, max-video-preview:-1\" \/>\n<meta property=\"og:locale\" content=\"en_US\" \/>\n<meta property=\"og:type\" content=\"article\" \/>\n<meta property=\"og:title\" content=\"Miras - TEST - SMND\" \/>\n<meta property=\"og:description\" content=\"Miras D\u00f6n\u00fc\u015f\u00fcm &#8211; Bireyselden toplumsala. Kitaplar ve okullar, s\u0131n\u0131flar ve sa\u011fl\u0131k merkezleri, sanat ve m\u00fczik i\u00e7in bir akademi ve hatta yoksullar i\u00e7in bir yuva, ama Shri Mataji&#8217;nin miras\u0131 bundan \u00e7ok daha fazlas\u0131d\u0131r. Hi\u00e7bir an\u0131t veya sivil toplum kurulu\u015fu tek ba\u015f\u0131na Shri Mataji Nirmala Devi&#8217;nin ger\u00e7ek miras\u0131n\u0131 g\u00f6steremez; onun mirasi, t\u00fcm bunlar\u0131n \u00fcst\u00fcnde ve \u00f6tesindedir. Shri&hellip; Read more\" \/>\n<meta property=\"og:url\" content=\"https:\/\/shrimataji.org\/test\/tr\/miras\/\" \/>\n<meta property=\"og:site_name\" content=\"TEST - SMND\" \/>\n<meta property=\"article:publisher\" content=\"https:\/\/www.facebook.com\/shrimataji\" \/>\n<meta property=\"article:modified_time\" content=\"2024-07-12T00:02:02+00:00\" \/>\n<meta property=\"og:image\" content=\"https:\/\/shrimataji.org\/test\/wp-content\/uploads\/2018\/07\/media_originals\/images\/shri-mataji-teaching-sahaja-yoga\/color-test-1.jpg\" \/>\n\t<meta property=\"og:image:width\" content=\"1024\" \/>\n\t<meta property=\"og:image:height\" content=\"685\" \/>\n\t<meta property=\"og:image:type\" content=\"image\/jpeg\" \/>\n<meta name=\"twitter:card\" content=\"summary_large_image\" \/>\n<meta name=\"twitter:site\" content=\"@shrimataji\" \/>\n<script type=\"application\/ld+json\" class=\"yoast-schema-graph\">{\"@context\":\"https:\\\/\\\/schema.org\",\"@graph\":[{\"@type\":\"WebPage\",\"@id\":\"https:\\\/\\\/shrimataji.org\\\/test\\\/tr\\\/miras\\\/\",\"url\":\"https:\\\/\\\/shrimataji.org\\\/test\\\/tr\\\/miras\\\/\",\"name\":\"Miras - TEST - SMND\",\"isPartOf\":{\"@id\":\"https:\\\/\\\/shrimataji.org\\\/test\\\/#website\"},\"primaryImageOfPage\":{\"@id\":\"https:\\\/\\\/shrimataji.org\\\/test\\\/tr\\\/miras\\\/#primaryimage\"},\"image\":{\"@id\":\"https:\\\/\\\/shrimataji.org\\\/test\\\/tr\\\/miras\\\/#primaryimage\"},\"thumbnailUrl\":\"https:\\\/\\\/shrimataji.org\\\/test\\\/wp-content\\\/uploads\\\/2018\\\/07\\\/media_originals\\\/images\\\/shri-mataji-teaching-sahaja-yoga\\\/color-test-1.jpg\",\"datePublished\":\"2017-08-11T05:00:00+00:00\",\"dateModified\":\"2024-07-12T00:02:02+00:00\",\"breadcrumb\":{\"@id\":\"https:\\\/\\\/shrimataji.org\\\/test\\\/tr\\\/miras\\\/#breadcrumb\"},\"inLanguage\":\"en-US\",\"potentialAction\":[{\"@type\":\"ReadAction\",\"target\":[\"https:\\\/\\\/shrimataji.org\\\/test\\\/tr\\\/miras\\\/\"]}]},{\"@type\":\"ImageObject\",\"inLanguage\":\"en-US\",\"@id\":\"https:\\\/\\\/shrimataji.org\\\/test\\\/tr\\\/miras\\\/#primaryimage\",\"url\":\"https:\\\/\\\/shrimataji.org\\\/test\\\/wp-content\\\/uploads\\\/2018\\\/07\\\/media_originals\\\/images\\\/shri-mataji-teaching-sahaja-yoga\\\/color-test-1.jpg\",\"contentUrl\":\"https:\\\/\\\/shrimataji.org\\\/test\\\/wp-content\\\/uploads\\\/2018\\\/07\\\/media_originals\\\/images\\\/shri-mataji-teaching-sahaja-yoga\\\/color-test-1.jpg\",\"width\":1024,\"height\":685},{\"@type\":\"BreadcrumbList\",\"@id\":\"https:\\\/\\\/shrimataji.org\\\/test\\\/tr\\\/miras\\\/#breadcrumb\",\"itemListElement\":[{\"@type\":\"ListItem\",\"position\":1,\"name\":\"Home\",\"item\":\"https:\\\/\\\/shrimataji.org\\\/test\\\/uk\\\/home-en\\\/\"},{\"@type\":\"ListItem\",\"position\":2,\"name\":\"Miras\"}]},{\"@type\":\"WebSite\",\"@id\":\"https:\\\/\\\/shrimataji.org\\\/test\\\/#website\",\"url\":\"https:\\\/\\\/shrimataji.org\\\/test\\\/\",\"name\":\"Shri Mataji Nirmala Devi\",\"description\":\"A Life Dedicated to Humanity\",\"publisher\":{\"@id\":\"https:\\\/\\\/shrimataji.org\\\/test\\\/#\\\/schema\\\/person\\\/a1b3419c6585f164aa96da1ff85715d1\"},\"potentialAction\":[{\"@type\":\"SearchAction\",\"target\":{\"@type\":\"EntryPoint\",\"urlTemplate\":\"https:\\\/\\\/shrimataji.org\\\/test\\\/?s={search_term_string}\"},\"query-input\":{\"@type\":\"PropertyValueSpecification\",\"valueRequired\":true,\"valueName\":\"search_term_string\"}}],\"inLanguage\":\"en-US\"},{\"@type\":[\"Person\",\"Organization\"],\"@id\":\"https:\\\/\\\/shrimataji.org\\\/test\\\/#\\\/schema\\\/person\\\/a1b3419c6585f164aa96da1ff85715d1\",\"name\":\"Nirmala Shrivastava\",\"image\":{\"@type\":\"ImageObject\",\"inLanguage\":\"en-US\",\"@id\":\"https:\\\/\\\/shrimataji.org\\\/test\\\/wp-content\\\/uploads\\\/2023\\\/02\\\/SMO_LOGO-03.svg\",\"url\":\"https:\\\/\\\/shrimataji.org\\\/test\\\/wp-content\\\/uploads\\\/2023\\\/02\\\/SMO_LOGO-03.svg\",\"contentUrl\":\"https:\\\/\\\/shrimataji.org\\\/test\\\/wp-content\\\/uploads\\\/2023\\\/02\\\/SMO_LOGO-03.svg\",\"width\":\"1024\",\"height\":\"1024\",\"caption\":\"Nirmala Shrivastava\"},\"logo\":{\"@id\":\"https:\\\/\\\/shrimataji.org\\\/test\\\/wp-content\\\/uploads\\\/2023\\\/02\\\/SMO_LOGO-03.svg\"},\"sameAs\":[\"https:\\\/\\\/shrimataji.org\\\/test\",\"https:\\\/\\\/www.facebook.com\\\/shrimataji\",\"https:\\\/\\\/x.com\\\/shrimataji\",\"https:\\\/\\\/www.youtube.com\\\/@Shri_Mataji_Nirmala_Devi\\\/featured\"]}]}<\/script>\n<!-- \/ Yoast SEO plugin. -->","yoast_head_json":{"title":"Miras - TEST - SMND","robots":{"index":"noindex","follow":"follow","max-snippet":"max-snippet:-1","max-image-preview":"max-image-preview:large","max-video-preview":"max-video-preview:-1"},"og_locale":"en_US","og_type":"article","og_title":"Miras - TEST - SMND","og_description":"Miras D\u00f6n\u00fc\u015f\u00fcm &#8211; Bireyselden toplumsala. Kitaplar ve okullar, s\u0131n\u0131flar ve sa\u011fl\u0131k merkezleri, sanat ve m\u00fczik i\u00e7in bir akademi ve hatta yoksullar i\u00e7in bir yuva, ama Shri Mataji&#8217;nin miras\u0131 bundan \u00e7ok daha fazlas\u0131d\u0131r. Hi\u00e7bir an\u0131t veya sivil toplum kurulu\u015fu tek ba\u015f\u0131na Shri Mataji Nirmala Devi&#8217;nin ger\u00e7ek miras\u0131n\u0131 g\u00f6steremez; onun mirasi, t\u00fcm bunlar\u0131n \u00fcst\u00fcnde ve \u00f6tesindedir. Shri&hellip; Read more","og_url":"https:\/\/shrimataji.org\/test\/tr\/miras\/","og_site_name":"TEST - SMND","article_publisher":"https:\/\/www.facebook.com\/shrimataji","article_modified_time":"2024-07-12T00:02:02+00:00","og_image":[{"width":1024,"height":685,"url":"https:\/\/shrimataji.org\/test\/wp-content\/uploads\/2018\/07\/media_originals\/images\/shri-mataji-teaching-sahaja-yoga\/color-test-1.jpg","type":"image\/jpeg"}],"twitter_card":"summary_large_image","twitter_site":"@shrimataji","schema":{"@context":"https:\/\/schema.org","@graph":[{"@type":"WebPage","@id":"https:\/\/shrimataji.org\/test\/tr\/miras\/","url":"https:\/\/shrimataji.org\/test\/tr\/miras\/","name":"Miras - TEST - SMND","isPartOf":{"@id":"https:\/\/shrimataji.org\/test\/#website"},"primaryImageOfPage":{"@id":"https:\/\/shrimataji.org\/test\/tr\/miras\/#primaryimage"},"image":{"@id":"https:\/\/shrimataji.org\/test\/tr\/miras\/#primaryimage"},"thumbnailUrl":"https:\/\/shrimataji.org\/test\/wp-content\/uploads\/2018\/07\/media_originals\/images\/shri-mataji-teaching-sahaja-yoga\/color-test-1.jpg","datePublished":"2017-08-11T05:00:00+00:00","dateModified":"2024-07-12T00:02:02+00:00","breadcrumb":{"@id":"https:\/\/shrimataji.org\/test\/tr\/miras\/#breadcrumb"},"inLanguage":"en-US","potentialAction":[{"@type":"ReadAction","target":["https:\/\/shrimataji.org\/test\/tr\/miras\/"]}]},{"@type":"ImageObject","inLanguage":"en-US","@id":"https:\/\/shrimataji.org\/test\/tr\/miras\/#primaryimage","url":"https:\/\/shrimataji.org\/test\/wp-content\/uploads\/2018\/07\/media_originals\/images\/shri-mataji-teaching-sahaja-yoga\/color-test-1.jpg","contentUrl":"https:\/\/shrimataji.org\/test\/wp-content\/uploads\/2018\/07\/media_originals\/images\/shri-mataji-teaching-sahaja-yoga\/color-test-1.jpg","width":1024,"height":685},{"@type":"BreadcrumbList","@id":"https:\/\/shrimataji.org\/test\/tr\/miras\/#breadcrumb","itemListElement":[{"@type":"ListItem","position":1,"name":"Home","item":"https:\/\/shrimataji.org\/test\/uk\/home-en\/"},{"@type":"ListItem","position":2,"name":"Miras"}]},{"@type":"WebSite","@id":"https:\/\/shrimataji.org\/test\/#website","url":"https:\/\/shrimataji.org\/test\/","name":"Shri Mataji Nirmala Devi","description":"A Life Dedicated to Humanity","publisher":{"@id":"https:\/\/shrimataji.org\/test\/#\/schema\/person\/a1b3419c6585f164aa96da1ff85715d1"},"potentialAction":[{"@type":"SearchAction","target":{"@type":"EntryPoint","urlTemplate":"https:\/\/shrimataji.org\/test\/?s={search_term_string}"},"query-input":{"@type":"PropertyValueSpecification","valueRequired":true,"valueName":"search_term_string"}}],"inLanguage":"en-US"},{"@type":["Person","Organization"],"@id":"https:\/\/shrimataji.org\/test\/#\/schema\/person\/a1b3419c6585f164aa96da1ff85715d1","name":"Nirmala Shrivastava","image":{"@type":"ImageObject","inLanguage":"en-US","@id":"https:\/\/shrimataji.org\/test\/wp-content\/uploads\/2023\/02\/SMO_LOGO-03.svg","url":"https:\/\/shrimataji.org\/test\/wp-content\/uploads\/2023\/02\/SMO_LOGO-03.svg","contentUrl":"https:\/\/shrimataji.org\/test\/wp-content\/uploads\/2023\/02\/SMO_LOGO-03.svg","width":"1024","height":"1024","caption":"Nirmala Shrivastava"},"logo":{"@id":"https:\/\/shrimataji.org\/test\/wp-content\/uploads\/2023\/02\/SMO_LOGO-03.svg"},"sameAs":["https:\/\/shrimataji.org\/test","https:\/\/www.facebook.com\/shrimataji","https:\/\/x.com\/shrimataji","https:\/\/www.youtube.com\/@Shri_Mataji_Nirmala_Devi\/featured"]}]}},"lang":"tr","translations":{"tr":10179,"ur":37458,"en":409,"am":18030,"th":19988,"hu":19511,"sq":18431,"zh":17328,"pt":10391,"de":10665,"fr":10763,"it":10861,"es":10958,"ja":11255,"ru":11443,"bn":11635,"te":11743,"sw":11866,"he":12014,"el":12306,"sk":12404,"fa":12502,"fi":12600,"bg":13486,"ro":14561,"cs":14754,"nl":16591,"ku":16751,"ar":16927,"be":18638,"kn":18912,"mr":20352,"uk":20646,"ml":20941,"ta":22749,"sv":23020,"gu":28863,"pa":29023,"fil":29468,"da":37771,"pl":37983,"nn":38323},"pll_sync_post":[],"_links":{"self":[{"href":"https:\/\/shrimataji.org\/test\/wp-json\/wp\/v2\/pages\/10179","targetHints":{"allow":["GET"]}}],"collection":[{"href":"https:\/\/shrimataji.org\/test\/wp-json\/wp\/v2\/pages"}],"about":[{"href":"https:\/\/shrimataji.org\/test\/wp-json\/wp\/v2\/types\/page"}],"author":[{"embeddable":true,"href":"https:\/\/shrimataji.org\/test\/wp-json\/wp\/v2\/users\/12"}],"replies":[{"embeddable":true,"href":"https:\/\/shrimataji.org\/test\/wp-json\/wp\/v2\/comments?post=10179"}],"version-history":[{"count":0,"href":"https:\/\/shrimataji.org\/test\/wp-json\/wp\/v2\/pages\/10179\/revisions"}],"wp:featuredmedia":[{"embeddable":true,"href":"https:\/\/shrimataji.org\/test\/wp-json\/wp\/v2\/media\/294"}],"wp:attachment":[{"href":"https:\/\/shrimataji.org\/test\/wp-json\/wp\/v2\/media?parent=10179"}],"curies":[{"name":"wp","href":"https:\/\/api.w.org\/{rel}","templated":true}]}}