{"id":10195,"date":"2015-11-02T21:00:00","date_gmt":"2015-11-02T21:00:00","guid":{"rendered":"http:\/\/testwordpress.nirmalnagari.org\/smnd\/index.php\/press\/"},"modified":"2024-07-12T00:01:54","modified_gmt":"2024-07-12T00:01:54","slug":"basin","status":"publish","type":"page","link":"https:\/\/shrimataji.org\/test\/tr\/basin\/","title":{"rendered":"Bas\u0131n"},"content":{"rendered":"\n\n\t<h1>Bas\u0131n &amp; Medya<\/h1>\n<h2>\u0130leti\u015fim<\/h2>\n<p>Bas\u0131n ve medyan\u0131n akredite \u00fcyeleri <a href=\"mailto:press@shrimataji.org?subject=Contact%20from%20ShriMataji.org%20Press%20Page\">press@shrimataji.org<\/a> adresine yazmaya davet edilir.<\/p>\n<h2>D\u00f6k\u00fcmanlar<\/h2>\n<p>\u0130ndirilecek belgeyi se\u00e7in:<\/p>\n<ul>\n<li><a href=\"https:\/\/shrimataji.org\/test\/wp-content\/uploads\/2024\/07\/Kisa-Biyografi-ve-Odulleri.pdf\">Shri Mataji Nirmala Devi: K\u0131sa Biyografi &amp; \u00d6d\u00fclleri<\/a><\/li>\n<li><a href=\"https:\/\/shrimataji.org\/test\/wp-content\/uploads\/2024\/07\/Sahaja-Yoga-Meditasyonu-Genel-Bakis.pdf\">Sahaja Yoga Meditasyonu: Genel Bak\u0131\u015f<\/a><\/li>\n<li><a href=\"https:\/\/shrimataji.org\/test\/wp-content\/uploads\/2020\/06\/A-Brochure-on-H-H-Shri-Mataji-Nirmala-Devi.pdf\" target=\"_blank\" rel=\"noopener\">Shri Mataji Nirmala Devi Hakk\u0131nda Bir Bro\u015f\u00fcr<\/a><\/li>\n<\/ul>\n\t<h2>Makaleler<\/h2>\n<p><a href=\"https:\/\/shrimataji.org\/test\/wp-content\/uploads\/2024\/07\/100.-YAS.pdf\">Shri Mataji Nirmala Devi&#8217;nin 100. <\/a><a href=\"https:\/\/shrimataji.org\/test\/wp-content\/uploads\/2024\/07\/100.-YAS.pdf\">Do\u011fum G\u00fcn\u00fc<\/a><\/p>\n<p><a href=\"https:\/\/shrimataji.org\/test\/wp-content\/uploads\/2024\/07\/Sahaja-Yoganin-50.-Yildonumu.pdf\">Sahaja Yoga&#8217;n\u0131n 50. Y\u0131ld\u00f6n\u00fcm\u00fc<\/a><\/p>\n<a href=\"https:\/\/shrimataji.org\/test\/tr\/uluslararasi-yoga-gunu\/\" target=\"_blank\" rel=\"noopener\">Uluslararas\u0131 Yoga G\u00fcn\u00fc, 21 Haziran 2015<br \/>\n<\/a>\n<p><a href=\"https:\/\/shrimataji.org\/tr\/5-mayis-dunya-aydinlanma-gunu\/\">Shri Mataji Nirmala Devi&#8217;nin Onuruna 5 May\u0131s D\u00fcnya Ayd\u0131nlanma G\u00fcn\u00fc<\/a><\/p>\n<p><a href=\"https:\/\/shrimataji.org\/tr\/sir-c-p-srivastavayi-anma-yazisi\/\">Sir C. P. Srivastava&#8217;y\u0131 Anma Yaz\u0131s\u0131<\/a><\/p>\n\t<h2>Foto\u011fraflar<\/h2>\n<p>A\u015fa\u011f\u0131daki bas\u0131n foto\u011fraflar\u0131ndan herhangi birini indirmeden \u00f6nce l\u00fctfen kullan\u0131m s\u00f6zle\u015fmesini inceleyiniz. Foto\u011fraflar tiff format\u0131ndad\u0131r ve indirmek i\u00e7in zip dosyas\u0131 olarak s\u0131k\u0131\u015ft\u0131r\u0131lm\u0131\u015ft\u0131r.<\/p>\n\t\t\t\t<img loading=\"lazy\" decoding=\"async\" src=\"https:\/\/shrimataji.org\/test\/wp-content\/uploads\/2023\/03\/Home_1440x775_100_2-scaled.jpg\" alt=\"Home_1440x775_100_2\" height=\"1378\" width=\"2560\" title=\"Home_1440x775_100_2\" \/>\n\t\t\t\t<img loading=\"lazy\" decoding=\"async\" src=\"https:\/\/shrimataji.org\/test\/wp-content\/uploads\/2020\/04\/Image-50-years-1920x1080-1.jpg\" alt=\"Image-50-years-1920x1080\" height=\"1080\" width=\"1920\" title=\"Image-50-years-1920x1080\" \/>\n\t<p><img loading=\"lazy\" decoding=\"async\" src=\"https:\/\/shrimataji.org\/test\/wp-content\/uploads\/2018\/07\/media_originals\/images\/shri-mataji-portraits\/shri-mataji-nirmala-devi-lane-cove-sydney-australia-722x1024.jpg\" alt=\"\" width=\"722\" height=\"1024\" \/><\/p>\n\t<p><img loading=\"lazy\" decoding=\"async\" src=\"https:\/\/shrimataji.org\/test\/wp-content\/uploads\/2018\/07\/media_originals\/images\/press\/shri-mataji-nirmala-devi-press-portrait-2-1024x681.jpg\" alt=\"\" width=\"1024\" height=\"681\" \/><\/p>\n<p>&nbsp;<\/p>\n<p><img loading=\"lazy\" decoding=\"async\" src=\"https:\/\/shrimataji.org\/test\/wp-content\/uploads\/2018\/07\/media_originals\/images\/press\/shri-mataji-nirmala-devi-press-portrait-3-1024x726.jpg\" alt=\"\" width=\"1024\" height=\"726\" \/><\/p>\n\t<h2>Kullan\u0131m \u015eartlar\u0131<\/h2>\n\u00d6nemli Belge, Logo ve Foto\u011fraflar\u0131n Kullan\u0131m Bilgileri<br \/>\nYukar\u0131daki foto\u011fraflar\u0131 kopyalayarak veya herhangi bir \u015fekilde kullanarak, bu web sayfas\u0131ndan elde etti\u011finiz herhangi bir foto\u011fraf\u0131 ne \u015fekilde kullanaca\u011f\u0131n\u0131z\u0131 belirleyen, a\u015fa\u011f\u0131da bulunan &#8220;G\u00f6rsel Kullan\u0131m S\u00f6zle\u015fmesini&#8221; okudu\u011funuzu ve kabul etti\u011finizi onaylam\u0131\u015f say\u0131lmaktas\u0131n\u0131z.\n<p>E\u011fer bu s\u00f6zle\u015fmenin getirdi\u011fi \u015fartlar\u0131n\u0131 kabul etmiyorsan\u0131z, hi\u00e7bir \u015fekilde foto\u011fraf kopyalamay\u0131n ve kullanmay\u0131n\u0131z. E\u011fer herhangi bir soraca\u011f\u0131n\u0131z soru varsa, l\u00fctfen\u00a0<a href=\"mailto:press@shrimataji.org?subject=Contact%20from%20ShriMataji.org%20Press%20Page\">press@shrimataji.org<\/a> adresine mesaj yaz\u0131n\u0131z.<\/p>\n\n<h4>Kullan\u0131m S\u00f6zle\u015fmesi<\/h4>\n<p>Bu S\u00f6zle\u015fmenin ko\u015fullar\u0131na tabi olarak, resimleri yaln\u0131zca bas\u0131n ve medyada editoryal ama\u00e7la kullanabilirsiniz. Bu kullan\u0131m hakk\u0131 ki\u015fiseldir ve taraf\u0131n\u0131zdan \u00fc\u00e7\u00fcnc\u00fc bir ki\u015fiye devredilemez. Foto\u011fraf, herhangi bir \u00fcr\u00fcn\u00fc veya teknolojiyi, tan\u0131tmak veyahut satmak i\u00e7in kullan\u0131lamaz (Reklam, bro\u015f\u00fcr, kitap kapaklar\u0131, ar\u015fiv foto\u011fraf\u0131, ti\u015f\u00f6rtler veya di\u011fer promosyon \u00fcr\u00fcnlerinde kullanmak gibi). Herhangi bir nedenle resmi, k\u0131smen veya tamamen tadil edemez veya de\u011fi\u015ftiremezsiniz.<\/p>\n<p>Siz ve foto\u011fraf\u0131n tek ve m\u00fcnhas\u0131r sahibi olan, Shri Mataji Nirmala Devi D\u00fcnya Vakf\u0131 aras\u0131nda oldu\u011fu gibi, m\u00fclkiyetin \u00fc\u00e7\u00fcnc\u00fc taraflarca muhafaza edildi\u011fi baz\u0131 \u00f6zel durumlar d\u0131\u015f\u0131nda, foto\u011frafla ilgili herhangi bir yaz\u0131y\u0131 silemez, de\u011fi\u015ftiremez veya gizleyemezsiniz ve foto\u011fraf\u0131n her kullan\u0131mda, resmin yan\u0131nda, tescilini belirten uygun bir a\u00e7\u0131klama bulunacakt\u0131r.<\/p>\n<p>Bu sayfadaki t\u00fcm foto\u011fraf, yaz\u0131l\u0131 d\u00f6k\u00fcman ve logolar\u0131n telif hakk\u0131, Shri Mataji Nirmala Devi D\u00fcnya Vakf\u0131&#8217;na ve belirli \u00fc\u00e7\u00fcnc\u00fc \u015fah\u0131slara aittir.<\/p>\n\t<hr \/>\n<h3>\u00a9 Shri Mataji Nirmala Devi Sahaja Yoga D\u00fcnya Vakf\u0131, Piemonte b\u00f6lgesel t\u00fczel ki\u015filik sicilinde kay\u0131tl\u0131 olan kar amac\u0131 g\u00fctmeyen bir kurulu\u015ftur (prot. No. 747)<\/h3>\n\n","protected":false},"excerpt":{"rendered":"<p>Bas\u0131n &amp; Medya \u0130leti\u015fim Bas\u0131n ve medyan\u0131n akredite \u00fcyeleri press@shrimataji.org adresine yazmaya davet edilir. D\u00f6k\u00fcmanlar \u0130ndirilecek belgeyi se\u00e7in: Shri Mataji Nirmala Devi: K\u0131sa Biyografi &amp; \u00d6d\u00fclleri Sahaja Yoga Meditasyonu: Genel Bak\u0131\u015f Shri Mataji Nirmala Devi Hakk\u0131nda Bir Bro\u015f\u00fcr Makaleler Shri Mataji Nirmala Devi&#8217;nin 100. Do\u011fum G\u00fcn\u00fc Sahaja Yoga&#8217;n\u0131n 50. Y\u0131ld\u00f6n\u00fcm\u00fc Uluslararas\u0131 Yoga G\u00fcn\u00fc, 21 Haziran&hellip; <br \/> <a class=\"read-more\" href=\"https:\/\/shrimataji.org\/test\/tr\/basin\/\">Read more<\/a><\/p>\n","protected":false},"author":12,"featured_media":9552,"parent":0,"menu_order":0,"comment_status":"closed","ping_status":"closed","template":"","meta":{"inline_featured_image":false,"footnotes":"","advanced-sidebar-menu\/link-title":"","advanced-sidebar-menu\/exclude-page":false},"class_list":["post-10195","page","type-page","status-publish","has-post-thumbnail","hentry"],"yoast_head":"<!-- This site is optimized with the Yoast SEO plugin v27.4 - https:\/\/yoast.com\/product\/yoast-seo-wordpress\/ -->\n<title>Bas\u0131n - TEST - SMND<\/title>\n<meta name=\"robots\" content=\"noindex, follow, max-snippet:-1, max-image-preview:large, max-video-preview:-1\" \/>\n<meta property=\"og:locale\" content=\"en_US\" \/>\n<meta property=\"og:type\" content=\"article\" \/>\n<meta property=\"og:title\" content=\"Bas\u0131n - TEST - SMND\" \/>\n<meta property=\"og:description\" content=\"Bas\u0131n &amp; Medya \u0130leti\u015fim Bas\u0131n ve medyan\u0131n akredite \u00fcyeleri press@shrimataji.org adresine yazmaya davet edilir. D\u00f6k\u00fcmanlar \u0130ndirilecek belgeyi se\u00e7in: Shri Mataji Nirmala Devi: K\u0131sa Biyografi &amp; \u00d6d\u00fclleri Sahaja Yoga Meditasyonu: Genel Bak\u0131\u015f Shri Mataji Nirmala Devi Hakk\u0131nda Bir Bro\u015f\u00fcr Makaleler Shri Mataji Nirmala Devi&#8217;nin 100. Do\u011fum G\u00fcn\u00fc Sahaja Yoga&#8217;n\u0131n 50. Y\u0131ld\u00f6n\u00fcm\u00fc Uluslararas\u0131 Yoga G\u00fcn\u00fc, 21 Haziran&hellip; Read more\" \/>\n<meta property=\"og:url\" content=\"https:\/\/shrimataji.org\/test\/tr\/basin\/\" \/>\n<meta property=\"og:site_name\" content=\"TEST - SMND\" \/>\n<meta property=\"article:publisher\" content=\"https:\/\/www.facebook.com\/shrimataji\" \/>\n<meta property=\"article:modified_time\" content=\"2024-07-12T00:01:54+00:00\" \/>\n<meta property=\"og:image\" content=\"https:\/\/shrimataji.org\/test\/wp-content\/uploads\/2023\/03\/Banner-Footer-Castle-1-scaled.jpg\" \/>\n\t<meta property=\"og:image:width\" content=\"2560\" \/>\n\t<meta property=\"og:image:height\" content=\"905\" \/>\n\t<meta property=\"og:image:type\" content=\"image\/jpeg\" \/>\n<meta name=\"twitter:card\" content=\"summary_large_image\" \/>\n<meta name=\"twitter:site\" content=\"@shrimataji\" \/>\n<meta name=\"twitter:label1\" content=\"Est. reading time\" \/>\n\t<meta name=\"twitter:data1\" content=\"3 minutes\" \/>\n<script type=\"application\/ld+json\" class=\"yoast-schema-graph\">{\"@context\":\"https:\\\/\\\/schema.org\",\"@graph\":[{\"@type\":\"WebPage\",\"@id\":\"https:\\\/\\\/shrimataji.org\\\/test\\\/tr\\\/basin\\\/\",\"url\":\"https:\\\/\\\/shrimataji.org\\\/test\\\/tr\\\/basin\\\/\",\"name\":\"Bas\u0131n - TEST - SMND\",\"isPartOf\":{\"@id\":\"https:\\\/\\\/shrimataji.org\\\/test\\\/#website\"},\"primaryImageOfPage\":{\"@id\":\"https:\\\/\\\/shrimataji.org\\\/test\\\/tr\\\/basin\\\/#primaryimage\"},\"image\":{\"@id\":\"https:\\\/\\\/shrimataji.org\\\/test\\\/tr\\\/basin\\\/#primaryimage\"},\"thumbnailUrl\":\"https:\\\/\\\/shrimataji.org\\\/test\\\/wp-content\\\/uploads\\\/2023\\\/03\\\/Banner-Footer-Castle-1-scaled.jpg\",\"datePublished\":\"2015-11-02T21:00:00+00:00\",\"dateModified\":\"2024-07-12T00:01:54+00:00\",\"breadcrumb\":{\"@id\":\"https:\\\/\\\/shrimataji.org\\\/test\\\/tr\\\/basin\\\/#breadcrumb\"},\"inLanguage\":\"en-US\",\"potentialAction\":[{\"@type\":\"ReadAction\",\"target\":[\"https:\\\/\\\/shrimataji.org\\\/test\\\/tr\\\/basin\\\/\"]}]},{\"@type\":\"ImageObject\",\"inLanguage\":\"en-US\",\"@id\":\"https:\\\/\\\/shrimataji.org\\\/test\\\/tr\\\/basin\\\/#primaryimage\",\"url\":\"https:\\\/\\\/shrimataji.org\\\/test\\\/wp-content\\\/uploads\\\/2023\\\/03\\\/Banner-Footer-Castle-1-scaled.jpg\",\"contentUrl\":\"https:\\\/\\\/shrimataji.org\\\/test\\\/wp-content\\\/uploads\\\/2023\\\/03\\\/Banner-Footer-Castle-1-scaled.jpg\",\"width\":2560,\"height\":905},{\"@type\":\"BreadcrumbList\",\"@id\":\"https:\\\/\\\/shrimataji.org\\\/test\\\/tr\\\/basin\\\/#breadcrumb\",\"itemListElement\":[{\"@type\":\"ListItem\",\"position\":1,\"name\":\"Home\",\"item\":\"https:\\\/\\\/shrimataji.org\\\/test\\\/uk\\\/home-en\\\/\"},{\"@type\":\"ListItem\",\"position\":2,\"name\":\"Bas\u0131n\"}]},{\"@type\":\"WebSite\",\"@id\":\"https:\\\/\\\/shrimataji.org\\\/test\\\/#website\",\"url\":\"https:\\\/\\\/shrimataji.org\\\/test\\\/\",\"name\":\"Shri Mataji Nirmala Devi\",\"description\":\"A Life Dedicated to Humanity\",\"publisher\":{\"@id\":\"https:\\\/\\\/shrimataji.org\\\/test\\\/#\\\/schema\\\/person\\\/a1b3419c6585f164aa96da1ff85715d1\"},\"potentialAction\":[{\"@type\":\"SearchAction\",\"target\":{\"@type\":\"EntryPoint\",\"urlTemplate\":\"https:\\\/\\\/shrimataji.org\\\/test\\\/?s={search_term_string}\"},\"query-input\":{\"@type\":\"PropertyValueSpecification\",\"valueRequired\":true,\"valueName\":\"search_term_string\"}}],\"inLanguage\":\"en-US\"},{\"@type\":[\"Person\",\"Organization\"],\"@id\":\"https:\\\/\\\/shrimataji.org\\\/test\\\/#\\\/schema\\\/person\\\/a1b3419c6585f164aa96da1ff85715d1\",\"name\":\"Nirmala Shrivastava\",\"image\":{\"@type\":\"ImageObject\",\"inLanguage\":\"en-US\",\"@id\":\"https:\\\/\\\/shrimataji.org\\\/test\\\/wp-content\\\/uploads\\\/2023\\\/02\\\/SMO_LOGO-03.svg\",\"url\":\"https:\\\/\\\/shrimataji.org\\\/test\\\/wp-content\\\/uploads\\\/2023\\\/02\\\/SMO_LOGO-03.svg\",\"contentUrl\":\"https:\\\/\\\/shrimataji.org\\\/test\\\/wp-content\\\/uploads\\\/2023\\\/02\\\/SMO_LOGO-03.svg\",\"width\":\"1024\",\"height\":\"1024\",\"caption\":\"Nirmala Shrivastava\"},\"logo\":{\"@id\":\"https:\\\/\\\/shrimataji.org\\\/test\\\/wp-content\\\/uploads\\\/2023\\\/02\\\/SMO_LOGO-03.svg\"},\"sameAs\":[\"https:\\\/\\\/shrimataji.org\\\/test\",\"https:\\\/\\\/www.facebook.com\\\/shrimataji\",\"https:\\\/\\\/x.com\\\/shrimataji\",\"https:\\\/\\\/www.youtube.com\\\/@Shri_Mataji_Nirmala_Devi\\\/featured\"]}]}<\/script>\n<!-- \/ Yoast SEO plugin. -->","yoast_head_json":{"title":"Bas\u0131n - TEST - SMND","robots":{"index":"noindex","follow":"follow","max-snippet":"max-snippet:-1","max-image-preview":"max-image-preview:large","max-video-preview":"max-video-preview:-1"},"og_locale":"en_US","og_type":"article","og_title":"Bas\u0131n - TEST - SMND","og_description":"Bas\u0131n &amp; Medya \u0130leti\u015fim Bas\u0131n ve medyan\u0131n akredite \u00fcyeleri press@shrimataji.org adresine yazmaya davet edilir. D\u00f6k\u00fcmanlar \u0130ndirilecek belgeyi se\u00e7in: Shri Mataji Nirmala Devi: K\u0131sa Biyografi &amp; \u00d6d\u00fclleri Sahaja Yoga Meditasyonu: Genel Bak\u0131\u015f Shri Mataji Nirmala Devi Hakk\u0131nda Bir Bro\u015f\u00fcr Makaleler Shri Mataji Nirmala Devi&#8217;nin 100. Do\u011fum G\u00fcn\u00fc Sahaja Yoga&#8217;n\u0131n 50. Y\u0131ld\u00f6n\u00fcm\u00fc Uluslararas\u0131 Yoga G\u00fcn\u00fc, 21 Haziran&hellip; Read more","og_url":"https:\/\/shrimataji.org\/test\/tr\/basin\/","og_site_name":"TEST - SMND","article_publisher":"https:\/\/www.facebook.com\/shrimataji","article_modified_time":"2024-07-12T00:01:54+00:00","og_image":[{"width":2560,"height":905,"url":"https:\/\/shrimataji.org\/test\/wp-content\/uploads\/2023\/03\/Banner-Footer-Castle-1-scaled.jpg","type":"image\/jpeg"}],"twitter_card":"summary_large_image","twitter_site":"@shrimataji","twitter_misc":{"Est. reading time":"3 minutes"},"schema":{"@context":"https:\/\/schema.org","@graph":[{"@type":"WebPage","@id":"https:\/\/shrimataji.org\/test\/tr\/basin\/","url":"https:\/\/shrimataji.org\/test\/tr\/basin\/","name":"Bas\u0131n - TEST - SMND","isPartOf":{"@id":"https:\/\/shrimataji.org\/test\/#website"},"primaryImageOfPage":{"@id":"https:\/\/shrimataji.org\/test\/tr\/basin\/#primaryimage"},"image":{"@id":"https:\/\/shrimataji.org\/test\/tr\/basin\/#primaryimage"},"thumbnailUrl":"https:\/\/shrimataji.org\/test\/wp-content\/uploads\/2023\/03\/Banner-Footer-Castle-1-scaled.jpg","datePublished":"2015-11-02T21:00:00+00:00","dateModified":"2024-07-12T00:01:54+00:00","breadcrumb":{"@id":"https:\/\/shrimataji.org\/test\/tr\/basin\/#breadcrumb"},"inLanguage":"en-US","potentialAction":[{"@type":"ReadAction","target":["https:\/\/shrimataji.org\/test\/tr\/basin\/"]}]},{"@type":"ImageObject","inLanguage":"en-US","@id":"https:\/\/shrimataji.org\/test\/tr\/basin\/#primaryimage","url":"https:\/\/shrimataji.org\/test\/wp-content\/uploads\/2023\/03\/Banner-Footer-Castle-1-scaled.jpg","contentUrl":"https:\/\/shrimataji.org\/test\/wp-content\/uploads\/2023\/03\/Banner-Footer-Castle-1-scaled.jpg","width":2560,"height":905},{"@type":"BreadcrumbList","@id":"https:\/\/shrimataji.org\/test\/tr\/basin\/#breadcrumb","itemListElement":[{"@type":"ListItem","position":1,"name":"Home","item":"https:\/\/shrimataji.org\/test\/uk\/home-en\/"},{"@type":"ListItem","position":2,"name":"Bas\u0131n"}]},{"@type":"WebSite","@id":"https:\/\/shrimataji.org\/test\/#website","url":"https:\/\/shrimataji.org\/test\/","name":"Shri Mataji Nirmala Devi","description":"A Life Dedicated to Humanity","publisher":{"@id":"https:\/\/shrimataji.org\/test\/#\/schema\/person\/a1b3419c6585f164aa96da1ff85715d1"},"potentialAction":[{"@type":"SearchAction","target":{"@type":"EntryPoint","urlTemplate":"https:\/\/shrimataji.org\/test\/?s={search_term_string}"},"query-input":{"@type":"PropertyValueSpecification","valueRequired":true,"valueName":"search_term_string"}}],"inLanguage":"en-US"},{"@type":["Person","Organization"],"@id":"https:\/\/shrimataji.org\/test\/#\/schema\/person\/a1b3419c6585f164aa96da1ff85715d1","name":"Nirmala Shrivastava","image":{"@type":"ImageObject","inLanguage":"en-US","@id":"https:\/\/shrimataji.org\/test\/wp-content\/uploads\/2023\/02\/SMO_LOGO-03.svg","url":"https:\/\/shrimataji.org\/test\/wp-content\/uploads\/2023\/02\/SMO_LOGO-03.svg","contentUrl":"https:\/\/shrimataji.org\/test\/wp-content\/uploads\/2023\/02\/SMO_LOGO-03.svg","width":"1024","height":"1024","caption":"Nirmala Shrivastava"},"logo":{"@id":"https:\/\/shrimataji.org\/test\/wp-content\/uploads\/2023\/02\/SMO_LOGO-03.svg"},"sameAs":["https:\/\/shrimataji.org\/test","https:\/\/www.facebook.com\/shrimataji","https:\/\/x.com\/shrimataji","https:\/\/www.youtube.com\/@Shri_Mataji_Nirmala_Devi\/featured"]}]}},"lang":"tr","translations":{"tr":10195,"en":426,"am":18054,"th":20025,"hu":19538,"sq":18455,"zh":17352,"hi":8501,"pt":10405,"de":10679,"fr":10777,"it":10875,"es":10972,"ja":11269,"ru":11457,"bn":11649,"te":11757,"sw":11880,"he":12028,"el":12320,"fa":12516,"fi":12614,"bg":13488,"ro":14563,"cs":14756,"nl":16615,"ku":16775,"ar":16951,"be":18662,"kn":18936,"mr":20389,"uk":20683,"ml":20978,"ta":22773,"sv":23043,"pa":29047,"fil":29491},"pll_sync_post":[],"_links":{"self":[{"href":"https:\/\/shrimataji.org\/test\/wp-json\/wp\/v2\/pages\/10195","targetHints":{"allow":["GET"]}}],"collection":[{"href":"https:\/\/shrimataji.org\/test\/wp-json\/wp\/v2\/pages"}],"about":[{"href":"https:\/\/shrimataji.org\/test\/wp-json\/wp\/v2\/types\/page"}],"author":[{"embeddable":true,"href":"https:\/\/shrimataji.org\/test\/wp-json\/wp\/v2\/users\/12"}],"replies":[{"embeddable":true,"href":"https:\/\/shrimataji.org\/test\/wp-json\/wp\/v2\/comments?post=10195"}],"version-history":[{"count":0,"href":"https:\/\/shrimataji.org\/test\/wp-json\/wp\/v2\/pages\/10195\/revisions"}],"wp:featuredmedia":[{"embeddable":true,"href":"https:\/\/shrimataji.org\/test\/wp-json\/wp\/v2\/media\/9552"}],"wp:attachment":[{"href":"https:\/\/shrimataji.org\/test\/wp-json\/wp\/v2\/media?parent=10195"}],"curies":[{"name":"wp","href":"https:\/\/api.w.org\/{rel}","templated":true}]}}