{"id":10208,"date":"2018-07-10T06:54:42","date_gmt":"2018-07-10T06:54:42","guid":{"rendered":"http:\/\/testwordpress.nirmalnagari.org\/smnd\/index.php\/self-empowerment\/"},"modified":"2024-07-12T00:01:59","modified_gmt":"2024-07-12T00:01:59","slug":"kendini-guclendirme","status":"publish","type":"page","link":"https:\/\/shrimataji.org\/test\/tr\/kendini-guclendirme\/","title":{"rendered":"Kendini G\u00fc\u00e7lendirme"},"content":{"rendered":"\n\n\t<h1>Potansiyelinizi A\u00e7\u0131\u011fa \u00c7\u0131kar\u0131n<\/h1>\n<h2>Kendini Tan\u0131ma Yoluyla<\/h2>\n\t<p><b>Bir birey i\u00e7in g\u00fc\u00e7lenme, ki\u015finin ya\u015fam\u0131 \u00fczerinde gittik\u00e7e kontrol\u00fcn\u00fc daha fazla kazanmas\u0131, daha \u00e7ok dayan\u0131kl\u0131l\u0131k veya o ki\u015finin yeteneklerine olan g\u00fcvenini art\u0131rmas\u0131 s\u00fcreci olarak tan\u0131mlanabilirse, Shri Mataji&#8217;nin geli\u015ftirdi\u011fi y\u00f6ntem, insanlar\u0131n kendi i\u00e7lerindeki m\u00fcthi\u015f potansiyelin kilidini a\u00e7malar\u0131na olanak tan\u0131yan ve bir kez uyand\u0131r\u0131ld\u0131\u011f\u0131nda ger\u00e7ek bir d\u00f6n\u00fc\u015f\u00fcm sa\u011flayan, kendini g\u00fc\u00e7lendirmeye y\u00f6nelik nihai ara\u00e7t\u0131r.<\/b><\/p>\n\t<div class=\"su-quote su-quote-style-default\"><div class=\"su-quote-inner su-u-clearfix su-u-trim\">Her \u015fey kendi do\u011fan\u0131zda i\u00e7inizde mevcut. \u00c7i\u00e7eklerin meyveye d\u00f6n\u00fc\u015fmesi gerekti\u011fi gibi, bunun da geli\u015fmesine izin verin.<\/div><\/div>\n\t<p>Sahaja Yoga Meditasyonunun d\u00fczenli uygulanmas\u0131 ile sa\u011fl\u0131kta genel iyile\u015fme, stres ve olumsuz etkilere kar\u015f\u0131 daha y\u00fcksek diren\u00e7 gibi faydalar\u0131n yan\u0131 s\u0131ra, uygulayanlar kendi s\u00fcptil bedenlerinin &#8211; ya\u015famsal kanallar ve enerji merkezlerinden olu\u015fur- durumunu daha iyi anlarlar ve i\u00e7lerindeki denge ve uyumu yeniden sa\u011flamaya yarayan basit tekniklerde giderek ustala\u015f\u0131rlar.<\/p>\n\t<p>Shri Mataji, ayd\u0131nlanman\u0131n kendinizi tan\u0131makla ba\u015flad\u0131\u011f\u0131n\u0131 vurgulam\u0131\u015ft\u0131r. Sahaja Yoga meditasyonunu tatbik edenler, sadece birka\u00e7 hafta i\u00e7inde, kendi i\u00e7sel durumlar\u0131n\u0131n nas\u0131l oldu\u011funu te\u015fhis etmenin yan\u0131 s\u0131ra \u00e7evrelerindeki enerjinin de kalitesini de\u011ferlendirme yetene\u011fi sa\u011flayan ve vibrasyonel fark\u0131ndal\u0131k ad\u0131 verilen, yeni ve daha s\u00fcptil olan, ger\u00e7e\u011fe dair bir fark\u0131ndal\u0131k geli\u015ftirirler. Elementlerin (hava, su, ate\u015f, toprak) kullan\u0131m\u0131yla, enerji seviyelerindeki a\u015f\u0131r\u0131l\u0131klar\u0131 veya eksiklikleri d\u00fczeltmek i\u00e7in hepsi de, ellerde ve v\u00fccudun belirli b\u00f6lgelerinde alg\u0131lanan somut hislere dayal\u0131 olan, bir dizi y\u00f6ntem ve iyile\u015ftirme tekni\u011fi uygulanabilir.<\/p>\n\t<p>En \u00f6nemlisi, d\u00fc\u015f\u00fcncesiz fark\u0131ndal\u0131k ve i\u00e7 huzuru hali olarak tan\u0131mlanan ger\u00e7ek meditasyon deneyimine ula\u015fmak, genellikle a\u015f\u0131r\u0131 d\u00fc\u015f\u00fcnme veya endi\u015felenme sonucu olu\u015fan dengesizliklerin etkisiz hale getirilmesine yard\u0131mc\u0131 olur. Bu da kendini kontrol edebilmeyi, odaklanma becerisini ve \u00f6z sayg\u0131y\u0131 art\u0131r\u0131r.<\/p>\n<p>Daha kapsaml\u0131 bir uygulamayla, s\u00fcptil titre\u015fimlerin fark\u0131ndal\u0131\u011f\u0131 bir karar verme arac\u0131 haline gelebilir ve uygulayanlar\u0131n bir durumu t\u00fcm y\u00f6nleriyle daha do\u011fru bir \u015fekilde de\u011ferlendirme becerilerini art\u0131rabilir. Meditasyon ile beraberindeki y\u00f6ntem ve teknikler, ki\u015finin yava\u015f yava\u015f kendisini d\u00f6n\u00fc\u015ft\u00fcrmesinin yan\u0131 s\u0131ra \u00e7evresini de olumlu y\u00f6nde etkileme becerisini kazand\u0131rmaya yard\u0131mc\u0131 olabilir.<\/p>\n\t\t\t\t<img loading=\"lazy\" decoding=\"async\" src=\"https:\/\/shrimataji.org\/test\/wp-content\/uploads\/2020\/08\/self-empowerment-through-meditation.jpg\" alt=\"self-empowerment-through-meditation\" height=\"321\" width=\"489\" title=\"self-empowerment-through-meditation\" \/>\n\t<div class=\"su-quote su-quote-style-default\"><div class=\"su-quote-inner su-u-clearfix su-u-trim\">Bu zihnin \u00f6tesine ge\u00e7melisiniz ve bunun i\u00e7in en yararl\u0131 \u015fey Kundalini&#8217;nin uyanmas\u0131d\u0131r, \u00e7\u00fcnk\u00fc O limbik b\u00f6lgenizden ge\u00e7er, b\u0131ng\u0131ldak kemi\u011fi b\u00f6lgenizden \u00e7\u0131kar ve sizi d\u0131\u015far\u0131ya ger\u00e7eklik alemine al\u0131p g\u00f6t\u00fcr\u00fcr; \u015f\u00f6yle demek daha uygun, yoga beyniniz, kalbiniz ve bu her yeri kaplayan g\u00fc\u00e7 aras\u0131nda ger\u00e7ekle\u015fir.<\/div><\/div>\n\t<p>Ger\u00e7ek i\u00e7sel g\u00fc\u00e7 Sahaja Yoga meditasyonu uygulamas\u0131 yoluyla elde edilir; bu bizi kendili\u011finden her yeri kaplayan evrensel g\u00fcc\u00fcn en y\u00fcksek kayna\u011f\u0131, kalbimizde ikamet eden ebedi Ruh&#8217;a ba\u011flar.<\/p>\n\t<div class=\"su-quote su-quote-style-default\"><div class=\"su-quote-inner su-u-clearfix su-u-trim\">Ayd\u0131nlanm\u0131\u015f demek, zihnin \u00f6tesine ge\u00e7en bir ki\u015filik, ayd\u0131nlanm\u0131\u015f bir ki\u015filik demektir, \u00e7\u00fcnk\u00fc o Tanr\u0131sal Sevginin her yeri kaplayan g\u00fcc\u00fcyle temas halindedir. Sonu\u00e7 olarak o ki\u015fi her \u015feyde y\u00f6nlendirilir, yard\u0131m edilir&#8230; Bu g\u00fc\u00e7 o kadar b\u00fcy\u00fckt\u00fcr ki; sizi g\u00f6zetir, her \u015feyi d\u00fczenler, d\u00fc\u015f\u00fcn\u00fcr, anlar, i\u015fte bu bilgeliktir&#8230;<\/div><\/div>\n\n","protected":false},"excerpt":{"rendered":"<p>Potansiyelinizi A\u00e7\u0131\u011fa \u00c7\u0131kar\u0131n Kendini Tan\u0131ma Yoluyla Bir birey i\u00e7in g\u00fc\u00e7lenme, ki\u015finin ya\u015fam\u0131 \u00fczerinde gittik\u00e7e kontrol\u00fcn\u00fc daha fazla kazanmas\u0131, daha \u00e7ok dayan\u0131kl\u0131l\u0131k veya o ki\u015finin yeteneklerine olan g\u00fcvenini art\u0131rmas\u0131 s\u00fcreci olarak tan\u0131mlanabilirse, Shri Mataji&#8217;nin geli\u015ftirdi\u011fi y\u00f6ntem, insanlar\u0131n kendi i\u00e7lerindeki m\u00fcthi\u015f potansiyelin kilidini a\u00e7malar\u0131na olanak tan\u0131yan ve bir kez uyand\u0131r\u0131ld\u0131\u011f\u0131nda ger\u00e7ek bir d\u00f6n\u00fc\u015f\u00fcm sa\u011flayan, kendini g\u00fc\u00e7lendirmeye y\u00f6nelik&hellip; <br \/> <a class=\"read-more\" href=\"https:\/\/shrimataji.org\/test\/tr\/kendini-guclendirme\/\">Read more<\/a><\/p>\n","protected":false},"author":12,"featured_media":9259,"parent":0,"menu_order":0,"comment_status":"closed","ping_status":"closed","template":"","meta":{"inline_featured_image":false,"footnotes":""},"class_list":["post-10208","page","type-page","status-publish","has-post-thumbnail","hentry"],"yoast_head":"<!-- This site is optimized with the Yoast SEO plugin v27.4 - https:\/\/yoast.com\/product\/yoast-seo-wordpress\/ -->\n<title>Kendini G\u00fc\u00e7lendirme - TEST - SMND<\/title>\n<meta name=\"robots\" content=\"noindex, follow, max-snippet:-1, max-image-preview:large, max-video-preview:-1\" \/>\n<meta property=\"og:locale\" content=\"en_US\" \/>\n<meta property=\"og:type\" content=\"article\" \/>\n<meta property=\"og:title\" content=\"Kendini G\u00fc\u00e7lendirme - TEST - SMND\" \/>\n<meta property=\"og:description\" content=\"Potansiyelinizi A\u00e7\u0131\u011fa \u00c7\u0131kar\u0131n Kendini Tan\u0131ma Yoluyla Bir birey i\u00e7in g\u00fc\u00e7lenme, ki\u015finin ya\u015fam\u0131 \u00fczerinde gittik\u00e7e kontrol\u00fcn\u00fc daha fazla kazanmas\u0131, daha \u00e7ok dayan\u0131kl\u0131l\u0131k veya o ki\u015finin yeteneklerine olan g\u00fcvenini art\u0131rmas\u0131 s\u00fcreci olarak tan\u0131mlanabilirse, Shri Mataji&#8217;nin geli\u015ftirdi\u011fi y\u00f6ntem, insanlar\u0131n kendi i\u00e7lerindeki m\u00fcthi\u015f potansiyelin kilidini a\u00e7malar\u0131na olanak tan\u0131yan ve bir kez uyand\u0131r\u0131ld\u0131\u011f\u0131nda ger\u00e7ek bir d\u00f6n\u00fc\u015f\u00fcm sa\u011flayan, kendini g\u00fc\u00e7lendirmeye y\u00f6nelik&hellip; Read more\" \/>\n<meta property=\"og:url\" content=\"https:\/\/shrimataji.org\/test\/tr\/kendini-guclendirme\/\" \/>\n<meta property=\"og:site_name\" content=\"TEST - SMND\" \/>\n<meta property=\"article:publisher\" content=\"https:\/\/www.facebook.com\/shrimataji\" \/>\n<meta property=\"article:modified_time\" content=\"2024-07-12T00:01:59+00:00\" \/>\n<meta property=\"og:image\" content=\"https:\/\/shrimataji.org\/test\/wp-content\/uploads\/2023\/03\/24_Banner-SY-Empower-scaled.jpg\" \/>\n\t<meta property=\"og:image:width\" content=\"2560\" \/>\n\t<meta property=\"og:image:height\" content=\"905\" \/>\n\t<meta property=\"og:image:type\" content=\"image\/jpeg\" \/>\n<meta name=\"twitter:card\" content=\"summary_large_image\" \/>\n<meta name=\"twitter:site\" content=\"@shrimataji\" \/>\n<script type=\"application\/ld+json\" class=\"yoast-schema-graph\">{\"@context\":\"https:\\\/\\\/schema.org\",\"@graph\":[{\"@type\":\"WebPage\",\"@id\":\"https:\\\/\\\/shrimataji.org\\\/test\\\/tr\\\/kendini-guclendirme\\\/\",\"url\":\"https:\\\/\\\/shrimataji.org\\\/test\\\/tr\\\/kendini-guclendirme\\\/\",\"name\":\"Kendini G\u00fc\u00e7lendirme - TEST - SMND\",\"isPartOf\":{\"@id\":\"https:\\\/\\\/shrimataji.org\\\/test\\\/#website\"},\"primaryImageOfPage\":{\"@id\":\"https:\\\/\\\/shrimataji.org\\\/test\\\/tr\\\/kendini-guclendirme\\\/#primaryimage\"},\"image\":{\"@id\":\"https:\\\/\\\/shrimataji.org\\\/test\\\/tr\\\/kendini-guclendirme\\\/#primaryimage\"},\"thumbnailUrl\":\"https:\\\/\\\/shrimataji.org\\\/test\\\/wp-content\\\/uploads\\\/2023\\\/03\\\/24_Banner-SY-Empower-scaled.jpg\",\"datePublished\":\"2018-07-10T06:54:42+00:00\",\"dateModified\":\"2024-07-12T00:01:59+00:00\",\"breadcrumb\":{\"@id\":\"https:\\\/\\\/shrimataji.org\\\/test\\\/tr\\\/kendini-guclendirme\\\/#breadcrumb\"},\"inLanguage\":\"en-US\",\"potentialAction\":[{\"@type\":\"ReadAction\",\"target\":[\"https:\\\/\\\/shrimataji.org\\\/test\\\/tr\\\/kendini-guclendirme\\\/\"]}]},{\"@type\":\"ImageObject\",\"inLanguage\":\"en-US\",\"@id\":\"https:\\\/\\\/shrimataji.org\\\/test\\\/tr\\\/kendini-guclendirme\\\/#primaryimage\",\"url\":\"https:\\\/\\\/shrimataji.org\\\/test\\\/wp-content\\\/uploads\\\/2023\\\/03\\\/24_Banner-SY-Empower-scaled.jpg\",\"contentUrl\":\"https:\\\/\\\/shrimataji.org\\\/test\\\/wp-content\\\/uploads\\\/2023\\\/03\\\/24_Banner-SY-Empower-scaled.jpg\",\"width\":2560,\"height\":905},{\"@type\":\"BreadcrumbList\",\"@id\":\"https:\\\/\\\/shrimataji.org\\\/test\\\/tr\\\/kendini-guclendirme\\\/#breadcrumb\",\"itemListElement\":[{\"@type\":\"ListItem\",\"position\":1,\"name\":\"Home\",\"item\":\"https:\\\/\\\/shrimataji.org\\\/test\\\/uk\\\/home-en\\\/\"},{\"@type\":\"ListItem\",\"position\":2,\"name\":\"Kendini G\u00fc\u00e7lendirme\"}]},{\"@type\":\"WebSite\",\"@id\":\"https:\\\/\\\/shrimataji.org\\\/test\\\/#website\",\"url\":\"https:\\\/\\\/shrimataji.org\\\/test\\\/\",\"name\":\"Shri Mataji Nirmala Devi\",\"description\":\"A Life Dedicated to Humanity\",\"publisher\":{\"@id\":\"https:\\\/\\\/shrimataji.org\\\/test\\\/#\\\/schema\\\/person\\\/a1b3419c6585f164aa96da1ff85715d1\"},\"potentialAction\":[{\"@type\":\"SearchAction\",\"target\":{\"@type\":\"EntryPoint\",\"urlTemplate\":\"https:\\\/\\\/shrimataji.org\\\/test\\\/?s={search_term_string}\"},\"query-input\":{\"@type\":\"PropertyValueSpecification\",\"valueRequired\":true,\"valueName\":\"search_term_string\"}}],\"inLanguage\":\"en-US\"},{\"@type\":[\"Person\",\"Organization\"],\"@id\":\"https:\\\/\\\/shrimataji.org\\\/test\\\/#\\\/schema\\\/person\\\/a1b3419c6585f164aa96da1ff85715d1\",\"name\":\"Nirmala Shrivastava\",\"image\":{\"@type\":\"ImageObject\",\"inLanguage\":\"en-US\",\"@id\":\"https:\\\/\\\/shrimataji.org\\\/test\\\/wp-content\\\/uploads\\\/2023\\\/02\\\/SMO_LOGO-03.svg\",\"url\":\"https:\\\/\\\/shrimataji.org\\\/test\\\/wp-content\\\/uploads\\\/2023\\\/02\\\/SMO_LOGO-03.svg\",\"contentUrl\":\"https:\\\/\\\/shrimataji.org\\\/test\\\/wp-content\\\/uploads\\\/2023\\\/02\\\/SMO_LOGO-03.svg\",\"width\":\"1024\",\"height\":\"1024\",\"caption\":\"Nirmala Shrivastava\"},\"logo\":{\"@id\":\"https:\\\/\\\/shrimataji.org\\\/test\\\/wp-content\\\/uploads\\\/2023\\\/02\\\/SMO_LOGO-03.svg\"},\"sameAs\":[\"https:\\\/\\\/shrimataji.org\\\/test\",\"https:\\\/\\\/www.facebook.com\\\/shrimataji\",\"https:\\\/\\\/x.com\\\/shrimataji\",\"https:\\\/\\\/www.youtube.com\\\/@Shri_Mataji_Nirmala_Devi\\\/featured\"]}]}<\/script>\n<!-- \/ Yoast SEO plugin. -->","yoast_head_json":{"title":"Kendini G\u00fc\u00e7lendirme - TEST - SMND","robots":{"index":"noindex","follow":"follow","max-snippet":"max-snippet:-1","max-image-preview":"max-image-preview:large","max-video-preview":"max-video-preview:-1"},"og_locale":"en_US","og_type":"article","og_title":"Kendini G\u00fc\u00e7lendirme - TEST - SMND","og_description":"Potansiyelinizi A\u00e7\u0131\u011fa \u00c7\u0131kar\u0131n Kendini Tan\u0131ma Yoluyla Bir birey i\u00e7in g\u00fc\u00e7lenme, ki\u015finin ya\u015fam\u0131 \u00fczerinde gittik\u00e7e kontrol\u00fcn\u00fc daha fazla kazanmas\u0131, daha \u00e7ok dayan\u0131kl\u0131l\u0131k veya o ki\u015finin yeteneklerine olan g\u00fcvenini art\u0131rmas\u0131 s\u00fcreci olarak tan\u0131mlanabilirse, Shri Mataji&#8217;nin geli\u015ftirdi\u011fi y\u00f6ntem, insanlar\u0131n kendi i\u00e7lerindeki m\u00fcthi\u015f potansiyelin kilidini a\u00e7malar\u0131na olanak tan\u0131yan ve bir kez uyand\u0131r\u0131ld\u0131\u011f\u0131nda ger\u00e7ek bir d\u00f6n\u00fc\u015f\u00fcm sa\u011flayan, kendini g\u00fc\u00e7lendirmeye y\u00f6nelik&hellip; Read more","og_url":"https:\/\/shrimataji.org\/test\/tr\/kendini-guclendirme\/","og_site_name":"TEST - SMND","article_publisher":"https:\/\/www.facebook.com\/shrimataji","article_modified_time":"2024-07-12T00:01:59+00:00","og_image":[{"width":2560,"height":905,"url":"https:\/\/shrimataji.org\/test\/wp-content\/uploads\/2023\/03\/24_Banner-SY-Empower-scaled.jpg","type":"image\/jpeg"}],"twitter_card":"summary_large_image","twitter_site":"@shrimataji","schema":{"@context":"https:\/\/schema.org","@graph":[{"@type":"WebPage","@id":"https:\/\/shrimataji.org\/test\/tr\/kendini-guclendirme\/","url":"https:\/\/shrimataji.org\/test\/tr\/kendini-guclendirme\/","name":"Kendini G\u00fc\u00e7lendirme - TEST - SMND","isPartOf":{"@id":"https:\/\/shrimataji.org\/test\/#website"},"primaryImageOfPage":{"@id":"https:\/\/shrimataji.org\/test\/tr\/kendini-guclendirme\/#primaryimage"},"image":{"@id":"https:\/\/shrimataji.org\/test\/tr\/kendini-guclendirme\/#primaryimage"},"thumbnailUrl":"https:\/\/shrimataji.org\/test\/wp-content\/uploads\/2023\/03\/24_Banner-SY-Empower-scaled.jpg","datePublished":"2018-07-10T06:54:42+00:00","dateModified":"2024-07-12T00:01:59+00:00","breadcrumb":{"@id":"https:\/\/shrimataji.org\/test\/tr\/kendini-guclendirme\/#breadcrumb"},"inLanguage":"en-US","potentialAction":[{"@type":"ReadAction","target":["https:\/\/shrimataji.org\/test\/tr\/kendini-guclendirme\/"]}]},{"@type":"ImageObject","inLanguage":"en-US","@id":"https:\/\/shrimataji.org\/test\/tr\/kendini-guclendirme\/#primaryimage","url":"https:\/\/shrimataji.org\/test\/wp-content\/uploads\/2023\/03\/24_Banner-SY-Empower-scaled.jpg","contentUrl":"https:\/\/shrimataji.org\/test\/wp-content\/uploads\/2023\/03\/24_Banner-SY-Empower-scaled.jpg","width":2560,"height":905},{"@type":"BreadcrumbList","@id":"https:\/\/shrimataji.org\/test\/tr\/kendini-guclendirme\/#breadcrumb","itemListElement":[{"@type":"ListItem","position":1,"name":"Home","item":"https:\/\/shrimataji.org\/test\/uk\/home-en\/"},{"@type":"ListItem","position":2,"name":"Kendini G\u00fc\u00e7lendirme"}]},{"@type":"WebSite","@id":"https:\/\/shrimataji.org\/test\/#website","url":"https:\/\/shrimataji.org\/test\/","name":"Shri Mataji Nirmala Devi","description":"A Life Dedicated to Humanity","publisher":{"@id":"https:\/\/shrimataji.org\/test\/#\/schema\/person\/a1b3419c6585f164aa96da1ff85715d1"},"potentialAction":[{"@type":"SearchAction","target":{"@type":"EntryPoint","urlTemplate":"https:\/\/shrimataji.org\/test\/?s={search_term_string}"},"query-input":{"@type":"PropertyValueSpecification","valueRequired":true,"valueName":"search_term_string"}}],"inLanguage":"en-US"},{"@type":["Person","Organization"],"@id":"https:\/\/shrimataji.org\/test\/#\/schema\/person\/a1b3419c6585f164aa96da1ff85715d1","name":"Nirmala Shrivastava","image":{"@type":"ImageObject","inLanguage":"en-US","@id":"https:\/\/shrimataji.org\/test\/wp-content\/uploads\/2023\/02\/SMO_LOGO-03.svg","url":"https:\/\/shrimataji.org\/test\/wp-content\/uploads\/2023\/02\/SMO_LOGO-03.svg","contentUrl":"https:\/\/shrimataji.org\/test\/wp-content\/uploads\/2023\/02\/SMO_LOGO-03.svg","width":"1024","height":"1024","caption":"Nirmala Shrivastava"},"logo":{"@id":"https:\/\/shrimataji.org\/test\/wp-content\/uploads\/2023\/02\/SMO_LOGO-03.svg"},"sameAs":["https:\/\/shrimataji.org\/test","https:\/\/www.facebook.com\/shrimataji","https:\/\/x.com\/shrimataji","https:\/\/www.youtube.com\/@Shri_Mataji_Nirmala_Devi\/featured"]}]}},"lang":"tr","translations":{"tr":10208,"ur":37498,"en":401,"am":18073,"th":20055,"hu":19562,"sq":18474,"zh":17371,"hi":8356,"pt":10418,"de":10692,"fr":10790,"it":10888,"es":10985,"ja":11283,"ru":11471,"bn":11662,"te":11770,"sw":11893,"he":12041,"el":12333,"sk":12431,"fa":12529,"fi":12627,"bg":13476,"ro":14548,"cs":14741,"nl":16634,"ku":16794,"ar":16970,"be":18681,"kn":18955,"mr":20419,"uk":20713,"ml":21008,"ta":22792,"sv":23062,"gu":28902,"pa":29062,"fil":29510,"da":37808,"pl":38018,"nn":38360},"pll_sync_post":[],"_links":{"self":[{"href":"https:\/\/shrimataji.org\/test\/wp-json\/wp\/v2\/pages\/10208","targetHints":{"allow":["GET"]}}],"collection":[{"href":"https:\/\/shrimataji.org\/test\/wp-json\/wp\/v2\/pages"}],"about":[{"href":"https:\/\/shrimataji.org\/test\/wp-json\/wp\/v2\/types\/page"}],"author":[{"embeddable":true,"href":"https:\/\/shrimataji.org\/test\/wp-json\/wp\/v2\/users\/12"}],"replies":[{"embeddable":true,"href":"https:\/\/shrimataji.org\/test\/wp-json\/wp\/v2\/comments?post=10208"}],"version-history":[{"count":0,"href":"https:\/\/shrimataji.org\/test\/wp-json\/wp\/v2\/pages\/10208\/revisions"}],"wp:featuredmedia":[{"embeddable":true,"href":"https:\/\/shrimataji.org\/test\/wp-json\/wp\/v2\/media\/9259"}],"wp:attachment":[{"href":"https:\/\/shrimataji.org\/test\/wp-json\/wp\/v2\/media?parent=10208"}],"curies":[{"name":"wp","href":"https:\/\/api.w.org\/{rel}","templated":true}]}}