{"id":10216,"date":"2022-01-29T10:35:29","date_gmt":"2022-01-29T10:35:29","guid":{"rendered":"https:\/\/test.shrimataji.org\/?page_id=6416"},"modified":"2024-07-12T00:02:28","modified_gmt":"2024-07-12T00:02:28","slug":"sushumna-nadi","status":"publish","type":"page","link":"https:\/\/shrimataji.org\/test\/tr\/sushumna-nadi\/","title":{"rendered":"Sushumna Nadi TR"},"content":{"rendered":"\n\n\t<h1>Sushumna Nadi<\/h1>\n<h2>Denge ve Evrim<\/h2>\n\t<h4>Merkezdeki enerji kanal\u0131m\u0131z, (Sanskrit\u00e7e&#8217;de Sushumna Nadi) orta kanal (orta yol) olarak da adland\u0131r\u0131l\u0131r. Omurgam\u0131z\u0131n taban\u0131ndaki sakrum kemi\u011finden (<a href=\"https:\/\/shrimataji.org\/tr\/kundalini\/\">Kundalini<\/a> enerjimizin bulundu\u011fu yer) ba\u015flar ve ba\u015f\u0131n \u00fcst\u00fcndeki b\u0131ng\u0131ldakta <a href=\"https:\/\/shrimataji.org\/tr\/sahasrara-cakra\">Sahasrara \u00e7akras\u0131<\/a> ile birle\u015fir.<\/h4>\n<p>Orta kanal\u0131m\u0131z, ruhsal geli\u015fimimizi destekler. Bu kanal ayd\u0131nlanm\u0131\u015f ruhlarda oldu\u011fu gibi do\u011fru yolu takip edenler ile erdemlere ba\u011fl\u0131 olanlarda da olduk\u00e7a geli\u015fmi\u015ftir. Ayd\u0131nlanma ald\u0131ktan sonra Sushumna Nadi&#8217;nin aktive hale ge\u00e7mesi, fark\u0131ndal\u0131\u011f\u0131m\u0131zda &#8216;Sattwa Guna&#8217;n\u0131n (do\u011fru davran\u0131\u015f ve ya\u015fam kaideleriyle ya\u015fama hali) g\u00fczel niteliklerini ortaya \u00e7\u0131kar\u0131r. Bu, ya\u015fam\u0131n daha derin y\u00f6nlerine odaklanmam\u0131z\u0131 art\u0131rarak s\u00fcrekli geli\u015fmemize yard\u0131mc\u0131 olur.<\/p>\n\t\t\t\t<img loading=\"lazy\" decoding=\"async\" src=\"https:\/\/shrimataji.org\/test\/wp-content\/uploads\/2024\/06\/TR_Sushumna-Nadi.png\" alt=\"TR_Sushumna-Nadi\" height=\"1633\" width=\"1543\" title=\"TR_Sushumna-Nadi\" \/>\n\t\n\t<p>T\u00fcm s\u00fcptil sistemimiz, Sahasrara \u00e7akrada birle\u015fmi\u015ftir. \u00d6yle ki ruhsal geli\u015fimimiz ve meditasyonumuz i\u00e7in bu en \u00f6nemli \u00e7akrad\u0131r. Ayn\u0131 zamanda Kundalini&#8217;mizin daha y\u00fcksek fark\u0131ndal\u0131k hallerini ortaya \u00e7\u0131karma ve tezah\u00fcr ettirme konusunda da en b\u00fcy\u00fck g\u00fcce sahip olan \u00e7akrad\u0131r. Orta kanaldaki t\u0131kan\u0131kl\u0131klar\u0131 temizlemek, Sahaja Yoga meditasyonunun \u00f6nemli bir par\u00e7as\u0131d\u0131r. Orta kanal\u0131m\u0131z, temiz oldu\u011funda denge durumunu korumak kolayd\u0131r. Bu, Kundalini&#8217;mizin Sahasrara \u00e7akraya kolayl\u0131kla y\u00fckselmesinin yolunu a\u00e7ar. Bu ger\u00e7ekle\u015fti\u011finde kendi Kundalini&#8217;miz, kadim ruhani geleneklerde pek \u00e7ok isimle bilinen ve Shri Mataji&#8217;nin <a href=\"https:\/\/shrimataji.org\/tr\/paramchaitanya\/\">Paramchaitanya<\/a> olarak adland\u0131rd\u0131\u011f\u0131, her yeri kaplayan ilahi enerjiyle birle\u015fir. Sushumna Nadi&#8217;nin d\u00fczg\u00fcn i\u015fleyi\u015fi, t\u00fcm <a href=\"https:\/\/shrimataji.org\/tr\/cakralar-ve-kaliteleri\">\u00e7akralar\u0131n<\/a> ve nadilerin s\u00fcptil enerji dengesini korumak i\u00e7in \u00e7ok \u00f6nemlidir.<\/p>\n<p>T\u00fcm bunlar kula\u011fa olduk\u00e7a karma\u015f\u0131k gelse de Shri Mataji, s\u0131radan insanlar\u0131n &#8220;yoga shastra&#8221;y\u0131 (Sanskrit\u00e7e&#8217;de yoga bilgisi anlam\u0131na gelir) anlamas\u0131 i\u00e7in \u00e7ok basit benzetmeler kullanm\u0131\u015ft\u0131r. \u00d6zetlemek gerekir ise bunlar\u0131 \u015fu \u015fekilde d\u00fc\u015f\u00fcnebiliriz: Ya\u015fam\u0131n i\u00e7indeyken ve hayat\u0131m\u0131zdan keyif al\u0131rken duygular\u0131m\u0131z\u0131, arzular\u0131m\u0131z\u0131 ve eylemlerimizi dengede tutmak i\u00e7in sol ve sa\u011f enerji kanallar\u0131m\u0131z\u0131 kullanmak isteriz. Dengeli ve tatmin edici bir ya\u015fam, m\u00fcmk\u00fcn olan en y\u00fcksek ruhani potansiyelimize do\u011fru evrimle\u015fme yolunda, d\u00fcnyadaki varolu\u015fumuzun temel amac\u0131na odaklanarak zaman\u0131m\u0131z\u0131 verimli bir \u015fekilde kullanma f\u0131rsatlar\u0131 sunar. B\u00f6ylece, her \u00fc\u00e7 kanal\u0131 da dengeli ve temiz tutmak bize hayat\u0131m\u0131z\u0131 ve onun getirdi\u011fi t\u00fcm zorluklar\u0131 kolayl\u0131kla y\u00f6netme g\u00fcc\u00fc verecektir. Ayr\u0131ca ya\u015fam\u0131n t\u00fcm y\u00f6nlerini dengeli ve daha anlaml\u0131 bir \u015fekilde deneyimlememizi ve bunlardan keyif almam\u0131z\u0131 sa\u011flayacakt\u0131r.<\/p>\n\n","protected":false},"excerpt":{"rendered":"<p>Sushumna Nadi Denge ve Evrim Merkezdeki enerji kanal\u0131m\u0131z, (Sanskrit\u00e7e&#8217;de Sushumna Nadi) orta kanal (orta yol) olarak da adland\u0131r\u0131l\u0131r. Omurgam\u0131z\u0131n taban\u0131ndaki sakrum kemi\u011finden (Kundalini enerjimizin bulundu\u011fu yer) ba\u015flar ve ba\u015f\u0131n \u00fcst\u00fcndeki b\u0131ng\u0131ldakta Sahasrara \u00e7akras\u0131 ile birle\u015fir. Orta kanal\u0131m\u0131z, ruhsal geli\u015fimimizi destekler. Bu kanal ayd\u0131nlanm\u0131\u015f ruhlarda oldu\u011fu gibi do\u011fru yolu takip edenler ile erdemlere ba\u011fl\u0131 olanlarda da&hellip; <br \/> <a class=\"read-more\" href=\"https:\/\/shrimataji.org\/test\/tr\/sushumna-nadi\/\">Read more<\/a><\/p>\n","protected":false},"author":12,"featured_media":9249,"parent":0,"menu_order":0,"comment_status":"closed","ping_status":"closed","template":"","meta":{"inline_featured_image":false,"footnotes":""},"class_list":["post-10216","page","type-page","status-publish","has-post-thumbnail","hentry"],"yoast_head":"<!-- This site is optimized with the Yoast SEO plugin v27.4 - https:\/\/yoast.com\/product\/yoast-seo-wordpress\/ -->\n<title>Sushumna Nadi TR - TEST - SMND<\/title>\n<meta name=\"robots\" content=\"noindex, follow, max-snippet:-1, max-image-preview:large, max-video-preview:-1\" \/>\n<meta property=\"og:locale\" content=\"en_US\" \/>\n<meta property=\"og:type\" content=\"article\" \/>\n<meta property=\"og:title\" content=\"Sushumna Nadi TR - TEST - SMND\" \/>\n<meta property=\"og:description\" content=\"Sushumna Nadi Denge ve Evrim Merkezdeki enerji kanal\u0131m\u0131z, (Sanskrit\u00e7e&#8217;de Sushumna Nadi) orta kanal (orta yol) olarak da adland\u0131r\u0131l\u0131r. Omurgam\u0131z\u0131n taban\u0131ndaki sakrum kemi\u011finden (Kundalini enerjimizin bulundu\u011fu yer) ba\u015flar ve ba\u015f\u0131n \u00fcst\u00fcndeki b\u0131ng\u0131ldakta Sahasrara \u00e7akras\u0131 ile birle\u015fir. Orta kanal\u0131m\u0131z, ruhsal geli\u015fimimizi destekler. Bu kanal ayd\u0131nlanm\u0131\u015f ruhlarda oldu\u011fu gibi do\u011fru yolu takip edenler ile erdemlere ba\u011fl\u0131 olanlarda da&hellip; Read more\" \/>\n<meta property=\"og:url\" content=\"https:\/\/shrimataji.org\/test\/tr\/sushumna-nadi\/\" \/>\n<meta property=\"og:site_name\" content=\"TEST - SMND\" \/>\n<meta property=\"article:publisher\" content=\"https:\/\/www.facebook.com\/shrimataji\" \/>\n<meta property=\"article:modified_time\" content=\"2024-07-12T00:02:28+00:00\" \/>\n<meta property=\"og:image\" content=\"https:\/\/shrimataji.org\/test\/wp-content\/uploads\/2023\/03\/14_Banner-SY-Sushumna-scaled.jpg\" \/>\n\t<meta property=\"og:image:width\" content=\"2560\" \/>\n\t<meta property=\"og:image:height\" content=\"905\" \/>\n\t<meta property=\"og:image:type\" content=\"image\/jpeg\" \/>\n<meta name=\"twitter:card\" content=\"summary_large_image\" \/>\n<meta name=\"twitter:site\" content=\"@shrimataji\" \/>\n<meta name=\"twitter:label1\" content=\"Est. reading time\" \/>\n\t<meta name=\"twitter:data1\" content=\"2 minutes\" \/>\n<script type=\"application\/ld+json\" class=\"yoast-schema-graph\">{\"@context\":\"https:\\\/\\\/schema.org\",\"@graph\":[{\"@type\":\"WebPage\",\"@id\":\"https:\\\/\\\/shrimataji.org\\\/test\\\/tr\\\/sushumna-nadi\\\/\",\"url\":\"https:\\\/\\\/shrimataji.org\\\/test\\\/tr\\\/sushumna-nadi\\\/\",\"name\":\"Sushumna Nadi TR - TEST - SMND\",\"isPartOf\":{\"@id\":\"https:\\\/\\\/shrimataji.org\\\/test\\\/#website\"},\"primaryImageOfPage\":{\"@id\":\"https:\\\/\\\/shrimataji.org\\\/test\\\/tr\\\/sushumna-nadi\\\/#primaryimage\"},\"image\":{\"@id\":\"https:\\\/\\\/shrimataji.org\\\/test\\\/tr\\\/sushumna-nadi\\\/#primaryimage\"},\"thumbnailUrl\":\"https:\\\/\\\/shrimataji.org\\\/test\\\/wp-content\\\/uploads\\\/2023\\\/03\\\/14_Banner-SY-Sushumna-scaled.jpg\",\"datePublished\":\"2022-01-29T10:35:29+00:00\",\"dateModified\":\"2024-07-12T00:02:28+00:00\",\"breadcrumb\":{\"@id\":\"https:\\\/\\\/shrimataji.org\\\/test\\\/tr\\\/sushumna-nadi\\\/#breadcrumb\"},\"inLanguage\":\"en-US\",\"potentialAction\":[{\"@type\":\"ReadAction\",\"target\":[\"https:\\\/\\\/shrimataji.org\\\/test\\\/tr\\\/sushumna-nadi\\\/\"]}]},{\"@type\":\"ImageObject\",\"inLanguage\":\"en-US\",\"@id\":\"https:\\\/\\\/shrimataji.org\\\/test\\\/tr\\\/sushumna-nadi\\\/#primaryimage\",\"url\":\"https:\\\/\\\/shrimataji.org\\\/test\\\/wp-content\\\/uploads\\\/2023\\\/03\\\/14_Banner-SY-Sushumna-scaled.jpg\",\"contentUrl\":\"https:\\\/\\\/shrimataji.org\\\/test\\\/wp-content\\\/uploads\\\/2023\\\/03\\\/14_Banner-SY-Sushumna-scaled.jpg\",\"width\":2560,\"height\":905},{\"@type\":\"BreadcrumbList\",\"@id\":\"https:\\\/\\\/shrimataji.org\\\/test\\\/tr\\\/sushumna-nadi\\\/#breadcrumb\",\"itemListElement\":[{\"@type\":\"ListItem\",\"position\":1,\"name\":\"Home\",\"item\":\"https:\\\/\\\/shrimataji.org\\\/test\\\/uk\\\/home-en\\\/\"},{\"@type\":\"ListItem\",\"position\":2,\"name\":\"Sushumna Nadi TR\"}]},{\"@type\":\"WebSite\",\"@id\":\"https:\\\/\\\/shrimataji.org\\\/test\\\/#website\",\"url\":\"https:\\\/\\\/shrimataji.org\\\/test\\\/\",\"name\":\"Shri Mataji Nirmala Devi\",\"description\":\"A Life Dedicated to Humanity\",\"publisher\":{\"@id\":\"https:\\\/\\\/shrimataji.org\\\/test\\\/#\\\/schema\\\/person\\\/a1b3419c6585f164aa96da1ff85715d1\"},\"potentialAction\":[{\"@type\":\"SearchAction\",\"target\":{\"@type\":\"EntryPoint\",\"urlTemplate\":\"https:\\\/\\\/shrimataji.org\\\/test\\\/?s={search_term_string}\"},\"query-input\":{\"@type\":\"PropertyValueSpecification\",\"valueRequired\":true,\"valueName\":\"search_term_string\"}}],\"inLanguage\":\"en-US\"},{\"@type\":[\"Person\",\"Organization\"],\"@id\":\"https:\\\/\\\/shrimataji.org\\\/test\\\/#\\\/schema\\\/person\\\/a1b3419c6585f164aa96da1ff85715d1\",\"name\":\"Nirmala Shrivastava\",\"image\":{\"@type\":\"ImageObject\",\"inLanguage\":\"en-US\",\"@id\":\"https:\\\/\\\/shrimataji.org\\\/test\\\/wp-content\\\/uploads\\\/2023\\\/02\\\/SMO_LOGO-03.svg\",\"url\":\"https:\\\/\\\/shrimataji.org\\\/test\\\/wp-content\\\/uploads\\\/2023\\\/02\\\/SMO_LOGO-03.svg\",\"contentUrl\":\"https:\\\/\\\/shrimataji.org\\\/test\\\/wp-content\\\/uploads\\\/2023\\\/02\\\/SMO_LOGO-03.svg\",\"width\":\"1024\",\"height\":\"1024\",\"caption\":\"Nirmala Shrivastava\"},\"logo\":{\"@id\":\"https:\\\/\\\/shrimataji.org\\\/test\\\/wp-content\\\/uploads\\\/2023\\\/02\\\/SMO_LOGO-03.svg\"},\"sameAs\":[\"https:\\\/\\\/shrimataji.org\\\/test\",\"https:\\\/\\\/www.facebook.com\\\/shrimataji\",\"https:\\\/\\\/x.com\\\/shrimataji\",\"https:\\\/\\\/www.youtube.com\\\/@Shri_Mataji_Nirmala_Devi\\\/featured\"]}]}<\/script>\n<!-- \/ Yoast SEO plugin. -->","yoast_head_json":{"title":"Sushumna Nadi TR - TEST - SMND","robots":{"index":"noindex","follow":"follow","max-snippet":"max-snippet:-1","max-image-preview":"max-image-preview:large","max-video-preview":"max-video-preview:-1"},"og_locale":"en_US","og_type":"article","og_title":"Sushumna Nadi TR - TEST - SMND","og_description":"Sushumna Nadi Denge ve Evrim Merkezdeki enerji kanal\u0131m\u0131z, (Sanskrit\u00e7e&#8217;de Sushumna Nadi) orta kanal (orta yol) olarak da adland\u0131r\u0131l\u0131r. Omurgam\u0131z\u0131n taban\u0131ndaki sakrum kemi\u011finden (Kundalini enerjimizin bulundu\u011fu yer) ba\u015flar ve ba\u015f\u0131n \u00fcst\u00fcndeki b\u0131ng\u0131ldakta Sahasrara \u00e7akras\u0131 ile birle\u015fir. Orta kanal\u0131m\u0131z, ruhsal geli\u015fimimizi destekler. Bu kanal ayd\u0131nlanm\u0131\u015f ruhlarda oldu\u011fu gibi do\u011fru yolu takip edenler ile erdemlere ba\u011fl\u0131 olanlarda da&hellip; Read more","og_url":"https:\/\/shrimataji.org\/test\/tr\/sushumna-nadi\/","og_site_name":"TEST - SMND","article_publisher":"https:\/\/www.facebook.com\/shrimataji","article_modified_time":"2024-07-12T00:02:28+00:00","og_image":[{"width":2560,"height":905,"url":"https:\/\/shrimataji.org\/test\/wp-content\/uploads\/2023\/03\/14_Banner-SY-Sushumna-scaled.jpg","type":"image\/jpeg"}],"twitter_card":"summary_large_image","twitter_site":"@shrimataji","twitter_misc":{"Est. reading time":"2 minutes"},"schema":{"@context":"https:\/\/schema.org","@graph":[{"@type":"WebPage","@id":"https:\/\/shrimataji.org\/test\/tr\/sushumna-nadi\/","url":"https:\/\/shrimataji.org\/test\/tr\/sushumna-nadi\/","name":"Sushumna Nadi TR - TEST - SMND","isPartOf":{"@id":"https:\/\/shrimataji.org\/test\/#website"},"primaryImageOfPage":{"@id":"https:\/\/shrimataji.org\/test\/tr\/sushumna-nadi\/#primaryimage"},"image":{"@id":"https:\/\/shrimataji.org\/test\/tr\/sushumna-nadi\/#primaryimage"},"thumbnailUrl":"https:\/\/shrimataji.org\/test\/wp-content\/uploads\/2023\/03\/14_Banner-SY-Sushumna-scaled.jpg","datePublished":"2022-01-29T10:35:29+00:00","dateModified":"2024-07-12T00:02:28+00:00","breadcrumb":{"@id":"https:\/\/shrimataji.org\/test\/tr\/sushumna-nadi\/#breadcrumb"},"inLanguage":"en-US","potentialAction":[{"@type":"ReadAction","target":["https:\/\/shrimataji.org\/test\/tr\/sushumna-nadi\/"]}]},{"@type":"ImageObject","inLanguage":"en-US","@id":"https:\/\/shrimataji.org\/test\/tr\/sushumna-nadi\/#primaryimage","url":"https:\/\/shrimataji.org\/test\/wp-content\/uploads\/2023\/03\/14_Banner-SY-Sushumna-scaled.jpg","contentUrl":"https:\/\/shrimataji.org\/test\/wp-content\/uploads\/2023\/03\/14_Banner-SY-Sushumna-scaled.jpg","width":2560,"height":905},{"@type":"BreadcrumbList","@id":"https:\/\/shrimataji.org\/test\/tr\/sushumna-nadi\/#breadcrumb","itemListElement":[{"@type":"ListItem","position":1,"name":"Home","item":"https:\/\/shrimataji.org\/test\/uk\/home-en\/"},{"@type":"ListItem","position":2,"name":"Sushumna Nadi TR"}]},{"@type":"WebSite","@id":"https:\/\/shrimataji.org\/test\/#website","url":"https:\/\/shrimataji.org\/test\/","name":"Shri Mataji Nirmala Devi","description":"A Life Dedicated to Humanity","publisher":{"@id":"https:\/\/shrimataji.org\/test\/#\/schema\/person\/a1b3419c6585f164aa96da1ff85715d1"},"potentialAction":[{"@type":"SearchAction","target":{"@type":"EntryPoint","urlTemplate":"https:\/\/shrimataji.org\/test\/?s={search_term_string}"},"query-input":{"@type":"PropertyValueSpecification","valueRequired":true,"valueName":"search_term_string"}}],"inLanguage":"en-US"},{"@type":["Person","Organization"],"@id":"https:\/\/shrimataji.org\/test\/#\/schema\/person\/a1b3419c6585f164aa96da1ff85715d1","name":"Nirmala Shrivastava","image":{"@type":"ImageObject","inLanguage":"en-US","@id":"https:\/\/shrimataji.org\/test\/wp-content\/uploads\/2023\/02\/SMO_LOGO-03.svg","url":"https:\/\/shrimataji.org\/test\/wp-content\/uploads\/2023\/02\/SMO_LOGO-03.svg","contentUrl":"https:\/\/shrimataji.org\/test\/wp-content\/uploads\/2023\/02\/SMO_LOGO-03.svg","width":"1024","height":"1024","caption":"Nirmala Shrivastava"},"logo":{"@id":"https:\/\/shrimataji.org\/test\/wp-content\/uploads\/2023\/02\/SMO_LOGO-03.svg"},"sameAs":["https:\/\/shrimataji.org\/test","https:\/\/www.facebook.com\/shrimataji","https:\/\/x.com\/shrimataji","https:\/\/www.youtube.com\/@Shri_Mataji_Nirmala_Devi\/featured"]}]}},"lang":"tr","translations":{"tr":10216,"ur":37511,"en":6416,"am":18085,"th":20073,"hu":19574,"sq":18486,"zh":17383,"hi":8315,"pt":10424,"de":10698,"fr":10796,"it":10894,"es":10991,"ja":11289,"ru":11477,"bn":11668,"te":11776,"sw":11899,"he":12047,"el":12339,"sk":12437,"fa":12535,"fi":12633,"bg":13380,"ro":14454,"cs":14647,"nl":16645,"ku":16805,"ar":16981,"be":18693,"kn":18967,"mr":20437,"uk":20730,"ml":21025,"ta":22804,"sv":23073,"gu":28908,"pa":29068,"fil":29522,"da":37819,"pl":38029,"nn":38371},"pll_sync_post":[],"_links":{"self":[{"href":"https:\/\/shrimataji.org\/test\/wp-json\/wp\/v2\/pages\/10216","targetHints":{"allow":["GET"]}}],"collection":[{"href":"https:\/\/shrimataji.org\/test\/wp-json\/wp\/v2\/pages"}],"about":[{"href":"https:\/\/shrimataji.org\/test\/wp-json\/wp\/v2\/types\/page"}],"author":[{"embeddable":true,"href":"https:\/\/shrimataji.org\/test\/wp-json\/wp\/v2\/users\/12"}],"replies":[{"embeddable":true,"href":"https:\/\/shrimataji.org\/test\/wp-json\/wp\/v2\/comments?post=10216"}],"version-history":[{"count":0,"href":"https:\/\/shrimataji.org\/test\/wp-json\/wp\/v2\/pages\/10216\/revisions"}],"wp:featuredmedia":[{"embeddable":true,"href":"https:\/\/shrimataji.org\/test\/wp-json\/wp\/v2\/media\/9249"}],"wp:attachment":[{"href":"https:\/\/shrimataji.org\/test\/wp-json\/wp\/v2\/media?parent=10216"}],"curies":[{"name":"wp","href":"https:\/\/api.w.org\/{rel}","templated":true}]}}