{"id":10218,"date":"2018-07-10T06:54:42","date_gmt":"2018-07-10T06:54:42","guid":{"rendered":"http:\/\/testwordpress.nirmalnagari.org\/smnd\/index.php\/terms\/"},"modified":"2024-07-12T00:02:26","modified_gmt":"2024-07-12T00:02:26","slug":"sartlar","status":"publish","type":"page","link":"https:\/\/shrimataji.org\/test\/tr\/sartlar\/","title":{"rendered":"\u015eartlar"},"content":{"rendered":"\n\n\t<h1>Genel \u015eartlar<\/h1>\n<p>Bu sitedeki t\u00fcm editoryal i\u00e7erik ve grafikler, Avrupa Birli\u011fi telif haklar\u0131 ve uluslararas\u0131 anla\u015fmalar \u00e7er\u00e7evesinde korunmaktad\u0131r ve siteye ait t\u00fcm haklar\u0131n\u0131 sakl\u0131 tutan Shri Mataji Nirmala Devi Sahaja Yoga World Foundation&#8217;\u0131n a\u00e7\u0131k izni olmadan kopyalanamaz.<\/p>\n<p>Shri Mataji Nirmala Devi Sahaja Yoga World Foundation&#8217;a ait herhangi bir i\u00e7erik ve grafiklerin, herhangi bir ama\u00e7la \u00e7evrimi\u00e7i olarak kullan\u0131lmas\u0131 kesinlikle yasakt\u0131r.<\/p>\n<p>Shri Mataji Nirmala Devi Sahaja Yoga World Foundation&#8217;a ait web sitelerinden al\u0131nan materyaller, yaln\u0131zca \u00e7evrimd\u0131\u015f\u0131 olarak, bilgilenme ama\u00e7l\u0131 ve ticari olmayan kullan\u0131mlara a\u00e7\u0131kt\u0131r, i\u00e7erik ve \/ veya grafikler herhangi bir \u015fekilde de\u011fi\u015ftirilemez, herhangi bir \u015fekilde kopyalanmas\u0131na dair t\u00fcm telif haklar\u0131 sakl\u0131 tutulmaktad\u0131r ve kullan\u0131m izni Shri Mataji Nirmala Devi Sahaja Yoga World Foundation taraf\u0131ndan verilir.<\/p>\n<p>Unutmay\u0131n\u0131z ki, bu sitede kullan\u0131lan resimler i\u00e7in \u00f6zel olarak, telif hakk\u0131 sahiplerini bulmak ve \/ veya onlarla ileti\u015fim kurmak i\u00e7in t\u00fcm giri\u015fimler yap\u0131lm\u0131\u015ft\u0131r. Bu sitedeki herhangi bir materyalle ilgili olarak, bir telif hakk\u0131 sorunu oldu\u011funu d\u00fc\u015f\u00fcn\u00fcyorsan\u0131z, l\u00fctfen ileti\u015fim sayfam\u0131z \u00fczerinden, talebinize dair t\u00fcm ayr\u0131nt\u0131lar\u0131n\u0131 bize ula\u015ft\u0131r\u0131n\u0131z.\u00a0<a href=\"mailto:amministrazione@sahajaworldfoundation.org\">amministrazione@sahajaworldfoundation.org<\/a>.<\/p>\n<hr \/>\n<p>\u00a9 Shri Mataji Nirmala Devi Sahaja Yoga World Foundation, Piemonte b\u00f6lgesi t\u00fczel ki\u015filik sicilinde listelenen kar amac\u0131 g\u00fctmeyen bir kurulu\u015ftur. (prot. no. 747)<\/p>\n\n","protected":false},"excerpt":{"rendered":"<p>Genel \u015eartlar Bu sitedeki t\u00fcm editoryal i\u00e7erik ve grafikler, Avrupa Birli\u011fi telif haklar\u0131 ve uluslararas\u0131 anla\u015fmalar \u00e7er\u00e7evesinde korunmaktad\u0131r ve siteye ait t\u00fcm haklar\u0131n\u0131 sakl\u0131 tutan Shri Mataji Nirmala Devi Sahaja Yoga World Foundation&#8217;\u0131n a\u00e7\u0131k izni olmadan kopyalanamaz. Shri Mataji Nirmala Devi Sahaja Yoga World Foundation&#8217;a ait herhangi bir i\u00e7erik ve grafiklerin, herhangi bir ama\u00e7la \u00e7evrimi\u00e7i&hellip; <br \/> <a class=\"read-more\" href=\"https:\/\/shrimataji.org\/test\/tr\/sartlar\/\">Read more<\/a><\/p>\n","protected":false},"author":12,"featured_media":9552,"parent":0,"menu_order":0,"comment_status":"closed","ping_status":"closed","template":"","meta":{"inline_featured_image":false,"footnotes":""},"class_list":["post-10218","page","type-page","status-publish","has-post-thumbnail","hentry"],"yoast_head":"<!-- This site is optimized with the Yoast SEO plugin v27.4 - https:\/\/yoast.com\/product\/yoast-seo-wordpress\/ -->\n<title>\u015eartlar - TEST - SMND<\/title>\n<meta name=\"robots\" content=\"noindex, follow, max-snippet:-1, max-image-preview:large, max-video-preview:-1\" \/>\n<meta property=\"og:locale\" content=\"en_US\" \/>\n<meta property=\"og:type\" content=\"article\" \/>\n<meta property=\"og:title\" content=\"\u015eartlar - TEST - SMND\" \/>\n<meta property=\"og:description\" content=\"Genel \u015eartlar Bu sitedeki t\u00fcm editoryal i\u00e7erik ve grafikler, Avrupa Birli\u011fi telif haklar\u0131 ve uluslararas\u0131 anla\u015fmalar \u00e7er\u00e7evesinde korunmaktad\u0131r ve siteye ait t\u00fcm haklar\u0131n\u0131 sakl\u0131 tutan Shri Mataji Nirmala Devi Sahaja Yoga World Foundation&#8217;\u0131n a\u00e7\u0131k izni olmadan kopyalanamaz. Shri Mataji Nirmala Devi Sahaja Yoga World Foundation&#8217;a ait herhangi bir i\u00e7erik ve grafiklerin, herhangi bir ama\u00e7la \u00e7evrimi\u00e7i&hellip; Read more\" \/>\n<meta property=\"og:url\" content=\"https:\/\/shrimataji.org\/test\/tr\/sartlar\/\" \/>\n<meta property=\"og:site_name\" content=\"TEST - SMND\" \/>\n<meta property=\"article:publisher\" content=\"https:\/\/www.facebook.com\/shrimataji\" \/>\n<meta property=\"article:modified_time\" content=\"2024-07-12T00:02:26+00:00\" \/>\n<meta property=\"og:image\" content=\"https:\/\/shrimataji.org\/test\/wp-content\/uploads\/2023\/03\/Banner-Footer-Castle-1-scaled.jpg\" \/>\n\t<meta property=\"og:image:width\" content=\"2560\" \/>\n\t<meta property=\"og:image:height\" content=\"905\" \/>\n\t<meta property=\"og:image:type\" content=\"image\/jpeg\" \/>\n<meta name=\"twitter:card\" content=\"summary_large_image\" \/>\n<meta name=\"twitter:site\" content=\"@shrimataji\" \/>\n<meta name=\"twitter:label1\" content=\"Est. reading time\" \/>\n\t<meta name=\"twitter:data1\" content=\"1 minute\" \/>\n<script type=\"application\/ld+json\" class=\"yoast-schema-graph\">{\"@context\":\"https:\\\/\\\/schema.org\",\"@graph\":[{\"@type\":\"WebPage\",\"@id\":\"https:\\\/\\\/shrimataji.org\\\/test\\\/tr\\\/sartlar\\\/\",\"url\":\"https:\\\/\\\/shrimataji.org\\\/test\\\/tr\\\/sartlar\\\/\",\"name\":\"\u015eartlar - TEST - SMND\",\"isPartOf\":{\"@id\":\"https:\\\/\\\/shrimataji.org\\\/test\\\/#website\"},\"primaryImageOfPage\":{\"@id\":\"https:\\\/\\\/shrimataji.org\\\/test\\\/tr\\\/sartlar\\\/#primaryimage\"},\"image\":{\"@id\":\"https:\\\/\\\/shrimataji.org\\\/test\\\/tr\\\/sartlar\\\/#primaryimage\"},\"thumbnailUrl\":\"https:\\\/\\\/shrimataji.org\\\/test\\\/wp-content\\\/uploads\\\/2023\\\/03\\\/Banner-Footer-Castle-1-scaled.jpg\",\"datePublished\":\"2018-07-10T06:54:42+00:00\",\"dateModified\":\"2024-07-12T00:02:26+00:00\",\"breadcrumb\":{\"@id\":\"https:\\\/\\\/shrimataji.org\\\/test\\\/tr\\\/sartlar\\\/#breadcrumb\"},\"inLanguage\":\"en-US\",\"potentialAction\":[{\"@type\":\"ReadAction\",\"target\":[\"https:\\\/\\\/shrimataji.org\\\/test\\\/tr\\\/sartlar\\\/\"]}]},{\"@type\":\"ImageObject\",\"inLanguage\":\"en-US\",\"@id\":\"https:\\\/\\\/shrimataji.org\\\/test\\\/tr\\\/sartlar\\\/#primaryimage\",\"url\":\"https:\\\/\\\/shrimataji.org\\\/test\\\/wp-content\\\/uploads\\\/2023\\\/03\\\/Banner-Footer-Castle-1-scaled.jpg\",\"contentUrl\":\"https:\\\/\\\/shrimataji.org\\\/test\\\/wp-content\\\/uploads\\\/2023\\\/03\\\/Banner-Footer-Castle-1-scaled.jpg\",\"width\":2560,\"height\":905},{\"@type\":\"BreadcrumbList\",\"@id\":\"https:\\\/\\\/shrimataji.org\\\/test\\\/tr\\\/sartlar\\\/#breadcrumb\",\"itemListElement\":[{\"@type\":\"ListItem\",\"position\":1,\"name\":\"Home\",\"item\":\"https:\\\/\\\/shrimataji.org\\\/test\\\/uk\\\/home-en\\\/\"},{\"@type\":\"ListItem\",\"position\":2,\"name\":\"\u015eartlar\"}]},{\"@type\":\"WebSite\",\"@id\":\"https:\\\/\\\/shrimataji.org\\\/test\\\/#website\",\"url\":\"https:\\\/\\\/shrimataji.org\\\/test\\\/\",\"name\":\"Shri Mataji Nirmala Devi\",\"description\":\"A Life Dedicated to Humanity\",\"publisher\":{\"@id\":\"https:\\\/\\\/shrimataji.org\\\/test\\\/#\\\/schema\\\/person\\\/a1b3419c6585f164aa96da1ff85715d1\"},\"potentialAction\":[{\"@type\":\"SearchAction\",\"target\":{\"@type\":\"EntryPoint\",\"urlTemplate\":\"https:\\\/\\\/shrimataji.org\\\/test\\\/?s={search_term_string}\"},\"query-input\":{\"@type\":\"PropertyValueSpecification\",\"valueRequired\":true,\"valueName\":\"search_term_string\"}}],\"inLanguage\":\"en-US\"},{\"@type\":[\"Person\",\"Organization\"],\"@id\":\"https:\\\/\\\/shrimataji.org\\\/test\\\/#\\\/schema\\\/person\\\/a1b3419c6585f164aa96da1ff85715d1\",\"name\":\"Nirmala Shrivastava\",\"image\":{\"@type\":\"ImageObject\",\"inLanguage\":\"en-US\",\"@id\":\"https:\\\/\\\/shrimataji.org\\\/test\\\/wp-content\\\/uploads\\\/2023\\\/02\\\/SMO_LOGO-03.svg\",\"url\":\"https:\\\/\\\/shrimataji.org\\\/test\\\/wp-content\\\/uploads\\\/2023\\\/02\\\/SMO_LOGO-03.svg\",\"contentUrl\":\"https:\\\/\\\/shrimataji.org\\\/test\\\/wp-content\\\/uploads\\\/2023\\\/02\\\/SMO_LOGO-03.svg\",\"width\":\"1024\",\"height\":\"1024\",\"caption\":\"Nirmala Shrivastava\"},\"logo\":{\"@id\":\"https:\\\/\\\/shrimataji.org\\\/test\\\/wp-content\\\/uploads\\\/2023\\\/02\\\/SMO_LOGO-03.svg\"},\"sameAs\":[\"https:\\\/\\\/shrimataji.org\\\/test\",\"https:\\\/\\\/www.facebook.com\\\/shrimataji\",\"https:\\\/\\\/x.com\\\/shrimataji\",\"https:\\\/\\\/www.youtube.com\\\/@Shri_Mataji_Nirmala_Devi\\\/featured\"]}]}<\/script>\n<!-- \/ Yoast SEO plugin. -->","yoast_head_json":{"title":"\u015eartlar - TEST - SMND","robots":{"index":"noindex","follow":"follow","max-snippet":"max-snippet:-1","max-image-preview":"max-image-preview:large","max-video-preview":"max-video-preview:-1"},"og_locale":"en_US","og_type":"article","og_title":"\u015eartlar - TEST - SMND","og_description":"Genel \u015eartlar Bu sitedeki t\u00fcm editoryal i\u00e7erik ve grafikler, Avrupa Birli\u011fi telif haklar\u0131 ve uluslararas\u0131 anla\u015fmalar \u00e7er\u00e7evesinde korunmaktad\u0131r ve siteye ait t\u00fcm haklar\u0131n\u0131 sakl\u0131 tutan Shri Mataji Nirmala Devi Sahaja Yoga World Foundation&#8217;\u0131n a\u00e7\u0131k izni olmadan kopyalanamaz. Shri Mataji Nirmala Devi Sahaja Yoga World Foundation&#8217;a ait herhangi bir i\u00e7erik ve grafiklerin, herhangi bir ama\u00e7la \u00e7evrimi\u00e7i&hellip; Read more","og_url":"https:\/\/shrimataji.org\/test\/tr\/sartlar\/","og_site_name":"TEST - SMND","article_publisher":"https:\/\/www.facebook.com\/shrimataji","article_modified_time":"2024-07-12T00:02:26+00:00","og_image":[{"width":2560,"height":905,"url":"https:\/\/shrimataji.org\/test\/wp-content\/uploads\/2023\/03\/Banner-Footer-Castle-1-scaled.jpg","type":"image\/jpeg"}],"twitter_card":"summary_large_image","twitter_site":"@shrimataji","twitter_misc":{"Est. reading time":"1 minute"},"schema":{"@context":"https:\/\/schema.org","@graph":[{"@type":"WebPage","@id":"https:\/\/shrimataji.org\/test\/tr\/sartlar\/","url":"https:\/\/shrimataji.org\/test\/tr\/sartlar\/","name":"\u015eartlar - TEST - SMND","isPartOf":{"@id":"https:\/\/shrimataji.org\/test\/#website"},"primaryImageOfPage":{"@id":"https:\/\/shrimataji.org\/test\/tr\/sartlar\/#primaryimage"},"image":{"@id":"https:\/\/shrimataji.org\/test\/tr\/sartlar\/#primaryimage"},"thumbnailUrl":"https:\/\/shrimataji.org\/test\/wp-content\/uploads\/2023\/03\/Banner-Footer-Castle-1-scaled.jpg","datePublished":"2018-07-10T06:54:42+00:00","dateModified":"2024-07-12T00:02:26+00:00","breadcrumb":{"@id":"https:\/\/shrimataji.org\/test\/tr\/sartlar\/#breadcrumb"},"inLanguage":"en-US","potentialAction":[{"@type":"ReadAction","target":["https:\/\/shrimataji.org\/test\/tr\/sartlar\/"]}]},{"@type":"ImageObject","inLanguage":"en-US","@id":"https:\/\/shrimataji.org\/test\/tr\/sartlar\/#primaryimage","url":"https:\/\/shrimataji.org\/test\/wp-content\/uploads\/2023\/03\/Banner-Footer-Castle-1-scaled.jpg","contentUrl":"https:\/\/shrimataji.org\/test\/wp-content\/uploads\/2023\/03\/Banner-Footer-Castle-1-scaled.jpg","width":2560,"height":905},{"@type":"BreadcrumbList","@id":"https:\/\/shrimataji.org\/test\/tr\/sartlar\/#breadcrumb","itemListElement":[{"@type":"ListItem","position":1,"name":"Home","item":"https:\/\/shrimataji.org\/test\/uk\/home-en\/"},{"@type":"ListItem","position":2,"name":"\u015eartlar"}]},{"@type":"WebSite","@id":"https:\/\/shrimataji.org\/test\/#website","url":"https:\/\/shrimataji.org\/test\/","name":"Shri Mataji Nirmala Devi","description":"A Life Dedicated to Humanity","publisher":{"@id":"https:\/\/shrimataji.org\/test\/#\/schema\/person\/a1b3419c6585f164aa96da1ff85715d1"},"potentialAction":[{"@type":"SearchAction","target":{"@type":"EntryPoint","urlTemplate":"https:\/\/shrimataji.org\/test\/?s={search_term_string}"},"query-input":{"@type":"PropertyValueSpecification","valueRequired":true,"valueName":"search_term_string"}}],"inLanguage":"en-US"},{"@type":["Person","Organization"],"@id":"https:\/\/shrimataji.org\/test\/#\/schema\/person\/a1b3419c6585f164aa96da1ff85715d1","name":"Nirmala Shrivastava","image":{"@type":"ImageObject","inLanguage":"en-US","@id":"https:\/\/shrimataji.org\/test\/wp-content\/uploads\/2023\/02\/SMO_LOGO-03.svg","url":"https:\/\/shrimataji.org\/test\/wp-content\/uploads\/2023\/02\/SMO_LOGO-03.svg","contentUrl":"https:\/\/shrimataji.org\/test\/wp-content\/uploads\/2023\/02\/SMO_LOGO-03.svg","width":"1024","height":"1024","caption":"Nirmala Shrivastava"},"logo":{"@id":"https:\/\/shrimataji.org\/test\/wp-content\/uploads\/2023\/02\/SMO_LOGO-03.svg"},"sameAs":["https:\/\/shrimataji.org\/test","https:\/\/www.facebook.com\/shrimataji","https:\/\/x.com\/shrimataji","https:\/\/www.youtube.com\/@Shri_Mataji_Nirmala_Devi\/featured"]}]}},"lang":"tr","translations":{"tr":10218,"en":396,"am":18089,"th":20079,"hu":19578,"ar":16985,"sq":18490,"zh":17387,"pt":10426,"de":10700,"fr":10798,"it":10896,"es":10993,"ja":11291,"ru":11479,"bn":11670,"te":11778,"sw":11901,"he":12049,"el":12341,"fa":12537,"fi":12635,"bg":13471,"ro":14543,"cs":14736,"nl":16649,"ku":16809,"be":18697,"kn":18971,"mr":20443,"uk":20736,"ml":21031,"ta":22808,"sv":23077,"pa":29072,"fil":29526},"pll_sync_post":[],"_links":{"self":[{"href":"https:\/\/shrimataji.org\/test\/wp-json\/wp\/v2\/pages\/10218","targetHints":{"allow":["GET"]}}],"collection":[{"href":"https:\/\/shrimataji.org\/test\/wp-json\/wp\/v2\/pages"}],"about":[{"href":"https:\/\/shrimataji.org\/test\/wp-json\/wp\/v2\/types\/page"}],"author":[{"embeddable":true,"href":"https:\/\/shrimataji.org\/test\/wp-json\/wp\/v2\/users\/12"}],"replies":[{"embeddable":true,"href":"https:\/\/shrimataji.org\/test\/wp-json\/wp\/v2\/comments?post=10218"}],"version-history":[{"count":0,"href":"https:\/\/shrimataji.org\/test\/wp-json\/wp\/v2\/pages\/10218\/revisions"}],"wp:featuredmedia":[{"embeddable":true,"href":"https:\/\/shrimataji.org\/test\/wp-json\/wp\/v2\/media\/9552"}],"wp:attachment":[{"href":"https:\/\/shrimataji.org\/test\/wp-json\/wp\/v2\/media?parent=10218"}],"curies":[{"name":"wp","href":"https:\/\/api.w.org\/{rel}","templated":true}]}}