{"id":10223,"date":"2018-07-10T06:55:02","date_gmt":"2018-07-10T06:55:02","guid":{"rendered":"http:\/\/testwordpress.nirmalnagari.org\/smnd\/index.php\/the-international-day-of-yoga\/"},"modified":"2024-07-12T00:02:28","modified_gmt":"2024-07-12T00:02:28","slug":"uluslararasi-yoga-gunu","status":"publish","type":"page","link":"https:\/\/shrimataji.org\/test\/tr\/uluslararasi-yoga-gunu\/","title":{"rendered":"Uluslararas\u0131 Yoga G\u00fcn\u00fc"},"content":{"rendered":"\n\n\t<h1>Uluslararas\u0131 Yoga G\u00fcn\u00fc<\/h1>\n<h2>Bas\u0131n B\u00fclteni, Milan, 21 Haziran 2015 Cuma<\/h2>\n<p>Sahaja Yoga, Uluslararas\u0131 Yoga G\u00fcn\u00fcn\u00fc bu kadim sanat\u0131 ger\u00e7ek anlam\u0131yla selamlamaktad\u0131r.<\/p>\n<p>Bug\u00fcn, kadim yoga sanat\u0131n\u0131n bu kutlamas\u0131, d\u00fcnyan\u0131n b\u00fcy\u00fcyen bir karga\u015fa ve belirsizlikle kar\u015f\u0131 kar\u015f\u0131ya oldu\u011fu bir zamanda ger\u00e7ekle\u015fiyor. Devam eden ekonomik kriz, ekolojik sorunlar ve n\u00fcfus bask\u0131s\u0131, d\u00fcnyan\u0131n bir\u00e7ok yerinde derin bir rahats\u0131zl\u0131k d\u00f6nemi ya\u015fanmas\u0131na yol a\u00e7t\u0131 ve i\u015fte bu y\u00fczden bir\u00e7ok ki\u015fi, bir anlam bulmaya \u00e7al\u0131\u015fmak i\u00e7in atalar\u0131m\u0131z\u0131n ruhani k\u00f6klerine d\u00f6nmeyi gerekli g\u00f6rd\u00fcler.<\/p>\n<p>Ger\u00e7ek, hakiki yoga, birka\u00e7 mantran\u0131n ve kimi fiziksel e\u011filip b\u00fck\u00fclmelerin \u00e7ok \u00f6tesine ge\u00e7er ve bireyin alg\u0131s\u0131nda k\u00f6kl\u00fc bir de\u011fi\u015fim meydana getirir. Bilincin ger\u00e7ek bir uyan\u0131\u015f\u0131, Sahaja Yoga uygulanmas\u0131ndan daha g\u00fc\u00e7l\u00fc bir \u015fekilde hi\u00e7bir yerde hissedilmemi\u015ftir. Bu e\u015fsiz meditasyon, 1970 y\u0131l\u0131nda Birle\u015fmi\u015f Milletler Bar\u0131\u015f Madalyas\u0131 ve Nobel Bar\u0131\u015f \u00d6d\u00fcl\u00fc&#8217;ne aday g\u00f6sterilmi\u015f olan ve ya\u015fam\u0131n\u0131 ayd\u0131nlanm\u0131\u015f bilginin g\u00fcc\u00fcn\u00fc bu d\u00fcnyaya yaymaya adam\u0131\u015f olan Shri Mataji Nirmala Devi (<a href=\"http:\/\/www.shrimataji.org\/tr\">www.shrimataji.org<\/a>) taraf\u0131ndan d\u00fcnyaya tan\u0131t\u0131lm\u0131\u015ft\u0131r.<\/p>\n<p>Di\u011fer uygulamalardan farkl\u0131 olarak, Sahaja Yoga kitaplar veya pahal\u0131 kurslar yerine, meditasyonun kendisine odaklan\u0131r. Nas\u0131l meditasyon yap\u0131laca\u011f\u0131n\u0131n esaslar\u0131n\u0131 \u00f6\u011frenip, d\u00fc\u015f\u00fcncesiz fark\u0131ndal\u0131\u011fa ula\u015ft\u0131ktan sonra, bunu uygulayan her ki\u015fi fiziksel, zihinsel ve duygusal mutlulu\u011fun geldi\u011fi meditasyon sayesinde, ki\u015fisel bir ke\u015fif yolculu\u011funa ba\u015flar. Bunda testler, zaman \u00e7izelgeleri ve ak\u0131lda kalan pazarlama sloganlar\u0131 yoktur, bunun yerine sadece meditasyon ve onun sa\u011flad\u0131\u011f\u0131 derin bir i\u00e7 sessizlik vard\u0131r.<\/p>\n<p>D\u00fcnyan\u0131n her yerinde Sahaja Yoga yapan on binlerce ki\u015fi, yoga sayesinde kendilerinin kolektif bilince ba\u011flanmalar\u0131ndan kaynaklanan i\u00e7 huzuruna ula\u015ft\u0131lar ve kendilerini bulmalar\u0131, her g\u00fcn sadece bir ka\u00e7 dakikal\u0131k meditasyon sayesinde kendilerini nas\u0131l de\u011fi\u015ftirebileceklerini ke\u015ffetmek i\u00e7in binlerce ki\u015fi, 126 \u00fclkede devam eden haftal\u0131k \u00fccretsiz derslerden birine kat\u0131ld\u0131. Dersler i\u00e7in hi\u00e7bir \u00fccret talep edilmezken, meditasyon yapan her ki\u015fi bu derin deneyimi, kendi h\u0131z\u0131na uygun bir \u015fekilde ke\u015ffetmeye te\u015fvik edilir.<\/p>\n<p>Ger\u00e7ek yoga, sadece bireylerin ya\u015famlar\u0131n\u0131 de\u011fil, toplumlar\u0131n hepsinin ya\u015fam\u0131n\u0131 de\u011fi\u015ftirme g\u00fcc\u00fcne sahiptir ve hi\u00e7bir \u015fey, d\u00fcnyan\u0131n muhta\u00e7 b\u00f6lgelerine yard\u0131m eden Sahaja Yoga programlar\u0131ndan daha etkili de\u011fildir. Kuzey Hindistan&#8217;\u0131n fakir tar\u0131m b\u00f6lgelerinden, Orta Do\u011fu&#8217;nun sava\u015ftan zarar g\u00f6rm\u00fc\u015f m\u00fclteci kamplar\u0131na varana dek, oralarda bir fark yaratmak, travma ge\u00e7irmi\u015f ya\u015famlara huzur ve iyile\u015fme getirmek i\u00e7in \u00e7aba g\u00f6steren Sahaja Yoga meditasyon programlar\u0131n\u0131 her yerde g\u00f6receksiniz. Shri Mataji&#8217;nin \u00e7al\u0131\u015fmas\u0131 ve vizyonu olan, ger\u00e7ek sevgiyi ve insanl\u0131\u011f\u0131 geri kazanma \u00e7abas\u0131, ruhaniyete ihtiya\u00e7 duyulan her yerde devam etmektedir.<\/p>\n<p>Sahaja Yoga programlar\u0131 ve d\u00fcnyan\u0131n \u00e7e\u015fitli yerlerindeki Sahaja Yoga organizasyonlar\u0131n\u0131n \u00e7al\u0131\u015fmalar\u0131 hakk\u0131nda daha fazla bilgi i\u00e7in l\u00fctfen sahajayoga.org adresini ziyaret ediniz. \u0130talya&#8217;n\u0131n, Milan \u015fehrinde yap\u0131lan EXPO 2015 kutlamalar\u0131n\u0131 ziyaret edenler, Hindistan Basmati stand\u0131nda daha fazla bilgi edinebilir veya Uluslararas\u0131 Yoga G\u00fcn\u00fc 2015&#8217;i kutlamak \u00fczere, online tan\u0131t\u0131m semineri i\u00e7in live.sahajayoga.it adresini ziyaret edebilirler.<\/p>\n\n","protected":false},"excerpt":{"rendered":"<p>Uluslararas\u0131 Yoga G\u00fcn\u00fc Bas\u0131n B\u00fclteni, Milan, 21 Haziran 2015 Cuma Sahaja Yoga, Uluslararas\u0131 Yoga G\u00fcn\u00fcn\u00fc bu kadim sanat\u0131 ger\u00e7ek anlam\u0131yla selamlamaktad\u0131r. Bug\u00fcn, kadim yoga sanat\u0131n\u0131n bu kutlamas\u0131, d\u00fcnyan\u0131n b\u00fcy\u00fcyen bir karga\u015fa ve belirsizlikle kar\u015f\u0131 kar\u015f\u0131ya oldu\u011fu bir zamanda ger\u00e7ekle\u015fiyor. Devam eden ekonomik kriz, ekolojik sorunlar ve n\u00fcfus bask\u0131s\u0131, d\u00fcnyan\u0131n bir\u00e7ok yerinde derin bir rahats\u0131zl\u0131k d\u00f6nemi&hellip; <br \/> <a class=\"read-more\" href=\"https:\/\/shrimataji.org\/test\/tr\/uluslararasi-yoga-gunu\/\">Read more<\/a><\/p>\n","protected":false},"author":12,"featured_media":0,"parent":0,"menu_order":0,"comment_status":"closed","ping_status":"closed","template":"","meta":{"inline_featured_image":false,"footnotes":""},"class_list":["post-10223","page","type-page","status-publish","hentry"],"yoast_head":"<!-- This site is optimized with the Yoast SEO plugin v27.4 - https:\/\/yoast.com\/product\/yoast-seo-wordpress\/ -->\n<title>Uluslararas\u0131 Yoga G\u00fcn\u00fc - TEST - SMND<\/title>\n<meta name=\"robots\" content=\"noindex, follow, max-snippet:-1, max-image-preview:large, max-video-preview:-1\" \/>\n<meta property=\"og:locale\" content=\"en_US\" \/>\n<meta property=\"og:type\" content=\"article\" \/>\n<meta property=\"og:title\" content=\"Uluslararas\u0131 Yoga G\u00fcn\u00fc - TEST - SMND\" \/>\n<meta property=\"og:description\" content=\"Uluslararas\u0131 Yoga G\u00fcn\u00fc Bas\u0131n B\u00fclteni, Milan, 21 Haziran 2015 Cuma Sahaja Yoga, Uluslararas\u0131 Yoga G\u00fcn\u00fcn\u00fc bu kadim sanat\u0131 ger\u00e7ek anlam\u0131yla selamlamaktad\u0131r. Bug\u00fcn, kadim yoga sanat\u0131n\u0131n bu kutlamas\u0131, d\u00fcnyan\u0131n b\u00fcy\u00fcyen bir karga\u015fa ve belirsizlikle kar\u015f\u0131 kar\u015f\u0131ya oldu\u011fu bir zamanda ger\u00e7ekle\u015fiyor. Devam eden ekonomik kriz, ekolojik sorunlar ve n\u00fcfus bask\u0131s\u0131, d\u00fcnyan\u0131n bir\u00e7ok yerinde derin bir rahats\u0131zl\u0131k d\u00f6nemi&hellip; Read more\" \/>\n<meta property=\"og:url\" content=\"https:\/\/shrimataji.org\/test\/tr\/uluslararasi-yoga-gunu\/\" \/>\n<meta property=\"og:site_name\" content=\"TEST - SMND\" \/>\n<meta property=\"article:publisher\" content=\"https:\/\/www.facebook.com\/shrimataji\" \/>\n<meta property=\"article:modified_time\" content=\"2024-07-12T00:02:28+00:00\" \/>\n<meta property=\"og:image\" content=\"https:\/\/shrimataji.org\/test\/wp-content\/uploads\/2018\/07\/fp11-e1588597806347.jpg\" \/>\n\t<meta property=\"og:image:width\" content=\"707\" \/>\n\t<meta property=\"og:image:height\" content=\"700\" \/>\n\t<meta property=\"og:image:type\" content=\"image\/jpeg\" \/>\n<meta name=\"twitter:card\" content=\"summary_large_image\" \/>\n<meta name=\"twitter:site\" content=\"@shrimataji\" \/>\n<meta name=\"twitter:label1\" content=\"Est. reading time\" \/>\n\t<meta name=\"twitter:data1\" content=\"3 minutes\" \/>\n<script type=\"application\/ld+json\" class=\"yoast-schema-graph\">{\"@context\":\"https:\\\/\\\/schema.org\",\"@graph\":[{\"@type\":\"WebPage\",\"@id\":\"https:\\\/\\\/shrimataji.org\\\/test\\\/tr\\\/uluslararasi-yoga-gunu\\\/\",\"url\":\"https:\\\/\\\/shrimataji.org\\\/test\\\/tr\\\/uluslararasi-yoga-gunu\\\/\",\"name\":\"Uluslararas\u0131 Yoga G\u00fcn\u00fc - TEST - SMND\",\"isPartOf\":{\"@id\":\"https:\\\/\\\/shrimataji.org\\\/test\\\/#website\"},\"datePublished\":\"2018-07-10T06:55:02+00:00\",\"dateModified\":\"2024-07-12T00:02:28+00:00\",\"breadcrumb\":{\"@id\":\"https:\\\/\\\/shrimataji.org\\\/test\\\/tr\\\/uluslararasi-yoga-gunu\\\/#breadcrumb\"},\"inLanguage\":\"en-US\",\"potentialAction\":[{\"@type\":\"ReadAction\",\"target\":[\"https:\\\/\\\/shrimataji.org\\\/test\\\/tr\\\/uluslararasi-yoga-gunu\\\/\"]}]},{\"@type\":\"BreadcrumbList\",\"@id\":\"https:\\\/\\\/shrimataji.org\\\/test\\\/tr\\\/uluslararasi-yoga-gunu\\\/#breadcrumb\",\"itemListElement\":[{\"@type\":\"ListItem\",\"position\":1,\"name\":\"Home\",\"item\":\"https:\\\/\\\/shrimataji.org\\\/test\\\/uk\\\/home-en\\\/\"},{\"@type\":\"ListItem\",\"position\":2,\"name\":\"Uluslararas\u0131 Yoga G\u00fcn\u00fc\"}]},{\"@type\":\"WebSite\",\"@id\":\"https:\\\/\\\/shrimataji.org\\\/test\\\/#website\",\"url\":\"https:\\\/\\\/shrimataji.org\\\/test\\\/\",\"name\":\"Shri Mataji Nirmala Devi\",\"description\":\"A Life Dedicated to Humanity\",\"publisher\":{\"@id\":\"https:\\\/\\\/shrimataji.org\\\/test\\\/#\\\/schema\\\/person\\\/a1b3419c6585f164aa96da1ff85715d1\"},\"potentialAction\":[{\"@type\":\"SearchAction\",\"target\":{\"@type\":\"EntryPoint\",\"urlTemplate\":\"https:\\\/\\\/shrimataji.org\\\/test\\\/?s={search_term_string}\"},\"query-input\":{\"@type\":\"PropertyValueSpecification\",\"valueRequired\":true,\"valueName\":\"search_term_string\"}}],\"inLanguage\":\"en-US\"},{\"@type\":[\"Person\",\"Organization\"],\"@id\":\"https:\\\/\\\/shrimataji.org\\\/test\\\/#\\\/schema\\\/person\\\/a1b3419c6585f164aa96da1ff85715d1\",\"name\":\"Nirmala Shrivastava\",\"image\":{\"@type\":\"ImageObject\",\"inLanguage\":\"en-US\",\"@id\":\"https:\\\/\\\/shrimataji.org\\\/test\\\/wp-content\\\/uploads\\\/2023\\\/02\\\/SMO_LOGO-03.svg\",\"url\":\"https:\\\/\\\/shrimataji.org\\\/test\\\/wp-content\\\/uploads\\\/2023\\\/02\\\/SMO_LOGO-03.svg\",\"contentUrl\":\"https:\\\/\\\/shrimataji.org\\\/test\\\/wp-content\\\/uploads\\\/2023\\\/02\\\/SMO_LOGO-03.svg\",\"width\":\"1024\",\"height\":\"1024\",\"caption\":\"Nirmala Shrivastava\"},\"logo\":{\"@id\":\"https:\\\/\\\/shrimataji.org\\\/test\\\/wp-content\\\/uploads\\\/2023\\\/02\\\/SMO_LOGO-03.svg\"},\"sameAs\":[\"https:\\\/\\\/shrimataji.org\\\/test\",\"https:\\\/\\\/www.facebook.com\\\/shrimataji\",\"https:\\\/\\\/x.com\\\/shrimataji\",\"https:\\\/\\\/www.youtube.com\\\/@Shri_Mataji_Nirmala_Devi\\\/featured\"]}]}<\/script>\n<!-- \/ Yoast SEO plugin. -->","yoast_head_json":{"title":"Uluslararas\u0131 Yoga G\u00fcn\u00fc - TEST - SMND","robots":{"index":"noindex","follow":"follow","max-snippet":"max-snippet:-1","max-image-preview":"max-image-preview:large","max-video-preview":"max-video-preview:-1"},"og_locale":"en_US","og_type":"article","og_title":"Uluslararas\u0131 Yoga G\u00fcn\u00fc - TEST - SMND","og_description":"Uluslararas\u0131 Yoga G\u00fcn\u00fc Bas\u0131n B\u00fclteni, Milan, 21 Haziran 2015 Cuma Sahaja Yoga, Uluslararas\u0131 Yoga G\u00fcn\u00fcn\u00fc bu kadim sanat\u0131 ger\u00e7ek anlam\u0131yla selamlamaktad\u0131r. Bug\u00fcn, kadim yoga sanat\u0131n\u0131n bu kutlamas\u0131, d\u00fcnyan\u0131n b\u00fcy\u00fcyen bir karga\u015fa ve belirsizlikle kar\u015f\u0131 kar\u015f\u0131ya oldu\u011fu bir zamanda ger\u00e7ekle\u015fiyor. Devam eden ekonomik kriz, ekolojik sorunlar ve n\u00fcfus bask\u0131s\u0131, d\u00fcnyan\u0131n bir\u00e7ok yerinde derin bir rahats\u0131zl\u0131k d\u00f6nemi&hellip; Read more","og_url":"https:\/\/shrimataji.org\/test\/tr\/uluslararasi-yoga-gunu\/","og_site_name":"TEST - SMND","article_publisher":"https:\/\/www.facebook.com\/shrimataji","article_modified_time":"2024-07-12T00:02:28+00:00","og_image":[{"width":707,"height":700,"url":"https:\/\/shrimataji.org\/test\/wp-content\/uploads\/2018\/07\/fp11-e1588597806347.jpg","type":"image\/jpeg"}],"twitter_card":"summary_large_image","twitter_site":"@shrimataji","twitter_misc":{"Est. reading time":"3 minutes"},"schema":{"@context":"https:\/\/schema.org","@graph":[{"@type":"WebPage","@id":"https:\/\/shrimataji.org\/test\/tr\/uluslararasi-yoga-gunu\/","url":"https:\/\/shrimataji.org\/test\/tr\/uluslararasi-yoga-gunu\/","name":"Uluslararas\u0131 Yoga G\u00fcn\u00fc - TEST - SMND","isPartOf":{"@id":"https:\/\/shrimataji.org\/test\/#website"},"datePublished":"2018-07-10T06:55:02+00:00","dateModified":"2024-07-12T00:02:28+00:00","breadcrumb":{"@id":"https:\/\/shrimataji.org\/test\/tr\/uluslararasi-yoga-gunu\/#breadcrumb"},"inLanguage":"en-US","potentialAction":[{"@type":"ReadAction","target":["https:\/\/shrimataji.org\/test\/tr\/uluslararasi-yoga-gunu\/"]}]},{"@type":"BreadcrumbList","@id":"https:\/\/shrimataji.org\/test\/tr\/uluslararasi-yoga-gunu\/#breadcrumb","itemListElement":[{"@type":"ListItem","position":1,"name":"Home","item":"https:\/\/shrimataji.org\/test\/uk\/home-en\/"},{"@type":"ListItem","position":2,"name":"Uluslararas\u0131 Yoga G\u00fcn\u00fc"}]},{"@type":"WebSite","@id":"https:\/\/shrimataji.org\/test\/#website","url":"https:\/\/shrimataji.org\/test\/","name":"Shri Mataji Nirmala Devi","description":"A Life Dedicated to Humanity","publisher":{"@id":"https:\/\/shrimataji.org\/test\/#\/schema\/person\/a1b3419c6585f164aa96da1ff85715d1"},"potentialAction":[{"@type":"SearchAction","target":{"@type":"EntryPoint","urlTemplate":"https:\/\/shrimataji.org\/test\/?s={search_term_string}"},"query-input":{"@type":"PropertyValueSpecification","valueRequired":true,"valueName":"search_term_string"}}],"inLanguage":"en-US"},{"@type":["Person","Organization"],"@id":"https:\/\/shrimataji.org\/test\/#\/schema\/person\/a1b3419c6585f164aa96da1ff85715d1","name":"Nirmala Shrivastava","image":{"@type":"ImageObject","inLanguage":"en-US","@id":"https:\/\/shrimataji.org\/test\/wp-content\/uploads\/2023\/02\/SMO_LOGO-03.svg","url":"https:\/\/shrimataji.org\/test\/wp-content\/uploads\/2023\/02\/SMO_LOGO-03.svg","contentUrl":"https:\/\/shrimataji.org\/test\/wp-content\/uploads\/2023\/02\/SMO_LOGO-03.svg","width":"1024","height":"1024","caption":"Nirmala Shrivastava"},"logo":{"@id":"https:\/\/shrimataji.org\/test\/wp-content\/uploads\/2023\/02\/SMO_LOGO-03.svg"},"sameAs":["https:\/\/shrimataji.org\/test","https:\/\/www.facebook.com\/shrimataji","https:\/\/x.com\/shrimataji","https:\/\/www.youtube.com\/@Shri_Mataji_Nirmala_Devi\/featured"]}]}},"lang":"tr","translations":{"tr":10223,"en":505,"am":18098,"th":20093,"hu":19591,"ar":16994,"sq":18499,"zh":17396,"pt":10431,"de":10705,"fr":10803,"it":10901,"es":10998,"ja":11296,"ru":11484,"bn":11675,"te":11783,"sw":11906,"he":12054,"el":12346,"sk":12444,"fa":12542,"fi":12640,"bg":13432,"ro":14506,"cs":14699,"nl":16658,"ku":16818,"be":18706,"kn":18980,"uk":20750,"ml":21045,"ta":22817,"sv":23086,"gu":28921,"pa":29081,"fil":29535},"pll_sync_post":[],"_links":{"self":[{"href":"https:\/\/shrimataji.org\/test\/wp-json\/wp\/v2\/pages\/10223","targetHints":{"allow":["GET"]}}],"collection":[{"href":"https:\/\/shrimataji.org\/test\/wp-json\/wp\/v2\/pages"}],"about":[{"href":"https:\/\/shrimataji.org\/test\/wp-json\/wp\/v2\/types\/page"}],"author":[{"embeddable":true,"href":"https:\/\/shrimataji.org\/test\/wp-json\/wp\/v2\/users\/12"}],"replies":[{"embeddable":true,"href":"https:\/\/shrimataji.org\/test\/wp-json\/wp\/v2\/comments?post=10223"}],"version-history":[{"count":0,"href":"https:\/\/shrimataji.org\/test\/wp-json\/wp\/v2\/pages\/10223\/revisions"}],"wp:attachment":[{"href":"https:\/\/shrimataji.org\/test\/wp-json\/wp\/v2\/media?parent=10223"}],"curies":[{"name":"wp","href":"https:\/\/api.w.org\/{rel}","templated":true}]}}