{"id":10244,"date":"2023-09-08T09:01:56","date_gmt":"2023-09-08T09:01:56","guid":{"rendered":"https:\/\/shrimataji.org\/test\/?page_id=10244"},"modified":"2024-04-27T01:23:19","modified_gmt":"2024-04-27T01:23:19","slug":"strona-glowna-pl","status":"publish","type":"page","link":"https:\/\/shrimataji.org\/test\/pl\/strona-glowna-pl\/","title":{"rendered":"Strona g\u0142\u00f3wna PL"},"content":{"rendered":"<div data-label=\"Content\" data-id=\"content--1\" data-export-id=\"content-12\" data-category=\"content\" class=\"content-12 content-section content-section-spacing\" id=\"content-1\" style=\"background-image: none\"><div class=\"gridContainer\"> <div class=\"row text-center\"><div class=\"section-title-col\" data-type=\"column\"><h1 class=\"\" style=\"margin-bottom: 16px\">\u015ari Matad\u017ai<\/h1> NIRMALA DEWI <h2 class=\"\">\u017bycie dedykowane ludzko\u015bci<\/h2><h4 class=\"\"><\/h4><h4 class=\"\" style=\"margin-bottom: 2rem;font-family: Montserrat-Medium;text-align: left\"><br> <span>\u015ari Matad\u017ai Nirmala Dewi po cichu zmieni\u0142a \u017cycia ludzi. Przez ponad czterdzie\u015bci lat podr\u00f3\u017cowa\u0142a, oferuj\u0105c wszystkim bezp\u0142atne wyk\u0142ady publiczne i do\u015bwiadczenie <a data-mce-href=\"self-realization\" href=\"https:\/\/shrimataji.org\/test\/self-realization\" target=\"_blank\" data-mce-selected=\"inline-boundary\" data-cp-link=\"1\" rel=\"noopener\">samorealizacji<\/a>, niezale\u017cnie od rasy, religii czy okoliczno\u015bci. Nie tylko umo\u017cliwi\u0142a ludziom przekazanie tego cennego do\u015bwiadczenia innym, ale nauczy\u0142a ich techniki medytacji niezb\u0119dnej do jej podtrzymania, znanej jako <a data-mce-href=\"sahaja-yoga\" href=\"https:\/\/shrimataji.org\/test\/sahaja-yoga\" target=\"_blank\" data-mce-selected=\"inline-boundary\" data-cp-link=\"1\" rel=\"noopener\">Sahad\u017aa Joga<\/a>.<\/span><\/h4><\/div> <\/div> <div class=\"row center-xs middle-xs\"> &lt;div  class=&quot;col-sm-9&quot; data-type=&quot;column&quot; <\/div>&gt; <\/div><\/div> <\/div><div data-label=\"Content\" data-id=\"content--2\" data-export-id=\"content-11\" data-category=\"content\" class=\"content-11 content-section content-section-spacing\" id=\"content-2\" style=\"background-image: none\"><div class=\"gridContainer\">  <div class=\"row center-xs middle-xs\"> <div class=\"col-sm-9\"> <div class=\"lightbox-video lightbox-video-tall dark-overlay shadow-large flexbox middle-xs center-xs\" data-type=\"group\" data-bg=\"image\"> <a data-fancybox=\"\" data-video-lightbox=\"true\" href=\"https:\/\/www.youtube.com\/embed\/j-2my7csT_c\" class=\"\"> <i data-cp-fa=\"true\" class=\"fa video-icon fa-play-circle-o color-white\"><\/i><\/a> <\/div><\/div> <\/div><\/div> <\/div><div data-label=\"Content\" data-id=\"content--3\" data-export-id=\"content-12\" data-category=\"content-12 content-section-spacing\" id=\"content-3\" style=\"background-image: none\"><div class=\"div  class=\"><div>  <p><span style=\"text-align: left\">\u015ari Matad\u017ai utrzymywa\u0142a, \u017ce w ka\u017cdym cz\u0142owieku tkwi wrodzony potencja\u0142 duchowy i mo\u017cna go spontanicznie obudzi\u0107. Podkre\u015bli\u0142a, \u017ce tego przebudzenia, okre\u015blanego jako samorealizacja, nie da si\u0119 kupi\u0107. Pieni\u0105dze nigdy nie zosta\u0142y ani nie zostan\u0105 pobrane za do\u015bwiadczenie samorealizacji ani za nauczanie <a data-mce-href=\"sahaja-yoga-meditation-2\/\" href=\"https:\/\/shrimataji.org\/test\/sahaja-yoga-meditation-2\" target=\"_blank\" data-mce-selected=\"inline-boundary\" data-cp-link=\"1\" rel=\"noopener\">medytacji Sahad\u017aa Jogi. <\/a>\n<\/span><span style=\"text-align: left\">\n<br>\n<br>Wewn\u0119trzna r\u00f3wnowaga i redukcja stresu, kt\u00f3ra towarzyszy praktyce medytacji Sahad\u017aa Jogi, przynios\u0142a ju\u017c korzy\u015bci setkom tysi\u0119cy na ca\u0142ym \u015bwiecie. Umiej\u0119tno\u015b\u0107 szybkiego i \u0142atwego aktywowania naszej wrodzonej, duchowej energii \u2013 i do\u015bwiadczania jej korzy\u015bci \u2013<span style=\"font-weight: 400\"><\/span> r\u00f3\u017cni Sahaja Yoga od innych form medytacji. Dzi\u0119ki praktyce jednostki s\u0105 w stanie kierowa\u0107 w\u0142asn\u0105 energi\u0105 i korygowa\u0107 zaburzenia r\u00f3wnowagi psychicznej, fizycznej i emocjonalnej, aby osi\u0105gn\u0105\u0107 stan dobrego samopoczucia, spokoju i spe\u0142nienia.<\/span> <br style=\"text-align: left\"><br style=\"text-align: left\"><span style=\"text-align: left\">Opr\u00f3cz Sahaja Yoga, kt\u00f3ra jest obecnie za\u0142o\u017cona w ponad 100 krajach, Shri Mataji za\u0142o\u017cy\u0142a pozarz\u0105dow\u0105 organizacj\u0119 dla ubogich kobiet i dzieci, kilka mi\u0119dzynarodowych szk\u00f3\u0142 ucz\u0105cych holistycznego programu nauczania, przychodnie oferuj\u0105ce leczenie za pomoc\u0105 technik medytacji Sahaja Yoga oraz akademi\u0119 sztuki, aby o\u017cywi\u0107 klasyczne umiej\u0119tno\u015bci ta\u0144ca, muzyki i malarstwa.<\/span><\/p><\/div> <\/div> <div class=\"row center-xs middle-xs\"> &lt;div  class=&quot;col-sm-9&quot; data-type=&quot;column&quot; <\/div>&gt; <\/div><\/div> <\/div><div data-label=\"About\" data-id=\"about--1\" data-export-id=\"about-image-text\" data-category=\"about\" class=\"about-image-text content-section content-section-spacing\" id=\"about-1\" style=\"background-image: none\"><div class=\"gridContainer\"> <div class=\"row\"><div class=\"col-sm-6 flexbox-strech center-xs middle-xs no-gutter-col\"> <div class=\"shadow-large overlap-right-large flexbox middle-xs center-xs left-img\" data-bg=\"image\"><\/div><\/div> <div class=\"col-sm-6 space-bottom-xs col-padding-small-xs col-sm-padding-large bg-color5 white-text content-col\" data-type=\"column\">  <h1 class=\"\" style=\"text-align: center\">SAHAJA JOGA<\/h1><h2 class=\"\" style=\"text-align: center\">JEJ WYJ\u0104TKOWE ODKRYCIE<\/h2><p class=\"lead\" style=\"text-align: center\">od\n<br>WEWN\u0118TRZNEJ TRANSFORMACJI\n<br>do\n<br>GLOBALNEJ TRANSFORMACJI\n<\/p><h4 class=\"\" style=\"text-align: center\"><a data-mce-href=\"sahaja-yoga\" href=\"https:\/\/shrimataji.org\/test\/sahaja-yoga\" target=\"_self\" data-mce-selected=\"inline-boundary\" data-cp-link=\"1\" rel=\"noopener\"> dowiedz si\u0119 wi\u0119cej &gt;&gt;<\/a><\/h4><\/div> <\/div><\/div> <\/div><div data-label=\"Content\" data-id=\"content--5\" data-export-id=\"content-12\" data-category=\"content\" class=\"content-12 content-section content-section-spacing\" id=\"content-5\" style=\"background-image: none\"><div class=\"\"><div data-section-title-area=\"true\" class=\"row text-center\">   <div class=\"section-title-col\" data-type=\"column\">  <\/div><\/div>  <div class=\"row center-xs middle-xs\"> <div class=\"col-sm-9\" data-type=\"column\"><div data-editable=\"true\" data-name=\"ope-custom-content-shortcode\" data-content-shortcode=\"su_quote]Szczerze m\u00f3wi\u0105c, nie ma spokoju w ludziach ani bez niego. Biedni i bogaci s\u0105 nieszcz\u0119\u015bliwi. Wsz\u0119dzie ludzie szukaj\u0105 rozwi\u0105za\u0144. Na poziomie sztucznym intelektualista mo\u017ce rozwi\u0105za\u0107 pewne problemy dotycz\u0105ce rzeczy, kt\u00f3re widzimy wok\u00f3\u0142 nas w niebezpiecze\u0144stwie. Ale podczas gdy kilka problem\u00f3w mo\u017cna rozwi\u0105za\u0107 w ten spos\u00f3b, inne pojawiaj\u0105 si\u0119. Prawdziwe rozwi\u0105zanie nie le\u017cy w okoliczno\u015bciach materialnych poza istotami ludzkimi, ale wewn\u0105trz istot ludzkich, wewn\u0105trz samych istot ludzkich. Prawdziwe i trwa\u0142e rozwi\u0105zania w zakresie przedstawiania chor\u00f3b mo\u017cna znale\u017a\u0107 tylko poprzez wewn\u0119trzn\u0105, zbiorow\u0105 transformacj\u0119 cz\u0142owieka. To nie jest niemo\u017cliwe. W rzeczywisto\u015bci ju\u017c si\u0119 to wydarzy\u0142o.[\/su_quote\" class=\"\"><div class=\"su-quote su-quote-style-default\"><div class=\"su-quote-inner su-u-clearfix su-u-trim\"><\/div><\/div>Szczerze m\u00f3wi\u0105c, ani w ludziach, ani bez nich nie ma pokoju. Biedni i bogaci s\u0105 nieszcz\u0119\u015bliwi. Wsz\u0119dzie ludzie szukaj\u0105 rozwi\u0105za\u0144. Na poziomie sztucznym intelektualista mo\u017ce rozwi\u0105za\u0107 pewne problemy dotycz\u0105ce rzeczy, kt\u00f3re widzimy wok\u00f3\u0142 nas w niebezpiecze\u0144stwie. Ale podczas gdy kilka problem\u00f3w mo\u017cna rozwi\u0105za\u0107 w ten spos\u00f3b, inne pojawiaj\u0105 si\u0119. Prawdziwe rozwi\u0105zanie nie le\u017cy w okoliczno\u015bciach materialnych poza istotami ludzkimi, ale wewn\u0105trz istot ludzkich, wewn\u0105trz samych istot ludzkich. Prawdziwe i trwa\u0142e rozwi\u0105zania w zakresie przedstawiania chor\u00f3b mo\u017cna znale\u017a\u0107 tylko poprzez wewn\u0119trzn\u0105, zbiorow\u0105 transformacj\u0119 cz\u0142owieka. To nie jest niemo\u017cliwe. W rzeczywisto\u015bci to ju\u017c si\u0119 sta\u0142o.[\/su_quote<\/div>] <\/div> <\/div><\/div> <\/div><div data-label=\"Features\" data-id=\"features--1\" data-export-id=\"features-16\" data-category=\"features\" class=\"features-16 content-section content-section-spacing\" id=\"features-1\" style=\"background-image: none\"><div class=\"gridContainer\"> <div class=\"row text-center\"><div class=\"section-title-col\" data-type=\"column\">  <h1 class=\"\">FUNKCJE<\/h1><\/div> <\/div> <div class=\"row spaced-cols\" data-type=\"row\"> <div class=\"col-xs-12 col-sm-6 col-md-4 space-bottom\"> <img decoding=\"async\" class=\"face jetpack-lazy-image\" src=\"https:\/\/shrimataji.org\/test\/wp-content\/uploads\/2018\/11\/cropped-cropped-shri-mataji-nirmala-devi-clearing-technique-in-england-2.jpg\" title=\"cropped-cropped-shri-mataji-nirmala-devi-clearing-technique-in-england-2.jpg\" alt=\"\" data-lazy-src=\"https:\/\/shrimataji.org\/test\/wp-content\/uploads\/2018\/11\/cropped-cropped-shri-mataji-nirmala-devi-clearing-technique-in-england-2.jpg?is-pending-load=1\"> <div data-type=\"column\" class=\"col-padding-small col-padding-small-xs description-container\"> <h4 class=\"font-500\">Shri<\/h4> Mataji Shri Mataji od najm\u0142odszych lat anga\u017cowa\u0142a si\u0119 w otaczaj\u0105cy j\u0105 \u015bwiat. Podczas gdy jej rodzice byli aktywnie zaanga\u017cowani w walk\u0119 o niepodleg\u0142o\u015b\u0107 w Indiach, Shri Mataji, jako ma\u0142e dziecko, wzi\u0119\u0142a odpowiedzialno\u015b\u0107 za gospodarstwo domowe. Mahatma Gandhi, kt\u00f3rego a\u015bram cz\u0119sto odwiedza\u0142a w m\u0142odym wieku, rozpozna\u0142a w niej duchowe cudo<\/span><\/p>. <a class=\"read-more\" href=\"https:\/\/shrimataji.org\/test\/shrimataji\" target=\"_self\" data-cp-link=\"1\" rel=\"noopener\">dowiedz si\u0119<\/a><\/div> wi\u0119cej <\/div> <div class=\"col-xs-12 col-sm-6 col-md-4 space-bottom\"> <img decoding=\"async\" class=\"face jetpack-lazy-image\" src=\"https:\/\/shrimataji.org\/test\/wp-content\/uploads\/2018\/11\/cropped-shri-mataji-meeting-with-village-people-in-india-2-3.jpg\" title=\"cropped-shri-mataji-meeting-with-village-people-in-india-2-3.jpg\" alt=\"\" data-lazy-src=\"https:\/\/shrimataji.org\/test\/wp-content\/uploads\/2018\/11\/cropped-shri-mataji-meeting-with-village-people-in-india-2-3.jpg?is-pending-load=1\"> <div data-type=\"column\" class=\"col-padding-small col-padding-small-xs description-container\"> <h4 class=\"font-500\">Transformacja<\/h4> spo\u0142eczna <p class=\"\"><span>\u2026Uzna\u0142a, \u017ce wszystkie ludzkie problemy wynikaj\u0105 z nieznajomo\u015bci ich prawdziwego wewn\u0119trznego potencja\u0142u jako istot duchowych i \u017ce potencja\u0142 ten mo\u017cna \u0142atwo wykorzysta\u0107 poprzez samorealizacj\u0119. Wewn\u0119trzna transformacja, kt\u00f3ra jest kluczem do transformacji spo\u0142ecznej, pos\u0142u\u017cy\u0142a jako kamie\u0144 w\u0119gielny dla wszystkich globalnych organizacji pozarz\u0105dowych zainicjowanych przez Shri Mataji<\/span><\/p>. <a class=\"read-more\" href=\"https:\/\/shrimataji.org\/test\/societal-transformation\" target=\"_self\" data-cp-link=\"1\" rel=\"noopener\">dowiedz si\u0119<\/a><\/div> wi\u0119cej <\/div> <div class=\"col-xs-12 col-sm-6 col-md-4 space-bottom\"> <img decoding=\"async\" class=\"face jetpack-lazy-image\" src=\"https:\/\/shrimataji.org\/test\/wp-content\/uploads\/2018\/07\/cropped-fp02.jpg\" title=\"cropped-fp02.jpg\" alt=\"\" data-lazy-src=\"https:\/\/shrimataji.org\/test\/wp-content\/uploads\/2018\/07\/cropped-fp02.jpg?is-pending-load=1\"> <div data-type=\"column\" class=\"col-padding-small col-padding-small-xs description-container\"> <h4 class=\"font-500\">Jej programy<\/h4> publiczne <p class=\"\"><span>Nigdzie nie by\u0142o zbyt ma\u0142e ani zbyt odleg\u0142e, aby uzasadni\u0107 wizyt\u0119. Od podn\u00f3\u017ca Himalaj\u00f3w po pustkowia Australii; od Londynu po Stambu\u0142 i Los Angeles, Shri Mataji po\u015bwi\u0119ci\u0142a sw\u00f3j czas na dzielenie si\u0119 do\u015bwiadczeniem samorealizacji ze wszystkimi, kt\u00f3rzy tego pragn\u0119li\u2026<\/span><\/p>. <a class=\"read-more\" href=\"https:\/\/shrimataji.org\/test\/public-programs\" target=\"_self\" data-cp-link=\"1\" rel=\"noopener\">dowiedz si\u0119<\/a><\/div> wi\u0119cej <\/div><\/div> <\/div><\/div>","protected":false},"excerpt":{"rendered":"<p>\u015ari Matad\u017ai NIRMALA DEWI \u017bycie dedykowane ludzko\u015bci \u015ari Matad\u017ai Nirmala Dewi po cichu zmieni\u0142a \u017cycia ludzi. Przez ponad czterdzie\u015bci lat podr\u00f3\u017cowa\u0142a, oferuj\u0105c wszystkim bezp\u0142atne wyk\u0142ady publiczne i do\u015bwiadczenie samorealizacji, niezale\u017cnie od rasy, religii czy okoliczno\u015bci. Nie tylko umo\u017cliwi\u0142a ludziom przekazanie tego cennego do\u015bwiadczenia innym, ale nauczy\u0142a ich techniki medytacji niezb\u0119dnej do jej podtrzymania, znanej jako&hellip; <br \/> <a class=\"read-more\" href=\"https:\/\/shrimataji.org\/test\/pl\/strona-glowna-pl\/\">Read more<\/a><\/p>\n","protected":false},"author":17,"featured_media":276,"parent":0,"menu_order":0,"comment_status":"closed","ping_status":"closed","template":"page-templates\/homepage.php","meta":{"inline_featured_image":false,"footnotes":""},"class_list":["post-10244","page","type-page","status-publish","has-post-thumbnail","hentry"],"yoast_head":"<!-- This site is optimized with the Yoast SEO plugin v27.4 - https:\/\/yoast.com\/product\/yoast-seo-wordpress\/ -->\n<title>TEST - SMND<\/title>\n<meta name=\"description\" content=\"A Life Dedicated to Humanity\" \/>\n<meta name=\"robots\" content=\"noindex, follow, max-snippet:-1, max-image-preview:large, max-video-preview:-1\" \/>\n<meta property=\"og:locale\" content=\"en_US\" \/>\n<meta property=\"og:type\" content=\"article\" \/>\n<meta property=\"og:title\" content=\"Shri Mataji Nirmala Devi\" \/>\n<meta property=\"og:description\" content=\"A Life Dedicated to Humanity\" \/>\n<meta property=\"og:url\" content=\"https:\/\/shrimataji.org\/test\/pl\/strona-glowna-pl\/\" \/>\n<meta property=\"og:site_name\" content=\"TEST - SMND\" \/>\n<meta property=\"article:publisher\" content=\"https:\/\/www.facebook.com\/shrimataji\" \/>\n<meta property=\"article:modified_time\" content=\"2024-04-27T01:23:19+00:00\" \/>\n<meta property=\"og:image\" content=\"https:\/\/shrimataji.org\/test\/wp-content\/uploads\/2018\/07\/fp11-e1588597806347.jpg\" \/>\n<meta name=\"twitter:card\" content=\"summary_large_image\" \/>\n<meta name=\"twitter:title\" content=\"Shri Mataji Nirmala Devi\" \/>\n<meta name=\"twitter:description\" content=\"\u017bycie dedykowane ludzko\u015bci\" \/>\n<meta name=\"twitter:image\" content=\"https:\/\/shrimataji.org\/test\/wp-content\/uploads\/2018\/07\/fp11-e1588597806347.jpg\" \/>\n<meta name=\"twitter:site\" content=\"@shrimataji\" \/>\n<meta name=\"twitter:label1\" content=\"Est. reading time\" \/>\n\t<meta name=\"twitter:data1\" content=\"3 minutes\" \/>\n<script type=\"application\/ld+json\" class=\"yoast-schema-graph\">{\"@context\":\"https:\\\/\\\/schema.org\",\"@graph\":[{\"@type\":\"WebPage\",\"@id\":\"https:\\\/\\\/shrimataji.org\\\/test\\\/pl\\\/strona-glowna-pl\\\/\",\"url\":\"https:\\\/\\\/shrimataji.org\\\/test\\\/pl\\\/strona-glowna-pl\\\/\",\"name\":\"TEST - SMND\",\"isPartOf\":{\"@id\":\"https:\\\/\\\/shrimataji.org\\\/test\\\/#website\"},\"primaryImageOfPage\":{\"@id\":\"https:\\\/\\\/shrimataji.org\\\/test\\\/pl\\\/strona-glowna-pl\\\/#primaryimage\"},\"image\":{\"@id\":\"https:\\\/\\\/shrimataji.org\\\/test\\\/pl\\\/strona-glowna-pl\\\/#primaryimage\"},\"thumbnailUrl\":\"https:\\\/\\\/shrimataji.org\\\/test\\\/wp-content\\\/uploads\\\/2018\\\/07\\\/media_originals\\\/images\\\/shri-mataji-portraits\\\/shri-mataji-in-belgium-1984.jpg\",\"datePublished\":\"2023-09-08T09:01:56+00:00\",\"dateModified\":\"2024-04-27T01:23:19+00:00\",\"description\":\"A Life Dedicated to Humanity\",\"breadcrumb\":{\"@id\":\"https:\\\/\\\/shrimataji.org\\\/test\\\/pl\\\/strona-glowna-pl\\\/#breadcrumb\"},\"inLanguage\":\"en-US\",\"potentialAction\":[{\"@type\":\"ReadAction\",\"target\":[\"https:\\\/\\\/shrimataji.org\\\/test\\\/pl\\\/strona-glowna-pl\\\/\"]}]},{\"@type\":\"ImageObject\",\"inLanguage\":\"en-US\",\"@id\":\"https:\\\/\\\/shrimataji.org\\\/test\\\/pl\\\/strona-glowna-pl\\\/#primaryimage\",\"url\":\"https:\\\/\\\/shrimataji.org\\\/test\\\/wp-content\\\/uploads\\\/2018\\\/07\\\/media_originals\\\/images\\\/shri-mataji-portraits\\\/shri-mataji-in-belgium-1984.jpg\",\"contentUrl\":\"https:\\\/\\\/shrimataji.org\\\/test\\\/wp-content\\\/uploads\\\/2018\\\/07\\\/media_originals\\\/images\\\/shri-mataji-portraits\\\/shri-mataji-in-belgium-1984.jpg\",\"width\":1500,\"height\":975},{\"@type\":\"BreadcrumbList\",\"@id\":\"https:\\\/\\\/shrimataji.org\\\/test\\\/pl\\\/strona-glowna-pl\\\/#breadcrumb\",\"itemListElement\":[{\"@type\":\"ListItem\",\"position\":1,\"name\":\"Home\",\"item\":\"https:\\\/\\\/shrimataji.org\\\/test\\\/uk\\\/home-en\\\/\"},{\"@type\":\"ListItem\",\"position\":2,\"name\":\"Strona g\u0142\u00f3wna PL\"}]},{\"@type\":\"WebSite\",\"@id\":\"https:\\\/\\\/shrimataji.org\\\/test\\\/#website\",\"url\":\"https:\\\/\\\/shrimataji.org\\\/test\\\/\",\"name\":\"Shri Mataji Nirmala Devi\",\"description\":\"A Life Dedicated to Humanity\",\"publisher\":{\"@id\":\"https:\\\/\\\/shrimataji.org\\\/test\\\/#\\\/schema\\\/person\\\/a1b3419c6585f164aa96da1ff85715d1\"},\"potentialAction\":[{\"@type\":\"SearchAction\",\"target\":{\"@type\":\"EntryPoint\",\"urlTemplate\":\"https:\\\/\\\/shrimataji.org\\\/test\\\/?s={search_term_string}\"},\"query-input\":{\"@type\":\"PropertyValueSpecification\",\"valueRequired\":true,\"valueName\":\"search_term_string\"}}],\"inLanguage\":\"en-US\"},{\"@type\":[\"Person\",\"Organization\"],\"@id\":\"https:\\\/\\\/shrimataji.org\\\/test\\\/#\\\/schema\\\/person\\\/a1b3419c6585f164aa96da1ff85715d1\",\"name\":\"Nirmala Shrivastava\",\"image\":{\"@type\":\"ImageObject\",\"inLanguage\":\"en-US\",\"@id\":\"https:\\\/\\\/shrimataji.org\\\/test\\\/wp-content\\\/uploads\\\/2023\\\/02\\\/SMO_LOGO-03.svg\",\"url\":\"https:\\\/\\\/shrimataji.org\\\/test\\\/wp-content\\\/uploads\\\/2023\\\/02\\\/SMO_LOGO-03.svg\",\"contentUrl\":\"https:\\\/\\\/shrimataji.org\\\/test\\\/wp-content\\\/uploads\\\/2023\\\/02\\\/SMO_LOGO-03.svg\",\"width\":\"1024\",\"height\":\"1024\",\"caption\":\"Nirmala Shrivastava\"},\"logo\":{\"@id\":\"https:\\\/\\\/shrimataji.org\\\/test\\\/wp-content\\\/uploads\\\/2023\\\/02\\\/SMO_LOGO-03.svg\"},\"sameAs\":[\"https:\\\/\\\/shrimataji.org\\\/test\",\"https:\\\/\\\/www.facebook.com\\\/shrimataji\",\"https:\\\/\\\/x.com\\\/shrimataji\",\"https:\\\/\\\/www.youtube.com\\\/@Shri_Mataji_Nirmala_Devi\\\/featured\"]}]}<\/script>\n<!-- \/ Yoast SEO plugin. -->","yoast_head_json":{"title":"TEST - SMND","description":"A Life Dedicated to Humanity","robots":{"index":"noindex","follow":"follow","max-snippet":"max-snippet:-1","max-image-preview":"max-image-preview:large","max-video-preview":"max-video-preview:-1"},"og_locale":"en_US","og_type":"article","og_title":"Shri Mataji Nirmala Devi","og_description":"A Life Dedicated to Humanity","og_url":"https:\/\/shrimataji.org\/test\/pl\/strona-glowna-pl\/","og_site_name":"TEST - SMND","article_publisher":"https:\/\/www.facebook.com\/shrimataji","article_modified_time":"2024-04-27T01:23:19+00:00","og_image":[{"url":"https:\/\/shrimataji.org\/test\/wp-content\/uploads\/2018\/07\/fp11-e1588597806347.jpg","type":"","width":"","height":""}],"twitter_card":"summary_large_image","twitter_title":"Shri Mataji Nirmala Devi","twitter_description":"\u017bycie dedykowane ludzko\u015bci","twitter_image":"https:\/\/shrimataji.org\/test\/wp-content\/uploads\/2018\/07\/fp11-e1588597806347.jpg","twitter_site":"@shrimataji","twitter_misc":{"Est. reading time":"3 minutes"},"schema":{"@context":"https:\/\/schema.org","@graph":[{"@type":"WebPage","@id":"https:\/\/shrimataji.org\/test\/pl\/strona-glowna-pl\/","url":"https:\/\/shrimataji.org\/test\/pl\/strona-glowna-pl\/","name":"TEST - SMND","isPartOf":{"@id":"https:\/\/shrimataji.org\/test\/#website"},"primaryImageOfPage":{"@id":"https:\/\/shrimataji.org\/test\/pl\/strona-glowna-pl\/#primaryimage"},"image":{"@id":"https:\/\/shrimataji.org\/test\/pl\/strona-glowna-pl\/#primaryimage"},"thumbnailUrl":"https:\/\/shrimataji.org\/test\/wp-content\/uploads\/2018\/07\/media_originals\/images\/shri-mataji-portraits\/shri-mataji-in-belgium-1984.jpg","datePublished":"2023-09-08T09:01:56+00:00","dateModified":"2024-04-27T01:23:19+00:00","description":"A Life Dedicated to Humanity","breadcrumb":{"@id":"https:\/\/shrimataji.org\/test\/pl\/strona-glowna-pl\/#breadcrumb"},"inLanguage":"en-US","potentialAction":[{"@type":"ReadAction","target":["https:\/\/shrimataji.org\/test\/pl\/strona-glowna-pl\/"]}]},{"@type":"ImageObject","inLanguage":"en-US","@id":"https:\/\/shrimataji.org\/test\/pl\/strona-glowna-pl\/#primaryimage","url":"https:\/\/shrimataji.org\/test\/wp-content\/uploads\/2018\/07\/media_originals\/images\/shri-mataji-portraits\/shri-mataji-in-belgium-1984.jpg","contentUrl":"https:\/\/shrimataji.org\/test\/wp-content\/uploads\/2018\/07\/media_originals\/images\/shri-mataji-portraits\/shri-mataji-in-belgium-1984.jpg","width":1500,"height":975},{"@type":"BreadcrumbList","@id":"https:\/\/shrimataji.org\/test\/pl\/strona-glowna-pl\/#breadcrumb","itemListElement":[{"@type":"ListItem","position":1,"name":"Home","item":"https:\/\/shrimataji.org\/test\/uk\/home-en\/"},{"@type":"ListItem","position":2,"name":"Strona g\u0142\u00f3wna PL"}]},{"@type":"WebSite","@id":"https:\/\/shrimataji.org\/test\/#website","url":"https:\/\/shrimataji.org\/test\/","name":"Shri Mataji Nirmala Devi","description":"A Life Dedicated to Humanity","publisher":{"@id":"https:\/\/shrimataji.org\/test\/#\/schema\/person\/a1b3419c6585f164aa96da1ff85715d1"},"potentialAction":[{"@type":"SearchAction","target":{"@type":"EntryPoint","urlTemplate":"https:\/\/shrimataji.org\/test\/?s={search_term_string}"},"query-input":{"@type":"PropertyValueSpecification","valueRequired":true,"valueName":"search_term_string"}}],"inLanguage":"en-US"},{"@type":["Person","Organization"],"@id":"https:\/\/shrimataji.org\/test\/#\/schema\/person\/a1b3419c6585f164aa96da1ff85715d1","name":"Nirmala Shrivastava","image":{"@type":"ImageObject","inLanguage":"en-US","@id":"https:\/\/shrimataji.org\/test\/wp-content\/uploads\/2023\/02\/SMO_LOGO-03.svg","url":"https:\/\/shrimataji.org\/test\/wp-content\/uploads\/2023\/02\/SMO_LOGO-03.svg","contentUrl":"https:\/\/shrimataji.org\/test\/wp-content\/uploads\/2023\/02\/SMO_LOGO-03.svg","width":"1024","height":"1024","caption":"Nirmala Shrivastava"},"logo":{"@id":"https:\/\/shrimataji.org\/test\/wp-content\/uploads\/2023\/02\/SMO_LOGO-03.svg"},"sameAs":["https:\/\/shrimataji.org\/test","https:\/\/www.facebook.com\/shrimataji","https:\/\/x.com\/shrimataji","https:\/\/www.youtube.com\/@Shri_Mataji_Nirmala_Devi\/featured"]}]}},"lang":"pl","translations":{"pl":10244,"ur":28779,"en":5,"am":18011,"th":19959,"hu":19488,"sq":18412,"zh":17309,"hi":8573,"tr":10167,"pt":10379,"fr":10751,"it":10849,"es":10946,"ru":11431,"bn":11623,"te":11731,"sw":11854,"he":12002,"el":12293,"sk":12391,"fa":12489,"bg":13483,"ro":14558,"cs":14751,"de":15376,"ja":16420,"nl":16572,"ku":16732,"ar":16908,"be":18619,"kn":18893,"mr":20323,"uk":20615,"ml":20912,"ta":22727,"sv":23000,"bs":27286,"fi":28770,"gu":28935,"pa":29004,"fil":29446,"sd":31000,"da":37751,"nn":38303},"pll_sync_post":[],"_links":{"self":[{"href":"https:\/\/shrimataji.org\/test\/wp-json\/wp\/v2\/pages\/10244","targetHints":{"allow":["GET"]}}],"collection":[{"href":"https:\/\/shrimataji.org\/test\/wp-json\/wp\/v2\/pages"}],"about":[{"href":"https:\/\/shrimataji.org\/test\/wp-json\/wp\/v2\/types\/page"}],"author":[{"embeddable":true,"href":"https:\/\/shrimataji.org\/test\/wp-json\/wp\/v2\/users\/17"}],"replies":[{"embeddable":true,"href":"https:\/\/shrimataji.org\/test\/wp-json\/wp\/v2\/comments?post=10244"}],"version-history":[{"count":0,"href":"https:\/\/shrimataji.org\/test\/wp-json\/wp\/v2\/pages\/10244\/revisions"}],"wp:featuredmedia":[{"embeddable":true,"href":"https:\/\/shrimataji.org\/test\/wp-json\/wp\/v2\/media\/276"}],"wp:attachment":[{"href":"https:\/\/shrimataji.org\/test\/wp-json\/wp\/v2\/media?parent=10244"}],"curies":[{"name":"wp","href":"https:\/\/api.w.org\/{rel}","templated":true}]}}