{"id":10355,"date":"2022-02-25T04:05:58","date_gmt":"2022-02-25T04:05:58","guid":{"rendered":"https:\/\/test.shrimataji.org\/?page_id=6476"},"modified":"2026-01-18T17:01:37","modified_gmt":"2026-01-18T17:01:37","slug":"chakras-qualidades","status":"publish","type":"page","link":"https:\/\/shrimataji.org\/test\/pt\/chakras-qualidades\/","title":{"rendered":"Chakras &#038; Suas Qualidades"},"content":{"rendered":"\n\n\t<h1><a href=\"#_ftnref1\" name=\"_ftn1\"><\/a>Chakras &amp; Suas Qualidades<\/h1>\n<h2>As Rodas da Vida<\/h2>\n<div class=\"su-quote su-quote-style-default\"><div class=\"su-quote-inner su-u-clearfix su-u-trim\">Os chakras s\u00e3o criados a partir dos cinco elementos: terra, \u00e1gua, ar, fogo e \u00e9ter.<\/div><\/div>\n\t<h4>Shri Mataji explicou aos buscadores como \u00e9 poss\u00edvel sentir os centros sutis (Chakras) no corpo ou nas extremidades, como as pontas dos dedos das m\u00e3os e dos p\u00e9s. Dependendo do estado de nossa psique humana, \u00e9 poss\u00edvel sentir diferentes sensa\u00e7\u00f5es, desde calor, frio, at\u00e9 formigamento f\u00edsico ou sensa\u00e7\u00e3o de peso. Ela pacientemente decodificou cada uma dessas sensa\u00e7\u00f5es que os buscadores experimentaram em sua presen\u00e7a, relacionando-as a um problema espec\u00edfico que os afetava nos n\u00edveis f\u00edsico, mental, emocional e espiritual. Ela destacou que essa experi\u00eancia espiritual \u00e9 muito bem descrita em v\u00e1rias escrituras do mundo, especialmente nos versos do Sagrado Alcor\u00e3o.<\/h4>\n\t<div class=\"su-quote su-quote-style-default\"><div class=\"su-quote-inner su-u-clearfix su-u-trim\">Eles chamam de Kiyama<a href=\"#citation-note-1\">[1]<\/a> no Alcor\u00e3o, onde \u00e9 dito que suas m\u00e3os falar\u00e3o e contar\u00e3o tudo sobre voc\u00ea e sobre os outros. Isso \u00e9 exatamente o que acontece, pois nas pontas dos dedos voc\u00ea pode sentir seus centros e os centros dos outros. Assim, voc\u00ea desenvolve o autoconhecimento e tamb\u00e9m se torna consciente coletivamente.<\/div><\/div>\n<p>Pode-se entender a forma dos Chakras como um conjunto de labaredas ou at\u00e9 mesmo p\u00e9talas de l\u00f3tus. Cada Chakra possui um n\u00famero diferente de p\u00e9talas correspondente ao n\u00famero de subplexos dentro do plexo nervoso. Os plexos nervosos regulam o fluxo de informa\u00e7\u00f5es dentro do nosso corpo e c\u00e9rebro, facilitando o funcionamento harmonioso do nosso ser. Eles s\u00e3o a raiz de todas as nossas atividades f\u00edsicas, mentais e emocionais. Assim, cada Chakra est\u00e1 associado a certos tra\u00e7os f\u00edsicos, mentais e emocionais. Quando experimentamos dist\u00farbios no n\u00edvel mental, emocional ou f\u00edsico, isso ocorre devido a um bloqueio sutil ou obst\u00e1culos nesses Chakras.<\/p>\n<div class=\"su-quote su-quote-style-default\"><div class=\"su-quote-inner su-u-clearfix su-u-trim\">A energia sutil entra pelo centro do c\u00e9rebro (Sahasrara Brahmarandhra) e desencadeia mais seis centros em seu caminho descendente. A manifesta\u00e7\u00e3o grosseira dessa energia sutil, no canal Sushumna da medula espinhal, \u00e9 chamada de sistema nervoso parassimp\u00e1tico. Os Chakras s\u00e3o expressos como plexos fora da medula espinhal. Surpreendentemente, temos o mesmo n\u00famero de plexos e subplexos exteriormente, assim como o n\u00famero de Chakras e suas p\u00e9talas interiormente, na medula espinhal.<\/div><\/div>\n<p>A extens\u00e3o perif\u00e9rica do nosso sistema nervoso coincide com a extens\u00e3o perif\u00e9rica do nosso corpo sutil, possibilitando uma correla\u00e7\u00e3o direta entre os Chakras dentro da medula espinhal e as extremidades correspondentes em nossas m\u00e3os e p\u00e9s. Entendendo a decodifica\u00e7\u00e3o correta desses locais em nosso corpo e seus centros sutis correspondentes (Chakras), pode-se facilmente dominar seu ser f\u00edsico, mental, emocional e espiritual. N\u00e3o se est\u00e1 mais separado da realidade universal absoluta, mas sim pode se desvincular das ilus\u00f5es \u00a0atrav\u00e9s da obten\u00e7\u00e3o da realiza\u00e7\u00e3o do si.<\/p>\n<figure itemscope itemtype=\"https:\/\/schema.org\/ImageObject\">\n\t\t\t\t<a href=\"https:\/\/shrimataji.org\/test\/wp-content\/uploads\/2023\/02\/01a_Chakras-_-Qualities_SMO-01-1.png\"  target=\"_blank\" rel=\"noopener\"  itemprop=\"url\">\n\t\t\t\t<img decoding=\"async\" src=\"https:\/\/shrimataji.org\/test\/wp-content\/uploads\/2025\/11\/pt-Chakras_Qualities_SMO-01-scaled.png\" alt=\"pt-Chakras_Qualities_SMO-01\" height=\"2560\" width=\"2095\" title=\"pt-Chakras_Qualities_SMO-01\" onerror=\"this.style.display='none'\" loading=\"lazy\" \/>\n\t\t\t\t<\/a>\n\t<\/figure>\n\t<p>Os centros em nosso sistema sutil n\u00e3o apenas regulam nosso bem-estar f\u00edsico, mental e emocional, mas tamb\u00e9m ajudam a moldar nossa personalidade. Podemos entend\u00ea-los como um dep\u00f3sito de nossos tra\u00e7os de personalidade. Conforme evolu\u00edmos, amadurecemos e crescemos, esses tra\u00e7os de personalidade se desdobram em nossa vida, \u00e0s vezes conscientemente e muitas vezes inconscientemente. Pense em quantas vezes voc\u00ea sentiu um impulso para ajudar algu\u00e9m, ser gentil ou generoso em uma determinada situa\u00e7\u00e3o. De onde v\u00eam esses sentimentos? Antigas culturas orientais na China e na \u00cdndia, que viveram usando o conhecimento do sistema sutil, basearam suas sociedades nos valores superiores da vida espiritual, no Dharma. Dharma, na antiga l\u00edngua s\u00e2nscrita, significa &#8216;c\u00f3digo da correta \u00a0conduta&#8217;, um c\u00f3digo que est\u00e1 em harmonia com o esp\u00edrito universal. Uma analogia paralela poderia ser feita com os Dez Mandamentos dados a Mois\u00e9s. De fato, em muitas das antigas religi\u00f5es, culturas e tradi\u00e7\u00f5es do mundo, pode-se encontrar outros exemplos desse c\u00f3digo interno de conduta universal.<\/p>\n\t\t<iframe loading=\"lazy\" title=\"Chakras - The Subtle Centers\" width=\"1920\" height=\"1080\" src=\"https:\/\/www.youtube.com\/embed\/8_ocwivaNcc?feature=oembed\" frameborder=\"0\" allow=\"accelerometer; autoplay; clipboard-write; encrypted-media; gyroscope; picture-in-picture; web-share\" allowfullscreen><\/iframe>\t\n\t<p>Com base no conhecimento compartilhado por Shri Mataji, as seguintes se\u00e7\u00f5es detalham cada Chakra e destacam os tra\u00e7os inatos de personalidade com base no princ\u00edpio primordial dos centros sutis. Algumas das qualidades desses centros se desdobram em nossa consci\u00eancia humana desde o momento de nosso nascimento. As qualidades sutis mais elevadas desses centros se manifestam completamente ap\u00f3s a nossa realiza\u00e7\u00e3o do si atrav\u00e9s do despertar da <a href=\"https:\/\/shrimataji.org\/test\/pt\/kundalini-pt\/\">Kundalini<\/a>.<\/p>\n<p>Ao utilizar esse conhecimento sutil dos diferentes centros, podemos nos ajudar a viver em harmonia com nossa natureza espiritual inata e com nossos semelhantes.<\/p>\n\t<hr \/>\n<h3><a name=\"citation-note-1\"><\/a>[<a href=\"#citation-ref-1\">1<\/a>] refere-se a Al-Qiyama ou Al-Qiyamah, conhecido como o dia da ressurrei\u00e7\u00e3o no Alcor\u00e3o.<\/h3>\n\n","protected":false},"excerpt":{"rendered":"<p>Chakras &amp; Suas Qualidades As Rodas da Vida Shri Mataji explicou aos buscadores como \u00e9 poss\u00edvel sentir os centros sutis (Chakras) no corpo ou nas extremidades, como as pontas dos dedos das m\u00e3os e dos p\u00e9s. Dependendo do estado de nossa psique humana, \u00e9 poss\u00edvel sentir diferentes sensa\u00e7\u00f5es, desde calor, frio, at\u00e9 formigamento f\u00edsico ou&hellip; <br \/> <a class=\"read-more\" href=\"https:\/\/shrimataji.org\/test\/pt\/chakras-qualidades\/\">Read more<\/a><\/p>\n","protected":false},"author":18,"featured_media":9250,"parent":0,"menu_order":0,"comment_status":"closed","ping_status":"closed","template":"","meta":{"inline_featured_image":false,"footnotes":""},"class_list":["post-10355","page","type-page","status-publish","has-post-thumbnail","hentry"],"yoast_head":"<!-- This site is optimized with the Yoast SEO plugin v27.4 - https:\/\/yoast.com\/product\/yoast-seo-wordpress\/ -->\n<title>Chakras &amp; Suas Qualidades - TEST - SMND<\/title>\n<meta name=\"robots\" content=\"noindex, follow, max-snippet:-1, max-image-preview:large, max-video-preview:-1\" \/>\n<meta property=\"og:locale\" content=\"en_US\" \/>\n<meta property=\"og:type\" content=\"article\" \/>\n<meta property=\"og:title\" content=\"Chakras &amp; Suas Qualidades - TEST - SMND\" \/>\n<meta property=\"og:description\" content=\"Chakras &amp; Suas Qualidades As Rodas da Vida Shri Mataji explicou aos buscadores como \u00e9 poss\u00edvel sentir os centros sutis (Chakras) no corpo ou nas extremidades, como as pontas dos dedos das m\u00e3os e dos p\u00e9s. Dependendo do estado de nossa psique humana, \u00e9 poss\u00edvel sentir diferentes sensa\u00e7\u00f5es, desde calor, frio, at\u00e9 formigamento f\u00edsico ou&hellip; Read more\" \/>\n<meta property=\"og:url\" content=\"https:\/\/shrimataji.org\/test\/pt\/chakras-qualidades\/\" \/>\n<meta property=\"og:site_name\" content=\"TEST - SMND\" \/>\n<meta property=\"article:publisher\" content=\"https:\/\/www.facebook.com\/shrimataji\" \/>\n<meta property=\"article:modified_time\" content=\"2026-01-18T17:01:37+00:00\" \/>\n<meta property=\"og:image\" content=\"https:\/\/shrimataji.org\/test\/wp-content\/uploads\/2023\/03\/15_Banner-SY-ChakrasQualities-scaled.jpg\" \/>\n\t<meta property=\"og:image:width\" content=\"2560\" \/>\n\t<meta property=\"og:image:height\" content=\"905\" \/>\n\t<meta property=\"og:image:type\" content=\"image\/jpeg\" \/>\n<meta name=\"twitter:card\" content=\"summary_large_image\" \/>\n<meta name=\"twitter:site\" content=\"@shrimataji\" \/>\n<meta name=\"twitter:label1\" content=\"Est. reading time\" \/>\n\t<meta name=\"twitter:data1\" content=\"4 minutes\" \/>\n<script type=\"application\/ld+json\" class=\"yoast-schema-graph\">{\"@context\":\"https:\\\/\\\/schema.org\",\"@graph\":[{\"@type\":\"WebPage\",\"@id\":\"https:\\\/\\\/shrimataji.org\\\/test\\\/pt\\\/chakras-qualidades\\\/\",\"url\":\"https:\\\/\\\/shrimataji.org\\\/test\\\/pt\\\/chakras-qualidades\\\/\",\"name\":\"Chakras & Suas Qualidades - TEST - SMND\",\"isPartOf\":{\"@id\":\"https:\\\/\\\/shrimataji.org\\\/test\\\/#website\"},\"primaryImageOfPage\":{\"@id\":\"https:\\\/\\\/shrimataji.org\\\/test\\\/pt\\\/chakras-qualidades\\\/#primaryimage\"},\"image\":{\"@id\":\"https:\\\/\\\/shrimataji.org\\\/test\\\/pt\\\/chakras-qualidades\\\/#primaryimage\"},\"thumbnailUrl\":\"https:\\\/\\\/shrimataji.org\\\/test\\\/wp-content\\\/uploads\\\/2023\\\/03\\\/15_Banner-SY-ChakrasQualities-scaled.jpg\",\"datePublished\":\"2022-02-25T04:05:58+00:00\",\"dateModified\":\"2026-01-18T17:01:37+00:00\",\"breadcrumb\":{\"@id\":\"https:\\\/\\\/shrimataji.org\\\/test\\\/pt\\\/chakras-qualidades\\\/#breadcrumb\"},\"inLanguage\":\"en-US\",\"potentialAction\":[{\"@type\":\"ReadAction\",\"target\":[\"https:\\\/\\\/shrimataji.org\\\/test\\\/pt\\\/chakras-qualidades\\\/\"]}]},{\"@type\":\"ImageObject\",\"inLanguage\":\"en-US\",\"@id\":\"https:\\\/\\\/shrimataji.org\\\/test\\\/pt\\\/chakras-qualidades\\\/#primaryimage\",\"url\":\"https:\\\/\\\/shrimataji.org\\\/test\\\/wp-content\\\/uploads\\\/2023\\\/03\\\/15_Banner-SY-ChakrasQualities-scaled.jpg\",\"contentUrl\":\"https:\\\/\\\/shrimataji.org\\\/test\\\/wp-content\\\/uploads\\\/2023\\\/03\\\/15_Banner-SY-ChakrasQualities-scaled.jpg\",\"width\":2560,\"height\":905},{\"@type\":\"BreadcrumbList\",\"@id\":\"https:\\\/\\\/shrimataji.org\\\/test\\\/pt\\\/chakras-qualidades\\\/#breadcrumb\",\"itemListElement\":[{\"@type\":\"ListItem\",\"position\":1,\"name\":\"Home\",\"item\":\"https:\\\/\\\/shrimataji.org\\\/test\\\/uk\\\/home-en\\\/\"},{\"@type\":\"ListItem\",\"position\":2,\"name\":\"Chakras &#038; Suas Qualidades\"}]},{\"@type\":\"WebSite\",\"@id\":\"https:\\\/\\\/shrimataji.org\\\/test\\\/#website\",\"url\":\"https:\\\/\\\/shrimataji.org\\\/test\\\/\",\"name\":\"Shri Mataji Nirmala Devi\",\"description\":\"A Life Dedicated to Humanity\",\"publisher\":{\"@id\":\"https:\\\/\\\/shrimataji.org\\\/test\\\/#\\\/schema\\\/person\\\/a1b3419c6585f164aa96da1ff85715d1\"},\"potentialAction\":[{\"@type\":\"SearchAction\",\"target\":{\"@type\":\"EntryPoint\",\"urlTemplate\":\"https:\\\/\\\/shrimataji.org\\\/test\\\/?s={search_term_string}\"},\"query-input\":{\"@type\":\"PropertyValueSpecification\",\"valueRequired\":true,\"valueName\":\"search_term_string\"}}],\"inLanguage\":\"en-US\"},{\"@type\":[\"Person\",\"Organization\"],\"@id\":\"https:\\\/\\\/shrimataji.org\\\/test\\\/#\\\/schema\\\/person\\\/a1b3419c6585f164aa96da1ff85715d1\",\"name\":\"Nirmala Shrivastava\",\"image\":{\"@type\":\"ImageObject\",\"inLanguage\":\"en-US\",\"@id\":\"https:\\\/\\\/shrimataji.org\\\/test\\\/wp-content\\\/uploads\\\/2023\\\/02\\\/SMO_LOGO-03.svg\",\"url\":\"https:\\\/\\\/shrimataji.org\\\/test\\\/wp-content\\\/uploads\\\/2023\\\/02\\\/SMO_LOGO-03.svg\",\"contentUrl\":\"https:\\\/\\\/shrimataji.org\\\/test\\\/wp-content\\\/uploads\\\/2023\\\/02\\\/SMO_LOGO-03.svg\",\"width\":\"1024\",\"height\":\"1024\",\"caption\":\"Nirmala Shrivastava\"},\"logo\":{\"@id\":\"https:\\\/\\\/shrimataji.org\\\/test\\\/wp-content\\\/uploads\\\/2023\\\/02\\\/SMO_LOGO-03.svg\"},\"sameAs\":[\"https:\\\/\\\/shrimataji.org\\\/test\",\"https:\\\/\\\/www.facebook.com\\\/shrimataji\",\"https:\\\/\\\/x.com\\\/shrimataji\",\"https:\\\/\\\/www.youtube.com\\\/@Shri_Mataji_Nirmala_Devi\\\/featured\"]}]}<\/script>\n<!-- \/ Yoast SEO plugin. -->","yoast_head_json":{"title":"Chakras & Suas Qualidades - TEST - SMND","robots":{"index":"noindex","follow":"follow","max-snippet":"max-snippet:-1","max-image-preview":"max-image-preview:large","max-video-preview":"max-video-preview:-1"},"og_locale":"en_US","og_type":"article","og_title":"Chakras & Suas Qualidades - TEST - SMND","og_description":"Chakras &amp; Suas Qualidades As Rodas da Vida Shri Mataji explicou aos buscadores como \u00e9 poss\u00edvel sentir os centros sutis (Chakras) no corpo ou nas extremidades, como as pontas dos dedos das m\u00e3os e dos p\u00e9s. Dependendo do estado de nossa psique humana, \u00e9 poss\u00edvel sentir diferentes sensa\u00e7\u00f5es, desde calor, frio, at\u00e9 formigamento f\u00edsico ou&hellip; Read more","og_url":"https:\/\/shrimataji.org\/test\/pt\/chakras-qualidades\/","og_site_name":"TEST - SMND","article_publisher":"https:\/\/www.facebook.com\/shrimataji","article_modified_time":"2026-01-18T17:01:37+00:00","og_image":[{"width":2560,"height":905,"url":"https:\/\/shrimataji.org\/test\/wp-content\/uploads\/2023\/03\/15_Banner-SY-ChakrasQualities-scaled.jpg","type":"image\/jpeg"}],"twitter_card":"summary_large_image","twitter_site":"@shrimataji","twitter_misc":{"Est. reading time":"4 minutes"},"schema":{"@context":"https:\/\/schema.org","@graph":[{"@type":"WebPage","@id":"https:\/\/shrimataji.org\/test\/pt\/chakras-qualidades\/","url":"https:\/\/shrimataji.org\/test\/pt\/chakras-qualidades\/","name":"Chakras & Suas Qualidades - TEST - SMND","isPartOf":{"@id":"https:\/\/shrimataji.org\/test\/#website"},"primaryImageOfPage":{"@id":"https:\/\/shrimataji.org\/test\/pt\/chakras-qualidades\/#primaryimage"},"image":{"@id":"https:\/\/shrimataji.org\/test\/pt\/chakras-qualidades\/#primaryimage"},"thumbnailUrl":"https:\/\/shrimataji.org\/test\/wp-content\/uploads\/2023\/03\/15_Banner-SY-ChakrasQualities-scaled.jpg","datePublished":"2022-02-25T04:05:58+00:00","dateModified":"2026-01-18T17:01:37+00:00","breadcrumb":{"@id":"https:\/\/shrimataji.org\/test\/pt\/chakras-qualidades\/#breadcrumb"},"inLanguage":"en-US","potentialAction":[{"@type":"ReadAction","target":["https:\/\/shrimataji.org\/test\/pt\/chakras-qualidades\/"]}]},{"@type":"ImageObject","inLanguage":"en-US","@id":"https:\/\/shrimataji.org\/test\/pt\/chakras-qualidades\/#primaryimage","url":"https:\/\/shrimataji.org\/test\/wp-content\/uploads\/2023\/03\/15_Banner-SY-ChakrasQualities-scaled.jpg","contentUrl":"https:\/\/shrimataji.org\/test\/wp-content\/uploads\/2023\/03\/15_Banner-SY-ChakrasQualities-scaled.jpg","width":2560,"height":905},{"@type":"BreadcrumbList","@id":"https:\/\/shrimataji.org\/test\/pt\/chakras-qualidades\/#breadcrumb","itemListElement":[{"@type":"ListItem","position":1,"name":"Home","item":"https:\/\/shrimataji.org\/test\/uk\/home-en\/"},{"@type":"ListItem","position":2,"name":"Chakras &#038; Suas Qualidades"}]},{"@type":"WebSite","@id":"https:\/\/shrimataji.org\/test\/#website","url":"https:\/\/shrimataji.org\/test\/","name":"Shri Mataji Nirmala Devi","description":"A Life Dedicated to Humanity","publisher":{"@id":"https:\/\/shrimataji.org\/test\/#\/schema\/person\/a1b3419c6585f164aa96da1ff85715d1"},"potentialAction":[{"@type":"SearchAction","target":{"@type":"EntryPoint","urlTemplate":"https:\/\/shrimataji.org\/test\/?s={search_term_string}"},"query-input":{"@type":"PropertyValueSpecification","valueRequired":true,"valueName":"search_term_string"}}],"inLanguage":"en-US"},{"@type":["Person","Organization"],"@id":"https:\/\/shrimataji.org\/test\/#\/schema\/person\/a1b3419c6585f164aa96da1ff85715d1","name":"Nirmala Shrivastava","image":{"@type":"ImageObject","inLanguage":"en-US","@id":"https:\/\/shrimataji.org\/test\/wp-content\/uploads\/2023\/02\/SMO_LOGO-03.svg","url":"https:\/\/shrimataji.org\/test\/wp-content\/uploads\/2023\/02\/SMO_LOGO-03.svg","contentUrl":"https:\/\/shrimataji.org\/test\/wp-content\/uploads\/2023\/02\/SMO_LOGO-03.svg","width":"1024","height":"1024","caption":"Nirmala Shrivastava"},"logo":{"@id":"https:\/\/shrimataji.org\/test\/wp-content\/uploads\/2023\/02\/SMO_LOGO-03.svg"},"sameAs":["https:\/\/shrimataji.org\/test","https:\/\/www.facebook.com\/shrimataji","https:\/\/x.com\/shrimataji","https:\/\/www.youtube.com\/@Shri_Mataji_Nirmala_Devi\/featured"]}]}},"lang":"pt","translations":{"pt":10355,"ur":37400,"en":6476,"am":17971,"th":19901,"hu":19446,"sq":18372,"zh":17269,"hi":7374,"tr":10139,"de":10628,"fr":10726,"it":10824,"es":10922,"ja":11219,"ru":11407,"bn":11599,"te":11707,"sw":11830,"he":11978,"el":12269,"sk":12367,"fa":12465,"fi":12563,"bg":13378,"ro":14452,"cs":14645,"nl":16532,"ku":16692,"ar":16868,"be":18579,"kn":18853,"mr":20265,"uk":20557,"ml":20856,"ta":22687,"sv":22960,"gu":28808,"pa":28966,"fil":29406,"da":37714,"pl":37931,"nn":38266},"pll_sync_post":[],"_links":{"self":[{"href":"https:\/\/shrimataji.org\/test\/wp-json\/wp\/v2\/pages\/10355","targetHints":{"allow":["GET"]}}],"collection":[{"href":"https:\/\/shrimataji.org\/test\/wp-json\/wp\/v2\/pages"}],"about":[{"href":"https:\/\/shrimataji.org\/test\/wp-json\/wp\/v2\/types\/page"}],"author":[{"embeddable":true,"href":"https:\/\/shrimataji.org\/test\/wp-json\/wp\/v2\/users\/18"}],"replies":[{"embeddable":true,"href":"https:\/\/shrimataji.org\/test\/wp-json\/wp\/v2\/comments?post=10355"}],"version-history":[{"count":0,"href":"https:\/\/shrimataji.org\/test\/wp-json\/wp\/v2\/pages\/10355\/revisions"}],"wp:featuredmedia":[{"embeddable":true,"href":"https:\/\/shrimataji.org\/test\/wp-json\/wp\/v2\/media\/9250"}],"wp:attachment":[{"href":"https:\/\/shrimataji.org\/test\/wp-json\/wp\/v2\/media?parent=10355"}],"curies":[{"name":"wp","href":"https:\/\/api.w.org\/{rel}","templated":true}]}}