{"id":10364,"date":"2018-07-10T06:54:54","date_gmt":"2018-07-10T06:54:54","guid":{"rendered":"http:\/\/testwordpress.nirmalnagari.org\/smnd\/index.php\/effortless-meditation\/"},"modified":"2026-01-16T00:52:01","modified_gmt":"2026-01-16T00:52:01","slug":"meditacao-sem-esforco","status":"publish","type":"page","link":"https:\/\/shrimataji.org\/test\/pt\/meditacao-sem-esforco\/","title":{"rendered":"Medita\u00e7\u00e3o Sem Esfor\u00e7o"},"content":{"rendered":"\n\n\t<h1>Medita\u00e7\u00e3o Sem Esfor\u00e7o<\/h1>\n<h2>Trecho do conselho dado em Londres, no dia 1\u00ba de janeiro de 1980.<\/h2>\n\t<p>Da mesma forma que as vibra\u00e7\u00f5es v\u00eam, elas s\u00e3o irradiadas. O que voc\u00ea deve fazer \u00e9 se expor a elas. A melhor maneira \u00e9 n\u00e3o fazer nenhum esfor\u00e7o.<\/p>\n<p>N\u00e3o se preocupe com onde voc\u00ea tem um problema. Voc\u00ea simplesmente n\u00e3o precisa se preocupar. Apenas deixe ir e isso funcionar\u00e1 por si s\u00f3. Ent\u00e3o, voc\u00ea n\u00e3o precisa fazer nenhum esfor\u00e7o. Isso \u00e9 o que a medita\u00e7\u00e3o \u00e9.<\/p>\n<p>Medita\u00e7\u00e3o significa se expor \u00e0 gra\u00e7a de Deus. A gra\u00e7a em si sabe como cur\u00e1-lo. Ela sabe como repar\u00e1-lo, como se estabelecer em seu pr\u00f3prio ser, como manter seu esp\u00edrito aceso. Ela sabe de tudo, ent\u00e3o voc\u00ea n\u00e3o precisa se preocupar com o que deve fazer ou qual nome deve invocar, quais mantras deve recitar. Na medita\u00e7\u00e3o, voc\u00ea deve ser absolutamente sem esfor\u00e7o, se expor completamente e ser totalmente sem pensamentos nesse momento.<\/p>\n<p>Se voc\u00ea n\u00e3o estiver sem pensamentos, nesse momento, voc\u00ea deve apenas observar seus pensamentos, mas n\u00e3o se envolver com eles. Voc\u00ea vai perceber gradualmente, assim como quando o sol nasce, a escurid\u00e3o vai embora e os raios do sol v\u00e3o para todas as partes, iluminando todo o lugar. Da mesma forma, seu ser ser\u00e1 completamente iluminado. Mas, se voc\u00ea fizer algum esfor\u00e7o nesse momento ou tentar parar algo dentro de voc\u00ea, isso n\u00e3o acontecer\u00e1. O esfor\u00e7o zero \u00e9 o \u00fanico caminho para a medita\u00e7\u00e3o, mas voc\u00ea n\u00e3o deve ser pregui\u00e7oso em rela\u00e7\u00e3o a isso. Voc\u00ea deve estar alerta e observ\u00e1-la.<\/p>\n<p>O outro lado pode ser que as pessoas simplesmente cochilem. Voc\u00ea precisa estar alerta. Se voc\u00ea cochilar, nada vai funcionar. Esse \u00e9 outro aspecto disso. Se voc\u00ea for pregui\u00e7oso, nada vai dar certo. Voc\u00ea precisa estar alerta e aberto, absolutamente consciente, completamente sem esfor\u00e7o, absolutamente sem esfor\u00e7o. Se voc\u00ea for absolutamente sem esfor\u00e7o, a medita\u00e7\u00e3o funcionar\u00e1 da melhor maneira.<\/p>\n\t<p><img loading=\"lazy\" decoding=\"async\" src=\"https:\/\/shrimataji.org\/test\/wp-content\/uploads\/2018\/07\/media_originals\/images\/meditation\/effortless-meditation-and-thoughtless-awareness.jpg\" alt=\"Effortless Meditation and Thoughtless Awareness\" width=\"406\" height=\"272\" align=\"left\" \/><\/p>\n\t<p>N\u00e3o pense nos seus problemas de forma alguma. Apenas se exponha \u00e0s vibra\u00e7\u00f5es. Quando o sol brilha, toda a natureza se exp\u00f5e ao sol e recebe as b\u00ean\u00e7\u00e3os do sol sem esfor\u00e7o. Ela n\u00e3o faz nenhum esfor\u00e7o. Ela apenas recebe o sol. Os raios do sol come\u00e7am a agir. Da mesma forma, o poder onipresente come\u00e7a a trabalhar.<\/p>\n<p>Voc\u00ea n\u00e3o deve manipul\u00e1-lo. Voc\u00ea n\u00e3o deve fazer nada a respeito. Apenas seja sem esfor\u00e7o, absolutamente sem esfor\u00e7o. Isso funciona. Vai continuar funcionando enquanto puder e far\u00e1 o milagre que precisa fazer. Voc\u00ea n\u00e3o precisa se preocupar com isso. Ele sabe o que deve fazer, mas quando voc\u00ea faz um esfor\u00e7o, na verdade cria uma barreira para ele. Ent\u00e3o, nenhum esfor\u00e7o \u00e9 necess\u00e1rio. Seja absolutamente sem esfor\u00e7o e diga: &#8220;Deixe ir, deixe ir.&#8221; Isso \u00e9 tudo.<\/p>\n\n","protected":false},"excerpt":{"rendered":"<p>Medita\u00e7\u00e3o Sem Esfor\u00e7o Trecho do conselho dado em Londres, no dia 1\u00ba de janeiro de 1980. Da mesma forma que as vibra\u00e7\u00f5es v\u00eam, elas s\u00e3o irradiadas. O que voc\u00ea deve fazer \u00e9 se expor a elas. A melhor maneira \u00e9 n\u00e3o fazer nenhum esfor\u00e7o. N\u00e3o se preocupe com onde voc\u00ea tem um problema. Voc\u00ea simplesmente&hellip; <br \/> <a class=\"read-more\" href=\"https:\/\/shrimataji.org\/test\/pt\/meditacao-sem-esforco\/\">Read more<\/a><\/p>\n","protected":false},"author":18,"featured_media":147,"parent":0,"menu_order":0,"comment_status":"closed","ping_status":"closed","template":"","meta":{"inline_featured_image":false,"footnotes":""},"class_list":["post-10364","page","type-page","status-publish","has-post-thumbnail","hentry"],"yoast_head":"<!-- This site is optimized with the Yoast SEO plugin v27.4 - https:\/\/yoast.com\/product\/yoast-seo-wordpress\/ -->\n<title>Medita\u00e7\u00e3o Sem Esfor\u00e7o - TEST - SMND<\/title>\n<meta name=\"robots\" content=\"noindex, follow, max-snippet:-1, max-image-preview:large, max-video-preview:-1\" \/>\n<meta property=\"og:locale\" content=\"en_US\" \/>\n<meta property=\"og:type\" content=\"article\" \/>\n<meta property=\"og:title\" content=\"Medita\u00e7\u00e3o Sem Esfor\u00e7o - TEST - SMND\" \/>\n<meta property=\"og:description\" content=\"Medita\u00e7\u00e3o Sem Esfor\u00e7o Trecho do conselho dado em Londres, no dia 1\u00ba de janeiro de 1980. Da mesma forma que as vibra\u00e7\u00f5es v\u00eam, elas s\u00e3o irradiadas. O que voc\u00ea deve fazer \u00e9 se expor a elas. A melhor maneira \u00e9 n\u00e3o fazer nenhum esfor\u00e7o. N\u00e3o se preocupe com onde voc\u00ea tem um problema. Voc\u00ea simplesmente&hellip; Read more\" \/>\n<meta property=\"og:url\" content=\"https:\/\/shrimataji.org\/test\/pt\/meditacao-sem-esforco\/\" \/>\n<meta property=\"og:site_name\" content=\"TEST - SMND\" \/>\n<meta property=\"article:publisher\" content=\"https:\/\/www.facebook.com\/shrimataji\" \/>\n<meta property=\"article:modified_time\" content=\"2026-01-16T00:52:01+00:00\" \/>\n<meta property=\"og:image\" content=\"https:\/\/shrimataji.org\/test\/wp-content\/uploads\/2018\/07\/media_originals\/images\/headers-general\/effortless-sahaja-yoga-meditation.jpg\" \/>\n\t<meta property=\"og:image:width\" content=\"990\" \/>\n\t<meta property=\"og:image:height\" content=\"350\" \/>\n\t<meta property=\"og:image:type\" content=\"image\/jpeg\" \/>\n<meta name=\"twitter:card\" content=\"summary_large_image\" \/>\n<meta name=\"twitter:site\" content=\"@shrimataji\" \/>\n<script type=\"application\/ld+json\" class=\"yoast-schema-graph\">{\"@context\":\"https:\\\/\\\/schema.org\",\"@graph\":[{\"@type\":\"WebPage\",\"@id\":\"https:\\\/\\\/shrimataji.org\\\/test\\\/pt\\\/meditacao-sem-esforco\\\/\",\"url\":\"https:\\\/\\\/shrimataji.org\\\/test\\\/pt\\\/meditacao-sem-esforco\\\/\",\"name\":\"Medita\u00e7\u00e3o Sem Esfor\u00e7o - TEST - SMND\",\"isPartOf\":{\"@id\":\"https:\\\/\\\/shrimataji.org\\\/test\\\/#website\"},\"primaryImageOfPage\":{\"@id\":\"https:\\\/\\\/shrimataji.org\\\/test\\\/pt\\\/meditacao-sem-esforco\\\/#primaryimage\"},\"image\":{\"@id\":\"https:\\\/\\\/shrimataji.org\\\/test\\\/pt\\\/meditacao-sem-esforco\\\/#primaryimage\"},\"thumbnailUrl\":\"https:\\\/\\\/shrimataji.org\\\/test\\\/wp-content\\\/uploads\\\/2018\\\/07\\\/media_originals\\\/images\\\/headers-general\\\/effortless-sahaja-yoga-meditation.jpg\",\"datePublished\":\"2018-07-10T06:54:54+00:00\",\"dateModified\":\"2026-01-16T00:52:01+00:00\",\"breadcrumb\":{\"@id\":\"https:\\\/\\\/shrimataji.org\\\/test\\\/pt\\\/meditacao-sem-esforco\\\/#breadcrumb\"},\"inLanguage\":\"en-US\",\"potentialAction\":[{\"@type\":\"ReadAction\",\"target\":[\"https:\\\/\\\/shrimataji.org\\\/test\\\/pt\\\/meditacao-sem-esforco\\\/\"]}]},{\"@type\":\"ImageObject\",\"inLanguage\":\"en-US\",\"@id\":\"https:\\\/\\\/shrimataji.org\\\/test\\\/pt\\\/meditacao-sem-esforco\\\/#primaryimage\",\"url\":\"https:\\\/\\\/shrimataji.org\\\/test\\\/wp-content\\\/uploads\\\/2018\\\/07\\\/media_originals\\\/images\\\/headers-general\\\/effortless-sahaja-yoga-meditation.jpg\",\"contentUrl\":\"https:\\\/\\\/shrimataji.org\\\/test\\\/wp-content\\\/uploads\\\/2018\\\/07\\\/media_originals\\\/images\\\/headers-general\\\/effortless-sahaja-yoga-meditation.jpg\",\"width\":990,\"height\":350},{\"@type\":\"BreadcrumbList\",\"@id\":\"https:\\\/\\\/shrimataji.org\\\/test\\\/pt\\\/meditacao-sem-esforco\\\/#breadcrumb\",\"itemListElement\":[{\"@type\":\"ListItem\",\"position\":1,\"name\":\"Home\",\"item\":\"https:\\\/\\\/shrimataji.org\\\/test\\\/uk\\\/home-en\\\/\"},{\"@type\":\"ListItem\",\"position\":2,\"name\":\"Medita\u00e7\u00e3o Sem Esfor\u00e7o\"}]},{\"@type\":\"WebSite\",\"@id\":\"https:\\\/\\\/shrimataji.org\\\/test\\\/#website\",\"url\":\"https:\\\/\\\/shrimataji.org\\\/test\\\/\",\"name\":\"Shri Mataji Nirmala Devi\",\"description\":\"A Life Dedicated to Humanity\",\"publisher\":{\"@id\":\"https:\\\/\\\/shrimataji.org\\\/test\\\/#\\\/schema\\\/person\\\/a1b3419c6585f164aa96da1ff85715d1\"},\"potentialAction\":[{\"@type\":\"SearchAction\",\"target\":{\"@type\":\"EntryPoint\",\"urlTemplate\":\"https:\\\/\\\/shrimataji.org\\\/test\\\/?s={search_term_string}\"},\"query-input\":{\"@type\":\"PropertyValueSpecification\",\"valueRequired\":true,\"valueName\":\"search_term_string\"}}],\"inLanguage\":\"en-US\"},{\"@type\":[\"Person\",\"Organization\"],\"@id\":\"https:\\\/\\\/shrimataji.org\\\/test\\\/#\\\/schema\\\/person\\\/a1b3419c6585f164aa96da1ff85715d1\",\"name\":\"Nirmala Shrivastava\",\"image\":{\"@type\":\"ImageObject\",\"inLanguage\":\"en-US\",\"@id\":\"https:\\\/\\\/shrimataji.org\\\/test\\\/wp-content\\\/uploads\\\/2023\\\/02\\\/SMO_LOGO-03.svg\",\"url\":\"https:\\\/\\\/shrimataji.org\\\/test\\\/wp-content\\\/uploads\\\/2023\\\/02\\\/SMO_LOGO-03.svg\",\"contentUrl\":\"https:\\\/\\\/shrimataji.org\\\/test\\\/wp-content\\\/uploads\\\/2023\\\/02\\\/SMO_LOGO-03.svg\",\"width\":\"1024\",\"height\":\"1024\",\"caption\":\"Nirmala Shrivastava\"},\"logo\":{\"@id\":\"https:\\\/\\\/shrimataji.org\\\/test\\\/wp-content\\\/uploads\\\/2023\\\/02\\\/SMO_LOGO-03.svg\"},\"sameAs\":[\"https:\\\/\\\/shrimataji.org\\\/test\",\"https:\\\/\\\/www.facebook.com\\\/shrimataji\",\"https:\\\/\\\/x.com\\\/shrimataji\",\"https:\\\/\\\/www.youtube.com\\\/@Shri_Mataji_Nirmala_Devi\\\/featured\"]}]}<\/script>\n<!-- \/ Yoast SEO plugin. -->","yoast_head_json":{"title":"Medita\u00e7\u00e3o Sem Esfor\u00e7o - TEST - SMND","robots":{"index":"noindex","follow":"follow","max-snippet":"max-snippet:-1","max-image-preview":"max-image-preview:large","max-video-preview":"max-video-preview:-1"},"og_locale":"en_US","og_type":"article","og_title":"Medita\u00e7\u00e3o Sem Esfor\u00e7o - TEST - SMND","og_description":"Medita\u00e7\u00e3o Sem Esfor\u00e7o Trecho do conselho dado em Londres, no dia 1\u00ba de janeiro de 1980. Da mesma forma que as vibra\u00e7\u00f5es v\u00eam, elas s\u00e3o irradiadas. O que voc\u00ea deve fazer \u00e9 se expor a elas. A melhor maneira \u00e9 n\u00e3o fazer nenhum esfor\u00e7o. N\u00e3o se preocupe com onde voc\u00ea tem um problema. Voc\u00ea simplesmente&hellip; Read more","og_url":"https:\/\/shrimataji.org\/test\/pt\/meditacao-sem-esforco\/","og_site_name":"TEST - SMND","article_publisher":"https:\/\/www.facebook.com\/shrimataji","article_modified_time":"2026-01-16T00:52:01+00:00","og_image":[{"width":990,"height":350,"url":"https:\/\/shrimataji.org\/test\/wp-content\/uploads\/2018\/07\/media_originals\/images\/headers-general\/effortless-sahaja-yoga-meditation.jpg","type":"image\/jpeg"}],"twitter_card":"summary_large_image","twitter_site":"@shrimataji","schema":{"@context":"https:\/\/schema.org","@graph":[{"@type":"WebPage","@id":"https:\/\/shrimataji.org\/test\/pt\/meditacao-sem-esforco\/","url":"https:\/\/shrimataji.org\/test\/pt\/meditacao-sem-esforco\/","name":"Medita\u00e7\u00e3o Sem Esfor\u00e7o - TEST - SMND","isPartOf":{"@id":"https:\/\/shrimataji.org\/test\/#website"},"primaryImageOfPage":{"@id":"https:\/\/shrimataji.org\/test\/pt\/meditacao-sem-esforco\/#primaryimage"},"image":{"@id":"https:\/\/shrimataji.org\/test\/pt\/meditacao-sem-esforco\/#primaryimage"},"thumbnailUrl":"https:\/\/shrimataji.org\/test\/wp-content\/uploads\/2018\/07\/media_originals\/images\/headers-general\/effortless-sahaja-yoga-meditation.jpg","datePublished":"2018-07-10T06:54:54+00:00","dateModified":"2026-01-16T00:52:01+00:00","breadcrumb":{"@id":"https:\/\/shrimataji.org\/test\/pt\/meditacao-sem-esforco\/#breadcrumb"},"inLanguage":"en-US","potentialAction":[{"@type":"ReadAction","target":["https:\/\/shrimataji.org\/test\/pt\/meditacao-sem-esforco\/"]}]},{"@type":"ImageObject","inLanguage":"en-US","@id":"https:\/\/shrimataji.org\/test\/pt\/meditacao-sem-esforco\/#primaryimage","url":"https:\/\/shrimataji.org\/test\/wp-content\/uploads\/2018\/07\/media_originals\/images\/headers-general\/effortless-sahaja-yoga-meditation.jpg","contentUrl":"https:\/\/shrimataji.org\/test\/wp-content\/uploads\/2018\/07\/media_originals\/images\/headers-general\/effortless-sahaja-yoga-meditation.jpg","width":990,"height":350},{"@type":"BreadcrumbList","@id":"https:\/\/shrimataji.org\/test\/pt\/meditacao-sem-esforco\/#breadcrumb","itemListElement":[{"@type":"ListItem","position":1,"name":"Home","item":"https:\/\/shrimataji.org\/test\/uk\/home-en\/"},{"@type":"ListItem","position":2,"name":"Medita\u00e7\u00e3o Sem Esfor\u00e7o"}]},{"@type":"WebSite","@id":"https:\/\/shrimataji.org\/test\/#website","url":"https:\/\/shrimataji.org\/test\/","name":"Shri Mataji Nirmala Devi","description":"A Life Dedicated to Humanity","publisher":{"@id":"https:\/\/shrimataji.org\/test\/#\/schema\/person\/a1b3419c6585f164aa96da1ff85715d1"},"potentialAction":[{"@type":"SearchAction","target":{"@type":"EntryPoint","urlTemplate":"https:\/\/shrimataji.org\/test\/?s={search_term_string}"},"query-input":{"@type":"PropertyValueSpecification","valueRequired":true,"valueName":"search_term_string"}}],"inLanguage":"en-US"},{"@type":["Person","Organization"],"@id":"https:\/\/shrimataji.org\/test\/#\/schema\/person\/a1b3419c6585f164aa96da1ff85715d1","name":"Nirmala Shrivastava","image":{"@type":"ImageObject","inLanguage":"en-US","@id":"https:\/\/shrimataji.org\/test\/wp-content\/uploads\/2023\/02\/SMO_LOGO-03.svg","url":"https:\/\/shrimataji.org\/test\/wp-content\/uploads\/2023\/02\/SMO_LOGO-03.svg","contentUrl":"https:\/\/shrimataji.org\/test\/wp-content\/uploads\/2023\/02\/SMO_LOGO-03.svg","width":"1024","height":"1024","caption":"Nirmala Shrivastava"},"logo":{"@id":"https:\/\/shrimataji.org\/test\/wp-content\/uploads\/2023\/02\/SMO_LOGO-03.svg"},"sameAs":["https:\/\/shrimataji.org\/test","https:\/\/www.facebook.com\/shrimataji","https:\/\/x.com\/shrimataji","https:\/\/www.youtube.com\/@Shri_Mataji_Nirmala_Devi\/featured"]}]}},"lang":"pt","translations":{"pt":10364,"ur":37417,"en":451,"am":17988,"th":19926,"hu":19463,"sq":18389,"zh":17286,"tr":10151,"de":10638,"fr":10736,"it":10834,"es":10931,"ja":11228,"ru":11416,"bn":11608,"te":11716,"sw":11839,"he":11987,"el":12278,"sk":12376,"fa":12474,"fi":12572,"bg":13433,"ro":14507,"cs":14700,"nl":16549,"ku":16709,"ar":16885,"be":18596,"kn":18870,"mr":20290,"uk":20582,"ml":20881,"ta":22704,"sv":22977,"gu":28825,"pa":28983,"fil":29423,"da":37731,"pl":37948,"nn":38283},"pll_sync_post":[],"_links":{"self":[{"href":"https:\/\/shrimataji.org\/test\/wp-json\/wp\/v2\/pages\/10364","targetHints":{"allow":["GET"]}}],"collection":[{"href":"https:\/\/shrimataji.org\/test\/wp-json\/wp\/v2\/pages"}],"about":[{"href":"https:\/\/shrimataji.org\/test\/wp-json\/wp\/v2\/types\/page"}],"author":[{"embeddable":true,"href":"https:\/\/shrimataji.org\/test\/wp-json\/wp\/v2\/users\/18"}],"replies":[{"embeddable":true,"href":"https:\/\/shrimataji.org\/test\/wp-json\/wp\/v2\/comments?post=10364"}],"version-history":[{"count":0,"href":"https:\/\/shrimataji.org\/test\/wp-json\/wp\/v2\/pages\/10364\/revisions"}],"wp:featuredmedia":[{"embeddable":true,"href":"https:\/\/shrimataji.org\/test\/wp-json\/wp\/v2\/media\/147"}],"wp:attachment":[{"href":"https:\/\/shrimataji.org\/test\/wp-json\/wp\/v2\/media?parent=10364"}],"curies":[{"name":"wp","href":"https:\/\/api.w.org\/{rel}","templated":true}]}}