{"id":10376,"date":"2018-07-10T06:54:50","date_gmt":"2018-07-10T06:54:50","guid":{"rendered":"http:\/\/testwordpress.nirmalnagari.org\/smnd\/index.php\/glossary\/"},"modified":"2026-01-16T01:02:28","modified_gmt":"2026-01-16T01:02:28","slug":"glossario","status":"publish","type":"page","link":"https:\/\/shrimataji.org\/test\/pt\/glossario\/","title":{"rendered":"Gloss\u00e1rio"},"content":{"rendered":"\n\n\t<h1>Gloss\u00e1rio<\/h1>\n\t<p><a href=\"#Dharma\">Dharma<\/a><\/p>\n<p><a href=\"#Kundalini\">Kundalini<\/a><\/p>\n<p><a href=\"#SahajaYoga\"> Sahaja Yoga<\/a><\/p>\n<p><a href=\"#SahajaYogaMeditation\">Sahaja Yoga Meditation<\/a><\/p>\n<p><a href=\"#Sahasrara\">Sahasrara<\/a><\/p>\n<p><a href=\"#Self\">Self<\/a><\/p>\n<p><a href=\"#Self-Realization\"> Self-Realization<\/a><\/p>\n<p><a href=\"#Spirit\">Spirit<\/a><\/p>\n<p><a href=\"#SubtleSystem\"> Subtle System<\/a><\/p>\n<p><a href=\"#ThoughtlessAwareness\"> Thoughtless Awareness<\/a><\/p>\n<p><a href=\"#Vibrations\">Vibrations<\/a><\/p>\n<p><a href=\"#Yoga\">Yoga<\/a><\/p>\n\t<p><strong>Dharma<\/strong><\/p>\n<p>O c\u00f3digo de conduta correta ou retid\u00e3o como o fator sustentador e equilibrador da ecologia e da evolu\u00e7\u00e3o.<\/p>\n<p><a name=\"Kundalini\"><\/a><\/p>\n<p><strong>Kundalini<\/strong><\/p>\n<p>Uma energia latente que permanece enrolada na base da coluna vertebral. Quando desperta, essa energia benevolente e nutridora sobe atrav\u00e9s dos plexos nervosos do corpo e emerge no topo da cabe\u00e7a, na regi\u00e3o do osso da fontanela. Pode-se sentir essa energia como uma brisa fresca acima da cabe\u00e7a, assim como nas palmas das m\u00e3os.<\/p>\n<p><a name=\"SahajaYoga\"><\/a><\/p>\n<p><strong>Sahaja Yoga<\/strong><\/p>\nSahaja significa &#8220;nascido com voc\u00ea&#8221; &#8211; <em data-start=\"38\" data-end=\"44\">saha<\/em> significa &#8220;com&#8221; e <em data-start=\"63\" data-end=\"67\">ja<\/em> significa &#8220;nascido&#8221;. Shri Mataji explica: <em data-start=\"113\" data-end=\"550\" data-is-last-node=\"\">&#8220;Sahaja tamb\u00e9m significa &#8216;espont\u00e2neo&#8217;, porque \u00e9 o poder vivo que realiza isso. H\u00e1 um poder vivo dentro de n\u00f3s que nos transformou em seres humanos a partir do est\u00e1gio de ameba. E agora, existe outro poder residual que precisa nos conectar ao Divino. Esse \u00e9 o verdadeiro significado da palavra Yoga. E todo ser humano tem o direito de se unir a esse poder que tudo permeia. Portanto, esta \u00e9 a \u00faltima grande conquista da nossa evolu\u00e7\u00e3o.&#8221;<\/em>\n<p><a name=\"SahajaYogaMeditation\"><\/a><\/p>\n<p><strong>Medita\u00e7\u00e3o da Sahaja Yoga<\/strong><\/p>\n<p>A t\u00e9cnica que sustenta a experi\u00eancia da &#8216;realiza\u00e7\u00e3o do si&#8217; (o despertar da Kundalini). Atrav\u00e9s da medita\u00e7\u00e3o da Sahaja Yoga, \u00e9 poss\u00edvel conectar-se com o verdadeiro si e alcan\u00e7ar um estado de consci\u00eancia sem pensamentos &#8211; ambos sendo a concretiza\u00e7\u00e3o da &#8216;yoga&#8217; ou &#8216;uni\u00e3o&#8217;. Com a pr\u00e1tica regular, pode-se estabelecer esse estado de consci\u00eancia sem pensamentos e alcan\u00e7ar o crescimento espiritual.<\/p>\n<p><a name=\"Sahasrara\"><\/a><\/p>\n<p><strong>Sahasrara<\/strong><\/p>\n<p>O s\u00e9timo centro de energia localizado na fontanela, no topo da cabe\u00e7a. \u00c9 atrav\u00e9s desse ponto que a energia Kundalini passa, trazendo o estado de consci\u00eancia sem pensamentos.<\/p>\n<p><a name=\"Self\"><\/a><\/p>\n<p><strong>Si<\/strong><\/p>\n<p>Na tradi\u00e7\u00e3o da espiritualidade, diz-se que dentro de voc\u00ea reside o poder para alcan\u00e7ar sua realiza\u00e7\u00e3o do si, para chegar ao seu verdadeiro Ser. Shri Mataji explica que a verdade \u00e9: n\u00e3o somos este corpo, n\u00e3o somos esta mente, n\u00e3o somos este ego, n\u00e3o somos esses condicionamentos. O Si \u00e9 o esp\u00edrito puro dentro de cada um de n\u00f3s. \u00c9 o Si que irradia. \u00c9 o Si que d\u00e1 a gl\u00f3ria. \u00c9 o Si que concede todas as b\u00ean\u00e7\u00e3os do amor puro, da seguran\u00e7a e da ajuda que cada pessoa merece.<\/p>\n<p><a name=\"Self-Realization\"><\/a><\/p>\n<p><strong>Realiza\u00e7\u00e3o do Si<\/strong><\/p>\n<p>Uni\u00e3o concretizada da consci\u00eancia individual com a percep\u00e7\u00e3o pura e direta da natureza do Si e do Divino. N\u00e3o \u00e9 o ponto final da evolu\u00e7\u00e3o espiritual, mas sim um verdadeiro come\u00e7o. A Realiza\u00e7\u00e3o do Si abre o caminho para o desenvolvimento ao eliminar toda identifica\u00e7\u00e3o com a ilus\u00e3o, permitindo que a Kundalini flua livremente, estabelecendo uma conex\u00e3o genu\u00edna com o poder divino e despertando todas as capacidades inatas de autoaperfei\u00e7oamento dentro do indiv\u00edduo.<\/p>\n<p><a name=\"Spirit\"><\/a><\/p>\n<p><strong>Esp\u00edrito<\/strong><\/p>\n<p>O reflexo do Divino dentro de cada um, o verdadeiro e puro Si. Ap\u00f3s a realiza\u00e7\u00e3o do si, o Esp\u00edrito pode ser percebido e sentido em nossa aten\u00e7\u00e3o.<\/p>\n<p><a name=\"SubtleSystem\"><\/a><\/p>\n<p><strong>Sistema Sutil<\/strong><\/p>\n<p>O <strong data-start=\"2\" data-end=\"19\">Sistema Sutil<\/strong> \u00e9 a rede de Centros de Energia e canais atrav\u00e9s dos quais a sua Energia Interior flui. A medita\u00e7\u00e3o com a Sahaja Yoga ajuda voc\u00ea a aprender a sentir, entender e, finalmente, usar o Sistema Sutil para melhorar a sa\u00fade, o equil\u00edbrio e o bem-estar. Esse processo come\u00e7a com o despertar da sua Energia Interior, conhecida como Kundalini.<\/p>\n<p><a name=\"ThoughtlessAwareness\"><\/a><\/p>\n<p><strong>Consci\u00eancia Sem Pensamentos<\/strong><\/p>\n<p>Um estado de consci\u00eancia elevada quando a mente est\u00e1 relaxada, mas alerta. A atividade mental indesejada cessa, permitindo que a aten\u00e7\u00e3o se concentre no momento presente. O estresse e a fadiga geralmente derivam de pensar sobre o passado ou o futuro. Quando os pensamentos s\u00e3o acalmados, o poder natural de cura do sistema nervoso \u00e9 ativado, restaurando energia, equil\u00edbrio e sa\u00fade.<\/p>\n<p><a name=\"Vibrations\"><\/a><\/p>\n<p><strong>Vibra\u00e7\u00f5es<\/strong><\/p>\n<p>Todos os seres vivos s\u00e3o uma combina\u00e7\u00e3o de part\u00edculas e ondas que emitem algum tipo de vibra\u00e7\u00e3o, seja ela positiva ou negativa. As vibra\u00e7\u00f5es positivas s\u00e3o benevolentes e nutritivas. Ap\u00f3s a realiza\u00e7\u00e3o do si, as vibra\u00e7\u00f5es positivas podem ser sentidas no sistema nervoso central como uma brisa fresca nas palmas das m\u00e3os e acima da \u00e1rea do osso da fontanela. &#8220;Vibra\u00e7\u00f5es n\u00e3o s\u00e3o nada al\u00e9m de amor divino.&#8221; Shri Mataji<a name=\"Yoga\"><\/a><\/p>\n<p><strong>Yoga<\/strong><\/p>\n<p>Ao contr\u00e1rio da cren\u00e7a popular, a Yoga n\u00e3o designa uma s\u00e9rie de exerc\u00edcios ou posturas, mas, na verdade, significa &#8216;unir, juntar&#8217;. Uma das primeiras refer\u00eancias \u00e0 Yoga pode ser encontrada nos <em data-start=\"193\" data-end=\"216\">Patanjali Yoga Sutras<\/em>, uma compila\u00e7\u00e3o de aforismos do s\u00e9culo II a.C. na \u00cdndia.<\/p>\n\n","protected":false},"excerpt":{"rendered":"<p>Gloss\u00e1rio Dharma Kundalini Sahaja Yoga Sahaja Yoga Meditation Sahasrara Self Self-Realization Spirit Subtle System Thoughtless Awareness Vibrations Yoga Dharma O c\u00f3digo de conduta correta ou retid\u00e3o como o fator sustentador e equilibrador da ecologia e da evolu\u00e7\u00e3o. Kundalini Uma energia latente que permanece enrolada na base da coluna vertebral. Quando desperta, essa energia benevolente e&hellip; <br \/> <a class=\"read-more\" href=\"https:\/\/shrimataji.org\/test\/pt\/glossario\/\">Read more<\/a><\/p>\n","protected":false},"author":18,"featured_media":9552,"parent":0,"menu_order":0,"comment_status":"closed","ping_status":"closed","template":"","meta":{"inline_featured_image":false,"footnotes":""},"class_list":["post-10376","page","type-page","status-publish","has-post-thumbnail","hentry"],"yoast_head":"<!-- This site is optimized with the Yoast SEO plugin v27.4 - https:\/\/yoast.com\/product\/yoast-seo-wordpress\/ -->\n<title>Gloss\u00e1rio - TEST - SMND<\/title>\n<meta name=\"robots\" content=\"noindex, follow, max-snippet:-1, max-image-preview:large, max-video-preview:-1\" \/>\n<meta property=\"og:locale\" content=\"en_US\" \/>\n<meta property=\"og:type\" content=\"article\" \/>\n<meta property=\"og:title\" content=\"Gloss\u00e1rio - TEST - SMND\" \/>\n<meta property=\"og:description\" content=\"Gloss\u00e1rio Dharma Kundalini Sahaja Yoga Sahaja Yoga Meditation Sahasrara Self Self-Realization Spirit Subtle System Thoughtless Awareness Vibrations Yoga Dharma O c\u00f3digo de conduta correta ou retid\u00e3o como o fator sustentador e equilibrador da ecologia e da evolu\u00e7\u00e3o. Kundalini Uma energia latente que permanece enrolada na base da coluna vertebral. Quando desperta, essa energia benevolente e&hellip; Read more\" \/>\n<meta property=\"og:url\" content=\"https:\/\/shrimataji.org\/test\/pt\/glossario\/\" \/>\n<meta property=\"og:site_name\" content=\"TEST - SMND\" \/>\n<meta property=\"article:publisher\" content=\"https:\/\/www.facebook.com\/shrimataji\" \/>\n<meta property=\"article:modified_time\" content=\"2026-01-16T01:02:28+00:00\" \/>\n<meta property=\"og:image\" content=\"https:\/\/shrimataji.org\/test\/wp-content\/uploads\/2023\/03\/Banner-Footer-Castle-1-scaled.jpg\" \/>\n\t<meta property=\"og:image:width\" content=\"2560\" \/>\n\t<meta property=\"og:image:height\" content=\"905\" \/>\n\t<meta property=\"og:image:type\" content=\"image\/jpeg\" \/>\n<meta name=\"twitter:card\" content=\"summary_large_image\" \/>\n<meta name=\"twitter:site\" content=\"@shrimataji\" \/>\n<script type=\"application\/ld+json\" class=\"yoast-schema-graph\">{\"@context\":\"https:\\\/\\\/schema.org\",\"@graph\":[{\"@type\":\"WebPage\",\"@id\":\"https:\\\/\\\/shrimataji.org\\\/test\\\/pt\\\/glossario\\\/\",\"url\":\"https:\\\/\\\/shrimataji.org\\\/test\\\/pt\\\/glossario\\\/\",\"name\":\"Gloss\u00e1rio - TEST - SMND\",\"isPartOf\":{\"@id\":\"https:\\\/\\\/shrimataji.org\\\/test\\\/#website\"},\"primaryImageOfPage\":{\"@id\":\"https:\\\/\\\/shrimataji.org\\\/test\\\/pt\\\/glossario\\\/#primaryimage\"},\"image\":{\"@id\":\"https:\\\/\\\/shrimataji.org\\\/test\\\/pt\\\/glossario\\\/#primaryimage\"},\"thumbnailUrl\":\"https:\\\/\\\/shrimataji.org\\\/test\\\/wp-content\\\/uploads\\\/2023\\\/03\\\/Banner-Footer-Castle-1-scaled.jpg\",\"datePublished\":\"2018-07-10T06:54:50+00:00\",\"dateModified\":\"2026-01-16T01:02:28+00:00\",\"breadcrumb\":{\"@id\":\"https:\\\/\\\/shrimataji.org\\\/test\\\/pt\\\/glossario\\\/#breadcrumb\"},\"inLanguage\":\"en-US\",\"potentialAction\":[{\"@type\":\"ReadAction\",\"target\":[\"https:\\\/\\\/shrimataji.org\\\/test\\\/pt\\\/glossario\\\/\"]}]},{\"@type\":\"ImageObject\",\"inLanguage\":\"en-US\",\"@id\":\"https:\\\/\\\/shrimataji.org\\\/test\\\/pt\\\/glossario\\\/#primaryimage\",\"url\":\"https:\\\/\\\/shrimataji.org\\\/test\\\/wp-content\\\/uploads\\\/2023\\\/03\\\/Banner-Footer-Castle-1-scaled.jpg\",\"contentUrl\":\"https:\\\/\\\/shrimataji.org\\\/test\\\/wp-content\\\/uploads\\\/2023\\\/03\\\/Banner-Footer-Castle-1-scaled.jpg\",\"width\":2560,\"height\":905},{\"@type\":\"BreadcrumbList\",\"@id\":\"https:\\\/\\\/shrimataji.org\\\/test\\\/pt\\\/glossario\\\/#breadcrumb\",\"itemListElement\":[{\"@type\":\"ListItem\",\"position\":1,\"name\":\"Home\",\"item\":\"https:\\\/\\\/shrimataji.org\\\/test\\\/uk\\\/home-en\\\/\"},{\"@type\":\"ListItem\",\"position\":2,\"name\":\"Gloss\u00e1rio\"}]},{\"@type\":\"WebSite\",\"@id\":\"https:\\\/\\\/shrimataji.org\\\/test\\\/#website\",\"url\":\"https:\\\/\\\/shrimataji.org\\\/test\\\/\",\"name\":\"Shri Mataji Nirmala Devi\",\"description\":\"A Life Dedicated to Humanity\",\"publisher\":{\"@id\":\"https:\\\/\\\/shrimataji.org\\\/test\\\/#\\\/schema\\\/person\\\/a1b3419c6585f164aa96da1ff85715d1\"},\"potentialAction\":[{\"@type\":\"SearchAction\",\"target\":{\"@type\":\"EntryPoint\",\"urlTemplate\":\"https:\\\/\\\/shrimataji.org\\\/test\\\/?s={search_term_string}\"},\"query-input\":{\"@type\":\"PropertyValueSpecification\",\"valueRequired\":true,\"valueName\":\"search_term_string\"}}],\"inLanguage\":\"en-US\"},{\"@type\":[\"Person\",\"Organization\"],\"@id\":\"https:\\\/\\\/shrimataji.org\\\/test\\\/#\\\/schema\\\/person\\\/a1b3419c6585f164aa96da1ff85715d1\",\"name\":\"Nirmala Shrivastava\",\"image\":{\"@type\":\"ImageObject\",\"inLanguage\":\"en-US\",\"@id\":\"https:\\\/\\\/shrimataji.org\\\/test\\\/wp-content\\\/uploads\\\/2023\\\/02\\\/SMO_LOGO-03.svg\",\"url\":\"https:\\\/\\\/shrimataji.org\\\/test\\\/wp-content\\\/uploads\\\/2023\\\/02\\\/SMO_LOGO-03.svg\",\"contentUrl\":\"https:\\\/\\\/shrimataji.org\\\/test\\\/wp-content\\\/uploads\\\/2023\\\/02\\\/SMO_LOGO-03.svg\",\"width\":\"1024\",\"height\":\"1024\",\"caption\":\"Nirmala Shrivastava\"},\"logo\":{\"@id\":\"https:\\\/\\\/shrimataji.org\\\/test\\\/wp-content\\\/uploads\\\/2023\\\/02\\\/SMO_LOGO-03.svg\"},\"sameAs\":[\"https:\\\/\\\/shrimataji.org\\\/test\",\"https:\\\/\\\/www.facebook.com\\\/shrimataji\",\"https:\\\/\\\/x.com\\\/shrimataji\",\"https:\\\/\\\/www.youtube.com\\\/@Shri_Mataji_Nirmala_Devi\\\/featured\"]}]}<\/script>\n<!-- \/ Yoast SEO plugin. -->","yoast_head_json":{"title":"Gloss\u00e1rio - TEST - SMND","robots":{"index":"noindex","follow":"follow","max-snippet":"max-snippet:-1","max-image-preview":"max-image-preview:large","max-video-preview":"max-video-preview:-1"},"og_locale":"en_US","og_type":"article","og_title":"Gloss\u00e1rio - TEST - SMND","og_description":"Gloss\u00e1rio Dharma Kundalini Sahaja Yoga Sahaja Yoga Meditation Sahasrara Self Self-Realization Spirit Subtle System Thoughtless Awareness Vibrations Yoga Dharma O c\u00f3digo de conduta correta ou retid\u00e3o como o fator sustentador e equilibrador da ecologia e da evolu\u00e7\u00e3o. Kundalini Uma energia latente que permanece enrolada na base da coluna vertebral. Quando desperta, essa energia benevolente e&hellip; Read more","og_url":"https:\/\/shrimataji.org\/test\/pt\/glossario\/","og_site_name":"TEST - SMND","article_publisher":"https:\/\/www.facebook.com\/shrimataji","article_modified_time":"2026-01-16T01:02:28+00:00","og_image":[{"width":2560,"height":905,"url":"https:\/\/shrimataji.org\/test\/wp-content\/uploads\/2023\/03\/Banner-Footer-Castle-1-scaled.jpg","type":"image\/jpeg"}],"twitter_card":"summary_large_image","twitter_site":"@shrimataji","schema":{"@context":"https:\/\/schema.org","@graph":[{"@type":"WebPage","@id":"https:\/\/shrimataji.org\/test\/pt\/glossario\/","url":"https:\/\/shrimataji.org\/test\/pt\/glossario\/","name":"Gloss\u00e1rio - TEST - SMND","isPartOf":{"@id":"https:\/\/shrimataji.org\/test\/#website"},"primaryImageOfPage":{"@id":"https:\/\/shrimataji.org\/test\/pt\/glossario\/#primaryimage"},"image":{"@id":"https:\/\/shrimataji.org\/test\/pt\/glossario\/#primaryimage"},"thumbnailUrl":"https:\/\/shrimataji.org\/test\/wp-content\/uploads\/2023\/03\/Banner-Footer-Castle-1-scaled.jpg","datePublished":"2018-07-10T06:54:50+00:00","dateModified":"2026-01-16T01:02:28+00:00","breadcrumb":{"@id":"https:\/\/shrimataji.org\/test\/pt\/glossario\/#breadcrumb"},"inLanguage":"en-US","potentialAction":[{"@type":"ReadAction","target":["https:\/\/shrimataji.org\/test\/pt\/glossario\/"]}]},{"@type":"ImageObject","inLanguage":"en-US","@id":"https:\/\/shrimataji.org\/test\/pt\/glossario\/#primaryimage","url":"https:\/\/shrimataji.org\/test\/wp-content\/uploads\/2023\/03\/Banner-Footer-Castle-1-scaled.jpg","contentUrl":"https:\/\/shrimataji.org\/test\/wp-content\/uploads\/2023\/03\/Banner-Footer-Castle-1-scaled.jpg","width":2560,"height":905},{"@type":"BreadcrumbList","@id":"https:\/\/shrimataji.org\/test\/pt\/glossario\/#breadcrumb","itemListElement":[{"@type":"ListItem","position":1,"name":"Home","item":"https:\/\/shrimataji.org\/test\/uk\/home-en\/"},{"@type":"ListItem","position":2,"name":"Gloss\u00e1rio"}]},{"@type":"WebSite","@id":"https:\/\/shrimataji.org\/test\/#website","url":"https:\/\/shrimataji.org\/test\/","name":"Shri Mataji Nirmala Devi","description":"A Life Dedicated to Humanity","publisher":{"@id":"https:\/\/shrimataji.org\/test\/#\/schema\/person\/a1b3419c6585f164aa96da1ff85715d1"},"potentialAction":[{"@type":"SearchAction","target":{"@type":"EntryPoint","urlTemplate":"https:\/\/shrimataji.org\/test\/?s={search_term_string}"},"query-input":{"@type":"PropertyValueSpecification","valueRequired":true,"valueName":"search_term_string"}}],"inLanguage":"en-US"},{"@type":["Person","Organization"],"@id":"https:\/\/shrimataji.org\/test\/#\/schema\/person\/a1b3419c6585f164aa96da1ff85715d1","name":"Nirmala Shrivastava","image":{"@type":"ImageObject","inLanguage":"en-US","@id":"https:\/\/shrimataji.org\/test\/wp-content\/uploads\/2023\/02\/SMO_LOGO-03.svg","url":"https:\/\/shrimataji.org\/test\/wp-content\/uploads\/2023\/02\/SMO_LOGO-03.svg","contentUrl":"https:\/\/shrimataji.org\/test\/wp-content\/uploads\/2023\/02\/SMO_LOGO-03.svg","width":"1024","height":"1024","caption":"Nirmala Shrivastava"},"logo":{"@id":"https:\/\/shrimataji.org\/test\/wp-content\/uploads\/2023\/02\/SMO_LOGO-03.svg"},"sameAs":["https:\/\/shrimataji.org\/test","https:\/\/www.facebook.com\/shrimataji","https:\/\/x.com\/shrimataji","https:\/\/www.youtube.com\/@Shri_Mataji_Nirmala_Devi\/featured"]}]}},"lang":"pt","translations":{"pt":10376,"ur":38951,"en":448,"am":18007,"th":19953,"hu":19483,"sq":18408,"zh":17305,"tr":10164,"de":10650,"fr":10748,"it":10846,"es":10943,"ja":11240,"ru":11428,"bn":11620,"te":11728,"sw":11851,"he":11999,"el":12290,"sk":12388,"fa":12486,"fi":12584,"bg":13451,"ro":14525,"cs":14718,"nl":16568,"ku":16728,"ar":16904,"be":18615,"kn":18889,"mr":20317,"uk":20609,"ml":20905,"ta":22723,"sv":22996,"gu":28842,"pa":29000,"fil":29442,"da":38947,"nn":38949,"pl":39854},"pll_sync_post":[],"_links":{"self":[{"href":"https:\/\/shrimataji.org\/test\/wp-json\/wp\/v2\/pages\/10376","targetHints":{"allow":["GET"]}}],"collection":[{"href":"https:\/\/shrimataji.org\/test\/wp-json\/wp\/v2\/pages"}],"about":[{"href":"https:\/\/shrimataji.org\/test\/wp-json\/wp\/v2\/types\/page"}],"author":[{"embeddable":true,"href":"https:\/\/shrimataji.org\/test\/wp-json\/wp\/v2\/users\/18"}],"replies":[{"embeddable":true,"href":"https:\/\/shrimataji.org\/test\/wp-json\/wp\/v2\/comments?post=10376"}],"version-history":[{"count":0,"href":"https:\/\/shrimataji.org\/test\/wp-json\/wp\/v2\/pages\/10376\/revisions"}],"wp:featuredmedia":[{"embeddable":true,"href":"https:\/\/shrimataji.org\/test\/wp-json\/wp\/v2\/media\/9552"}],"wp:attachment":[{"href":"https:\/\/shrimataji.org\/test\/wp-json\/wp\/v2\/media?parent=10376"}],"curies":[{"name":"wp","href":"https:\/\/api.w.org\/{rel}","templated":true}]}}