{"id":10377,"date":"2018-07-10T06:54:42","date_gmt":"2018-07-10T06:54:42","guid":{"rendered":"http:\/\/testwordpress.nirmalnagari.org\/smnd\/index.php\/holistic-health\/"},"modified":"2026-01-18T17:49:41","modified_gmt":"2026-01-18T17:49:41","slug":"saude-holistica","status":"publish","type":"page","link":"https:\/\/shrimataji.org\/test\/pt\/saude-holistica\/","title":{"rendered":"Sa\u00fade Hol\u00edstica"},"content":{"rendered":"\n\n\t<h1>Sa\u00fade Hol\u00edstica<\/h1>\n<h2><b>A ci\u00eancia Sutil da Cura Interior<\/b><\/h2>\n\t<h4>Embora ben\u00e9fica de muitas maneiras, a medicina convencional frequentemente falha no tratamento profundo e de longo prazo de dist\u00farbios psicossom\u00e1ticos e psiqui\u00e1tricos, pois aborda os sintomas em vez das causas e trata esses dist\u00farbios separadamente, em vez de no contexto do organismo como um todo.<\/h4>\n\t<p>Shri Mataji estudou medicina por v\u00e1rios anos at\u00e9 que eventos pol\u00edticos ap\u00f3s a separa\u00e7\u00e3o da \u00cdndia a obrigaram a abandon\u00e1-la. Vinda de uma tradi\u00e7\u00e3o hol\u00edstica que reconhecia a conex\u00e3o entre espiritualidade e sa\u00fade, ela dedicou tempo \u00e0 medita\u00e7\u00e3o e \u00e0 observa\u00e7\u00e3o do impacto da medita\u00e7\u00e3o na mente e no corpo.<\/p>\n\t<p>Nesse processo, ela n\u00e3o apenas redescobriu um sistema de energia sutil de canais e plexos nervosos que governa o corpo humano, mas tamb\u00e9m compreendeu a chave desse sistema: uma energia nutritiva e feminina, conhecida nas antigas escrituras indianas como Kundalini. Shri Mataji estudou o comportamento humano e seus efeitos sobre essa energia e o sistema sutil. Ela percebeu como comportamentos desequilibrados poderiam levar a extremos f\u00edsicos, mentais ou emocionais, resultando em doen\u00e7as.<\/p>\n<p>Shri Mataji enfatizou que, embora traga benef\u00edcios curativos, o prop\u00f3sito do Sahaja Yoga n\u00e3o \u00e9 curar, mas despertar essa energia e consci\u00eancia nas pessoas atrav\u00e9s da realiza\u00e7\u00e3o do si.<\/p>\n\t<div class=\"su-quote su-quote-style-default\"><div class=\"su-quote-inner su-u-clearfix su-u-trim\">&#8230;Essa Kundalini, quando passa por esses seis centros, ilumina esses centros, os nutre e os integra &#8211; assim, no todo, voc\u00ea fica bem. N\u00e3o \u00e9 como tratar uma parte do corpo e negligenciar outra &#8211; \u00e9 no todo, no equil\u00edbrio completo. E ela coloca voc\u00ea no caminho central do equil\u00edbrio.<\/div><\/div>\n\t\t<iframe loading=\"lazy\" title=\"Holistic Health\" width=\"1920\" height=\"1080\" src=\"https:\/\/www.youtube.com\/embed\/7g9itxwuKiU?feature=oembed\" frameborder=\"0\" allow=\"accelerometer; autoplay; clipboard-write; encrypted-media; gyroscope; picture-in-picture; web-share\" allowfullscreen><\/iframe>\t\n\t<p>Em suas confer\u00eancias, Shri Mataji apresentou esse sistema energ\u00e9tico interno como uma hip\u00f3tese, incentivando o p\u00fablico a n\u00e3o aceit\u00e1-lo de forma cega, mas a test\u00e1-lo com a mente aberta. Como resultado, um n\u00famero crescente de m\u00e9dicos e cientistas que praticam a Sahaja Yoga e testemunham melhorias importantes em suas condi\u00e7\u00f5es de sa\u00fade pessoal conduziram estudos em diferentes pa\u00edses e contextos cient\u00edficos &#8211; todos publicados em peri\u00f3dicos m\u00e9dicos revisados por pares.<\/p>\n\t<p>O Dr. Ramesh Manocha, um m\u00e9dico generalista australiano e pesquisador da Unidade de Terapias Naturais do Royal Hospital for Women em Sydney, relatou <a href=\"https:\/\/researchingmeditation.org\/meditation-research-summary\/\" target=\"_blank\" rel=\"noopener\">resultados convincentes sobre os efeitos da medita\u00e7\u00e3o da Sahaja Yoga<\/a> ino tratamento e preven\u00e7\u00e3o de dist\u00farbios como hipertens\u00e3o, dist\u00farbios relacionados \u00e0 menopausa<a href=\"#citation-note-1\">[1]<\/a>, sintomas relacionados ao estresse<a href=\"#citation-note-2\">[2]<\/a>, TDAH <a href=\"#citation-note-3\">[3]<\/a>e asma<a href=\"#citation-note-4\">[4]<\/a>. O sil\u00eancio mental estabelecido durante a medita\u00e7\u00e3o da Sahaja Yoga \u00e9, segundo o Dr. Manocha, &#8220;associado a um padr\u00e3o \u00fanico de atividade fisiol\u00f3gica&#8221;.<\/p>\n<p>Ele especifica que, entre os diversos m\u00e9todos de medita\u00e7\u00e3o e t\u00e9cnicas de relaxamento, apenas a Medita\u00e7\u00e3o Sahaja Yoga se mostrou eficiente em termos de efeitos terap\u00eauticos.<\/p>\n\t<div class=\"epyt-video-wrapper\"><div  data-ep-a=\"fadeIn\"  style=\"display: block; margin: 0px auto;\"  id=\"_ytid_87883\"  width=\"3840\" height=\"2160\"  data-origwidth=\"3840\" data-origheight=\"2160\" data-facadesrc=\"https:\/\/www.youtube.com\/embed\/itvKZ5WxrFs?enablejsapi=1&autoplay=0&cc_load_policy=0&cc_lang_pref=&iv_load_policy=1&loop=0&rel=0&fs=1&playsinline=1&autohide=2&theme=dark&color=red&controls=1&disablekb=0&\" class=\"__youtube_prefs__ epyt-facade  no-lazyload\" data-epautoplay=\"1\" ><img decoding=\"async\" data-spai-excluded=\"true\" class=\"epyt-facade-poster skip-lazy\" loading=\"lazy\"  alt=\"YouTube player\"  src=\"https:\/\/i.ytimg.com\/vi\/itvKZ5WxrFs\/maxresdefault.jpg\"  \/><button class=\"epyt-facade-play\" aria-label=\"Play\"><svg data-no-lazy=\"1\" height=\"100%\" version=\"1.1\" viewBox=\"0 0 68 48\" width=\"100%\"><path class=\"ytp-large-play-button-bg\" d=\"M66.52,7.74c-0.78-2.93-2.49-5.41-5.42-6.19C55.79,.13,34,0,34,0S12.21,.13,6.9,1.55 C3.97,2.33,2.27,4.81,1.48,7.74C0.06,13.05,0,24,0,24s0.06,10.95,1.48,16.26c0.78,2.93,2.49,5.41,5.42,6.19 C12.21,47.87,34,48,34,48s21.79-0.13,27.1-1.55c2.93-0.78,4.64-3.26,5.42-6.19C67.94,34.95,68,24,68,24S67.94,13.05,66.52,7.74z\" fill=\"#f00\"><\/path><path d=\"M 45,24 27,14 27,34\" fill=\"#fff\"><\/path><\/svg><\/button><\/div><\/div><span itemprop=\"video\" itemscope itemtype=\"http:\/\/schema.org\/VideoObject\"><meta itemprop=\"embedUrl\" content=\"https:\/\/www.youtube.com\/embed\/itvKZ5WxrFs\"><meta itemprop=\"name\" content=\"Meditation Study Finds Improvement\"><meta itemprop=\"description\" content=\"In an Australian television news report, a quality-of-life study finds that short periods of daily meditation can significantly improve a person&#039;s mental health. Meditation appears to give people a protective effect. Those who have been meditating for two years are more than ten percent better off than non-meditators. Those who do not drink or smoke had even better mental health. More videos at: http:\/\/ShriMataji.org ~ A Life Dedicated to Humanity ~\"><meta itemprop=\"thumbnailUrl\" content=\"https:\/\/i.ytimg.com\/vi\/itvKZ5WxrFs\/0.jpg\"><meta itemprop=\"duration\" content=\"PT1M43S\"><meta itemprop=\"uploadDate\" content=\"2020-07-20T00:07:33Z\"><\/span>\n\t<p>Em 1996, Shri Mataji fundou o Centro Internacional de Pesquisa e Sa\u00fade Sahaja Yoga em Belapur, perto de Mumbai, \u00cdndia. A cl\u00ednica continua a atender pacientes locais e internacionais que recebem diagn\u00f3stico e tratamento com as t\u00e9cnicas da Sahaja Yoga, al\u00e9m dos cuidados m\u00e9dicos tradicionais ayurv\u00e9dicos e alop\u00e1ticos. O tratamento com medita\u00e7\u00e3o no Centro de Sa\u00fade foi associado a melhorias significativas na qualidade de vida, redu\u00e7\u00e3o da ansiedade e controle da press\u00e3o arterial, em compara\u00e7\u00e3o com a medicina ocidental convencional.<a href=\"#citation-note-5\" data-cp-link=\"1\">[5]<\/a><\/p>\n\t<p>Shri Mataji descreveu o sistema sutil humano como uma \u00e1rvore invertida, cujas ra\u00edzes est\u00e3o no c\u00e9rebro e os ramos e frutos no corpo. As ra\u00edzes do sistema energ\u00e9tico no corpo est\u00e3o no c\u00e9rebro e absorvem a energia espiritual c\u00f3smica para nutrir os ramos da \u00e1rvore. Esses processos cont\u00ednuos de feedback entre o sistema sutil no c\u00e9rebro e os centros de energia no corpo durante a medita\u00e7\u00e3o culminam em um equil\u00edbrio progressivo e na integra\u00e7\u00e3o do corpo e da mente. Para manter essa \u00e1rvore saud\u00e1vel e forte, devemos direcionar nossa aten\u00e7\u00e3o para as ra\u00edzes, que est\u00e3o no c\u00e9rebro, e isso pode ser alcan\u00e7ado atrav\u00e9s da pr\u00e1tica da medita\u00e7\u00e3o Sahaja Yoga.<\/p>\n\t<div class=\"su-quote su-quote-style-default\"><div class=\"su-quote-inner su-u-clearfix su-u-trim\">Se voc\u00ea tem que tratar uma \u00e1rvore e come\u00e7a a aplicar o rem\u00e9dio nas folhas, ela nunca ser\u00e1 curada. Voc\u00ea precisa ir at\u00e9 as ra\u00edzes.<\/div><\/div>\n\t<hr \/>\n<h3>\n1.<a href=\"#citation-ref-1\">^<\/a><a name=\"citation-note-1\"><\/a> Dr Ramesh Manocha, Dr Semmar B. Black, A Pilot Study of a Mental Silence Form of Meditation for Women in Perimenopause.\u00a0 Journal of Clinical Psychology in Medical Settings. 2007\u00a0 Sep ; 14(3):266-273; e-book: <a href=\"https:\/\/www.beyondthemind.com\" target=\"_blank\" rel=\"noopener\" data-cp-link=\"1\">&#8216;Silence Your Mind&#8217;<\/a> published by Hachette Australia 2013.<br \/>\n2. <a href=\"#citation-ref-2\">^<\/a><a name=\"citation-note-2\"> Dr Ramesh Manocha, Black D, Sarris J, Stough C. A randomized, controlled trial of meditation for work stress, anxiety and depressed mood in full-time workers. Evid Based Complement Alternat Med. 2011;2011:960583. Epub 2011 Jun 7.<br \/>\n3. <\/a><a href=\"#citation-ref-3\">^<\/a><a name=\"citation-note-3\"><\/a> Dr Linda J.Harrison, Dr Ramesh Manocha, Dr Katya Rubia, &#8216;Sahaja Yoga Meditation as a Family Treatment Program for Children with Attention Deficit-Hyperactivity Disorder&#8217;, Clinical Child Psychology and Psychiatry 9 (4) (2004).<br \/>\n4. <a href=\"#citation-ref-4\">^<\/a><a name=\"citation-note-4\"><\/a> Dr Ramesh Manocha, Marks GB, Kenchington P, Peters D, et al. Sahaja yoga in the management of moderate to severe asthma: a randomised controlled trial. Thorax. 2002 Feb; 57(2): 110-5.<br \/>\n5. <a href=\"#citation-ref-5\">^<\/a><a name=\"citation-note-5\"><\/a> Sheng-Chia Chung PhD, Maria M. Brooks PhD, Madhur Rai MD, Judith L. Balk MD MPH, Sandeep Rai MD: &#8216;Effect of Sahaja Yoga Meditation on Quality of Life, Anxiety, and Blood Pressure Control&#8217; (THE JOURNAL OF ALTERNATIVE AND COMPLEMENTARY MEDICINE Volume 18, Number 6, 2012)\n<\/h3>\n","protected":false},"excerpt":{"rendered":"<p>Sa\u00fade Hol\u00edstica A ci\u00eancia Sutil da Cura Interior Embora ben\u00e9fica de muitas maneiras, a medicina convencional frequentemente falha no tratamento profundo e de longo prazo de dist\u00farbios psicossom\u00e1ticos e psiqui\u00e1tricos, pois aborda os sintomas em vez das causas e trata esses dist\u00farbios separadamente, em vez de no contexto do organismo como um todo. Shri Mataji&hellip; <br \/> <a class=\"read-more\" href=\"https:\/\/shrimataji.org\/test\/pt\/saude-holistica\/\">Read more<\/a><\/p>\n","protected":false},"author":18,"featured_media":144,"parent":0,"menu_order":0,"comment_status":"closed","ping_status":"closed","template":"pro\/page-templates\/full-width-page.php","meta":{"inline_featured_image":false,"footnotes":""},"class_list":["post-10377","page","type-page","status-publish","has-post-thumbnail","hentry"],"yoast_head":"<!-- This site is optimized with the Yoast SEO plugin v27.4 - https:\/\/yoast.com\/product\/yoast-seo-wordpress\/ -->\n<title>Sa\u00fade Hol\u00edstica - TEST - SMND<\/title>\n<meta name=\"robots\" content=\"noindex, follow, max-snippet:-1, max-image-preview:large, max-video-preview:-1\" \/>\n<meta property=\"og:locale\" content=\"en_US\" \/>\n<meta property=\"og:type\" content=\"article\" \/>\n<meta property=\"og:title\" content=\"Sa\u00fade Hol\u00edstica - TEST - SMND\" \/>\n<meta property=\"og:description\" content=\"Sa\u00fade Hol\u00edstica A ci\u00eancia Sutil da Cura Interior Embora ben\u00e9fica de muitas maneiras, a medicina convencional frequentemente falha no tratamento profundo e de longo prazo de dist\u00farbios psicossom\u00e1ticos e psiqui\u00e1tricos, pois aborda os sintomas em vez das causas e trata esses dist\u00farbios separadamente, em vez de no contexto do organismo como um todo. Shri Mataji&hellip; Read more\" \/>\n<meta property=\"og:url\" content=\"https:\/\/shrimataji.org\/test\/pt\/saude-holistica\/\" \/>\n<meta property=\"og:site_name\" content=\"TEST - SMND\" \/>\n<meta property=\"article:publisher\" content=\"https:\/\/www.facebook.com\/shrimataji\" \/>\n<meta property=\"article:modified_time\" content=\"2026-01-18T17:49:41+00:00\" \/>\n<meta property=\"og:image\" content=\"https:\/\/shrimataji.org\/test\/wp-content\/uploads\/2018\/07\/media_originals\/images\/headers-general\/holistic-health-foot-soaking-in-the-ocean.jpg\" \/>\n\t<meta property=\"og:image:width\" content=\"990\" \/>\n\t<meta property=\"og:image:height\" content=\"350\" \/>\n\t<meta property=\"og:image:type\" content=\"image\/jpeg\" \/>\n<meta name=\"twitter:card\" content=\"summary_large_image\" \/>\n<meta name=\"twitter:site\" content=\"@shrimataji\" \/>\n<script type=\"application\/ld+json\" class=\"yoast-schema-graph\">{\"@context\":\"https:\\\/\\\/schema.org\",\"@graph\":[{\"@type\":\"WebPage\",\"@id\":\"https:\\\/\\\/shrimataji.org\\\/test\\\/pt\\\/saude-holistica\\\/\",\"url\":\"https:\\\/\\\/shrimataji.org\\\/test\\\/pt\\\/saude-holistica\\\/\",\"name\":\"Sa\u00fade Hol\u00edstica - TEST - SMND\",\"isPartOf\":{\"@id\":\"https:\\\/\\\/shrimataji.org\\\/test\\\/#website\"},\"primaryImageOfPage\":{\"@id\":\"https:\\\/\\\/shrimataji.org\\\/test\\\/pt\\\/saude-holistica\\\/#primaryimage\"},\"image\":{\"@id\":\"https:\\\/\\\/shrimataji.org\\\/test\\\/pt\\\/saude-holistica\\\/#primaryimage\"},\"thumbnailUrl\":\"https:\\\/\\\/shrimataji.org\\\/test\\\/wp-content\\\/uploads\\\/2018\\\/07\\\/media_originals\\\/images\\\/headers-general\\\/holistic-health-foot-soaking-in-the-ocean.jpg\",\"datePublished\":\"2018-07-10T06:54:42+00:00\",\"dateModified\":\"2026-01-18T17:49:41+00:00\",\"breadcrumb\":{\"@id\":\"https:\\\/\\\/shrimataji.org\\\/test\\\/pt\\\/saude-holistica\\\/#breadcrumb\"},\"inLanguage\":\"en-US\",\"potentialAction\":[{\"@type\":\"ReadAction\",\"target\":[\"https:\\\/\\\/shrimataji.org\\\/test\\\/pt\\\/saude-holistica\\\/\"]}]},{\"@type\":\"ImageObject\",\"inLanguage\":\"en-US\",\"@id\":\"https:\\\/\\\/shrimataji.org\\\/test\\\/pt\\\/saude-holistica\\\/#primaryimage\",\"url\":\"https:\\\/\\\/shrimataji.org\\\/test\\\/wp-content\\\/uploads\\\/2018\\\/07\\\/media_originals\\\/images\\\/headers-general\\\/holistic-health-foot-soaking-in-the-ocean.jpg\",\"contentUrl\":\"https:\\\/\\\/shrimataji.org\\\/test\\\/wp-content\\\/uploads\\\/2018\\\/07\\\/media_originals\\\/images\\\/headers-general\\\/holistic-health-foot-soaking-in-the-ocean.jpg\",\"width\":990,\"height\":350},{\"@type\":\"BreadcrumbList\",\"@id\":\"https:\\\/\\\/shrimataji.org\\\/test\\\/pt\\\/saude-holistica\\\/#breadcrumb\",\"itemListElement\":[{\"@type\":\"ListItem\",\"position\":1,\"name\":\"Home\",\"item\":\"https:\\\/\\\/shrimataji.org\\\/test\\\/uk\\\/home-en\\\/\"},{\"@type\":\"ListItem\",\"position\":2,\"name\":\"Sa\u00fade Hol\u00edstica\"}]},{\"@type\":\"WebSite\",\"@id\":\"https:\\\/\\\/shrimataji.org\\\/test\\\/#website\",\"url\":\"https:\\\/\\\/shrimataji.org\\\/test\\\/\",\"name\":\"Shri Mataji Nirmala Devi\",\"description\":\"A Life Dedicated to Humanity\",\"publisher\":{\"@id\":\"https:\\\/\\\/shrimataji.org\\\/test\\\/#\\\/schema\\\/person\\\/a1b3419c6585f164aa96da1ff85715d1\"},\"potentialAction\":[{\"@type\":\"SearchAction\",\"target\":{\"@type\":\"EntryPoint\",\"urlTemplate\":\"https:\\\/\\\/shrimataji.org\\\/test\\\/?s={search_term_string}\"},\"query-input\":{\"@type\":\"PropertyValueSpecification\",\"valueRequired\":true,\"valueName\":\"search_term_string\"}}],\"inLanguage\":\"en-US\"},{\"@type\":[\"Person\",\"Organization\"],\"@id\":\"https:\\\/\\\/shrimataji.org\\\/test\\\/#\\\/schema\\\/person\\\/a1b3419c6585f164aa96da1ff85715d1\",\"name\":\"Nirmala Shrivastava\",\"image\":{\"@type\":\"ImageObject\",\"inLanguage\":\"en-US\",\"@id\":\"https:\\\/\\\/shrimataji.org\\\/test\\\/wp-content\\\/uploads\\\/2023\\\/02\\\/SMO_LOGO-03.svg\",\"url\":\"https:\\\/\\\/shrimataji.org\\\/test\\\/wp-content\\\/uploads\\\/2023\\\/02\\\/SMO_LOGO-03.svg\",\"contentUrl\":\"https:\\\/\\\/shrimataji.org\\\/test\\\/wp-content\\\/uploads\\\/2023\\\/02\\\/SMO_LOGO-03.svg\",\"width\":\"1024\",\"height\":\"1024\",\"caption\":\"Nirmala Shrivastava\"},\"logo\":{\"@id\":\"https:\\\/\\\/shrimataji.org\\\/test\\\/wp-content\\\/uploads\\\/2023\\\/02\\\/SMO_LOGO-03.svg\"},\"sameAs\":[\"https:\\\/\\\/shrimataji.org\\\/test\",\"https:\\\/\\\/www.facebook.com\\\/shrimataji\",\"https:\\\/\\\/x.com\\\/shrimataji\",\"https:\\\/\\\/www.youtube.com\\\/@Shri_Mataji_Nirmala_Devi\\\/featured\"]}]}<\/script>\n<!-- \/ Yoast SEO plugin. -->","yoast_head_json":{"title":"Sa\u00fade Hol\u00edstica - TEST - SMND","robots":{"index":"noindex","follow":"follow","max-snippet":"max-snippet:-1","max-image-preview":"max-image-preview:large","max-video-preview":"max-video-preview:-1"},"og_locale":"en_US","og_type":"article","og_title":"Sa\u00fade Hol\u00edstica - TEST - SMND","og_description":"Sa\u00fade Hol\u00edstica A ci\u00eancia Sutil da Cura Interior Embora ben\u00e9fica de muitas maneiras, a medicina convencional frequentemente falha no tratamento profundo e de longo prazo de dist\u00farbios psicossom\u00e1ticos e psiqui\u00e1tricos, pois aborda os sintomas em vez das causas e trata esses dist\u00farbios separadamente, em vez de no contexto do organismo como um todo. Shri Mataji&hellip; Read more","og_url":"https:\/\/shrimataji.org\/test\/pt\/saude-holistica\/","og_site_name":"TEST - SMND","article_publisher":"https:\/\/www.facebook.com\/shrimataji","article_modified_time":"2026-01-18T17:49:41+00:00","og_image":[{"width":990,"height":350,"url":"https:\/\/shrimataji.org\/test\/wp-content\/uploads\/2018\/07\/media_originals\/images\/headers-general\/holistic-health-foot-soaking-in-the-ocean.jpg","type":"image\/jpeg"}],"twitter_card":"summary_large_image","twitter_site":"@shrimataji","schema":{"@context":"https:\/\/schema.org","@graph":[{"@type":"WebPage","@id":"https:\/\/shrimataji.org\/test\/pt\/saude-holistica\/","url":"https:\/\/shrimataji.org\/test\/pt\/saude-holistica\/","name":"Sa\u00fade Hol\u00edstica - TEST - SMND","isPartOf":{"@id":"https:\/\/shrimataji.org\/test\/#website"},"primaryImageOfPage":{"@id":"https:\/\/shrimataji.org\/test\/pt\/saude-holistica\/#primaryimage"},"image":{"@id":"https:\/\/shrimataji.org\/test\/pt\/saude-holistica\/#primaryimage"},"thumbnailUrl":"https:\/\/shrimataji.org\/test\/wp-content\/uploads\/2018\/07\/media_originals\/images\/headers-general\/holistic-health-foot-soaking-in-the-ocean.jpg","datePublished":"2018-07-10T06:54:42+00:00","dateModified":"2026-01-18T17:49:41+00:00","breadcrumb":{"@id":"https:\/\/shrimataji.org\/test\/pt\/saude-holistica\/#breadcrumb"},"inLanguage":"en-US","potentialAction":[{"@type":"ReadAction","target":["https:\/\/shrimataji.org\/test\/pt\/saude-holistica\/"]}]},{"@type":"ImageObject","inLanguage":"en-US","@id":"https:\/\/shrimataji.org\/test\/pt\/saude-holistica\/#primaryimage","url":"https:\/\/shrimataji.org\/test\/wp-content\/uploads\/2018\/07\/media_originals\/images\/headers-general\/holistic-health-foot-soaking-in-the-ocean.jpg","contentUrl":"https:\/\/shrimataji.org\/test\/wp-content\/uploads\/2018\/07\/media_originals\/images\/headers-general\/holistic-health-foot-soaking-in-the-ocean.jpg","width":990,"height":350},{"@type":"BreadcrumbList","@id":"https:\/\/shrimataji.org\/test\/pt\/saude-holistica\/#breadcrumb","itemListElement":[{"@type":"ListItem","position":1,"name":"Home","item":"https:\/\/shrimataji.org\/test\/uk\/home-en\/"},{"@type":"ListItem","position":2,"name":"Sa\u00fade Hol\u00edstica"}]},{"@type":"WebSite","@id":"https:\/\/shrimataji.org\/test\/#website","url":"https:\/\/shrimataji.org\/test\/","name":"Shri Mataji Nirmala Devi","description":"A Life Dedicated to Humanity","publisher":{"@id":"https:\/\/shrimataji.org\/test\/#\/schema\/person\/a1b3419c6585f164aa96da1ff85715d1"},"potentialAction":[{"@type":"SearchAction","target":{"@type":"EntryPoint","urlTemplate":"https:\/\/shrimataji.org\/test\/?s={search_term_string}"},"query-input":{"@type":"PropertyValueSpecification","valueRequired":true,"valueName":"search_term_string"}}],"inLanguage":"en-US"},{"@type":["Person","Organization"],"@id":"https:\/\/shrimataji.org\/test\/#\/schema\/person\/a1b3419c6585f164aa96da1ff85715d1","name":"Nirmala Shrivastava","image":{"@type":"ImageObject","inLanguage":"en-US","@id":"https:\/\/shrimataji.org\/test\/wp-content\/uploads\/2023\/02\/SMO_LOGO-03.svg","url":"https:\/\/shrimataji.org\/test\/wp-content\/uploads\/2023\/02\/SMO_LOGO-03.svg","contentUrl":"https:\/\/shrimataji.org\/test\/wp-content\/uploads\/2023\/02\/SMO_LOGO-03.svg","width":"1024","height":"1024","caption":"Nirmala Shrivastava"},"logo":{"@id":"https:\/\/shrimataji.org\/test\/wp-content\/uploads\/2023\/02\/SMO_LOGO-03.svg"},"sameAs":["https:\/\/shrimataji.org\/test","https:\/\/www.facebook.com\/shrimataji","https:\/\/x.com\/shrimataji","https:\/\/www.youtube.com\/@Shri_Mataji_Nirmala_Devi\/featured"]}]}},"lang":"pt","translations":{"pt":10377,"ur":37436,"en":403,"am":18008,"th":19955,"hu":19485,"sq":18409,"zh":17306,"hi":8491,"tr":10165,"de":10651,"fr":10749,"it":10847,"es":10944,"ja":11241,"ru":11429,"bn":11621,"te":11729,"sw":11852,"he":12000,"el":12291,"sk":12389,"fa":12487,"fi":12585,"bg":13478,"ro":14550,"cs":14743,"nl":16569,"ku":16729,"ar":16905,"be":18616,"kn":18890,"mr":20319,"uk":20611,"ml":20908,"ta":22724,"sv":22997,"gu":28843,"pa":29001,"fil":29443,"da":37748,"pl":37963,"nn":38300},"pll_sync_post":[],"_links":{"self":[{"href":"https:\/\/shrimataji.org\/test\/wp-json\/wp\/v2\/pages\/10377","targetHints":{"allow":["GET"]}}],"collection":[{"href":"https:\/\/shrimataji.org\/test\/wp-json\/wp\/v2\/pages"}],"about":[{"href":"https:\/\/shrimataji.org\/test\/wp-json\/wp\/v2\/types\/page"}],"author":[{"embeddable":true,"href":"https:\/\/shrimataji.org\/test\/wp-json\/wp\/v2\/users\/18"}],"replies":[{"embeddable":true,"href":"https:\/\/shrimataji.org\/test\/wp-json\/wp\/v2\/comments?post=10377"}],"version-history":[{"count":0,"href":"https:\/\/shrimataji.org\/test\/wp-json\/wp\/v2\/pages\/10377\/revisions"}],"wp:featuredmedia":[{"embeddable":true,"href":"https:\/\/shrimataji.org\/test\/wp-json\/wp\/v2\/media\/144"}],"wp:attachment":[{"href":"https:\/\/shrimataji.org\/test\/wp-json\/wp\/v2\/media?parent=10377"}],"curies":[{"name":"wp","href":"https:\/\/api.w.org\/{rel}","templated":true}]}}