{"id":10386,"date":"2022-01-29T10:02:47","date_gmt":"2022-01-29T10:02:47","guid":{"rendered":"https:\/\/test.shrimataji.org\/?page_id=6394"},"modified":"2026-01-18T19:17:18","modified_gmt":"2026-01-18T19:17:18","slug":"conhecimento-das-raizes-sistema-sutil","status":"publish","type":"page","link":"https:\/\/shrimataji.org\/test\/pt\/conhecimento-das-raizes-sistema-sutil\/","title":{"rendered":"O conhecimento das Ra\u00edzes \u2013 O Sistema Sutil"},"content":{"rendered":"\n\n\t<h1>O conhecimento das Ra\u00edzes &#8211; O Sistema Sutil<\/h1>\n<h2>A Ci\u00eancia Antiga do Nosso Ser Interior<\/h2>\n<h4>Um aspecto importante para dominar a yoga \u00e9 ter pleno conhecimento do sistema sutil, que serve como um mapa para vivenciar a evolu\u00e7\u00e3o interna da nossa consci\u00eancia.<\/h4>\n\t<p>Os antigos escritos v\u00e9dicos da \u00cdndia descrevem o sistema sutil como consistindo de <a href=\"https:\/\/shrimataji.org\/test\/pt\/nadis-tres-estados\/\" target=\"_blank\" rel=\"noopener\">Nadis<\/a> (que significa canal em s\u00e2nscrito). Assim como a \u00e1gua que flui pelos rios, os Nadis facilitam o fluxo das energias sutis em nosso ser. O sistema tamb\u00e9m cont\u00e9m <a href=\"https:\/\/shrimataji.org\/test\/pt\/chakras-qualidades\/\" target=\"_blank\" rel=\"noopener\">Chakras<\/a> (que em s\u00e2nscrito significa centro de energia sutil girando como rodas) e a <a href=\"https:\/\/shrimataji.org\/test\/pt\/kundalini-pt\/\" target=\"_blank\" rel=\"noopener\">Kundalini<\/a> (que significa a energia enrolada, a qual \u00e9 o poder residual da evolu\u00e7\u00e3o refletida em nosso osso sacro). Nosso corpo sutil consiste em milhares de Nadis e Chakras dentro de uma estrutura de tr\u00eas Nadis principais: Ida, Pingala, e Sushumna, e sete Chakras, que s\u00e3o o <a href=\"https:\/\/shrimataji.org\/test\/pt\/mooladhara-chakra-pt\/\" target=\"_blank\" rel=\"noopener\">Mooladhara<\/a>, <a href=\"https:\/\/shrimataji.org\/test\/pt\/swadhisthan-chakra-pt\/\" target=\"_blank\" rel=\"noopener\">Swadhisthana<\/a>, <a href=\"https:\/\/shrimataji.org\/test\/pt\/nabhi-chakra-pt\/\" target=\"_blank\" rel=\"noopener\">Nabhi<\/a>, <a href=\"https:\/\/shrimataji.org\/test\/pt\/anahata-chakra-pt\/\" target=\"_blank\" rel=\"noopener\">Anahata<\/a>, <a href=\"https:\/\/shrimataji.org\/test\/pt\/vishuddhi-chakra-pt\/\" target=\"_blank\" rel=\"noopener\">Vishuddhi<\/a>, <a href=\"https:\/\/shrimataji.org\/test\/pt\/agnya-chakra-pt\/\" target=\"_blank\" rel=\"noopener\">Agnya <\/a>e <a href=\"https:\/\/shrimataji.org\/test\/pt\/sahasrara-chakra-pt\/\" target=\"_blank\" rel=\"noopener\">Sahasrara<\/a>.<\/p>\n<p>O <a href=\"https:\/\/shrimataji.org\/test\/pt\/atma-pt\/\" target=\"_blank\" rel=\"noopener\">Atma<\/a>, o Esp\u00edrito eterno, \u00e9 refletido em nosso cora\u00e7\u00e3o.<\/p>\n<figure itemscope itemtype=\"https:\/\/schema.org\/ImageObject\">\n\t\t\t\t<a href=\"https:\/\/shrimataji.org\/test\/wp-content\/uploads\/2023\/02\/01_Nadis-_-Chakras-01.png\"  target=\"_blank\" rel=\"noopener\"  itemprop=\"url\">\n\t\t\t\t<img decoding=\"async\" src=\"https:\/\/shrimataji.org\/test\/wp-content\/uploads\/2025\/11\/pt-Subtle-System-01-scaled.png\" alt=\"pt-Subtle System-01\" height=\"2560\" width=\"2504\" title=\"pt-Subtle System-01\" onerror=\"this.style.display='none'\" loading=\"lazy\" \/>\n\t\t\t\t<\/a>\n\t<\/figure>\n\t<p>Assim como temos uma rede muito complexa de nervos e plexos neurais que governam e controlam nossos \u00f3rg\u00e3os sensoriais e respostas motoras, todo ser humano possui um sistema sutil inato que se mapeia muito bem com os sistemas nervosos simp\u00e1tico e parassimp\u00e1tico. A complexa intera\u00e7\u00e3o do nosso sistema sutil, que consiste em canais (Nadis) e centros de energia (Chakras), com a rede neural em nosso corpo e o c\u00e9rebro, cuida do nosso ser f\u00edsico, intelectual, emocional e espiritual. Pode-se comparar o sistema sutil ao software de um computador.<\/p>\n\t<p>O conhecimento do sistema sutil humano j\u00e1 era conhecido h\u00e1 milhares de anos. Os escritos indianos revelam que o Senhor Shiva foi o primeiro Adiyogi (yogi primordial) que trouxe esse conhecimento para os Saptha Rishis (os sete s\u00e1bios). Esses sete s\u00e1bios levaram essa ci\u00eancia da yoga para diferentes partes do mundo. No entanto, foi na \u00cdndia que o sistema de yoga encontrou sua plena express\u00e3o.<\/p>\n<p>Embora esse conhecimento sobre nosso sistema sutil fosse bem conhecido nas tradi\u00e7\u00f5es do yoga indiano, foi Shri Mataji quem primeiro ilustrou o complexo mecanismo de todo o sistema sutil e como ele coexiste no corpo vivo, desde os primeiros est\u00e1gios do desenvolvimento do feto no \u00fatero.<\/p>\n<div class=\"su-quote su-quote-style-default\"><div class=\"su-quote-inner su-u-clearfix su-u-trim\"> Ent\u00e3o, quando o beb\u00ea tem dois meses de idade no \u00fatero da m\u00e3e, essa for\u00e7a vital entra na alma. \u00c9 a\u00ed que ela entra. Desce (para dentro) a partir do palato da cabe\u00e7a, atravessando o meio do c\u00e9rebro, pela corda vertebral &#8211; a chamada medula espinhal &#8211; e desce at\u00e9 a parte triangular (osso). Quando esse poder Kundalini sobe, ele para ocasionalmente, o que causa os Chakras. E esses Chakras vivem internamente como centros e, externamente, s\u00e3o chamados pelos m\u00e9dicos de plexos, ou seja, o sistema nervoso parassimp\u00e1tico. <\/div><\/div>\n<p>Usando a simples analogia da luz se curvando em um prisma, Shri Mataji explicou como o c\u00e9rebro humano, que evoluiu ao longo de milh\u00f5es de anos de uma estrutura plana para uma estrutura prism\u00e1tica, facilitando uma arquitetura complexa de energias sutis que s\u00e3o refletidas e misturadas dentro do complexo sistema nervoso humano.<\/p>\n<p>Uma pessoa realizada pode frequentemente sentir a brisa fresca que emana da \u00e1rea do osso da fontanela de beb\u00eas rec\u00e9m-nascidos. Shri Mataji explicou esse fen\u00f4meno como uma indica\u00e7\u00e3o da atividade da energia onipresente do amor divino, que ela chamou de <a href=\"https:\/\/shrimataji.org\/test\/paramchaitanya-pt\/\" target=\"_blank\" rel=\"noopener\">Paramchaitanya<\/a>, durante os primeiros est\u00e1gios do nosso crescimento. Muitas vezes, os beb\u00eas s\u00e3o vistos chupando um dedo espec\u00edfico, o que as almas realizadas podem facilmente decifrar como relacionado a bloqueios em um Chakra espec\u00edfico dentro de n\u00f3s. Mais tarde, atrav\u00e9s da calcifica\u00e7\u00e3o dos ossos cranianos e do desenvolvimento do ego humano e dos condicionamento, essa consci\u00eancia sutil recua e passamos a nos tornar mais conscientes e nos identificar com o mundo grosseiro ao nosso redor.<\/p>\n<p>Atrav\u00e9s da realiza\u00e7\u00e3o do si e da medita\u00e7\u00e3o, somos capazes de restaurar essa conex\u00e3o primordial em nosso ser sutil.<\/p>\n\t\t<img decoding=\"async\" data-spai-excluded=\"true\" loading=\"lazy\"  alt=\"YouTube player\"  src=\"https:\/\/i.ytimg.com\/vi\/PrwmhC45nVc\/maxresdefault.jpg\"  \/><button aria-label=\"Play\"><\/button><meta itemprop=\"embedUrl\" content=\"https:\/\/www.youtube.com\/embed\/PrwmhC45nVc\"\/><meta itemprop=\"name\" content=\"Knowledge of the roots\"\/><meta itemprop=\"description\" content=\"YouTube video\"\/><meta itemprop=\"thumbnailUrl\" content=\"https:\/\/i.ytimg.com\/vi\/PrwmhC45nVc\/0.jpg\"\/><meta itemprop=\"duration\" content=\"PT1M35S\"\/><meta itemprop=\"uploadDate\" content=\"2022-11-12T03:23:30Z\"\/>\t\n\n","protected":false},"excerpt":{"rendered":"<p>O conhecimento das Ra\u00edzes &#8211; O Sistema Sutil A Ci\u00eancia Antiga do Nosso Ser Interior Um aspecto importante para dominar a yoga \u00e9 ter pleno conhecimento do sistema sutil, que serve como um mapa para vivenciar a evolu\u00e7\u00e3o interna da nossa consci\u00eancia. Os antigos escritos v\u00e9dicos da \u00cdndia descrevem o sistema sutil como consistindo de&hellip; <br \/> <a class=\"read-more\" href=\"https:\/\/shrimataji.org\/test\/pt\/conhecimento-das-raizes-sistema-sutil\/\">Read more<\/a><\/p>\n","protected":false},"author":18,"featured_media":9242,"parent":0,"menu_order":0,"comment_status":"closed","ping_status":"closed","template":"","meta":{"inline_featured_image":false,"footnotes":""},"class_list":["post-10386","page","type-page","status-publish","has-post-thumbnail","hentry"],"yoast_head":"<!-- This site is optimized with the Yoast SEO plugin v27.4 - https:\/\/yoast.com\/product\/yoast-seo-wordpress\/ -->\n<title>O conhecimento das Ra\u00edzes \u2013 O Sistema Sutil - TEST - SMND<\/title>\n<meta name=\"robots\" content=\"noindex, follow, max-snippet:-1, max-image-preview:large, max-video-preview:-1\" \/>\n<meta property=\"og:locale\" content=\"en_US\" \/>\n<meta property=\"og:type\" content=\"article\" \/>\n<meta property=\"og:title\" content=\"O conhecimento das Ra\u00edzes \u2013 O Sistema Sutil - TEST - SMND\" \/>\n<meta property=\"og:description\" content=\"O conhecimento das Ra\u00edzes &#8211; O Sistema Sutil A Ci\u00eancia Antiga do Nosso Ser Interior Um aspecto importante para dominar a yoga \u00e9 ter pleno conhecimento do sistema sutil, que serve como um mapa para vivenciar a evolu\u00e7\u00e3o interna da nossa consci\u00eancia. Os antigos escritos v\u00e9dicos da \u00cdndia descrevem o sistema sutil como consistindo de&hellip; Read more\" \/>\n<meta property=\"og:url\" content=\"https:\/\/shrimataji.org\/test\/pt\/conhecimento-das-raizes-sistema-sutil\/\" \/>\n<meta property=\"og:site_name\" content=\"TEST - SMND\" \/>\n<meta property=\"article:publisher\" content=\"https:\/\/www.facebook.com\/shrimataji\" \/>\n<meta property=\"article:modified_time\" content=\"2026-01-18T19:17:18+00:00\" \/>\n<meta property=\"og:image\" content=\"https:\/\/shrimataji.org\/test\/wp-content\/uploads\/2023\/03\/7_Banner-SY-Roots-2-scaled.jpg\" \/>\n\t<meta property=\"og:image:width\" content=\"2560\" \/>\n\t<meta property=\"og:image:height\" content=\"905\" \/>\n\t<meta property=\"og:image:type\" content=\"image\/jpeg\" \/>\n<meta name=\"twitter:card\" content=\"summary_large_image\" \/>\n<meta name=\"twitter:site\" content=\"@shrimataji\" \/>\n<meta name=\"twitter:label1\" content=\"Est. reading time\" \/>\n\t<meta name=\"twitter:data1\" content=\"3 minutes\" \/>\n<script type=\"application\/ld+json\" class=\"yoast-schema-graph\">{\"@context\":\"https:\\\/\\\/schema.org\",\"@graph\":[{\"@type\":\"WebPage\",\"@id\":\"https:\\\/\\\/shrimataji.org\\\/test\\\/pt\\\/conhecimento-das-raizes-sistema-sutil\\\/\",\"url\":\"https:\\\/\\\/shrimataji.org\\\/test\\\/pt\\\/conhecimento-das-raizes-sistema-sutil\\\/\",\"name\":\"O conhecimento das Ra\u00edzes \u2013 O Sistema Sutil - TEST - SMND\",\"isPartOf\":{\"@id\":\"https:\\\/\\\/shrimataji.org\\\/test\\\/#website\"},\"primaryImageOfPage\":{\"@id\":\"https:\\\/\\\/shrimataji.org\\\/test\\\/pt\\\/conhecimento-das-raizes-sistema-sutil\\\/#primaryimage\"},\"image\":{\"@id\":\"https:\\\/\\\/shrimataji.org\\\/test\\\/pt\\\/conhecimento-das-raizes-sistema-sutil\\\/#primaryimage\"},\"thumbnailUrl\":\"https:\\\/\\\/shrimataji.org\\\/test\\\/wp-content\\\/uploads\\\/2023\\\/03\\\/7_Banner-SY-Roots-2-scaled.jpg\",\"datePublished\":\"2022-01-29T10:02:47+00:00\",\"dateModified\":\"2026-01-18T19:17:18+00:00\",\"breadcrumb\":{\"@id\":\"https:\\\/\\\/shrimataji.org\\\/test\\\/pt\\\/conhecimento-das-raizes-sistema-sutil\\\/#breadcrumb\"},\"inLanguage\":\"en-US\",\"potentialAction\":[{\"@type\":\"ReadAction\",\"target\":[\"https:\\\/\\\/shrimataji.org\\\/test\\\/pt\\\/conhecimento-das-raizes-sistema-sutil\\\/\"]}]},{\"@type\":\"ImageObject\",\"inLanguage\":\"en-US\",\"@id\":\"https:\\\/\\\/shrimataji.org\\\/test\\\/pt\\\/conhecimento-das-raizes-sistema-sutil\\\/#primaryimage\",\"url\":\"https:\\\/\\\/shrimataji.org\\\/test\\\/wp-content\\\/uploads\\\/2023\\\/03\\\/7_Banner-SY-Roots-2-scaled.jpg\",\"contentUrl\":\"https:\\\/\\\/shrimataji.org\\\/test\\\/wp-content\\\/uploads\\\/2023\\\/03\\\/7_Banner-SY-Roots-2-scaled.jpg\",\"width\":2560,\"height\":905},{\"@type\":\"BreadcrumbList\",\"@id\":\"https:\\\/\\\/shrimataji.org\\\/test\\\/pt\\\/conhecimento-das-raizes-sistema-sutil\\\/#breadcrumb\",\"itemListElement\":[{\"@type\":\"ListItem\",\"position\":1,\"name\":\"Home\",\"item\":\"https:\\\/\\\/shrimataji.org\\\/test\\\/uk\\\/home-en\\\/\"},{\"@type\":\"ListItem\",\"position\":2,\"name\":\"O conhecimento das Ra\u00edzes \u2013 O Sistema Sutil\"}]},{\"@type\":\"WebSite\",\"@id\":\"https:\\\/\\\/shrimataji.org\\\/test\\\/#website\",\"url\":\"https:\\\/\\\/shrimataji.org\\\/test\\\/\",\"name\":\"Shri Mataji Nirmala Devi\",\"description\":\"A Life Dedicated to Humanity\",\"publisher\":{\"@id\":\"https:\\\/\\\/shrimataji.org\\\/test\\\/#\\\/schema\\\/person\\\/a1b3419c6585f164aa96da1ff85715d1\"},\"potentialAction\":[{\"@type\":\"SearchAction\",\"target\":{\"@type\":\"EntryPoint\",\"urlTemplate\":\"https:\\\/\\\/shrimataji.org\\\/test\\\/?s={search_term_string}\"},\"query-input\":{\"@type\":\"PropertyValueSpecification\",\"valueRequired\":true,\"valueName\":\"search_term_string\"}}],\"inLanguage\":\"en-US\"},{\"@type\":[\"Person\",\"Organization\"],\"@id\":\"https:\\\/\\\/shrimataji.org\\\/test\\\/#\\\/schema\\\/person\\\/a1b3419c6585f164aa96da1ff85715d1\",\"name\":\"Nirmala Shrivastava\",\"image\":{\"@type\":\"ImageObject\",\"inLanguage\":\"en-US\",\"@id\":\"https:\\\/\\\/shrimataji.org\\\/test\\\/wp-content\\\/uploads\\\/2023\\\/02\\\/SMO_LOGO-03.svg\",\"url\":\"https:\\\/\\\/shrimataji.org\\\/test\\\/wp-content\\\/uploads\\\/2023\\\/02\\\/SMO_LOGO-03.svg\",\"contentUrl\":\"https:\\\/\\\/shrimataji.org\\\/test\\\/wp-content\\\/uploads\\\/2023\\\/02\\\/SMO_LOGO-03.svg\",\"width\":\"1024\",\"height\":\"1024\",\"caption\":\"Nirmala Shrivastava\"},\"logo\":{\"@id\":\"https:\\\/\\\/shrimataji.org\\\/test\\\/wp-content\\\/uploads\\\/2023\\\/02\\\/SMO_LOGO-03.svg\"},\"sameAs\":[\"https:\\\/\\\/shrimataji.org\\\/test\",\"https:\\\/\\\/www.facebook.com\\\/shrimataji\",\"https:\\\/\\\/x.com\\\/shrimataji\",\"https:\\\/\\\/www.youtube.com\\\/@Shri_Mataji_Nirmala_Devi\\\/featured\"]}]}<\/script>\n<!-- \/ Yoast SEO plugin. -->","yoast_head_json":{"title":"O conhecimento das Ra\u00edzes \u2013 O Sistema Sutil - TEST - SMND","robots":{"index":"noindex","follow":"follow","max-snippet":"max-snippet:-1","max-image-preview":"max-image-preview:large","max-video-preview":"max-video-preview:-1"},"og_locale":"en_US","og_type":"article","og_title":"O conhecimento das Ra\u00edzes \u2013 O Sistema Sutil - TEST - SMND","og_description":"O conhecimento das Ra\u00edzes &#8211; O Sistema Sutil A Ci\u00eancia Antiga do Nosso Ser Interior Um aspecto importante para dominar a yoga \u00e9 ter pleno conhecimento do sistema sutil, que serve como um mapa para vivenciar a evolu\u00e7\u00e3o interna da nossa consci\u00eancia. Os antigos escritos v\u00e9dicos da \u00cdndia descrevem o sistema sutil como consistindo de&hellip; Read more","og_url":"https:\/\/shrimataji.org\/test\/pt\/conhecimento-das-raizes-sistema-sutil\/","og_site_name":"TEST - SMND","article_publisher":"https:\/\/www.facebook.com\/shrimataji","article_modified_time":"2026-01-18T19:17:18+00:00","og_image":[{"width":2560,"height":905,"url":"https:\/\/shrimataji.org\/test\/wp-content\/uploads\/2023\/03\/7_Banner-SY-Roots-2-scaled.jpg","type":"image\/jpeg"}],"twitter_card":"summary_large_image","twitter_site":"@shrimataji","twitter_misc":{"Est. reading time":"3 minutes"},"schema":{"@context":"https:\/\/schema.org","@graph":[{"@type":"WebPage","@id":"https:\/\/shrimataji.org\/test\/pt\/conhecimento-das-raizes-sistema-sutil\/","url":"https:\/\/shrimataji.org\/test\/pt\/conhecimento-das-raizes-sistema-sutil\/","name":"O conhecimento das Ra\u00edzes \u2013 O Sistema Sutil - TEST - SMND","isPartOf":{"@id":"https:\/\/shrimataji.org\/test\/#website"},"primaryImageOfPage":{"@id":"https:\/\/shrimataji.org\/test\/pt\/conhecimento-das-raizes-sistema-sutil\/#primaryimage"},"image":{"@id":"https:\/\/shrimataji.org\/test\/pt\/conhecimento-das-raizes-sistema-sutil\/#primaryimage"},"thumbnailUrl":"https:\/\/shrimataji.org\/test\/wp-content\/uploads\/2023\/03\/7_Banner-SY-Roots-2-scaled.jpg","datePublished":"2022-01-29T10:02:47+00:00","dateModified":"2026-01-18T19:17:18+00:00","breadcrumb":{"@id":"https:\/\/shrimataji.org\/test\/pt\/conhecimento-das-raizes-sistema-sutil\/#breadcrumb"},"inLanguage":"en-US","potentialAction":[{"@type":"ReadAction","target":["https:\/\/shrimataji.org\/test\/pt\/conhecimento-das-raizes-sistema-sutil\/"]}]},{"@type":"ImageObject","inLanguage":"en-US","@id":"https:\/\/shrimataji.org\/test\/pt\/conhecimento-das-raizes-sistema-sutil\/#primaryimage","url":"https:\/\/shrimataji.org\/test\/wp-content\/uploads\/2023\/03\/7_Banner-SY-Roots-2-scaled.jpg","contentUrl":"https:\/\/shrimataji.org\/test\/wp-content\/uploads\/2023\/03\/7_Banner-SY-Roots-2-scaled.jpg","width":2560,"height":905},{"@type":"BreadcrumbList","@id":"https:\/\/shrimataji.org\/test\/pt\/conhecimento-das-raizes-sistema-sutil\/#breadcrumb","itemListElement":[{"@type":"ListItem","position":1,"name":"Home","item":"https:\/\/shrimataji.org\/test\/uk\/home-en\/"},{"@type":"ListItem","position":2,"name":"O conhecimento das Ra\u00edzes \u2013 O Sistema Sutil"}]},{"@type":"WebSite","@id":"https:\/\/shrimataji.org\/test\/#website","url":"https:\/\/shrimataji.org\/test\/","name":"Shri Mataji Nirmala Devi","description":"A Life Dedicated to Humanity","publisher":{"@id":"https:\/\/shrimataji.org\/test\/#\/schema\/person\/a1b3419c6585f164aa96da1ff85715d1"},"potentialAction":[{"@type":"SearchAction","target":{"@type":"EntryPoint","urlTemplate":"https:\/\/shrimataji.org\/test\/?s={search_term_string}"},"query-input":{"@type":"PropertyValueSpecification","valueRequired":true,"valueName":"search_term_string"}}],"inLanguage":"en-US"},{"@type":["Person","Organization"],"@id":"https:\/\/shrimataji.org\/test\/#\/schema\/person\/a1b3419c6585f164aa96da1ff85715d1","name":"Nirmala Shrivastava","image":{"@type":"ImageObject","inLanguage":"en-US","@id":"https:\/\/shrimataji.org\/test\/wp-content\/uploads\/2023\/02\/SMO_LOGO-03.svg","url":"https:\/\/shrimataji.org\/test\/wp-content\/uploads\/2023\/02\/SMO_LOGO-03.svg","contentUrl":"https:\/\/shrimataji.org\/test\/wp-content\/uploads\/2023\/02\/SMO_LOGO-03.svg","width":"1024","height":"1024","caption":"Nirmala Shrivastava"},"logo":{"@id":"https:\/\/shrimataji.org\/test\/wp-content\/uploads\/2023\/02\/SMO_LOGO-03.svg"},"sameAs":["https:\/\/shrimataji.org\/test","https:\/\/www.facebook.com\/shrimataji","https:\/\/x.com\/shrimataji","https:\/\/www.youtube.com\/@Shri_Mataji_Nirmala_Devi\/featured"]}]}},"lang":"pt","translations":{"pt":10386,"ur":37451,"en":6394,"am":18023,"th":19978,"hu":19503,"sq":18424,"zh":17321,"hi":8288,"tr":10174,"de":10660,"fr":10758,"it":10856,"es":10953,"ja":11250,"ru":11438,"bn":11630,"te":11738,"sw":11861,"he":12009,"el":12301,"sk":12399,"fa":12497,"fi":12595,"bg":13395,"ro":14469,"cs":14662,"nl":16584,"ku":16744,"ar":16920,"be":18631,"kn":18905,"mr":20342,"uk":20634,"ml":20929,"ta":22742,"sv":23014,"gu":28856,"pa":29016,"fil":29460,"da":37764,"pl":37976,"nn":38316},"pll_sync_post":[],"_links":{"self":[{"href":"https:\/\/shrimataji.org\/test\/wp-json\/wp\/v2\/pages\/10386","targetHints":{"allow":["GET"]}}],"collection":[{"href":"https:\/\/shrimataji.org\/test\/wp-json\/wp\/v2\/pages"}],"about":[{"href":"https:\/\/shrimataji.org\/test\/wp-json\/wp\/v2\/types\/page"}],"author":[{"embeddable":true,"href":"https:\/\/shrimataji.org\/test\/wp-json\/wp\/v2\/users\/18"}],"replies":[{"embeddable":true,"href":"https:\/\/shrimataji.org\/test\/wp-json\/wp\/v2\/comments?post=10386"}],"version-history":[{"count":0,"href":"https:\/\/shrimataji.org\/test\/wp-json\/wp\/v2\/pages\/10386\/revisions"}],"wp:featuredmedia":[{"embeddable":true,"href":"https:\/\/shrimataji.org\/test\/wp-json\/wp\/v2\/media\/9242"}],"wp:attachment":[{"href":"https:\/\/shrimataji.org\/test\/wp-json\/wp\/v2\/media?parent=10386"}],"curies":[{"name":"wp","href":"https:\/\/api.w.org\/{rel}","templated":true}]}}