{"id":10399,"date":"2018-07-10T06:54:54","date_gmt":"2018-07-10T06:54:54","guid":{"rendered":"http:\/\/testwordpress.nirmalnagari.org\/smnd\/index.php\/obituary-for-sir-c-p-srivastava\/"},"modified":"2026-01-16T01:27:24","modified_gmt":"2026-01-16T01:27:24","slug":"obituario-sir-cp-srivastava","status":"publish","type":"page","link":"https:\/\/shrimataji.org\/test\/pt\/obituario-sir-cp-srivastava\/","title":{"rendered":"Obitu\u00e1rio de Sir C.P. Srivastava"},"content":{"rendered":"\n\n\t<h1>Obitu\u00e1rio de Sir C.P. Srivastava<\/h1>\n<h4>Republicado de &#8216;The Hindu&#8217; em 24 de julho de 2013, \u00cdndia:<\/h4>\n<h4>&#8216;Homem com toque de Midas no mundo mar\u00edtimo morre&#8221; por S. Anandan<\/h4>\n<p>O mundo mar\u00edtimo perdeu um l\u00edder pioneiro e vision\u00e1rio com o falecimento de C.P. Srivastava, Padma Vibhushan e Secret\u00e1rio-Geral Em\u00e9rito da Organiza\u00e7\u00e3o Mar\u00edtima Internacional (IMO), em G\u00eanova, It\u00e1lia, na segunda-feira. Ele tinha 93 anos. O Dr. Srivastava deixa duas filhas. Sua esposa, Nirmala Devi, fundadora da Sahaja Yoga, que exerceu uma profunda influ\u00eancia nos ideais de sua vida, faleceu antes dele.<\/p>\n<p>O Dr. Srivastava foi um construtor de institui\u00e7\u00f5es e administrador internacional com um toque de Midas. O fato de ter sido eleito Secret\u00e1rio-Geral da IMO por quatro mandatos consecutivos, sem oposi\u00e7\u00e3o &#8211; de 1974 at\u00e9 renunciar voluntariamente ao cargo em 31 de dezembro de 1989 -, demonstra seu charme e aceita\u00e7\u00e3o como um l\u00edder imparcial e influente. Ele foi o Secret\u00e1rio-Geral que mais tempo permaneceu no cargo, um recorde que permanece inigual\u00e1vel.<\/p>\n\tBAntes de se destacar internacionalmente, o Dr. Srivastava foi um oficial do IAS (turma de 1949) do quadro de Uttar Pradesh, trabalhando em estreita colabora\u00e7\u00e3o com Lal Bahadur Shastri, ent\u00e3o Ministro dos Transportes da Uni\u00e3o.<br \/>\nQuando Shastri foi escolhido para liderar o Gabinete da Uni\u00e3o, o Dr. Srivastava o acompanhou na secretaria do Gabinete do Primeiro-Ministro. Ele fez parte da comitiva do Primeiro-Ministro em Tashkent, em 1966, onde Shastri assinou o famoso tratado de n\u00e3o-agress\u00e3o com o Paquist\u00e3o e faleceu misteriosamente no dia seguinte. D\u00e9cadas depois, o Dr. Srivastava escreveu a biografia <em data-start=\"606\" data-end=\"656\">Lal Bahadur Shastri: A Life of Truth in Politics<\/em>. No entanto, o mundo conhece o Dr. Srivastava como um administrador eminente, que teve papel fundamental na cria\u00e7\u00e3o de institui\u00e7\u00f5es pioneiras de treinamento mar\u00edtimo, como a World Maritime University na Su\u00e9cia e o International Maritime Law Institute em Malta.\n\t<div class=\"su-quote su-quote-style-default\"><div class=\"su-quote-inner su-u-clearfix su-u-trim\"> H\u00e1 uma for\u00e7a benevolente fluindo por toda a realidade. Quando voc\u00ea est\u00e1 alinhado com essa for\u00e7a, avan\u00e7a com um poder tremendo.<br \/>\n\u00a0 \u00a0 \u00a0 \u00a0 \u00a0 &#8211; Lao Tse\u00a0<\/div><\/div>\n\t<p>Ele foi a for\u00e7a por tr\u00e1s de importantes conven\u00e7\u00f5es e c\u00f3digos mar\u00edtimos que contribu\u00edram significativamente para a melhoria da seguran\u00e7a das tripula\u00e7\u00f5es, altos padr\u00f5es de treinamento e prote\u00e7\u00e3o nos mares, al\u00e9m de promover uma filosofia de oceanos mais limpos e menos polu\u00eddos.<\/p>\n<p>Ele estava no comando quando a IMO desenvolveu e validou conven\u00e7\u00f5es marcantes, incluindo aquelas sobre Padr\u00f5es de Treinamento, Certifica\u00e7\u00e3o e Vigia para Mar\u00edtimos; Busca e Salvamento Mar\u00edtimo; Supress\u00e3o de Atos Il\u00edcitos contra a Seguran\u00e7a da Navega\u00e7\u00e3o Mar\u00edtima; e o Protocolo para a Supress\u00e3o de Atos Il\u00edcitos contra a Seguran\u00e7a de Plataformas Fixas localizadas na Plataforma Continental.<\/p>\nUma s\u00e9rie de acidentes no in\u00edcio da d\u00e9cada de 1970 levou-o a organizar uma confer\u00eancia decisiva sobre seguran\u00e7a de petroleiros e preven\u00e7\u00e3o da polui\u00e7\u00e3o, ap\u00f3s a qual medidas relacionadas ao projeto e opera\u00e7\u00e3o de petroleiros foram incorporadas ao Protocolo de 1978 da IMO, relativo \u00e0 Conven\u00e7\u00e3o sobre a Salvaguarda da Vida Humana no Mar e \u00e0 Conven\u00e7\u00e3o Internacional para a Preven\u00e7\u00e3o da Polui\u00e7\u00e3o por Navios. Tendo come\u00e7ado sua carreira na Shipping Corporation of India como seu diretor executivo fundador, onde tratou de quest\u00f5es de bem-estar e seguran\u00e7a das tripula\u00e7\u00f5es, al\u00e9m de diversificar a empresa nascente para o transporte de cargas a granel, Dr. Srivastava p\u00f4de guiar a IMO com facilidade para assumir responsabilidades e fun\u00e7\u00f5es maiores.<br \/>\nSob sua lideran\u00e7a, a ag\u00eancia cresceu em n\u00famero de membros e em dimens\u00e3o, abandonando seu elitismo percebido para alcan\u00e7ar os pa\u00edses em desenvolvimento, que hoje constituem a maioria dos membros da organiza\u00e7\u00e3o.\n<p>Bj\u00f6rn Kjerfve, atual presidente da World Maritime University, descreve o Dr. Srivastava como um l\u00edder merit\u00f3rio, dotado de extraordin\u00e1rias habilidades de persuas\u00e3o. &#8220;Ficamos muito tristes ao saber de seu falecimento. Visitei-o h\u00e1 cerca de dois anos e o convidei no in\u00edcio deste m\u00eas para nossa cerim\u00f4nia de formatura, por ocasi\u00e3o do 30\u00ba anivers\u00e1rio da universidade&#8230; A funda\u00e7\u00e3o nunca foi f\u00e1cil. \u00c9 m\u00e9rito dele ter conseguido convencer os membros do conselho da IMO e o PNUD a arrecadar fundos para sua cria\u00e7\u00e3o&#8221;, disse Kjerfve ao <em data-start=\"526\" data-end=\"537\">The Hindu<\/em> por telefone, de Malmo, na Su\u00e9cia.<\/p>\nP.M. Abraham, ex-Secret\u00e1rio da Uni\u00e3o para Transportes Terrestres, lembra o Dr. Srivastava como um l\u00edder carism\u00e1tico e vision\u00e1rio. &#8220;Conheci-o pela primeira vez quando representei a \u00cdndia em uma reuni\u00e3o do conselho da IMO. Como Secret\u00e1rio-Geral, ele conduzia as reuni\u00f5es do \u00f3rg\u00e3o t\u00e9cnico de forma imparcial. Lembro-me de uma ocasi\u00e3o em que um membro se levantou e reclamou por n\u00e3o ter recebido a pauta da reuni\u00e3o. Todos ficaram surpresos quando o Secret\u00e1rio-Geral desceu do p\u00falpito para se desculpar pelo lapso e entregar uma c\u00f3pia ao membro. Foi t\u00e3o cativante.&#8221;<br \/>\n\n<p>O Dr. Srivastava cultivava um senso de humor benigno. &#8220;Em muitos pa\u00edses, sou conhecido como marido de Nirmala, e n\u00e3o como Secret\u00e1rio-Geral da IMO&#8221;, costumava brincar sobre sua c\u00f4njuge mais famosa.<\/p>\nEle era uma rara combina\u00e7\u00e3o de humildade, vis\u00e3o de futuro, bom julgamento e determina\u00e7\u00e3o, e a lideran\u00e7a era seu talento natural. &#8220;\u00c9 raro que uma pessoa conquiste tanta aceita\u00e7\u00e3o internacional t\u00e3o rapidamente. Ele ser\u00e1 lembrado pelas conven\u00e7\u00f5es mar\u00edtimas hist\u00f3ricas elaboradas sob sua orienta\u00e7\u00e3o para a seguran\u00e7a dos mar\u00edtimos&#8221;, afirma K. Mohandas, ex-Secret\u00e1rio de Transportes da Uni\u00e3o. Quase 70 pa\u00edses concederam-lhe suas mais altas honras.<br \/>\n\nEntre as in\u00fameras honrarias que recebeu, destacou-se o t\u00edtulo de Cavaleiro Honor\u00e1rio Comandante da Ordem Mais Distinta de S\u00e3o Miguel e S\u00e3o Jorge, conferido pela Rainha Elizabeth II.<br \/>\n\n\n","protected":false},"excerpt":{"rendered":"<p>Obitu\u00e1rio de Sir C.P. Srivastava Republicado de &#8216;The Hindu&#8217; em 24 de julho de 2013, \u00cdndia: &#8216;Homem com toque de Midas no mundo mar\u00edtimo morre&#8221; por S. Anandan O mundo mar\u00edtimo perdeu um l\u00edder pioneiro e vision\u00e1rio com o falecimento de C.P. Srivastava, Padma Vibhushan e Secret\u00e1rio-Geral Em\u00e9rito da Organiza\u00e7\u00e3o Mar\u00edtima Internacional (IMO), em G\u00eanova,&hellip; <br \/> <a class=\"read-more\" href=\"https:\/\/shrimataji.org\/test\/pt\/obituario-sir-cp-srivastava\/\">Read more<\/a><\/p>\n","protected":false},"author":18,"featured_media":0,"parent":0,"menu_order":0,"comment_status":"closed","ping_status":"closed","template":"","meta":{"inline_featured_image":false,"footnotes":""},"class_list":["post-10399","page","type-page","status-publish","hentry"],"yoast_head":"<!-- This site is optimized with the Yoast SEO plugin v27.4 - https:\/\/yoast.com\/product\/yoast-seo-wordpress\/ -->\n<title>Obitu\u00e1rio de Sir C.P. Srivastava - TEST - SMND<\/title>\n<meta name=\"robots\" content=\"noindex, follow, max-snippet:-1, max-image-preview:large, max-video-preview:-1\" \/>\n<meta property=\"og:locale\" content=\"en_US\" \/>\n<meta property=\"og:type\" content=\"article\" \/>\n<meta property=\"og:title\" content=\"Obitu\u00e1rio de Sir C.P. Srivastava - TEST - SMND\" \/>\n<meta property=\"og:description\" content=\"Obitu\u00e1rio de Sir C.P. Srivastava Republicado de &#8216;The Hindu&#8217; em 24 de julho de 2013, \u00cdndia: &#8216;Homem com toque de Midas no mundo mar\u00edtimo morre&#8221; por S. Anandan O mundo mar\u00edtimo perdeu um l\u00edder pioneiro e vision\u00e1rio com o falecimento de C.P. Srivastava, Padma Vibhushan e Secret\u00e1rio-Geral Em\u00e9rito da Organiza\u00e7\u00e3o Mar\u00edtima Internacional (IMO), em G\u00eanova,&hellip; Read more\" \/>\n<meta property=\"og:url\" content=\"https:\/\/shrimataji.org\/test\/pt\/obituario-sir-cp-srivastava\/\" \/>\n<meta property=\"og:site_name\" content=\"TEST - SMND\" \/>\n<meta property=\"article:publisher\" content=\"https:\/\/www.facebook.com\/shrimataji\" \/>\n<meta property=\"article:modified_time\" content=\"2026-01-16T01:27:24+00:00\" \/>\n<meta property=\"og:image\" content=\"https:\/\/shrimataji.org\/test\/wp-content\/uploads\/2018\/07\/fp11-e1588597806347.jpg\" \/>\n\t<meta property=\"og:image:width\" content=\"707\" \/>\n\t<meta property=\"og:image:height\" content=\"700\" \/>\n\t<meta property=\"og:image:type\" content=\"image\/jpeg\" \/>\n<meta name=\"twitter:card\" content=\"summary_large_image\" \/>\n<meta name=\"twitter:site\" content=\"@shrimataji\" \/>\n<meta name=\"twitter:label1\" content=\"Est. reading time\" \/>\n\t<meta name=\"twitter:data1\" content=\"5 minutes\" \/>\n<script type=\"application\/ld+json\" class=\"yoast-schema-graph\">{\"@context\":\"https:\\\/\\\/schema.org\",\"@graph\":[{\"@type\":\"WebPage\",\"@id\":\"https:\\\/\\\/shrimataji.org\\\/test\\\/pt\\\/obituario-sir-cp-srivastava\\\/\",\"url\":\"https:\\\/\\\/shrimataji.org\\\/test\\\/pt\\\/obituario-sir-cp-srivastava\\\/\",\"name\":\"Obitu\u00e1rio de Sir C.P. Srivastava - TEST - SMND\",\"isPartOf\":{\"@id\":\"https:\\\/\\\/shrimataji.org\\\/test\\\/#website\"},\"datePublished\":\"2018-07-10T06:54:54+00:00\",\"dateModified\":\"2026-01-16T01:27:24+00:00\",\"breadcrumb\":{\"@id\":\"https:\\\/\\\/shrimataji.org\\\/test\\\/pt\\\/obituario-sir-cp-srivastava\\\/#breadcrumb\"},\"inLanguage\":\"en-US\",\"potentialAction\":[{\"@type\":\"ReadAction\",\"target\":[\"https:\\\/\\\/shrimataji.org\\\/test\\\/pt\\\/obituario-sir-cp-srivastava\\\/\"]}]},{\"@type\":\"BreadcrumbList\",\"@id\":\"https:\\\/\\\/shrimataji.org\\\/test\\\/pt\\\/obituario-sir-cp-srivastava\\\/#breadcrumb\",\"itemListElement\":[{\"@type\":\"ListItem\",\"position\":1,\"name\":\"Home\",\"item\":\"https:\\\/\\\/shrimataji.org\\\/test\\\/uk\\\/home-en\\\/\"},{\"@type\":\"ListItem\",\"position\":2,\"name\":\"Obitu\u00e1rio de Sir C.P. Srivastava\"}]},{\"@type\":\"WebSite\",\"@id\":\"https:\\\/\\\/shrimataji.org\\\/test\\\/#website\",\"url\":\"https:\\\/\\\/shrimataji.org\\\/test\\\/\",\"name\":\"Shri Mataji Nirmala Devi\",\"description\":\"A Life Dedicated to Humanity\",\"publisher\":{\"@id\":\"https:\\\/\\\/shrimataji.org\\\/test\\\/#\\\/schema\\\/person\\\/a1b3419c6585f164aa96da1ff85715d1\"},\"potentialAction\":[{\"@type\":\"SearchAction\",\"target\":{\"@type\":\"EntryPoint\",\"urlTemplate\":\"https:\\\/\\\/shrimataji.org\\\/test\\\/?s={search_term_string}\"},\"query-input\":{\"@type\":\"PropertyValueSpecification\",\"valueRequired\":true,\"valueName\":\"search_term_string\"}}],\"inLanguage\":\"en-US\"},{\"@type\":[\"Person\",\"Organization\"],\"@id\":\"https:\\\/\\\/shrimataji.org\\\/test\\\/#\\\/schema\\\/person\\\/a1b3419c6585f164aa96da1ff85715d1\",\"name\":\"Nirmala Shrivastava\",\"image\":{\"@type\":\"ImageObject\",\"inLanguage\":\"en-US\",\"@id\":\"https:\\\/\\\/shrimataji.org\\\/test\\\/wp-content\\\/uploads\\\/2023\\\/02\\\/SMO_LOGO-03.svg\",\"url\":\"https:\\\/\\\/shrimataji.org\\\/test\\\/wp-content\\\/uploads\\\/2023\\\/02\\\/SMO_LOGO-03.svg\",\"contentUrl\":\"https:\\\/\\\/shrimataji.org\\\/test\\\/wp-content\\\/uploads\\\/2023\\\/02\\\/SMO_LOGO-03.svg\",\"width\":\"1024\",\"height\":\"1024\",\"caption\":\"Nirmala Shrivastava\"},\"logo\":{\"@id\":\"https:\\\/\\\/shrimataji.org\\\/test\\\/wp-content\\\/uploads\\\/2023\\\/02\\\/SMO_LOGO-03.svg\"},\"sameAs\":[\"https:\\\/\\\/shrimataji.org\\\/test\",\"https:\\\/\\\/www.facebook.com\\\/shrimataji\",\"https:\\\/\\\/x.com\\\/shrimataji\",\"https:\\\/\\\/www.youtube.com\\\/@Shri_Mataji_Nirmala_Devi\\\/featured\"]}]}<\/script>\n<!-- \/ Yoast SEO plugin. -->","yoast_head_json":{"title":"Obitu\u00e1rio de Sir C.P. Srivastava - TEST - SMND","robots":{"index":"noindex","follow":"follow","max-snippet":"max-snippet:-1","max-image-preview":"max-image-preview:large","max-video-preview":"max-video-preview:-1"},"og_locale":"en_US","og_type":"article","og_title":"Obitu\u00e1rio de Sir C.P. Srivastava - TEST - SMND","og_description":"Obitu\u00e1rio de Sir C.P. Srivastava Republicado de &#8216;The Hindu&#8217; em 24 de julho de 2013, \u00cdndia: &#8216;Homem com toque de Midas no mundo mar\u00edtimo morre&#8221; por S. Anandan O mundo mar\u00edtimo perdeu um l\u00edder pioneiro e vision\u00e1rio com o falecimento de C.P. Srivastava, Padma Vibhushan e Secret\u00e1rio-Geral Em\u00e9rito da Organiza\u00e7\u00e3o Mar\u00edtima Internacional (IMO), em G\u00eanova,&hellip; Read more","og_url":"https:\/\/shrimataji.org\/test\/pt\/obituario-sir-cp-srivastava\/","og_site_name":"TEST - SMND","article_publisher":"https:\/\/www.facebook.com\/shrimataji","article_modified_time":"2026-01-16T01:27:24+00:00","og_image":[{"width":707,"height":700,"url":"https:\/\/shrimataji.org\/test\/wp-content\/uploads\/2018\/07\/fp11-e1588597806347.jpg","type":"image\/jpeg"}],"twitter_card":"summary_large_image","twitter_site":"@shrimataji","twitter_misc":{"Est. reading time":"5 minutes"},"schema":{"@context":"https:\/\/schema.org","@graph":[{"@type":"WebPage","@id":"https:\/\/shrimataji.org\/test\/pt\/obituario-sir-cp-srivastava\/","url":"https:\/\/shrimataji.org\/test\/pt\/obituario-sir-cp-srivastava\/","name":"Obitu\u00e1rio de Sir C.P. Srivastava - TEST - SMND","isPartOf":{"@id":"https:\/\/shrimataji.org\/test\/#website"},"datePublished":"2018-07-10T06:54:54+00:00","dateModified":"2026-01-16T01:27:24+00:00","breadcrumb":{"@id":"https:\/\/shrimataji.org\/test\/pt\/obituario-sir-cp-srivastava\/#breadcrumb"},"inLanguage":"en-US","potentialAction":[{"@type":"ReadAction","target":["https:\/\/shrimataji.org\/test\/pt\/obituario-sir-cp-srivastava\/"]}]},{"@type":"BreadcrumbList","@id":"https:\/\/shrimataji.org\/test\/pt\/obituario-sir-cp-srivastava\/#breadcrumb","itemListElement":[{"@type":"ListItem","position":1,"name":"Home","item":"https:\/\/shrimataji.org\/test\/uk\/home-en\/"},{"@type":"ListItem","position":2,"name":"Obitu\u00e1rio de Sir C.P. Srivastava"}]},{"@type":"WebSite","@id":"https:\/\/shrimataji.org\/test\/#website","url":"https:\/\/shrimataji.org\/test\/","name":"Shri Mataji Nirmala Devi","description":"A Life Dedicated to Humanity","publisher":{"@id":"https:\/\/shrimataji.org\/test\/#\/schema\/person\/a1b3419c6585f164aa96da1ff85715d1"},"potentialAction":[{"@type":"SearchAction","target":{"@type":"EntryPoint","urlTemplate":"https:\/\/shrimataji.org\/test\/?s={search_term_string}"},"query-input":{"@type":"PropertyValueSpecification","valueRequired":true,"valueName":"search_term_string"}}],"inLanguage":"en-US"},{"@type":["Person","Organization"],"@id":"https:\/\/shrimataji.org\/test\/#\/schema\/person\/a1b3419c6585f164aa96da1ff85715d1","name":"Nirmala Shrivastava","image":{"@type":"ImageObject","inLanguage":"en-US","@id":"https:\/\/shrimataji.org\/test\/wp-content\/uploads\/2023\/02\/SMO_LOGO-03.svg","url":"https:\/\/shrimataji.org\/test\/wp-content\/uploads\/2023\/02\/SMO_LOGO-03.svg","contentUrl":"https:\/\/shrimataji.org\/test\/wp-content\/uploads\/2023\/02\/SMO_LOGO-03.svg","width":"1024","height":"1024","caption":"Nirmala Shrivastava"},"logo":{"@id":"https:\/\/shrimataji.org\/test\/wp-content\/uploads\/2023\/02\/SMO_LOGO-03.svg"},"sameAs":["https:\/\/shrimataji.org\/test","https:\/\/www.facebook.com\/shrimataji","https:\/\/x.com\/shrimataji","https:\/\/www.youtube.com\/@Shri_Mataji_Nirmala_Devi\/featured"]}]}},"lang":"pt","translations":{"pt":10399,"en":459,"am":18044,"th":20009,"hu":19526,"sq":18445,"zh":17342,"tr":10189,"de":10673,"fr":10771,"it":10869,"es":10966,"ja":11263,"ru":11451,"bn":11643,"te":11751,"sw":11874,"he":12022,"el":12314,"sk":12412,"fa":12510,"fi":12608,"bg":13437,"ro":14511,"cs":14704,"nl":16605,"ku":16765,"ar":16941,"be":18652,"kn":18926,"uk":20667,"ml":20962,"ta":22763,"sv":23034,"gu":28877,"pa":29037,"fil":29482},"pll_sync_post":[],"_links":{"self":[{"href":"https:\/\/shrimataji.org\/test\/wp-json\/wp\/v2\/pages\/10399","targetHints":{"allow":["GET"]}}],"collection":[{"href":"https:\/\/shrimataji.org\/test\/wp-json\/wp\/v2\/pages"}],"about":[{"href":"https:\/\/shrimataji.org\/test\/wp-json\/wp\/v2\/types\/page"}],"author":[{"embeddable":true,"href":"https:\/\/shrimataji.org\/test\/wp-json\/wp\/v2\/users\/18"}],"replies":[{"embeddable":true,"href":"https:\/\/shrimataji.org\/test\/wp-json\/wp\/v2\/comments?post=10399"}],"version-history":[{"count":0,"href":"https:\/\/shrimataji.org\/test\/wp-json\/wp\/v2\/pages\/10399\/revisions"}],"wp:attachment":[{"href":"https:\/\/shrimataji.org\/test\/wp-json\/wp\/v2\/media?parent=10399"}],"curies":[{"name":"wp","href":"https:\/\/api.w.org\/{rel}","templated":true}]}}