{"id":10405,"date":"2015-11-02T21:00:00","date_gmt":"2015-11-02T21:00:00","guid":{"rendered":"http:\/\/testwordpress.nirmalnagari.org\/smnd\/index.php\/press\/"},"modified":"2026-01-18T20:26:48","modified_gmt":"2026-01-18T20:26:48","slug":"imprensa-midia","status":"publish","type":"page","link":"https:\/\/shrimataji.org\/test\/pt\/imprensa-midia\/","title":{"rendered":"Imprensa &#038; M\u00eddia"},"content":{"rendered":"\n\n\t<h1>Imprensa &amp; M\u00eddia<\/h1>\n<h2>Contato<\/h2>\nMembros credenciados da imprensa e da m\u00eddia s\u00e3o convidados a escrever para<br \/>\n<a href=\"mailto:press@shrimataji.org?subject=Contact%20from%20ShriMataji.org%20Press%20Page\">press@shrimataji.org<\/a>\n<h2>Documentos<\/h2>\n<p>Selecione um documento para baixar:<\/p>\n<ul>\n<li><a href=\"https:\/\/shrimataji.org\/test\/wp-content\/uploads\/2018\/07\/media\/documents\/press-downloads\/shri-mataji-nirmala-devi-short-biography-and-awards.pdf\" target=\"_blank\" rel=\"noopener\">Shri Mataji Nirmala Devi: Biografia Curta e Lista de Pr\u00eamios<\/a><\/li>\n<li><a href=\"https:\/\/shrimataji.org\/test\/wp-content\/uploads\/2018\/07\/media\/documents\/press-downloads\/sahaja-yoga-meditation-the-enduring-legacy-of-shri-mataji-nirmala-devi.pdf\" target=\"_blank\" rel=\"noopener\">Medita\u00e7\u00e3o Sahaja Yoga: Vis\u00e3o Geral<\/a><\/li>\n<li><a href=\"https:\/\/shrimataji.org\/test\/wp-content\/uploads\/2020\/06\/A-Brochure-on-H-H-Shri-Mataji-Nirmala-Devi.pdf\" target=\"_blank\" rel=\"noopener\">Um Folheto sobre S S Shri Mataji Nirmala Devi<\/a><\/li>\n<\/ul>\n\t<h2>Artigos<\/h2>\n<p><a href=\"https:\/\/shrimataji.org\/test\/wp-content\/uploads\/2023\/03\/Shri-Mataji-100-Anniversary-Press-Release.pdf\" target=\"_blank\" rel=\"noopener\">Centen\u00e1rio de Shri Mataji Nirmala Devi\u00a0<\/a><\/p>\n<p><a href=\"https:\/\/shrimataji.org\/wp-content\/uploads\/2020\/05\/5th-May_50-years-Sahaja-Yoga_press-release.pdf\" target=\"_blank\" rel=\"noopener\">50 Anos da Sahaja Yoga\u00a0<\/a><\/p>\n<a href=\"https:\/\/shrimataji.org\/test\/pt\/dia-internacional-da-yoga\/\" target=\"_blank\" rel=\"noopener\">Dia Internacional da Yoga, 21 de Junho de 2015<br \/>\n<\/a>\n<p><a href=\"https:\/\/shrimataji.org\/test\/pt\/5-de-maio-dia-mundial-da-realizacao\/\" target=\"_blank\" rel=\"noopener\">5 de Maio Como o Dia Internacional da Realiza\u00e7\u00e3o do Si, em Honra a Shri Mataji Nirmala Devi<\/a><\/p>\n<p><a href=\"https:\/\/shrimataji.org\/test\/obituary-for-sir-c-p-srivastava\/\" target=\"_blank\" rel=\"noopener\">Obitu\u00e1rio de Sir C.P. Srivastava<\/a><\/p>\n\t<h2>Fotografia<\/h2>\n<p>Por favor, revise os termos de uso antes de baixar qualquer uma das fotos de imprensa abaixo. As fotos est\u00e3o em formato TIFF e compactadas em ZIP para download.<\/p>\n<figure itemscope itemtype=\"https:\/\/schema.org\/ImageObject\">\n\t\t\t\t<img decoding=\"async\" src=\"https:\/\/shrimataji.org\/test\/wp-content\/uploads\/2023\/03\/Home_1440x775_100_2-scaled.jpg\" alt=\"Home_1440x775_100_2\" height=\"1378\" width=\"2560\" title=\"Home_1440x775_100_2\" onerror=\"this.style.display='none'\" loading=\"lazy\" \/>\n\t<\/figure>\n<figure itemscope itemtype=\"https:\/\/schema.org\/ImageObject\">\n\t\t\t\t<img decoding=\"async\" src=\"https:\/\/shrimataji.org\/test\/wp-content\/uploads\/2020\/04\/Image-50-years-1920x1080-1.jpg\" alt=\"Image-50-years-1920x1080\" height=\"1080\" width=\"1920\" title=\"Image-50-years-1920x1080\" onerror=\"this.style.display='none'\" loading=\"lazy\" \/>\n\t<\/figure>\n\t<p><img loading=\"lazy\" decoding=\"async\" src=\"https:\/\/shrimataji.org\/test\/wp-content\/uploads\/2018\/07\/media_originals\/images\/shri-mataji-portraits\/shri-mataji-nirmala-devi-lane-cove-sydney-australia-722x1024.jpg\" alt=\"\" width=\"722\" height=\"1024\" \/><\/p>\n\t<p><img loading=\"lazy\" decoding=\"async\" src=\"https:\/\/shrimataji.org\/test\/wp-content\/uploads\/2018\/07\/media_originals\/images\/press\/shri-mataji-nirmala-devi-press-portrait-2-1024x681.jpg\" alt=\"\" width=\"1024\" height=\"681\" \/><\/p>\n<p>&nbsp;<\/p>\n<p><img loading=\"lazy\" decoding=\"async\" src=\"https:\/\/shrimataji.org\/test\/wp-content\/uploads\/2018\/07\/media_originals\/images\/press\/shri-mataji-nirmala-devi-press-portrait-3-1024x726.jpg\" alt=\"\" width=\"1024\" height=\"726\" \/><\/p>\n\t<h4>Condi\u00e7\u00f5es de Uso<\/h4>\nInforma\u00e7\u00f5es Importantes sobre o Uso de Documentos, Logotipos e Fotos<br \/>\nAo copiar ou fazer qualquer uso das fotos acima, voc\u00ea confirma que leu e concorda com o Acordo de Uso de Imagens abaixo, que rege o seu uso de qualquer foto obtida nesta p\u00e1gina.\n<p>Se voc\u00ea n\u00e3o concorda com os termos uso, n\u00e3o copie nem use a foto de nenhuma forma. Se tiver quaisquer d\u00favidas, por favor escreva para n\u00f3s em <a href=\"mailto:press@shrimataji.org?subject=Contact%20from%20ShriMataji.org%20Press%20Page\">press@shrimataji.org<\/a>.<\/p>\n<h4>Termos de Uso<\/h4>\n<p>Sujeito aos termos deste Acordo, voc\u00ea pode usar a imagem somente em sua totalidade para uso editorial pela imprensa e m\u00eddia. Esse direito de uso \u00e9 pessoal e n\u00e3o pode ser transferido por voc\u00ea a outra parte. A foto n\u00e3o pode ser usada para promover ou vender qualquer produto ou tecnologia (como em publicidade, folhetos, capas de livros, fotos de banco de imagens, camisetas ou outros materiais promocionais). Voc\u00ea n\u00e3o pode alterar ou modificar a imagem, no todo ou em parte, por qualquer motivo.<\/p>\n<p>Entre voc\u00ea e a Shri Mataji Nirmala Devi World Foundation &#8211; que \u00e9 e permanecer\u00e1 a \u00fanica e exclusiva propriet\u00e1ria da foto, exceto em alguns casos espec\u00edficos em que a propriedade \u00e9 mantida por terceiros &#8211; voc\u00ea n\u00e3o excluir\u00e1, alterar\u00e1 ou ocultar\u00e1 quaisquer avisos propriet\u00e1rios relacionados \u00e0 foto, e cada uso ser\u00e1 acompanhado da atribui\u00e7\u00e3o propriet\u00e1ria aplic\u00e1vel mostrada ao lado da imagem.<\/p>\n<p>Todas as fotos, documentos de texto e o logotipo nesta p\u00e1gina s\u00e3o protegidos por direitos autorais da Shri Mataji Nirmala Devi World Foundation ou de terceiros espec\u00edficos.<\/p>\n\t<hr \/>\n<h3>\u00a9 Shri Mataji Nirmala Devi Sahaja Yoga World Foundation<br \/>\na non-profit organization listed in the Piedmont regional register of judicial entities (prot. no. 747)<\/h3>\n\n","protected":false},"excerpt":{"rendered":"<p>Imprensa &amp; M\u00eddia Contato Membros credenciados da imprensa e da m\u00eddia s\u00e3o convidados a escrever para press@shrimataji.org Documentos Selecione um documento para baixar: Shri Mataji Nirmala Devi: Biografia Curta e Lista de Pr\u00eamios Medita\u00e7\u00e3o Sahaja Yoga: Vis\u00e3o Geral Um Folheto sobre S S Shri Mataji Nirmala Devi Artigos Centen\u00e1rio de Shri Mataji Nirmala Devi\u00a0 50&hellip; <br \/> <a class=\"read-more\" href=\"https:\/\/shrimataji.org\/test\/pt\/imprensa-midia\/\">Read more<\/a><\/p>\n","protected":false},"author":18,"featured_media":9552,"parent":0,"menu_order":0,"comment_status":"closed","ping_status":"closed","template":"","meta":{"inline_featured_image":false,"footnotes":""},"class_list":["post-10405","page","type-page","status-publish","has-post-thumbnail","hentry"],"yoast_head":"<!-- This site is optimized with the Yoast SEO plugin v27.4 - https:\/\/yoast.com\/product\/yoast-seo-wordpress\/ -->\n<title>Imprensa &amp; M\u00eddia - TEST - SMND<\/title>\n<meta name=\"robots\" content=\"noindex, follow, max-snippet:-1, max-image-preview:large, max-video-preview:-1\" \/>\n<meta property=\"og:locale\" content=\"en_US\" \/>\n<meta property=\"og:type\" content=\"article\" \/>\n<meta property=\"og:title\" content=\"Imprensa &amp; M\u00eddia - TEST - SMND\" \/>\n<meta property=\"og:description\" content=\"Imprensa &amp; M\u00eddia Contato Membros credenciados da imprensa e da m\u00eddia s\u00e3o convidados a escrever para press@shrimataji.org Documentos Selecione um documento para baixar: Shri Mataji Nirmala Devi: Biografia Curta e Lista de Pr\u00eamios Medita\u00e7\u00e3o Sahaja Yoga: Vis\u00e3o Geral Um Folheto sobre S S Shri Mataji Nirmala Devi Artigos Centen\u00e1rio de Shri Mataji Nirmala Devi\u00a0 50&hellip; Read more\" \/>\n<meta property=\"og:url\" content=\"https:\/\/shrimataji.org\/test\/pt\/imprensa-midia\/\" \/>\n<meta property=\"og:site_name\" content=\"TEST - SMND\" \/>\n<meta property=\"article:publisher\" content=\"https:\/\/www.facebook.com\/shrimataji\" \/>\n<meta property=\"article:modified_time\" content=\"2026-01-18T20:26:48+00:00\" \/>\n<meta property=\"og:image\" content=\"https:\/\/shrimataji.org\/test\/wp-content\/uploads\/2023\/03\/Banner-Footer-Castle-1-scaled.jpg\" \/>\n\t<meta property=\"og:image:width\" content=\"2560\" \/>\n\t<meta property=\"og:image:height\" content=\"905\" \/>\n\t<meta property=\"og:image:type\" content=\"image\/jpeg\" \/>\n<meta name=\"twitter:card\" content=\"summary_large_image\" \/>\n<meta name=\"twitter:site\" content=\"@shrimataji\" \/>\n<meta name=\"twitter:label1\" content=\"Est. reading time\" \/>\n\t<meta name=\"twitter:data1\" content=\"3 minutes\" \/>\n<script type=\"application\/ld+json\" class=\"yoast-schema-graph\">{\"@context\":\"https:\\\/\\\/schema.org\",\"@graph\":[{\"@type\":\"WebPage\",\"@id\":\"https:\\\/\\\/shrimataji.org\\\/test\\\/pt\\\/imprensa-midia\\\/\",\"url\":\"https:\\\/\\\/shrimataji.org\\\/test\\\/pt\\\/imprensa-midia\\\/\",\"name\":\"Imprensa & M\u00eddia - TEST - SMND\",\"isPartOf\":{\"@id\":\"https:\\\/\\\/shrimataji.org\\\/test\\\/#website\"},\"primaryImageOfPage\":{\"@id\":\"https:\\\/\\\/shrimataji.org\\\/test\\\/pt\\\/imprensa-midia\\\/#primaryimage\"},\"image\":{\"@id\":\"https:\\\/\\\/shrimataji.org\\\/test\\\/pt\\\/imprensa-midia\\\/#primaryimage\"},\"thumbnailUrl\":\"https:\\\/\\\/shrimataji.org\\\/test\\\/wp-content\\\/uploads\\\/2023\\\/03\\\/Banner-Footer-Castle-1-scaled.jpg\",\"datePublished\":\"2015-11-02T21:00:00+00:00\",\"dateModified\":\"2026-01-18T20:26:48+00:00\",\"breadcrumb\":{\"@id\":\"https:\\\/\\\/shrimataji.org\\\/test\\\/pt\\\/imprensa-midia\\\/#breadcrumb\"},\"inLanguage\":\"en-US\",\"potentialAction\":[{\"@type\":\"ReadAction\",\"target\":[\"https:\\\/\\\/shrimataji.org\\\/test\\\/pt\\\/imprensa-midia\\\/\"]}]},{\"@type\":\"ImageObject\",\"inLanguage\":\"en-US\",\"@id\":\"https:\\\/\\\/shrimataji.org\\\/test\\\/pt\\\/imprensa-midia\\\/#primaryimage\",\"url\":\"https:\\\/\\\/shrimataji.org\\\/test\\\/wp-content\\\/uploads\\\/2023\\\/03\\\/Banner-Footer-Castle-1-scaled.jpg\",\"contentUrl\":\"https:\\\/\\\/shrimataji.org\\\/test\\\/wp-content\\\/uploads\\\/2023\\\/03\\\/Banner-Footer-Castle-1-scaled.jpg\",\"width\":2560,\"height\":905},{\"@type\":\"BreadcrumbList\",\"@id\":\"https:\\\/\\\/shrimataji.org\\\/test\\\/pt\\\/imprensa-midia\\\/#breadcrumb\",\"itemListElement\":[{\"@type\":\"ListItem\",\"position\":1,\"name\":\"Home\",\"item\":\"https:\\\/\\\/shrimataji.org\\\/test\\\/uk\\\/home-en\\\/\"},{\"@type\":\"ListItem\",\"position\":2,\"name\":\"Imprensa &#038; M\u00eddia\"}]},{\"@type\":\"WebSite\",\"@id\":\"https:\\\/\\\/shrimataji.org\\\/test\\\/#website\",\"url\":\"https:\\\/\\\/shrimataji.org\\\/test\\\/\",\"name\":\"Shri Mataji Nirmala Devi\",\"description\":\"A Life Dedicated to Humanity\",\"publisher\":{\"@id\":\"https:\\\/\\\/shrimataji.org\\\/test\\\/#\\\/schema\\\/person\\\/a1b3419c6585f164aa96da1ff85715d1\"},\"potentialAction\":[{\"@type\":\"SearchAction\",\"target\":{\"@type\":\"EntryPoint\",\"urlTemplate\":\"https:\\\/\\\/shrimataji.org\\\/test\\\/?s={search_term_string}\"},\"query-input\":{\"@type\":\"PropertyValueSpecification\",\"valueRequired\":true,\"valueName\":\"search_term_string\"}}],\"inLanguage\":\"en-US\"},{\"@type\":[\"Person\",\"Organization\"],\"@id\":\"https:\\\/\\\/shrimataji.org\\\/test\\\/#\\\/schema\\\/person\\\/a1b3419c6585f164aa96da1ff85715d1\",\"name\":\"Nirmala Shrivastava\",\"image\":{\"@type\":\"ImageObject\",\"inLanguage\":\"en-US\",\"@id\":\"https:\\\/\\\/shrimataji.org\\\/test\\\/wp-content\\\/uploads\\\/2023\\\/02\\\/SMO_LOGO-03.svg\",\"url\":\"https:\\\/\\\/shrimataji.org\\\/test\\\/wp-content\\\/uploads\\\/2023\\\/02\\\/SMO_LOGO-03.svg\",\"contentUrl\":\"https:\\\/\\\/shrimataji.org\\\/test\\\/wp-content\\\/uploads\\\/2023\\\/02\\\/SMO_LOGO-03.svg\",\"width\":\"1024\",\"height\":\"1024\",\"caption\":\"Nirmala Shrivastava\"},\"logo\":{\"@id\":\"https:\\\/\\\/shrimataji.org\\\/test\\\/wp-content\\\/uploads\\\/2023\\\/02\\\/SMO_LOGO-03.svg\"},\"sameAs\":[\"https:\\\/\\\/shrimataji.org\\\/test\",\"https:\\\/\\\/www.facebook.com\\\/shrimataji\",\"https:\\\/\\\/x.com\\\/shrimataji\",\"https:\\\/\\\/www.youtube.com\\\/@Shri_Mataji_Nirmala_Devi\\\/featured\"]}]}<\/script>\n<!-- \/ Yoast SEO plugin. -->","yoast_head_json":{"title":"Imprensa & M\u00eddia - TEST - SMND","robots":{"index":"noindex","follow":"follow","max-snippet":"max-snippet:-1","max-image-preview":"max-image-preview:large","max-video-preview":"max-video-preview:-1"},"og_locale":"en_US","og_type":"article","og_title":"Imprensa & M\u00eddia - TEST - SMND","og_description":"Imprensa &amp; M\u00eddia Contato Membros credenciados da imprensa e da m\u00eddia s\u00e3o convidados a escrever para press@shrimataji.org Documentos Selecione um documento para baixar: Shri Mataji Nirmala Devi: Biografia Curta e Lista de Pr\u00eamios Medita\u00e7\u00e3o Sahaja Yoga: Vis\u00e3o Geral Um Folheto sobre S S Shri Mataji Nirmala Devi Artigos Centen\u00e1rio de Shri Mataji Nirmala Devi\u00a0 50&hellip; Read more","og_url":"https:\/\/shrimataji.org\/test\/pt\/imprensa-midia\/","og_site_name":"TEST - SMND","article_publisher":"https:\/\/www.facebook.com\/shrimataji","article_modified_time":"2026-01-18T20:26:48+00:00","og_image":[{"width":2560,"height":905,"url":"https:\/\/shrimataji.org\/test\/wp-content\/uploads\/2023\/03\/Banner-Footer-Castle-1-scaled.jpg","type":"image\/jpeg"}],"twitter_card":"summary_large_image","twitter_site":"@shrimataji","twitter_misc":{"Est. reading time":"3 minutes"},"schema":{"@context":"https:\/\/schema.org","@graph":[{"@type":"WebPage","@id":"https:\/\/shrimataji.org\/test\/pt\/imprensa-midia\/","url":"https:\/\/shrimataji.org\/test\/pt\/imprensa-midia\/","name":"Imprensa & M\u00eddia - TEST - SMND","isPartOf":{"@id":"https:\/\/shrimataji.org\/test\/#website"},"primaryImageOfPage":{"@id":"https:\/\/shrimataji.org\/test\/pt\/imprensa-midia\/#primaryimage"},"image":{"@id":"https:\/\/shrimataji.org\/test\/pt\/imprensa-midia\/#primaryimage"},"thumbnailUrl":"https:\/\/shrimataji.org\/test\/wp-content\/uploads\/2023\/03\/Banner-Footer-Castle-1-scaled.jpg","datePublished":"2015-11-02T21:00:00+00:00","dateModified":"2026-01-18T20:26:48+00:00","breadcrumb":{"@id":"https:\/\/shrimataji.org\/test\/pt\/imprensa-midia\/#breadcrumb"},"inLanguage":"en-US","potentialAction":[{"@type":"ReadAction","target":["https:\/\/shrimataji.org\/test\/pt\/imprensa-midia\/"]}]},{"@type":"ImageObject","inLanguage":"en-US","@id":"https:\/\/shrimataji.org\/test\/pt\/imprensa-midia\/#primaryimage","url":"https:\/\/shrimataji.org\/test\/wp-content\/uploads\/2023\/03\/Banner-Footer-Castle-1-scaled.jpg","contentUrl":"https:\/\/shrimataji.org\/test\/wp-content\/uploads\/2023\/03\/Banner-Footer-Castle-1-scaled.jpg","width":2560,"height":905},{"@type":"BreadcrumbList","@id":"https:\/\/shrimataji.org\/test\/pt\/imprensa-midia\/#breadcrumb","itemListElement":[{"@type":"ListItem","position":1,"name":"Home","item":"https:\/\/shrimataji.org\/test\/uk\/home-en\/"},{"@type":"ListItem","position":2,"name":"Imprensa &#038; M\u00eddia"}]},{"@type":"WebSite","@id":"https:\/\/shrimataji.org\/test\/#website","url":"https:\/\/shrimataji.org\/test\/","name":"Shri Mataji Nirmala Devi","description":"A Life Dedicated to Humanity","publisher":{"@id":"https:\/\/shrimataji.org\/test\/#\/schema\/person\/a1b3419c6585f164aa96da1ff85715d1"},"potentialAction":[{"@type":"SearchAction","target":{"@type":"EntryPoint","urlTemplate":"https:\/\/shrimataji.org\/test\/?s={search_term_string}"},"query-input":{"@type":"PropertyValueSpecification","valueRequired":true,"valueName":"search_term_string"}}],"inLanguage":"en-US"},{"@type":["Person","Organization"],"@id":"https:\/\/shrimataji.org\/test\/#\/schema\/person\/a1b3419c6585f164aa96da1ff85715d1","name":"Nirmala Shrivastava","image":{"@type":"ImageObject","inLanguage":"en-US","@id":"https:\/\/shrimataji.org\/test\/wp-content\/uploads\/2023\/02\/SMO_LOGO-03.svg","url":"https:\/\/shrimataji.org\/test\/wp-content\/uploads\/2023\/02\/SMO_LOGO-03.svg","contentUrl":"https:\/\/shrimataji.org\/test\/wp-content\/uploads\/2023\/02\/SMO_LOGO-03.svg","width":"1024","height":"1024","caption":"Nirmala Shrivastava"},"logo":{"@id":"https:\/\/shrimataji.org\/test\/wp-content\/uploads\/2023\/02\/SMO_LOGO-03.svg"},"sameAs":["https:\/\/shrimataji.org\/test","https:\/\/www.facebook.com\/shrimataji","https:\/\/x.com\/shrimataji","https:\/\/www.youtube.com\/@Shri_Mataji_Nirmala_Devi\/featured"]}]}},"lang":"pt","translations":{"pt":10405,"en":426,"am":18054,"th":20025,"hu":19538,"sq":18455,"zh":17352,"hi":8501,"tr":10195,"de":10679,"fr":10777,"it":10875,"es":10972,"ja":11269,"ru":11457,"bn":11649,"te":11757,"sw":11880,"he":12028,"el":12320,"fa":12516,"fi":12614,"bg":13488,"ro":14563,"cs":14756,"nl":16615,"ku":16775,"ar":16951,"be":18662,"kn":18936,"mr":20389,"uk":20683,"ml":20978,"ta":22773,"sv":23043,"pa":29047,"fil":29491},"pll_sync_post":[],"_links":{"self":[{"href":"https:\/\/shrimataji.org\/test\/wp-json\/wp\/v2\/pages\/10405","targetHints":{"allow":["GET"]}}],"collection":[{"href":"https:\/\/shrimataji.org\/test\/wp-json\/wp\/v2\/pages"}],"about":[{"href":"https:\/\/shrimataji.org\/test\/wp-json\/wp\/v2\/types\/page"}],"author":[{"embeddable":true,"href":"https:\/\/shrimataji.org\/test\/wp-json\/wp\/v2\/users\/18"}],"replies":[{"embeddable":true,"href":"https:\/\/shrimataji.org\/test\/wp-json\/wp\/v2\/comments?post=10405"}],"version-history":[{"count":0,"href":"https:\/\/shrimataji.org\/test\/wp-json\/wp\/v2\/pages\/10405\/revisions"}],"wp:featuredmedia":[{"embeddable":true,"href":"https:\/\/shrimataji.org\/test\/wp-json\/wp\/v2\/media\/9552"}],"wp:attachment":[{"href":"https:\/\/shrimataji.org\/test\/wp-json\/wp\/v2\/media?parent=10405"}],"curies":[{"name":"wp","href":"https:\/\/api.w.org\/{rel}","templated":true}]}}