{"id":10431,"date":"2018-07-10T06:55:02","date_gmt":"2018-07-10T06:55:02","guid":{"rendered":"http:\/\/testwordpress.nirmalnagari.org\/smnd\/index.php\/the-international-day-of-yoga\/"},"modified":"2026-01-16T01:46:57","modified_gmt":"2026-01-16T01:46:57","slug":"dia-internacional-da-yoga","status":"publish","type":"page","link":"https:\/\/shrimataji.org\/test\/pt\/dia-internacional-da-yoga\/","title":{"rendered":"O Dia Internacional da Yoga"},"content":{"rendered":"\n\n\t<h1>O Dia Internacional da Yoga<\/h1>\n<h2>Comunicado \u00e0 Imprensa<br data-start=\"21\" data-end=\"24\" \/>Mil\u00e3o, 21 de junho de 2015<\/h2>\nA Sahaja Yoga sa\u00fada o Dia Internacional da Yoga com o verdadeiro significado dessa antiga arte.<br \/>\n\nA celebra\u00e7\u00e3o de hoje dessa antiga arte da yoga acontece num momento em que o mundo enfrenta turbul\u00eancias e incertezas crescentes. A cont\u00ednua crise econ\u00f4mica, os problemas ecol\u00f3gicos e a press\u00e3o populacional criaram um per\u00edodo de profundo desconforto em muitas partes do mundo, e \u00e9 por isso que tantos sentiram a necessidade de retornar \u00e0s ra\u00edzes da nossa heran\u00e7a espiritual para tentar encontrar significado.<br \/>\n\n<p>A verdadeira e aut\u00eantica yoga vai muito al\u00e9m de alguns mantras e contor\u00e7\u00f5es f\u00edsicas. Ele proporciona uma mudan\u00e7a fundamental nas percep\u00e7\u00f5es do indiv\u00edduo, um verdadeiro despertar da consci\u00eancia &#8211; e em nenhum lugar isso \u00e9 sentido de forma mais poderosa do que atrav\u00e9s da pr\u00e1tica da Sahaja Yoga. Essa medita\u00e7\u00e3o \u00fanica foi introduzida ao mundo em 1970 por Shri Mataji Nirmala Devi (<a href=\"https:\/\/shrimataji.org\/test\">www.shrimataji.org<\/a>), uma das l\u00edderes espirituais mais amadas do mundo, indicada duas vezes ao Pr\u00eamio Nobel da Paz, e que dedicou sua vida a levar ao mundo o poder do autoconhecimento iluminado.<\/p>\nAo contr\u00e1rio de outras pr\u00e1ticas que cobram dinheiro, a Sahaja Yoga foca na pr\u00f3pria medita\u00e7\u00e3o, e n\u00e3o em livros ou cursos caros. Depois de aprender o b\u00e1sico de como meditar e alcan\u00e7ar a consci\u00eancia sem pensamentos, cada praticante inicia uma jornada pessoal de descoberta por meio da medita\u00e7\u00e3o, da qual v\u00eam todos os benef\u00edcios f\u00edsicos, mentais e emocionais. N\u00e3o h\u00e1 exames, nem hor\u00e1rios, nem slogans de marketing chamativos &#8211; apenas a medita\u00e7\u00e3o e o profundo sil\u00eancio interior que ela proporciona.<br \/>\n\nEm todo o mundo, dezenas de milhares de praticantes da Sahaja Yoga encontraram a paz interior que surge ao conectar o Si \u00e0 consci\u00eancia coletiva por meio do yoga, e a cada semana milhares de pessoas participam de uma das aulas semanais gratuitas em 126 pa\u00edses para descobrir por si mesmas como suas vidas podem ser transformadas com apenas alguns minutos de medita\u00e7\u00e3o por dia. Nenhum valor \u00e9 jamais cobrado pelas aulas, e cada praticante \u00e9 encorajado a explorar essa experi\u00eancia t\u00e3o profunda em seu pr\u00f3prio ritmo.<br \/>\n\nA verdadeira yoga tem o poder de transformar n\u00e3o apenas vidas individuais, mas comunidades inteiras, e isso se torna especialmente evidente nos programas da Sahaja Yoga voltados para regi\u00f5es carentes ao redor do mundo. Das terras agr\u00edcolas empobrecidas do norte da \u00cdndia aos campos de refugiados devastados por conflitos no Oriente M\u00e9dio, encontram-se iniciativas de medita\u00e7\u00e3o da Sahaja Yoga empenhadas em fazer a diferen\u00e7a, trazendo paz e al\u00edvio a vidas marcadas pelo trauma. O trabalho de Shri Mataji e sua vis\u00e3o seguem adiante onde quer que haja necessidade de espiritualidade para restaurar o amor genu\u00edno e a humanidade.<br \/>\n\n<p>Os visitantes da EXPO 2015 em Mil\u00e3o, It\u00e1lia, podem encontrar mais informa\u00e7\u00f5es no estande India Basmati ou acessar <a href=\"https:\/\/live.sahajayoga.it\" target=\"_blank\" rel=\"noopener\">live.sahajayoga.it<\/a> para participar de um semin\u00e1rio introdut\u00f3rio online que ser\u00e1 realizado em celebra\u00e7\u00e3o ao Dia Internacional da Yoga em 2015.<\/p>\n\n","protected":false},"excerpt":{"rendered":"<p>O Dia Internacional da Yoga Comunicado \u00e0 ImprensaMil\u00e3o, 21 de junho de 2015 A Sahaja Yoga sa\u00fada o Dia Internacional da Yoga com o verdadeiro significado dessa antiga arte. A celebra\u00e7\u00e3o de hoje dessa antiga arte da yoga acontece num momento em que o mundo enfrenta turbul\u00eancias e incertezas crescentes. A cont\u00ednua crise econ\u00f4mica, os&hellip; <br \/> <a class=\"read-more\" href=\"https:\/\/shrimataji.org\/test\/pt\/dia-internacional-da-yoga\/\">Read more<\/a><\/p>\n","protected":false},"author":18,"featured_media":0,"parent":0,"menu_order":0,"comment_status":"closed","ping_status":"closed","template":"","meta":{"inline_featured_image":false,"footnotes":""},"class_list":["post-10431","page","type-page","status-publish","hentry"],"yoast_head":"<!-- This site is optimized with the Yoast SEO plugin v27.4 - https:\/\/yoast.com\/product\/yoast-seo-wordpress\/ -->\n<title>O Dia Internacional da Yoga - TEST - SMND<\/title>\n<meta name=\"robots\" content=\"noindex, follow, max-snippet:-1, max-image-preview:large, max-video-preview:-1\" \/>\n<meta property=\"og:locale\" content=\"en_US\" \/>\n<meta property=\"og:type\" content=\"article\" \/>\n<meta property=\"og:title\" content=\"O Dia Internacional da Yoga - TEST - SMND\" \/>\n<meta property=\"og:description\" content=\"O Dia Internacional da Yoga Comunicado \u00e0 ImprensaMil\u00e3o, 21 de junho de 2015 A Sahaja Yoga sa\u00fada o Dia Internacional da Yoga com o verdadeiro significado dessa antiga arte. A celebra\u00e7\u00e3o de hoje dessa antiga arte da yoga acontece num momento em que o mundo enfrenta turbul\u00eancias e incertezas crescentes. A cont\u00ednua crise econ\u00f4mica, os&hellip; Read more\" \/>\n<meta property=\"og:url\" content=\"https:\/\/shrimataji.org\/test\/pt\/dia-internacional-da-yoga\/\" \/>\n<meta property=\"og:site_name\" content=\"TEST - SMND\" \/>\n<meta property=\"article:publisher\" content=\"https:\/\/www.facebook.com\/shrimataji\" \/>\n<meta property=\"article:modified_time\" content=\"2026-01-16T01:46:57+00:00\" \/>\n<meta property=\"og:image\" content=\"https:\/\/shrimataji.org\/test\/wp-content\/uploads\/2018\/07\/fp11-e1588597806347.jpg\" \/>\n\t<meta property=\"og:image:width\" content=\"707\" \/>\n\t<meta property=\"og:image:height\" content=\"700\" \/>\n\t<meta property=\"og:image:type\" content=\"image\/jpeg\" \/>\n<meta name=\"twitter:card\" content=\"summary_large_image\" \/>\n<meta name=\"twitter:site\" content=\"@shrimataji\" \/>\n<meta name=\"twitter:label1\" content=\"Est. reading time\" \/>\n\t<meta name=\"twitter:data1\" content=\"3 minutes\" \/>\n<script type=\"application\/ld+json\" class=\"yoast-schema-graph\">{\"@context\":\"https:\\\/\\\/schema.org\",\"@graph\":[{\"@type\":\"WebPage\",\"@id\":\"https:\\\/\\\/shrimataji.org\\\/test\\\/pt\\\/dia-internacional-da-yoga\\\/\",\"url\":\"https:\\\/\\\/shrimataji.org\\\/test\\\/pt\\\/dia-internacional-da-yoga\\\/\",\"name\":\"O Dia Internacional da Yoga - TEST - SMND\",\"isPartOf\":{\"@id\":\"https:\\\/\\\/shrimataji.org\\\/test\\\/#website\"},\"datePublished\":\"2018-07-10T06:55:02+00:00\",\"dateModified\":\"2026-01-16T01:46:57+00:00\",\"breadcrumb\":{\"@id\":\"https:\\\/\\\/shrimataji.org\\\/test\\\/pt\\\/dia-internacional-da-yoga\\\/#breadcrumb\"},\"inLanguage\":\"en-US\",\"potentialAction\":[{\"@type\":\"ReadAction\",\"target\":[\"https:\\\/\\\/shrimataji.org\\\/test\\\/pt\\\/dia-internacional-da-yoga\\\/\"]}]},{\"@type\":\"BreadcrumbList\",\"@id\":\"https:\\\/\\\/shrimataji.org\\\/test\\\/pt\\\/dia-internacional-da-yoga\\\/#breadcrumb\",\"itemListElement\":[{\"@type\":\"ListItem\",\"position\":1,\"name\":\"Home\",\"item\":\"https:\\\/\\\/shrimataji.org\\\/test\\\/uk\\\/home-en\\\/\"},{\"@type\":\"ListItem\",\"position\":2,\"name\":\"O Dia Internacional da Yoga\"}]},{\"@type\":\"WebSite\",\"@id\":\"https:\\\/\\\/shrimataji.org\\\/test\\\/#website\",\"url\":\"https:\\\/\\\/shrimataji.org\\\/test\\\/\",\"name\":\"Shri Mataji Nirmala Devi\",\"description\":\"A Life Dedicated to Humanity\",\"publisher\":{\"@id\":\"https:\\\/\\\/shrimataji.org\\\/test\\\/#\\\/schema\\\/person\\\/a1b3419c6585f164aa96da1ff85715d1\"},\"potentialAction\":[{\"@type\":\"SearchAction\",\"target\":{\"@type\":\"EntryPoint\",\"urlTemplate\":\"https:\\\/\\\/shrimataji.org\\\/test\\\/?s={search_term_string}\"},\"query-input\":{\"@type\":\"PropertyValueSpecification\",\"valueRequired\":true,\"valueName\":\"search_term_string\"}}],\"inLanguage\":\"en-US\"},{\"@type\":[\"Person\",\"Organization\"],\"@id\":\"https:\\\/\\\/shrimataji.org\\\/test\\\/#\\\/schema\\\/person\\\/a1b3419c6585f164aa96da1ff85715d1\",\"name\":\"Nirmala Shrivastava\",\"image\":{\"@type\":\"ImageObject\",\"inLanguage\":\"en-US\",\"@id\":\"https:\\\/\\\/shrimataji.org\\\/test\\\/wp-content\\\/uploads\\\/2023\\\/02\\\/SMO_LOGO-03.svg\",\"url\":\"https:\\\/\\\/shrimataji.org\\\/test\\\/wp-content\\\/uploads\\\/2023\\\/02\\\/SMO_LOGO-03.svg\",\"contentUrl\":\"https:\\\/\\\/shrimataji.org\\\/test\\\/wp-content\\\/uploads\\\/2023\\\/02\\\/SMO_LOGO-03.svg\",\"width\":\"1024\",\"height\":\"1024\",\"caption\":\"Nirmala Shrivastava\"},\"logo\":{\"@id\":\"https:\\\/\\\/shrimataji.org\\\/test\\\/wp-content\\\/uploads\\\/2023\\\/02\\\/SMO_LOGO-03.svg\"},\"sameAs\":[\"https:\\\/\\\/shrimataji.org\\\/test\",\"https:\\\/\\\/www.facebook.com\\\/shrimataji\",\"https:\\\/\\\/x.com\\\/shrimataji\",\"https:\\\/\\\/www.youtube.com\\\/@Shri_Mataji_Nirmala_Devi\\\/featured\"]}]}<\/script>\n<!-- \/ Yoast SEO plugin. -->","yoast_head_json":{"title":"O Dia Internacional da Yoga - TEST - SMND","robots":{"index":"noindex","follow":"follow","max-snippet":"max-snippet:-1","max-image-preview":"max-image-preview:large","max-video-preview":"max-video-preview:-1"},"og_locale":"en_US","og_type":"article","og_title":"O Dia Internacional da Yoga - TEST - SMND","og_description":"O Dia Internacional da Yoga Comunicado \u00e0 ImprensaMil\u00e3o, 21 de junho de 2015 A Sahaja Yoga sa\u00fada o Dia Internacional da Yoga com o verdadeiro significado dessa antiga arte. A celebra\u00e7\u00e3o de hoje dessa antiga arte da yoga acontece num momento em que o mundo enfrenta turbul\u00eancias e incertezas crescentes. A cont\u00ednua crise econ\u00f4mica, os&hellip; Read more","og_url":"https:\/\/shrimataji.org\/test\/pt\/dia-internacional-da-yoga\/","og_site_name":"TEST - SMND","article_publisher":"https:\/\/www.facebook.com\/shrimataji","article_modified_time":"2026-01-16T01:46:57+00:00","og_image":[{"width":707,"height":700,"url":"https:\/\/shrimataji.org\/test\/wp-content\/uploads\/2018\/07\/fp11-e1588597806347.jpg","type":"image\/jpeg"}],"twitter_card":"summary_large_image","twitter_site":"@shrimataji","twitter_misc":{"Est. reading time":"3 minutes"},"schema":{"@context":"https:\/\/schema.org","@graph":[{"@type":"WebPage","@id":"https:\/\/shrimataji.org\/test\/pt\/dia-internacional-da-yoga\/","url":"https:\/\/shrimataji.org\/test\/pt\/dia-internacional-da-yoga\/","name":"O Dia Internacional da Yoga - TEST - SMND","isPartOf":{"@id":"https:\/\/shrimataji.org\/test\/#website"},"datePublished":"2018-07-10T06:55:02+00:00","dateModified":"2026-01-16T01:46:57+00:00","breadcrumb":{"@id":"https:\/\/shrimataji.org\/test\/pt\/dia-internacional-da-yoga\/#breadcrumb"},"inLanguage":"en-US","potentialAction":[{"@type":"ReadAction","target":["https:\/\/shrimataji.org\/test\/pt\/dia-internacional-da-yoga\/"]}]},{"@type":"BreadcrumbList","@id":"https:\/\/shrimataji.org\/test\/pt\/dia-internacional-da-yoga\/#breadcrumb","itemListElement":[{"@type":"ListItem","position":1,"name":"Home","item":"https:\/\/shrimataji.org\/test\/uk\/home-en\/"},{"@type":"ListItem","position":2,"name":"O Dia Internacional da Yoga"}]},{"@type":"WebSite","@id":"https:\/\/shrimataji.org\/test\/#website","url":"https:\/\/shrimataji.org\/test\/","name":"Shri Mataji Nirmala Devi","description":"A Life Dedicated to Humanity","publisher":{"@id":"https:\/\/shrimataji.org\/test\/#\/schema\/person\/a1b3419c6585f164aa96da1ff85715d1"},"potentialAction":[{"@type":"SearchAction","target":{"@type":"EntryPoint","urlTemplate":"https:\/\/shrimataji.org\/test\/?s={search_term_string}"},"query-input":{"@type":"PropertyValueSpecification","valueRequired":true,"valueName":"search_term_string"}}],"inLanguage":"en-US"},{"@type":["Person","Organization"],"@id":"https:\/\/shrimataji.org\/test\/#\/schema\/person\/a1b3419c6585f164aa96da1ff85715d1","name":"Nirmala Shrivastava","image":{"@type":"ImageObject","inLanguage":"en-US","@id":"https:\/\/shrimataji.org\/test\/wp-content\/uploads\/2023\/02\/SMO_LOGO-03.svg","url":"https:\/\/shrimataji.org\/test\/wp-content\/uploads\/2023\/02\/SMO_LOGO-03.svg","contentUrl":"https:\/\/shrimataji.org\/test\/wp-content\/uploads\/2023\/02\/SMO_LOGO-03.svg","width":"1024","height":"1024","caption":"Nirmala Shrivastava"},"logo":{"@id":"https:\/\/shrimataji.org\/test\/wp-content\/uploads\/2023\/02\/SMO_LOGO-03.svg"},"sameAs":["https:\/\/shrimataji.org\/test","https:\/\/www.facebook.com\/shrimataji","https:\/\/x.com\/shrimataji","https:\/\/www.youtube.com\/@Shri_Mataji_Nirmala_Devi\/featured"]}]}},"lang":"pt","translations":{"pt":10431,"en":505,"am":18098,"th":20093,"hu":19591,"ar":16994,"sq":18499,"zh":17396,"tr":10223,"de":10705,"fr":10803,"it":10901,"es":10998,"ja":11296,"ru":11484,"bn":11675,"te":11783,"sw":11906,"he":12054,"el":12346,"sk":12444,"fa":12542,"fi":12640,"bg":13432,"ro":14506,"cs":14699,"nl":16658,"ku":16818,"be":18706,"kn":18980,"uk":20750,"ml":21045,"ta":22817,"sv":23086,"gu":28921,"pa":29081,"fil":29535},"pll_sync_post":[],"_links":{"self":[{"href":"https:\/\/shrimataji.org\/test\/wp-json\/wp\/v2\/pages\/10431","targetHints":{"allow":["GET"]}}],"collection":[{"href":"https:\/\/shrimataji.org\/test\/wp-json\/wp\/v2\/pages"}],"about":[{"href":"https:\/\/shrimataji.org\/test\/wp-json\/wp\/v2\/types\/page"}],"author":[{"embeddable":true,"href":"https:\/\/shrimataji.org\/test\/wp-json\/wp\/v2\/users\/18"}],"replies":[{"embeddable":true,"href":"https:\/\/shrimataji.org\/test\/wp-json\/wp\/v2\/comments?post=10431"}],"version-history":[{"count":0,"href":"https:\/\/shrimataji.org\/test\/wp-json\/wp\/v2\/pages\/10431\/revisions"}],"wp:attachment":[{"href":"https:\/\/shrimataji.org\/test\/wp-json\/wp\/v2\/media?parent=10431"}],"curies":[{"name":"wp","href":"https:\/\/api.w.org\/{rel}","templated":true}]}}