{"id":10432,"date":"2018-07-10T06:54:50","date_gmt":"2018-07-10T06:54:50","guid":{"rendered":"http:\/\/testwordpress.nirmalnagari.org\/smnd\/index.php\/the-widening-circle\/"},"modified":"2026-01-18T22:48:58","modified_gmt":"2026-01-18T22:48:58","slug":"circulo-que-se-expande","status":"publish","type":"page","link":"https:\/\/shrimataji.org\/test\/pt\/circulo-que-se-expande\/","title":{"rendered":"O C\u00edrculo que se Expande"},"content":{"rendered":"\n\n\t<h1>O C\u00edrculo que se Expande<\/h1>\n<h2>Os Ventos da Mudan\u00e7a<\/h2>\n\t<h4>No dia 27 de maio de 1964, o primeiro-ministro da \u00cdndia, Jawaharlal Nehru, faleceu. <a href=\"https:\/\/shrimataji.org\/test\/pt\/sir-c-p-srivastava-pt\/\" target=\"_blank\" rel=\"noopener\">Sir C.P.<\/a> estava no Reino Unido participando de uma confer\u00eancia de navega\u00e7\u00e3o. Na ter\u00e7a-feira, 2 de junho, chegou a not\u00edcia de que Lal Bahadur Shastri havia sido eleito o novo l\u00edder do Partido do Congresso e em breve se tornaria o segundo primeiro-ministro da \u00cdndia.<\/h4>\n\tQuando Sir C.P. retornou de Londres a Mumbai, os jornais j\u00e1 noticiavam que o Sr. Shastri havia adoecido. Shri Mataji insistiu para que o marido fosse imediatamente a Nova D\u00e9lhi oferecer seus servi\u00e7os ao primeiro-ministro. Ela sentia profundamente que, como Lal Bahadur Shastri confiava nele, era seu dever ajud\u00e1-lo de todas as maneiras poss\u00edveis.<br \/>\n.\n<p>Alguns dias depois, enquanto participava de uma reuni\u00e3o em Nova D\u00e9lhi, Sir C.P. conseguiu visitar o Sr. Shastri, que se recuperava.<\/p>\n<p>Foi durante esse encontro fortuito que Lal Bahadur Shastri pediu ao marido de Shri Mataji que assumisse o cargo de Secret\u00e1rio Adjunto do Primeiro-Ministro, trabalhando ao seu lado em servi\u00e7o da na\u00e7\u00e3o indiana.<\/p>\n<figure itemscope itemtype=\"https:\/\/schema.org\/ImageObject\">\n\t\t\t\t<img decoding=\"async\" src=\"https:\/\/shrimataji.org\/test\/wp-content\/uploads\/2025\/12\/PT_shri-mataji-introducing-guests-to-lal-bahadur-shastri-in-mumbai.jpg\" alt=\"Shri Mataji apresentando aos convidados Lal Bahadur Shastri em Mumbai\" height=\"452\" width=\"674\" title=\"PT_shri-mataji-introducing-guests-to-lal-bahadur-shastri-in-mumbai\" onerror=\"this.style.display='none'\" loading=\"lazy\" \/>\n\t\t<figcaption>Shri Mataji apresentando aos convidados Lal Bahadur Shastri em Mumbai<\/figcaption>\n\t<\/figure>\n\t<p>Em sua biografia Lal Bahadur Shastri, a Life of Truth in Politics, Sir C.P. recordou: &#8220;Quando n\u00f3s dois visit\u00e1vamos o Primeiro-Ministro Shastri, ele costumava conversar com ela sobre santos e s\u00e1bios, sobre religi\u00e3o e espiritualidade &#8211; \u00e1reas nas quais ela tinha grande conhecimento. Ele at\u00e9 incentivou Nirmala a ingressar no Partido do Congresso Indiano. No entanto, Nirmala inclinava-se mais para a espiritualidade e n\u00e3o para a pol\u00edtica.&#8221;<\/p>\n<p>Ao longo dos anos, enquanto seu marido se ocupava dos assuntos de Estado, Shri Mataji atuou como uma trabalhadora social muito discreta. Ela arrecadou recursos para um sanat\u00f3rio pr\u00f3ximo a Chandrapur, em Maharashtra. Tornou-se presidente da sociedade chamada *Friends of the Blind*. Em Meerut, iniciou um lar para refugiados, um lar para inv\u00e1lidos e tamb\u00e9m prestou apoio a um grande lepros\u00e1rio.<\/p>\n\t<p>Em outubro de 1969, a primeira filha de Shri Mataji, Kalpana, casou-se com Prabhat Shrivastav, em Mumbai.<\/p>\n<figure itemscope itemtype=\"https:\/\/schema.org\/ImageObject\">\n\t\t\t\t<img decoding=\"async\" src=\"https:\/\/shrimataji.org\/test\/wp-content\/uploads\/2025\/12\/PT_shri-mataji-with-daughter-kalpana-upon-her-marriage.jpg\" alt=\"Shri Mataji com a filha Kalpana, por ocasi\u00e3o do casamento dela.\" height=\"1440\" width=\"1085\" title=\"PT_shri-mataji-with-daughter-kalpana-upon-her-marriage\" onerror=\"this.style.display='none'\" loading=\"lazy\" \/>\n\t\t<figcaption>Shri Mataji com a filha Kalpana, por ocasi\u00e3o do casamento dela.<\/figcaption>\n\t<\/figure>\n<figure itemscope itemtype=\"https:\/\/schema.org\/ImageObject\">\n\t\t\t\t<img decoding=\"async\" src=\"https:\/\/shrimataji.org\/test\/wp-content\/uploads\/2025\/12\/PT_shri-mataji-with-sir-cp-and-prabhat-at-daughter-kalpanas-wedding.jpg\" alt=\"Shri Mataji com Sir CP e o genro Prabhat no casamento da filha Kalpana.\" height=\"817\" width=\"1105\" title=\"PT_shri-mataji-with-sir-cp-and-prabhat-at-daughter-kalpanas-wedding\" onerror=\"this.style.display='none'\" loading=\"lazy\" \/>\n\t\t<figcaption>Shri Mataji com Sir CP e o genro Prabhat no casamento da filha Kalpana.<\/figcaption>\n\t<\/figure>\n\t<p>No in\u00edcio de outubro de 1970, a pr\u00f3pria m\u00e3e de Shri Mataji adoeceu gravemente. Ela retornou de uma viagem ao exterior para v\u00ea-la e, para sua surpresa, encontrou-a de bom humor. Sua m\u00e3e perguntou se ela havia encontrado o que seu pai desejava que encontrasse. Ent\u00e3o Shri Mataji contou que havia descoberto o m\u00e9todo da realiza\u00e7\u00e3o do Si em massa. No domingo, 11 de outubro de 1970, sua m\u00e3e, Cornelia Karuna Salve, faleceu em Nagpur.<\/p>\n<p>Logo depois, Shri Mataji foi convidada para o voo inaugural da Air India para Paris, ap\u00f3s o qual viajou a Teer\u00e3 para visitar seu irm\u00e3o mais novo, H.P. Salve, que havia sido designado para l\u00e1 pela companhia a\u00e9rea.<a href=\"#citation-note-1\">[1]<\/a><\/p>\n<p>Enquanto passava um tempo com ela, H.P. foi percebendo aos poucos que algo havia mudado em sua irm\u00e3 mais velha. Na verdade, naquela \u00e9poca ela j\u00e1 tinha cerca de 12 seguidores na \u00cdndia que haviam se interessado por Shri Mataji como mestra e guru.<\/p>\n<p>Depois de revelar ao irm\u00e3o que, na ter\u00e7a-feira, 5 de maio de 1970, ela de fato havia vivido uma transforma\u00e7\u00e3o poderosa, Shri Mataji expressou o desejo de dar a realiza\u00e7\u00e3o do Si a alguns amigos dele que tinham inclina\u00e7\u00e3o espiritual.<\/p>\n<p>No retorno a Teer\u00e3, ap\u00f3s um passeio tur\u00edstico por Shiraz, H.P. Salve telefonou para alguns amigos e organizou um encontro que combinava jantar e uma reuni\u00e3o espiritual com Shri Mataji. No dia seguinte, cerca de 20 amigos &#8211; alguns da imprensa &#8211; foram \u00e0 casa dele para o jantar e, mais importante ainda, para o despertar espiritual que ali vivenciaram.<\/p>\n<p>Como recordou H.P. Salve:<\/p>\n<p>&#8220;Um senhor, o Dr. Divan, depois de receber sua realiza\u00e7\u00e3o do Si, parecia exalar uma fragr\u00e2ncia de s\u00e2ndalo do topo da cabe\u00e7a. Fiquei bastante surpreso com o fato de Shri Mataji conseguir transmitir tal fragr\u00e2ncia para o corpo de algu\u00e9m estando sentada a uma certa dist\u00e2ncia. Enquanto isso, uma senhora parsi que tinha vindo apenas com muletas, pois sofria de artrite aguda, ao ir embora, depois de sua realiza\u00e7\u00e3o do Si, saiu sem as muletas e foi vista dirigindo seu carro no dia seguinte.&#8221;<\/p>\n<p>No dia seguinte, os principais jornais de l\u00edngua inglesa do Teer\u00e3 publicaram a not\u00edcia do acontecimento, afirmando que havia testemunhas do que ocorrera &#8211; e, ap\u00f3s isso, muitas pessoas correram para ver Shri Mataji. Como descreveu seu irm\u00e3o: &#8220;Sua popularidade foi tamanha que, quando ela chegou ao Teer\u00e3, eu a apresentava como minha irm\u00e3; mas quando ela partiu, eu \u00e9 que estava sendo apresentado como o irm\u00e3o dela.&#8221; Pouco tempo depois, H.P. Salve passaria a ser chamado de Babamama, um termo afetuoso que significa &#8220;irm\u00e3o da m\u00e3e.&#8221;<\/p>\n\t<h5>&#8220;A coisa mais bela que podemos experienciar \u00e9 o m\u00edstico. \u00c9 a fonte de toda verdadeira arte e ci\u00eancia.&#8221;<\/h5>\n<h5>Albert Einstein<\/h5>\n\t<hr \/>\n<h3>1. <a href=\"#citation-ref-1\">^ <\/a><a name=\"citation-note-1\"><\/a>H. P. Salve, &#8216;My Memoirs&#8217; New Delhi: Life Eternal Trust, 2000.<\/h3>\n\n","protected":false},"excerpt":{"rendered":"<p>O C\u00edrculo que se Expande Os Ventos da Mudan\u00e7a No dia 27 de maio de 1964, o primeiro-ministro da \u00cdndia, Jawaharlal Nehru, faleceu. Sir C.P. estava no Reino Unido participando de uma confer\u00eancia de navega\u00e7\u00e3o. Na ter\u00e7a-feira, 2 de junho, chegou a not\u00edcia de que Lal Bahadur Shastri havia sido eleito o novo l\u00edder do&hellip; <br \/> <a class=\"read-more\" href=\"https:\/\/shrimataji.org\/test\/pt\/circulo-que-se-expande\/\">Read more<\/a><\/p>\n","protected":false},"author":18,"featured_media":9515,"parent":0,"menu_order":0,"comment_status":"closed","ping_status":"closed","template":"","meta":{"inline_featured_image":false,"footnotes":""},"class_list":["post-10432","page","type-page","status-publish","has-post-thumbnail","hentry"],"yoast_head":"<!-- This site is optimized with the Yoast SEO plugin v27.4 - https:\/\/yoast.com\/product\/yoast-seo-wordpress\/ -->\n<title>O C\u00edrculo que se Expande - TEST - SMND<\/title>\n<meta name=\"robots\" content=\"noindex, follow, max-snippet:-1, max-image-preview:large, max-video-preview:-1\" \/>\n<meta property=\"og:locale\" content=\"en_US\" \/>\n<meta property=\"og:type\" content=\"article\" \/>\n<meta property=\"og:title\" content=\"O C\u00edrculo que se Expande - TEST - SMND\" \/>\n<meta property=\"og:description\" content=\"O C\u00edrculo que se Expande Os Ventos da Mudan\u00e7a No dia 27 de maio de 1964, o primeiro-ministro da \u00cdndia, Jawaharlal Nehru, faleceu. Sir C.P. estava no Reino Unido participando de uma confer\u00eancia de navega\u00e7\u00e3o. Na ter\u00e7a-feira, 2 de junho, chegou a not\u00edcia de que Lal Bahadur Shastri havia sido eleito o novo l\u00edder do&hellip; Read more\" \/>\n<meta property=\"og:url\" content=\"https:\/\/shrimataji.org\/test\/pt\/circulo-que-se-expande\/\" \/>\n<meta property=\"og:site_name\" content=\"TEST - SMND\" \/>\n<meta property=\"article:publisher\" content=\"https:\/\/www.facebook.com\/shrimataji\" \/>\n<meta property=\"article:modified_time\" content=\"2026-01-18T22:48:58+00:00\" \/>\n<meta property=\"og:image\" content=\"https:\/\/shrimataji.org\/test\/wp-content\/uploads\/2023\/03\/10_Banner-PublicLife-WideningCircle_2-scaled.jpg\" \/>\n\t<meta property=\"og:image:width\" content=\"2560\" \/>\n\t<meta property=\"og:image:height\" content=\"905\" \/>\n\t<meta property=\"og:image:type\" content=\"image\/jpeg\" \/>\n<meta name=\"twitter:card\" content=\"summary_large_image\" \/>\n<meta name=\"twitter:site\" content=\"@shrimataji\" \/>\n<script type=\"application\/ld+json\" class=\"yoast-schema-graph\">{\"@context\":\"https:\\\/\\\/schema.org\",\"@graph\":[{\"@type\":\"WebPage\",\"@id\":\"https:\\\/\\\/shrimataji.org\\\/test\\\/pt\\\/circulo-que-se-expande\\\/\",\"url\":\"https:\\\/\\\/shrimataji.org\\\/test\\\/pt\\\/circulo-que-se-expande\\\/\",\"name\":\"O C\u00edrculo que se Expande - TEST - SMND\",\"isPartOf\":{\"@id\":\"https:\\\/\\\/shrimataji.org\\\/test\\\/#website\"},\"primaryImageOfPage\":{\"@id\":\"https:\\\/\\\/shrimataji.org\\\/test\\\/pt\\\/circulo-que-se-expande\\\/#primaryimage\"},\"image\":{\"@id\":\"https:\\\/\\\/shrimataji.org\\\/test\\\/pt\\\/circulo-que-se-expande\\\/#primaryimage\"},\"thumbnailUrl\":\"https:\\\/\\\/shrimataji.org\\\/test\\\/wp-content\\\/uploads\\\/2023\\\/03\\\/10_Banner-PublicLife-WideningCircle_2-scaled.jpg\",\"datePublished\":\"2018-07-10T06:54:50+00:00\",\"dateModified\":\"2026-01-18T22:48:58+00:00\",\"breadcrumb\":{\"@id\":\"https:\\\/\\\/shrimataji.org\\\/test\\\/pt\\\/circulo-que-se-expande\\\/#breadcrumb\"},\"inLanguage\":\"en-US\",\"potentialAction\":[{\"@type\":\"ReadAction\",\"target\":[\"https:\\\/\\\/shrimataji.org\\\/test\\\/pt\\\/circulo-que-se-expande\\\/\"]}]},{\"@type\":\"ImageObject\",\"inLanguage\":\"en-US\",\"@id\":\"https:\\\/\\\/shrimataji.org\\\/test\\\/pt\\\/circulo-que-se-expande\\\/#primaryimage\",\"url\":\"https:\\\/\\\/shrimataji.org\\\/test\\\/wp-content\\\/uploads\\\/2023\\\/03\\\/10_Banner-PublicLife-WideningCircle_2-scaled.jpg\",\"contentUrl\":\"https:\\\/\\\/shrimataji.org\\\/test\\\/wp-content\\\/uploads\\\/2023\\\/03\\\/10_Banner-PublicLife-WideningCircle_2-scaled.jpg\",\"width\":2560,\"height\":905},{\"@type\":\"BreadcrumbList\",\"@id\":\"https:\\\/\\\/shrimataji.org\\\/test\\\/pt\\\/circulo-que-se-expande\\\/#breadcrumb\",\"itemListElement\":[{\"@type\":\"ListItem\",\"position\":1,\"name\":\"Home\",\"item\":\"https:\\\/\\\/shrimataji.org\\\/test\\\/uk\\\/home-en\\\/\"},{\"@type\":\"ListItem\",\"position\":2,\"name\":\"O C\u00edrculo que se Expande\"}]},{\"@type\":\"WebSite\",\"@id\":\"https:\\\/\\\/shrimataji.org\\\/test\\\/#website\",\"url\":\"https:\\\/\\\/shrimataji.org\\\/test\\\/\",\"name\":\"Shri Mataji Nirmala Devi\",\"description\":\"A Life Dedicated to Humanity\",\"publisher\":{\"@id\":\"https:\\\/\\\/shrimataji.org\\\/test\\\/#\\\/schema\\\/person\\\/a1b3419c6585f164aa96da1ff85715d1\"},\"potentialAction\":[{\"@type\":\"SearchAction\",\"target\":{\"@type\":\"EntryPoint\",\"urlTemplate\":\"https:\\\/\\\/shrimataji.org\\\/test\\\/?s={search_term_string}\"},\"query-input\":{\"@type\":\"PropertyValueSpecification\",\"valueRequired\":true,\"valueName\":\"search_term_string\"}}],\"inLanguage\":\"en-US\"},{\"@type\":[\"Person\",\"Organization\"],\"@id\":\"https:\\\/\\\/shrimataji.org\\\/test\\\/#\\\/schema\\\/person\\\/a1b3419c6585f164aa96da1ff85715d1\",\"name\":\"Nirmala Shrivastava\",\"image\":{\"@type\":\"ImageObject\",\"inLanguage\":\"en-US\",\"@id\":\"https:\\\/\\\/shrimataji.org\\\/test\\\/wp-content\\\/uploads\\\/2023\\\/02\\\/SMO_LOGO-03.svg\",\"url\":\"https:\\\/\\\/shrimataji.org\\\/test\\\/wp-content\\\/uploads\\\/2023\\\/02\\\/SMO_LOGO-03.svg\",\"contentUrl\":\"https:\\\/\\\/shrimataji.org\\\/test\\\/wp-content\\\/uploads\\\/2023\\\/02\\\/SMO_LOGO-03.svg\",\"width\":\"1024\",\"height\":\"1024\",\"caption\":\"Nirmala Shrivastava\"},\"logo\":{\"@id\":\"https:\\\/\\\/shrimataji.org\\\/test\\\/wp-content\\\/uploads\\\/2023\\\/02\\\/SMO_LOGO-03.svg\"},\"sameAs\":[\"https:\\\/\\\/shrimataji.org\\\/test\",\"https:\\\/\\\/www.facebook.com\\\/shrimataji\",\"https:\\\/\\\/x.com\\\/shrimataji\",\"https:\\\/\\\/www.youtube.com\\\/@Shri_Mataji_Nirmala_Devi\\\/featured\"]}]}<\/script>\n<!-- \/ Yoast SEO plugin. -->","yoast_head_json":{"title":"O C\u00edrculo que se Expande - TEST - SMND","robots":{"index":"noindex","follow":"follow","max-snippet":"max-snippet:-1","max-image-preview":"max-image-preview:large","max-video-preview":"max-video-preview:-1"},"og_locale":"en_US","og_type":"article","og_title":"O C\u00edrculo que se Expande - TEST - SMND","og_description":"O C\u00edrculo que se Expande Os Ventos da Mudan\u00e7a No dia 27 de maio de 1964, o primeiro-ministro da \u00cdndia, Jawaharlal Nehru, faleceu. Sir C.P. estava no Reino Unido participando de uma confer\u00eancia de navega\u00e7\u00e3o. Na ter\u00e7a-feira, 2 de junho, chegou a not\u00edcia de que Lal Bahadur Shastri havia sido eleito o novo l\u00edder do&hellip; Read more","og_url":"https:\/\/shrimataji.org\/test\/pt\/circulo-que-se-expande\/","og_site_name":"TEST - SMND","article_publisher":"https:\/\/www.facebook.com\/shrimataji","article_modified_time":"2026-01-18T22:48:58+00:00","og_image":[{"width":2560,"height":905,"url":"https:\/\/shrimataji.org\/test\/wp-content\/uploads\/2023\/03\/10_Banner-PublicLife-WideningCircle_2-scaled.jpg","type":"image\/jpeg"}],"twitter_card":"summary_large_image","twitter_site":"@shrimataji","schema":{"@context":"https:\/\/schema.org","@graph":[{"@type":"WebPage","@id":"https:\/\/shrimataji.org\/test\/pt\/circulo-que-se-expande\/","url":"https:\/\/shrimataji.org\/test\/pt\/circulo-que-se-expande\/","name":"O C\u00edrculo que se Expande - TEST - SMND","isPartOf":{"@id":"https:\/\/shrimataji.org\/test\/#website"},"primaryImageOfPage":{"@id":"https:\/\/shrimataji.org\/test\/pt\/circulo-que-se-expande\/#primaryimage"},"image":{"@id":"https:\/\/shrimataji.org\/test\/pt\/circulo-que-se-expande\/#primaryimage"},"thumbnailUrl":"https:\/\/shrimataji.org\/test\/wp-content\/uploads\/2023\/03\/10_Banner-PublicLife-WideningCircle_2-scaled.jpg","datePublished":"2018-07-10T06:54:50+00:00","dateModified":"2026-01-18T22:48:58+00:00","breadcrumb":{"@id":"https:\/\/shrimataji.org\/test\/pt\/circulo-que-se-expande\/#breadcrumb"},"inLanguage":"en-US","potentialAction":[{"@type":"ReadAction","target":["https:\/\/shrimataji.org\/test\/pt\/circulo-que-se-expande\/"]}]},{"@type":"ImageObject","inLanguage":"en-US","@id":"https:\/\/shrimataji.org\/test\/pt\/circulo-que-se-expande\/#primaryimage","url":"https:\/\/shrimataji.org\/test\/wp-content\/uploads\/2023\/03\/10_Banner-PublicLife-WideningCircle_2-scaled.jpg","contentUrl":"https:\/\/shrimataji.org\/test\/wp-content\/uploads\/2023\/03\/10_Banner-PublicLife-WideningCircle_2-scaled.jpg","width":2560,"height":905},{"@type":"BreadcrumbList","@id":"https:\/\/shrimataji.org\/test\/pt\/circulo-que-se-expande\/#breadcrumb","itemListElement":[{"@type":"ListItem","position":1,"name":"Home","item":"https:\/\/shrimataji.org\/test\/uk\/home-en\/"},{"@type":"ListItem","position":2,"name":"O C\u00edrculo que se Expande"}]},{"@type":"WebSite","@id":"https:\/\/shrimataji.org\/test\/#website","url":"https:\/\/shrimataji.org\/test\/","name":"Shri Mataji Nirmala Devi","description":"A Life Dedicated to Humanity","publisher":{"@id":"https:\/\/shrimataji.org\/test\/#\/schema\/person\/a1b3419c6585f164aa96da1ff85715d1"},"potentialAction":[{"@type":"SearchAction","target":{"@type":"EntryPoint","urlTemplate":"https:\/\/shrimataji.org\/test\/?s={search_term_string}"},"query-input":{"@type":"PropertyValueSpecification","valueRequired":true,"valueName":"search_term_string"}}],"inLanguage":"en-US"},{"@type":["Person","Organization"],"@id":"https:\/\/shrimataji.org\/test\/#\/schema\/person\/a1b3419c6585f164aa96da1ff85715d1","name":"Nirmala Shrivastava","image":{"@type":"ImageObject","inLanguage":"en-US","@id":"https:\/\/shrimataji.org\/test\/wp-content\/uploads\/2023\/02\/SMO_LOGO-03.svg","url":"https:\/\/shrimataji.org\/test\/wp-content\/uploads\/2023\/02\/SMO_LOGO-03.svg","contentUrl":"https:\/\/shrimataji.org\/test\/wp-content\/uploads\/2023\/02\/SMO_LOGO-03.svg","width":"1024","height":"1024","caption":"Nirmala Shrivastava"},"logo":{"@id":"https:\/\/shrimataji.org\/test\/wp-content\/uploads\/2023\/02\/SMO_LOGO-03.svg"},"sameAs":["https:\/\/shrimataji.org\/test","https:\/\/www.facebook.com\/shrimataji","https:\/\/x.com\/shrimataji","https:\/\/www.youtube.com\/@Shri_Mataji_Nirmala_Devi\/featured"]}]}},"lang":"pt","translations":{"pt":10432,"ur":37524,"en":37234,"hu":19593,"am":18099,"th":20095,"ar":16995,"sq":18500,"zh":17397,"hi":8269,"tr":10224,"de":10706,"fr":10804,"it":10902,"es":10999,"ja":11297,"ru":11485,"bn":11676,"te":11784,"sw":11907,"he":12055,"el":12347,"sk":12445,"fa":12543,"fi":12641,"bg":13447,"ro":14521,"cs":14714,"nl":16659,"ku":16819,"be":18707,"kn":18981,"mr":20459,"uk":20752,"ml":21047,"ta":22818,"sv":23087,"gu":28922,"pa":29082,"fil":29536,"da":37831,"pl":38041,"nn":38383},"pll_sync_post":[],"_links":{"self":[{"href":"https:\/\/shrimataji.org\/test\/wp-json\/wp\/v2\/pages\/10432","targetHints":{"allow":["GET"]}}],"collection":[{"href":"https:\/\/shrimataji.org\/test\/wp-json\/wp\/v2\/pages"}],"about":[{"href":"https:\/\/shrimataji.org\/test\/wp-json\/wp\/v2\/types\/page"}],"author":[{"embeddable":true,"href":"https:\/\/shrimataji.org\/test\/wp-json\/wp\/v2\/users\/18"}],"replies":[{"embeddable":true,"href":"https:\/\/shrimataji.org\/test\/wp-json\/wp\/v2\/comments?post=10432"}],"version-history":[{"count":0,"href":"https:\/\/shrimataji.org\/test\/wp-json\/wp\/v2\/pages\/10432\/revisions"}],"wp:featuredmedia":[{"embeddable":true,"href":"https:\/\/shrimataji.org\/test\/wp-json\/wp\/v2\/media\/9515"}],"wp:attachment":[{"href":"https:\/\/shrimataji.org\/test\/wp-json\/wp\/v2\/media?parent=10432"}],"curies":[{"name":"wp","href":"https:\/\/api.w.org\/{rel}","templated":true}]}}