{"id":10438,"date":"2022-03-05T07:52:48","date_gmt":"2022-03-05T07:52:48","guid":{"rendered":"https:\/\/test.shrimataji.org\/?page_id=6494"},"modified":"2026-01-19T11:45:15","modified_gmt":"2026-01-19T11:45:15","slug":"vishuddhi-chakra-pt","status":"publish","type":"page","link":"https:\/\/shrimataji.org\/test\/pt\/vishuddhi-chakra-pt\/","title":{"rendered":"Vishuddhi Chakra PT"},"content":{"rendered":"\n\n\t<h1>Vishuddhi Chakra<\/h1>\n<h2>Comunica\u00e7\u00e3o, Autoestima, Diplomacia<\/h2>\n<h4>A evolu\u00e7\u00e3o da sociedade humana foi desenvolvida e moldada ao longo de gera\u00e7\u00f5es com a ajuda de habilidades de comunica\u00e7\u00e3o eficazes. O Vishuddhi Chakra \u00e9 o centro que nos permite passar de nossa consci\u00eancia como indiv\u00edduo para uma consci\u00eancia coletiva. \u00c9 nossa conex\u00e3o com os outros e ajuda a cultivar nossa sensibilidade para com nossos semelhantes. Aprendemos a reconhecer o importante benef\u00edcio da benevol\u00eancia coletiva em vez do ganho individual, e que juntos somos todos um.<\/h4>\n<div class=\"su-quote su-quote-style-default\"><div class=\"su-quote-inner su-u-clearfix su-u-trim\">Shri Krishna disse de forma muito bela: &#8220;Satyam Vade, Hitam Vade, Priyam Vade&#8221;. Isso significa que o que \u00e9 ben\u00e9fico e amoroso para o Esp\u00edrito \u00e9 o que deve ser expresso. Pode ser doloroso no momento, mas depois pode se tornar ben\u00e9fico e amoroso. Mesmo com todo esse entendimento, \u00e0s vezes esquecemos que Deus \u00e9 amor. E a verdade tamb\u00e9m \u00e9 amor. <\/div><\/div>\n<p>Outra grande qualidade que se desdobra em nossa personalidade com a abertura deste Chakra \u00e9 um senso de diplomacia. Como diplomatas, dominamos a arte da comunica\u00e7\u00e3o que \u00e9 carism\u00e1tica, mas n\u00e3o para algum ganho pessoal mesquinho, poder ou dinheiro, mas para o bem maior. Nosso foco meditativo e introspectivo neste quinto centro nos permite lidar espontaneamente e com articula\u00e7\u00e3o com relacionamentos de todos os tipos.<\/p>\n\t\t<iframe loading=\"lazy\" title=\"Vishuddhi Chakra\" width=\"1920\" height=\"1080\" src=\"https:\/\/www.youtube.com\/embed\/LLi3R16u62Y?feature=oembed\" frameborder=\"0\" allow=\"accelerometer; autoplay; clipboard-write; encrypted-media; gyroscope; picture-in-picture; web-share\" allowfullscreen><\/iframe>\t\n\t<strong>Localiza\u00e7\u00e3o<\/strong>:<strong><br \/>\n<\/strong>Nosso Vishuddhi Chakra est\u00e1 localizado no pesco\u00e7o, na parte de tr\u00e1s da coluna vertebral, aproximadamente na altura dos nossos ombros. As vibra\u00e7\u00f5es do Vishuddhi Chakra podem ser sentidas em nossos dedos indicadores de ambas as m\u00e3os. O dedo indicador esquerdo est\u00e1 associado ao Vishuddhi esquerdo, enquanto o dedo indicador direito est\u00e1 associado ao Vishuddhi direito.\n<strong>Cor<\/strong>:<strong><br \/>\n<\/strong>O Vishuddhi Chakra \u00e9 representado por um tom claro de azul. Est\u00e1 alinhado com o elemento purificador do \u00e9ter.\n<strong>As Qualidades do Vishuddhi Chakra incluem::<\/strong><br \/>\n\u2022 Relacionamentos positivos<br \/>\n\u2022 Comunica\u00e7\u00e3o eficaz<br \/>\n\u2022 Educa\u00e7\u00e3o<br \/>\n\u2022 Diplomacia<br \/>\n\u2022 Senso de comunidade<br \/>\n\u2022 Personalidade agrad\u00e1vel\n\t\t\t\t<a href=\"https:\/\/shrimataji.org\/test\/wp-content\/uploads\/2023\/02\/5-Vishuddhi-01.png\"  target=\"_blank\" rel=\"noopener\"  itemprop=\"url\">\n\t\t\t\t<img decoding=\"async\" src=\"https:\/\/shrimataji.org\/test\/wp-content\/uploads\/2025\/11\/pt-5-Vishuddhi-01-scaled.png\" alt=\"pt-5-Vishuddhi-01\" itemprop=\"image\" height=\"2560\" width=\"2402\" title=\"pt-5-Vishuddhi-01\" onerror=\"this.style.display='none'\" loading=\"lazy\" \/>\n\t\t\t\t<\/a>\n\t<p>As qualidades fundamentais concedidas pelo nosso Vishuddhi Chakra incluem comunica\u00e7\u00e3o eficaz e um senso de comunidade. Quando nosso Vishuddhi est\u00e1 equilibrado, nos sentimos em harmonia com o resto da humanidade.<\/p>\n<p>O desabrochar do Vishuddhi Chakra atrav\u00e9s da medita\u00e7\u00e3o regular nos permite desenvolver habilidades diplom\u00e1ticas, e descobrimos uma maneira gentil e amig\u00e1vel de nos comunicarmos com os outros que surge naturalmente, sem a necessidade de fazer um curso sobre tais assuntos. O desenvolvimento deste Chakra tamb\u00e9m nos d\u00e1 a capacidade de aceitar defici\u00eancias e desafios sem culpa e nos permite encontrar uma solu\u00e7\u00e3o apropriada e benevolente.<\/p>\n<strong>Experi\u00eancia e Benef\u00edcios:<\/strong><br \/>\nO Vishuddhi Chakra governa seu pesco\u00e7o, garganta, bra\u00e7os, rosto, ouvidos, boca e dentes. Ele tamb\u00e9m controla suas habilidades de comunica\u00e7\u00e3o.\n<p>Quando seu Vishuddhi Chakra est\u00e1 equilibrado, voc\u00ea tem uma perspectiva sensata sobre os eventos em sua vida. Os desafios podem ser enfrentados com mais tranquilidade. Voc\u00ea se sente otimista mesmo em situa\u00e7\u00f5es avassaladoras. O Vishuddhi Chakra permite que voc\u00ea reconhe\u00e7a que eventos externos existem fora de voc\u00ea. Como resultado, voc\u00ea \u00e9 capaz de testemunh\u00e1-los com calma.<\/p>\n<p>Um Vishuddhi equilibrado \u00e9 essencial para o seu crescimento como ser espiritual. Tamb\u00e9m \u00e9 essencial para o crescimento de relacionamentos positivos e saud\u00e1veis com os outros. A diplomacia e o respeito s\u00e3o aprimorados pela for\u00e7a deste Chakra. A pr\u00e1tica da medita\u00e7\u00e3o na Sahaja Yoga permite que voc\u00ea energize e proteja os lados esquerdo e direito do seu Vishuddhi Chakra. Voc\u00ea tamb\u00e9m pode energizar este Chakra quando fala do cora\u00e7\u00e3o e elogia em vez de criticar.<\/p>\n<strong>Autoavalia\u00e7\u00e3o<\/strong>:<strong><br \/>\n<\/strong>Se o seu Vishuddhi Chakra n\u00e3o estiver equilibrado, voc\u00ea pode experimentar uma falta de autorrespeito e sentimentos de culpa. Voc\u00ea tamb\u00e9m pode ter per\u00edodos de rea\u00e7\u00e3o exagerada e comunica\u00e7\u00e3o agressiva. Falar excessivamente ou gritar pode \u00e0s vezes causar um bloqueio no Vishuddhi Chakra direito. Dor ou infec\u00e7\u00e3o nos ouvidos ou dentes pode indicar um bloqueio no Vishuddhi Chakra. Sentimentos de culpa podem se manifestar como ombros e pesco\u00e7o doloridos ou tensionados. Isso pode indicar um desequil\u00edbrio no seu Vishuddhi esquerdo. Resfriados recorrentes, infec\u00e7\u00f5es sinusais e bronquiais podem indicar um desequil\u00edbrio no seu Vishuddhi direito. Relacionamentos inadequados ou il\u00edcitos tamb\u00e9m podem causar desequil\u00edbrios no Vishuddhi Chakra.\n<p><strong>Causas de desequil\u00edbrios<\/strong>:<\/p>\n<ul>\n<li>Culpa e falta de autorrespeito.<\/li>\n<li>Uso excessivo e desnecessariamente agressivo da voz.<\/li>\n<li>Sarcasmo, levantar a voz com raiva, ast\u00facia na fala.<\/li>\n<\/ul>\n<strong>Como Equilibrar<\/strong>:<strong><br \/>\n<\/strong>Se voc\u00ea deseja equilibrar seu Vishuddhi Chakra, coloque sua m\u00e3o direita a alguns cent\u00edmetros de sua localiza\u00e7\u00e3o. Sua palma deve estar voltada para dentro. Quando sentir a energia fluindo atrav\u00e9s de sua m\u00e3o, gire-a em torno do Chakra no sentido hor\u00e1rio. Repita esta rota\u00e7\u00e3o v\u00e1rias vezes.\n<p>Para limpar seu Vishuddhi esquerdo, segure a chama de uma vela a alguns cent\u00edmetros de dist\u00e2ncia da intersec\u00e7\u00e3o do seu pesco\u00e7o e ombro esquerdo. Mova a chama suave e lentamente em um c\u00edrculo no sentido hor\u00e1rio ao redor do Chakra.<\/p>\n\n","protected":false},"excerpt":{"rendered":"<p>Vishuddhi Chakra Comunica\u00e7\u00e3o, Autoestima, Diplomacia A evolu\u00e7\u00e3o da sociedade humana foi desenvolvida e moldada ao longo de gera\u00e7\u00f5es com a ajuda de habilidades de comunica\u00e7\u00e3o eficazes. O Vishuddhi Chakra \u00e9 o centro que nos permite passar de nossa consci\u00eancia como indiv\u00edduo para uma consci\u00eancia coletiva. \u00c9 nossa conex\u00e3o com os outros e ajuda a cultivar&hellip; <br \/> <a class=\"read-more\" href=\"https:\/\/shrimataji.org\/test\/pt\/vishuddhi-chakra-pt\/\">Read more<\/a><\/p>\n","protected":false},"author":18,"featured_media":9255,"parent":0,"menu_order":0,"comment_status":"closed","ping_status":"closed","template":"","meta":{"inline_featured_image":false,"footnotes":""},"class_list":["post-10438","page","type-page","status-publish","has-post-thumbnail","hentry"],"yoast_head":"<!-- This site is optimized with the Yoast SEO plugin v27.4 - https:\/\/yoast.com\/product\/yoast-seo-wordpress\/ -->\n<title>Vishuddhi Chakra PT - TEST - SMND<\/title>\n<meta name=\"robots\" content=\"noindex, follow, max-snippet:-1, max-image-preview:large, max-video-preview:-1\" \/>\n<meta property=\"og:locale\" content=\"en_US\" \/>\n<meta property=\"og:type\" content=\"article\" \/>\n<meta property=\"og:title\" content=\"Vishuddhi Chakra PT - TEST - SMND\" \/>\n<meta property=\"og:description\" content=\"Vishuddhi Chakra Comunica\u00e7\u00e3o, Autoestima, Diplomacia A evolu\u00e7\u00e3o da sociedade humana foi desenvolvida e moldada ao longo de gera\u00e7\u00f5es com a ajuda de habilidades de comunica\u00e7\u00e3o eficazes. O Vishuddhi Chakra \u00e9 o centro que nos permite passar de nossa consci\u00eancia como indiv\u00edduo para uma consci\u00eancia coletiva. \u00c9 nossa conex\u00e3o com os outros e ajuda a cultivar&hellip; Read more\" \/>\n<meta property=\"og:url\" content=\"https:\/\/shrimataji.org\/test\/pt\/vishuddhi-chakra-pt\/\" \/>\n<meta property=\"og:site_name\" content=\"TEST - SMND\" \/>\n<meta property=\"article:publisher\" content=\"https:\/\/www.facebook.com\/shrimataji\" \/>\n<meta property=\"article:modified_time\" content=\"2026-01-19T11:45:15+00:00\" \/>\n<meta property=\"og:image\" content=\"https:\/\/shrimataji.org\/test\/wp-content\/uploads\/2023\/03\/20_Banner-SY-Chakra-vishu-scaled.jpg\" \/>\n\t<meta property=\"og:image:width\" content=\"2560\" \/>\n\t<meta property=\"og:image:height\" content=\"905\" \/>\n\t<meta property=\"og:image:type\" content=\"image\/jpeg\" \/>\n<meta name=\"twitter:card\" content=\"summary_large_image\" \/>\n<meta name=\"twitter:site\" content=\"@shrimataji\" \/>\n<meta name=\"twitter:label1\" content=\"Est. reading time\" \/>\n\t<meta name=\"twitter:data1\" content=\"4 minutes\" \/>\n<script type=\"application\/ld+json\" class=\"yoast-schema-graph\">{\"@context\":\"https:\\\/\\\/schema.org\",\"@graph\":[{\"@type\":\"WebPage\",\"@id\":\"https:\\\/\\\/shrimataji.org\\\/test\\\/pt\\\/vishuddhi-chakra-pt\\\/\",\"url\":\"https:\\\/\\\/shrimataji.org\\\/test\\\/pt\\\/vishuddhi-chakra-pt\\\/\",\"name\":\"Vishuddhi Chakra PT - TEST - SMND\",\"isPartOf\":{\"@id\":\"https:\\\/\\\/shrimataji.org\\\/test\\\/#website\"},\"primaryImageOfPage\":{\"@id\":\"https:\\\/\\\/shrimataji.org\\\/test\\\/pt\\\/vishuddhi-chakra-pt\\\/#primaryimage\"},\"image\":{\"@id\":\"https:\\\/\\\/shrimataji.org\\\/test\\\/pt\\\/vishuddhi-chakra-pt\\\/#primaryimage\"},\"thumbnailUrl\":\"https:\\\/\\\/shrimataji.org\\\/test\\\/wp-content\\\/uploads\\\/2023\\\/03\\\/20_Banner-SY-Chakra-vishu-scaled.jpg\",\"datePublished\":\"2022-03-05T07:52:48+00:00\",\"dateModified\":\"2026-01-19T11:45:15+00:00\",\"breadcrumb\":{\"@id\":\"https:\\\/\\\/shrimataji.org\\\/test\\\/pt\\\/vishuddhi-chakra-pt\\\/#breadcrumb\"},\"inLanguage\":\"en-US\",\"potentialAction\":[{\"@type\":\"ReadAction\",\"target\":[\"https:\\\/\\\/shrimataji.org\\\/test\\\/pt\\\/vishuddhi-chakra-pt\\\/\"]}]},{\"@type\":\"ImageObject\",\"inLanguage\":\"en-US\",\"@id\":\"https:\\\/\\\/shrimataji.org\\\/test\\\/pt\\\/vishuddhi-chakra-pt\\\/#primaryimage\",\"url\":\"https:\\\/\\\/shrimataji.org\\\/test\\\/wp-content\\\/uploads\\\/2023\\\/03\\\/20_Banner-SY-Chakra-vishu-scaled.jpg\",\"contentUrl\":\"https:\\\/\\\/shrimataji.org\\\/test\\\/wp-content\\\/uploads\\\/2023\\\/03\\\/20_Banner-SY-Chakra-vishu-scaled.jpg\",\"width\":2560,\"height\":905},{\"@type\":\"BreadcrumbList\",\"@id\":\"https:\\\/\\\/shrimataji.org\\\/test\\\/pt\\\/vishuddhi-chakra-pt\\\/#breadcrumb\",\"itemListElement\":[{\"@type\":\"ListItem\",\"position\":1,\"name\":\"Home\",\"item\":\"https:\\\/\\\/shrimataji.org\\\/test\\\/uk\\\/home-en\\\/\"},{\"@type\":\"ListItem\",\"position\":2,\"name\":\"Vishuddhi Chakra PT\"}]},{\"@type\":\"WebSite\",\"@id\":\"https:\\\/\\\/shrimataji.org\\\/test\\\/#website\",\"url\":\"https:\\\/\\\/shrimataji.org\\\/test\\\/\",\"name\":\"Shri Mataji Nirmala Devi\",\"description\":\"A Life Dedicated to Humanity\",\"publisher\":{\"@id\":\"https:\\\/\\\/shrimataji.org\\\/test\\\/#\\\/schema\\\/person\\\/a1b3419c6585f164aa96da1ff85715d1\"},\"potentialAction\":[{\"@type\":\"SearchAction\",\"target\":{\"@type\":\"EntryPoint\",\"urlTemplate\":\"https:\\\/\\\/shrimataji.org\\\/test\\\/?s={search_term_string}\"},\"query-input\":{\"@type\":\"PropertyValueSpecification\",\"valueRequired\":true,\"valueName\":\"search_term_string\"}}],\"inLanguage\":\"en-US\"},{\"@type\":[\"Person\",\"Organization\"],\"@id\":\"https:\\\/\\\/shrimataji.org\\\/test\\\/#\\\/schema\\\/person\\\/a1b3419c6585f164aa96da1ff85715d1\",\"name\":\"Nirmala Shrivastava\",\"image\":{\"@type\":\"ImageObject\",\"inLanguage\":\"en-US\",\"@id\":\"https:\\\/\\\/shrimataji.org\\\/test\\\/wp-content\\\/uploads\\\/2023\\\/02\\\/SMO_LOGO-03.svg\",\"url\":\"https:\\\/\\\/shrimataji.org\\\/test\\\/wp-content\\\/uploads\\\/2023\\\/02\\\/SMO_LOGO-03.svg\",\"contentUrl\":\"https:\\\/\\\/shrimataji.org\\\/test\\\/wp-content\\\/uploads\\\/2023\\\/02\\\/SMO_LOGO-03.svg\",\"width\":\"1024\",\"height\":\"1024\",\"caption\":\"Nirmala Shrivastava\"},\"logo\":{\"@id\":\"https:\\\/\\\/shrimataji.org\\\/test\\\/wp-content\\\/uploads\\\/2023\\\/02\\\/SMO_LOGO-03.svg\"},\"sameAs\":[\"https:\\\/\\\/shrimataji.org\\\/test\",\"https:\\\/\\\/www.facebook.com\\\/shrimataji\",\"https:\\\/\\\/x.com\\\/shrimataji\",\"https:\\\/\\\/www.youtube.com\\\/@Shri_Mataji_Nirmala_Devi\\\/featured\"]}]}<\/script>\n<!-- \/ Yoast SEO plugin. -->","yoast_head_json":{"title":"Vishuddhi Chakra PT - TEST - SMND","robots":{"index":"noindex","follow":"follow","max-snippet":"max-snippet:-1","max-image-preview":"max-image-preview:large","max-video-preview":"max-video-preview:-1"},"og_locale":"en_US","og_type":"article","og_title":"Vishuddhi Chakra PT - TEST - SMND","og_description":"Vishuddhi Chakra Comunica\u00e7\u00e3o, Autoestima, Diplomacia A evolu\u00e7\u00e3o da sociedade humana foi desenvolvida e moldada ao longo de gera\u00e7\u00f5es com a ajuda de habilidades de comunica\u00e7\u00e3o eficazes. O Vishuddhi Chakra \u00e9 o centro que nos permite passar de nossa consci\u00eancia como indiv\u00edduo para uma consci\u00eancia coletiva. \u00c9 nossa conex\u00e3o com os outros e ajuda a cultivar&hellip; Read more","og_url":"https:\/\/shrimataji.org\/test\/pt\/vishuddhi-chakra-pt\/","og_site_name":"TEST - SMND","article_publisher":"https:\/\/www.facebook.com\/shrimataji","article_modified_time":"2026-01-19T11:45:15+00:00","og_image":[{"width":2560,"height":905,"url":"https:\/\/shrimataji.org\/test\/wp-content\/uploads\/2023\/03\/20_Banner-SY-Chakra-vishu-scaled.jpg","type":"image\/jpeg"}],"twitter_card":"summary_large_image","twitter_site":"@shrimataji","twitter_misc":{"Est. reading time":"4 minutes"},"schema":{"@context":"https:\/\/schema.org","@graph":[{"@type":"WebPage","@id":"https:\/\/shrimataji.org\/test\/pt\/vishuddhi-chakra-pt\/","url":"https:\/\/shrimataji.org\/test\/pt\/vishuddhi-chakra-pt\/","name":"Vishuddhi Chakra PT - TEST - SMND","isPartOf":{"@id":"https:\/\/shrimataji.org\/test\/#website"},"primaryImageOfPage":{"@id":"https:\/\/shrimataji.org\/test\/pt\/vishuddhi-chakra-pt\/#primaryimage"},"image":{"@id":"https:\/\/shrimataji.org\/test\/pt\/vishuddhi-chakra-pt\/#primaryimage"},"thumbnailUrl":"https:\/\/shrimataji.org\/test\/wp-content\/uploads\/2023\/03\/20_Banner-SY-Chakra-vishu-scaled.jpg","datePublished":"2022-03-05T07:52:48+00:00","dateModified":"2026-01-19T11:45:15+00:00","breadcrumb":{"@id":"https:\/\/shrimataji.org\/test\/pt\/vishuddhi-chakra-pt\/#breadcrumb"},"inLanguage":"en-US","potentialAction":[{"@type":"ReadAction","target":["https:\/\/shrimataji.org\/test\/pt\/vishuddhi-chakra-pt\/"]}]},{"@type":"ImageObject","inLanguage":"en-US","@id":"https:\/\/shrimataji.org\/test\/pt\/vishuddhi-chakra-pt\/#primaryimage","url":"https:\/\/shrimataji.org\/test\/wp-content\/uploads\/2023\/03\/20_Banner-SY-Chakra-vishu-scaled.jpg","contentUrl":"https:\/\/shrimataji.org\/test\/wp-content\/uploads\/2023\/03\/20_Banner-SY-Chakra-vishu-scaled.jpg","width":2560,"height":905},{"@type":"BreadcrumbList","@id":"https:\/\/shrimataji.org\/test\/pt\/vishuddhi-chakra-pt\/#breadcrumb","itemListElement":[{"@type":"ListItem","position":1,"name":"Home","item":"https:\/\/shrimataji.org\/test\/uk\/home-en\/"},{"@type":"ListItem","position":2,"name":"Vishuddhi Chakra PT"}]},{"@type":"WebSite","@id":"https:\/\/shrimataji.org\/test\/#website","url":"https:\/\/shrimataji.org\/test\/","name":"Shri Mataji Nirmala Devi","description":"A Life Dedicated to Humanity","publisher":{"@id":"https:\/\/shrimataji.org\/test\/#\/schema\/person\/a1b3419c6585f164aa96da1ff85715d1"},"potentialAction":[{"@type":"SearchAction","target":{"@type":"EntryPoint","urlTemplate":"https:\/\/shrimataji.org\/test\/?s={search_term_string}"},"query-input":{"@type":"PropertyValueSpecification","valueRequired":true,"valueName":"search_term_string"}}],"inLanguage":"en-US"},{"@type":["Person","Organization"],"@id":"https:\/\/shrimataji.org\/test\/#\/schema\/person\/a1b3419c6585f164aa96da1ff85715d1","name":"Nirmala Shrivastava","image":{"@type":"ImageObject","inLanguage":"en-US","@id":"https:\/\/shrimataji.org\/test\/wp-content\/uploads\/2023\/02\/SMO_LOGO-03.svg","url":"https:\/\/shrimataji.org\/test\/wp-content\/uploads\/2023\/02\/SMO_LOGO-03.svg","contentUrl":"https:\/\/shrimataji.org\/test\/wp-content\/uploads\/2023\/02\/SMO_LOGO-03.svg","width":"1024","height":"1024","caption":"Nirmala Shrivastava"},"logo":{"@id":"https:\/\/shrimataji.org\/test\/wp-content\/uploads\/2023\/02\/SMO_LOGO-03.svg"},"sameAs":["https:\/\/shrimataji.org\/test","https:\/\/www.facebook.com\/shrimataji","https:\/\/x.com\/shrimataji","https:\/\/www.youtube.com\/@Shri_Mataji_Nirmala_Devi\/featured"]}]}},"lang":"pt","translations":{"pt":10438,"ur":37534,"en":6494,"am":18109,"th":20110,"hu":19608,"ar":17005,"sq":18510,"zh":17407,"hi":8265,"tr":10231,"de":10713,"fr":10811,"it":10909,"es":11005,"ja":11303,"ru":11491,"bn":11683,"te":11791,"sw":11914,"he":12062,"el":12354,"sk":12452,"fa":12550,"fi":12648,"bg":13368,"ro":14442,"cs":14635,"nl":16669,"ku":16829,"be":18717,"kn":18991,"mr":20474,"uk":20767,"ml":21062,"ta":22828,"sv":23097,"gu":28932,"pa":29092,"fil":29546,"da":37841,"pl":38051,"nn":38393},"pll_sync_post":[],"_links":{"self":[{"href":"https:\/\/shrimataji.org\/test\/wp-json\/wp\/v2\/pages\/10438","targetHints":{"allow":["GET"]}}],"collection":[{"href":"https:\/\/shrimataji.org\/test\/wp-json\/wp\/v2\/pages"}],"about":[{"href":"https:\/\/shrimataji.org\/test\/wp-json\/wp\/v2\/types\/page"}],"author":[{"embeddable":true,"href":"https:\/\/shrimataji.org\/test\/wp-json\/wp\/v2\/users\/18"}],"replies":[{"embeddable":true,"href":"https:\/\/shrimataji.org\/test\/wp-json\/wp\/v2\/comments?post=10438"}],"version-history":[{"count":0,"href":"https:\/\/shrimataji.org\/test\/wp-json\/wp\/v2\/pages\/10438\/revisions"}],"wp:featuredmedia":[{"embeddable":true,"href":"https:\/\/shrimataji.org\/test\/wp-json\/wp\/v2\/media\/9255"}],"wp:attachment":[{"href":"https:\/\/shrimataji.org\/test\/wp-json\/wp\/v2\/media?parent=10438"}],"curies":[{"name":"wp","href":"https:\/\/api.w.org\/{rel}","templated":true}]}}