{"id":10620,"date":"2011-12-05T02:00:00","date_gmt":"2011-12-05T02:00:00","guid":{"rendered":"http:\/\/testwordpress.nirmalnagari.org\/smnd\/index.php\/a-town-hall-for-the-world\/"},"modified":"2024-04-27T01:15:14","modified_gmt":"2024-04-27T01:15:14","slug":"rathaus-welt","status":"publish","type":"page","link":"https:\/\/shrimataji.org\/test\/de\/rathaus-welt\/","title":{"rendered":"Ein Rathaus f\u00fcr die Welt"},"content":{"rendered":"\n\n\t<h1>Ein Rathaus f\u00fcr die Welt<\/h1>\n<h2>Treffpunkt der Herzen<\/h2>\n\t\t\t\t<img loading=\"lazy\" decoding=\"async\" src=\"https:\/\/shrimataji.org\/test\/wp-content\/uploads\/2018\/07\/media_originals\/images\/geographic-locations\/caxton-hall-london-uk.jpg\" alt=\"Caxton Hall, London\" height=\"2000\" width=\"1500\" title=\"caxton-hall-london-uk\" \/>\n\t\tCaxton Hall, London\n\t<p>Caxton Hall wurde Mitte des 19. Jahrhunderts im zentralen Londoner Stadtteil Westminster gebaut und zu Ehren von William Caxton benannt. Er etablierte als erster die Druckerpresse in England und gilt als bedeutender Reformer der englischen Sprache. Seine Arbeit revolutionierte den Zugang zum Wissen.<\/p>\n<p>Caxton Hall hat eine lange Geschichte als Ort, an dem k\u00fchne neue Ideen ausgetauscht und erforscht wurden. Urspr\u00fcnglich als Rathaus gedacht, erf\u00fcllte das Geb\u00e4ude jedoch im Laufe der Jahre eine Doppelfunktion: Hier fanden b\u00fcrgerliche und prominente Trauungen statt, aber auch laute Versammlungen, Kundgebungen, Petitionen und Aufrufe zu sozialen Reformen und politischem Aktivismus. Von Caxton Hall aus verbreiteten sich viele gro\u00dfe Ideen und Bewegungen des 20. Jahrhunderts. So erhoben sich hier die Stimmen der Frauenwahlrechtsbewegung und des Sozialismus sowie der ersten panafrikanischen Konferenz, die sich mit den Folgen der Sklaverei befasste.<\/p>\n\t<p>Genau diese Halle w\u00e4hlte Shri Mataji Nirmala Devi 1977 interessanterweise, als sie beschloss, mit ihrer Botschaft an die \u00d6ffentlichkeit zu gehen. Zwischen 1977 und 1983 stand sie hier fast hundertmal auf der B\u00fchne und l\u00e4utete damit den bedeutenden Wechsel zu einem breiteren Publikum ein. Ihre Worte waren f\u00fcr alle bestimmt &#8211; die Einladung stand und der Eintritt war frei.<\/p>\n\t<p>Auch der gro\u00dfe bengalische Dichter und Nobelpreistr\u00e4ger Rabindranath Tagore hielt im Sommer 1913 eine Reihe erfolgreicher Vortr\u00e4ge in Caxton Hall. Sie trugen Titel wie &#8220;Die Beziehung des Individuums zum Universum&#8221;, &#8220;Seelenbewusstsein&#8221;, &#8220;Verwirklichung in der Liebe&#8221; und &#8220;Das Problem des Selbst&#8221;.<\/p>\n<p>Diese Themen griff Shri Mataji rund siebzig Jahre sp\u00e4ter wieder auf. Wie ihr Vorg\u00e4nger wollte sie ein uraltes \u00f6stliches Wissen mit einem westlichen Publikum teilen und es auf eine Reise zu sich selbst mitnehmen.<\/p>\n<h5>&#8220;Tief in uns endet die Herrschaft von Raum und Zeit und die Verbindungen der Evolution verschmelzen zu einem Ganzen (Rabindranath Tagore).&#8221;<\/h5>\n\t\t\t\t<img loading=\"lazy\" decoding=\"async\" src=\"https:\/\/shrimataji.org\/test\/wp-content\/uploads\/2018\/07\/media_originals\/images\/people\/ravindranath-tagore-c1915-223x300.jpg\" alt=\"Rabindranath Tagore\" height=\"300\" width=\"223\" title=\"ravindranath-tagore-c1915\" \/>\n\t\tRabindranath Tagore\n\t<p>Im Fall von Shri Mataji bestand das Ziel ihrer Vortr\u00e4ge jedoch nicht nur darin, eine neue Idee zu erforschen, sondern sie auch praktisch umzusetzen: Alle ihre Vortr\u00e4ge waren mit einem zus\u00e4tzlichen Bonus verbunden &#8211; denn am Ende des Abends bot sie den Menschen stets die Erfahrung der Selbst-Verwirklichung an. Indem sie sie in die Stille der Meditation f\u00fchrte, erhielten alle die M\u00f6glichkeit, ihre eigene Tiefe zu sp\u00fcren. Tagores &#8220;Verwirklichung des Brahman&#8221; war zu Shri Matajis &#8220;Erfahrung des wahren Selbst&#8221; geworden.<\/p>\n\t<p>Erneut verbreitete sich von den Stufen der Caxton Hall eine revolution\u00e4re Bewegung, und ein grundlegender Schritt auf dem Weg des spirituellen Aufstiegs des Menschen war getan. Viele sp\u00fcrten eine tiefgreifende Ver\u00e4nderung in sich und eine Verschiebung ihrer Weltanschauung.<\/p>\n\t<p><img loading=\"lazy\" decoding=\"async\" src=\"https:\/\/shrimataji.org\/test\/wp-content\/uploads\/2018\/07\/media_originals\/images\/shri-mataji-with-people\/shri-mataji-nirmala-devi-clearing-technique-in-england-1024x672.jpg\" alt=\"\" width=\"1024\" height=\"672\" \/><\/p>\n\t<p>Sechs Jahre lang sprach Shri Mataji in der Caxton Hall zu Menschen aus allen Gesellschaftsschichten und nahm sich die Zeit f\u00fcr ihre Anliegen. Sie sprach \u00fcber die gro\u00dfen Fragen &#8220;Warum sind wir hier?&#8221;, &#8220;Was ist der Sinn des Lebens?&#8221;, &#8220;Warum hat Gott uns erschaffen?&#8221; &#8211; und sogar &#8220;Gibt es einen Gott?&#8221; Am Ende waren alle eingeladen, sich mit ihrem wahren Selbst zu verbinden.<\/p>\n<p>So begann Shri Matajis \u00f6ffentliches Wirken im Westen. In Caxton Hall waren alle willkommen, und das Wertvollste wurde gro\u00dfz\u00fcgig gegeben. Viele, die ihre Selbst-Verwirklichung erhielten, blieben an ihrer Seite und unterst\u00fctzten ihre Bem\u00fchungen, so viele Wahrheitssucher\/-innen wie m\u00f6glich zu erreichen.<\/p>\n\t<p>1980 erkl\u00e4rte Shri Mataji: &#8220;Die Suche nach der Wahrheit ist im Gange und viele L\u00e4den haben ge\u00f6ffnet. Doch es ist kein Laden, sondern ein Tempel. Allerdings hat ein Tempel auf dem Marktplatz nur einen geringen Wert; denn erst wenn man sieben Berge besteigen muss, um ihn zu erreichen, wird er viel wertvoller. Doch nur wenige erreichen ihn lebend. So musste der Tempel nach London und in die Caxton Hall kommen, um mit den Menschen zu sprechen.&#8221;<\/p>\n<p>Shri Mataji begr\u00fc\u00dfte und umarmte alle mit ihrem Geschenk der Selbst-Verwirklichung.<\/p>\n<p>Mit Tagores Worten: &#8220;Es ist die hohe Aufgabe der Liebe, alle Begrenzungen zu begr\u00fc\u00dfen und sie zu transzendieren&#8221; &#8211; und Shri Matajis Liebe und das Geschenk der Liebe transzendiert alle Hindernisse, um das Herz und die Welt zu erleuchten.<\/p>\n<div class=\"su-quote su-quote-style-default\"><div class=\"su-quote-inner su-u-clearfix su-u-trim\">Die Wahrheit ist, was sie ist. Wir k\u00f6nnen sie nicht \u00e4ndern oder transformieren und auch kein Konzept daraus machen.<\/div><\/div>\n\t\t\t\t<img loading=\"lazy\" decoding=\"async\" src=\"https:\/\/shrimataji.org\/test\/wp-content\/uploads\/2024\/04\/shri-mataji-nirmala-devi-bath-england-1977-de-800x1080-1.jpg\" alt=\"Shri Mataji in Bath, England (1977)\" height=\"1080\" width=\"800\" title=\"shri-mataji-nirmala-devi-bath-england-1977-de-800x1080\" \/>\n\t\tShri Mataji in Bath, England (1977)\n\n","protected":false},"excerpt":{"rendered":"<p>Ein Rathaus f\u00fcr die Welt Treffpunkt der Herzen Caxton Hall, London Caxton Hall wurde Mitte des 19. Jahrhunderts im zentralen Londoner Stadtteil Westminster gebaut und zu Ehren von William Caxton benannt. Er etablierte als erster die Druckerpresse in England und gilt als bedeutender Reformer der englischen Sprache. Seine Arbeit revolutionierte den Zugang zum Wissen. Caxton&hellip; <br \/> <a class=\"read-more\" href=\"https:\/\/shrimataji.org\/test\/de\/rathaus-welt\/\">Read more<\/a><\/p>\n","protected":false},"author":10,"featured_media":9505,"parent":0,"menu_order":0,"comment_status":"closed","ping_status":"closed","template":"","meta":{"inline_featured_image":false,"footnotes":""},"class_list":["post-10620","page","type-page","status-publish","has-post-thumbnail","hentry"],"yoast_head":"<!-- This site is optimized with the Yoast SEO plugin v27.4 - https:\/\/yoast.com\/product\/yoast-seo-wordpress\/ -->\n<title>Ein Rathaus f\u00fcr die Welt - TEST - SMND<\/title>\n<meta name=\"robots\" content=\"noindex, follow, max-snippet:-1, max-image-preview:large, max-video-preview:-1\" \/>\n<meta property=\"og:locale\" content=\"en_US\" \/>\n<meta property=\"og:type\" content=\"article\" \/>\n<meta property=\"og:title\" content=\"Ein Rathaus f\u00fcr die Welt - TEST - SMND\" \/>\n<meta property=\"og:description\" content=\"Ein Rathaus f\u00fcr die Welt Treffpunkt der Herzen Caxton Hall, London Caxton Hall wurde Mitte des 19. Jahrhunderts im zentralen Londoner Stadtteil Westminster gebaut und zu Ehren von William Caxton benannt. Er etablierte als erster die Druckerpresse in England und gilt als bedeutender Reformer der englischen Sprache. Seine Arbeit revolutionierte den Zugang zum Wissen. Caxton&hellip; Read more\" \/>\n<meta property=\"og:url\" content=\"https:\/\/shrimataji.org\/test\/de\/rathaus-welt\/\" \/>\n<meta property=\"og:site_name\" content=\"TEST - SMND\" \/>\n<meta property=\"article:publisher\" content=\"https:\/\/www.facebook.com\/shrimataji\" \/>\n<meta property=\"article:modified_time\" content=\"2024-04-27T01:15:14+00:00\" \/>\n<meta property=\"og:image\" content=\"https:\/\/shrimataji.org\/test\/wp-content\/uploads\/2023\/03\/12_Banner-PublicLife-Hall-scaled.jpg\" \/>\n\t<meta property=\"og:image:width\" content=\"2560\" \/>\n\t<meta property=\"og:image:height\" content=\"905\" \/>\n\t<meta property=\"og:image:type\" content=\"image\/jpeg\" \/>\n<meta name=\"twitter:card\" content=\"summary_large_image\" \/>\n<meta name=\"twitter:site\" content=\"@shrimataji\" \/>\n<meta name=\"twitter:label1\" content=\"Est. reading time\" \/>\n\t<meta name=\"twitter:data1\" content=\"4 minutes\" \/>\n<script type=\"application\/ld+json\" class=\"yoast-schema-graph\">{\"@context\":\"https:\\\/\\\/schema.org\",\"@graph\":[{\"@type\":\"WebPage\",\"@id\":\"https:\\\/\\\/shrimataji.org\\\/test\\\/de\\\/rathaus-welt\\\/\",\"url\":\"https:\\\/\\\/shrimataji.org\\\/test\\\/de\\\/rathaus-welt\\\/\",\"name\":\"Ein Rathaus f\u00fcr die Welt - TEST - SMND\",\"isPartOf\":{\"@id\":\"https:\\\/\\\/shrimataji.org\\\/test\\\/#website\"},\"primaryImageOfPage\":{\"@id\":\"https:\\\/\\\/shrimataji.org\\\/test\\\/de\\\/rathaus-welt\\\/#primaryimage\"},\"image\":{\"@id\":\"https:\\\/\\\/shrimataji.org\\\/test\\\/de\\\/rathaus-welt\\\/#primaryimage\"},\"thumbnailUrl\":\"https:\\\/\\\/shrimataji.org\\\/test\\\/wp-content\\\/uploads\\\/2023\\\/03\\\/12_Banner-PublicLife-Hall-scaled.jpg\",\"datePublished\":\"2011-12-05T02:00:00+00:00\",\"dateModified\":\"2024-04-27T01:15:14+00:00\",\"breadcrumb\":{\"@id\":\"https:\\\/\\\/shrimataji.org\\\/test\\\/de\\\/rathaus-welt\\\/#breadcrumb\"},\"inLanguage\":\"en-US\",\"potentialAction\":[{\"@type\":\"ReadAction\",\"target\":[\"https:\\\/\\\/shrimataji.org\\\/test\\\/de\\\/rathaus-welt\\\/\"]}]},{\"@type\":\"ImageObject\",\"inLanguage\":\"en-US\",\"@id\":\"https:\\\/\\\/shrimataji.org\\\/test\\\/de\\\/rathaus-welt\\\/#primaryimage\",\"url\":\"https:\\\/\\\/shrimataji.org\\\/test\\\/wp-content\\\/uploads\\\/2023\\\/03\\\/12_Banner-PublicLife-Hall-scaled.jpg\",\"contentUrl\":\"https:\\\/\\\/shrimataji.org\\\/test\\\/wp-content\\\/uploads\\\/2023\\\/03\\\/12_Banner-PublicLife-Hall-scaled.jpg\",\"width\":2560,\"height\":905},{\"@type\":\"BreadcrumbList\",\"@id\":\"https:\\\/\\\/shrimataji.org\\\/test\\\/de\\\/rathaus-welt\\\/#breadcrumb\",\"itemListElement\":[{\"@type\":\"ListItem\",\"position\":1,\"name\":\"Home\",\"item\":\"https:\\\/\\\/shrimataji.org\\\/test\\\/uk\\\/home-en\\\/\"},{\"@type\":\"ListItem\",\"position\":2,\"name\":\"Ein Rathaus f\u00fcr die Welt\"}]},{\"@type\":\"WebSite\",\"@id\":\"https:\\\/\\\/shrimataji.org\\\/test\\\/#website\",\"url\":\"https:\\\/\\\/shrimataji.org\\\/test\\\/\",\"name\":\"Shri Mataji Nirmala Devi\",\"description\":\"A Life Dedicated to Humanity\",\"publisher\":{\"@id\":\"https:\\\/\\\/shrimataji.org\\\/test\\\/#\\\/schema\\\/person\\\/a1b3419c6585f164aa96da1ff85715d1\"},\"potentialAction\":[{\"@type\":\"SearchAction\",\"target\":{\"@type\":\"EntryPoint\",\"urlTemplate\":\"https:\\\/\\\/shrimataji.org\\\/test\\\/?s={search_term_string}\"},\"query-input\":{\"@type\":\"PropertyValueSpecification\",\"valueRequired\":true,\"valueName\":\"search_term_string\"}}],\"inLanguage\":\"en-US\"},{\"@type\":[\"Person\",\"Organization\"],\"@id\":\"https:\\\/\\\/shrimataji.org\\\/test\\\/#\\\/schema\\\/person\\\/a1b3419c6585f164aa96da1ff85715d1\",\"name\":\"Nirmala Shrivastava\",\"image\":{\"@type\":\"ImageObject\",\"inLanguage\":\"en-US\",\"@id\":\"https:\\\/\\\/shrimataji.org\\\/test\\\/wp-content\\\/uploads\\\/2023\\\/02\\\/SMO_LOGO-03.svg\",\"url\":\"https:\\\/\\\/shrimataji.org\\\/test\\\/wp-content\\\/uploads\\\/2023\\\/02\\\/SMO_LOGO-03.svg\",\"contentUrl\":\"https:\\\/\\\/shrimataji.org\\\/test\\\/wp-content\\\/uploads\\\/2023\\\/02\\\/SMO_LOGO-03.svg\",\"width\":\"1024\",\"height\":\"1024\",\"caption\":\"Nirmala Shrivastava\"},\"logo\":{\"@id\":\"https:\\\/\\\/shrimataji.org\\\/test\\\/wp-content\\\/uploads\\\/2023\\\/02\\\/SMO_LOGO-03.svg\"},\"sameAs\":[\"https:\\\/\\\/shrimataji.org\\\/test\",\"https:\\\/\\\/www.facebook.com\\\/shrimataji\",\"https:\\\/\\\/x.com\\\/shrimataji\",\"https:\\\/\\\/www.youtube.com\\\/@Shri_Mataji_Nirmala_Devi\\\/featured\"]}]}<\/script>\n<!-- \/ Yoast SEO plugin. -->","yoast_head_json":{"title":"Ein Rathaus f\u00fcr die Welt - TEST - SMND","robots":{"index":"noindex","follow":"follow","max-snippet":"max-snippet:-1","max-image-preview":"max-image-preview:large","max-video-preview":"max-video-preview:-1"},"og_locale":"en_US","og_type":"article","og_title":"Ein Rathaus f\u00fcr die Welt - TEST - SMND","og_description":"Ein Rathaus f\u00fcr die Welt Treffpunkt der Herzen Caxton Hall, London Caxton Hall wurde Mitte des 19. Jahrhunderts im zentralen Londoner Stadtteil Westminster gebaut und zu Ehren von William Caxton benannt. Er etablierte als erster die Druckerpresse in England und gilt als bedeutender Reformer der englischen Sprache. Seine Arbeit revolutionierte den Zugang zum Wissen. Caxton&hellip; Read more","og_url":"https:\/\/shrimataji.org\/test\/de\/rathaus-welt\/","og_site_name":"TEST - SMND","article_publisher":"https:\/\/www.facebook.com\/shrimataji","article_modified_time":"2024-04-27T01:15:14+00:00","og_image":[{"width":2560,"height":905,"url":"https:\/\/shrimataji.org\/test\/wp-content\/uploads\/2023\/03\/12_Banner-PublicLife-Hall-scaled.jpg","type":"image\/jpeg"}],"twitter_card":"summary_large_image","twitter_site":"@shrimataji","twitter_misc":{"Est. reading time":"4 minutes"},"schema":{"@context":"https:\/\/schema.org","@graph":[{"@type":"WebPage","@id":"https:\/\/shrimataji.org\/test\/de\/rathaus-welt\/","url":"https:\/\/shrimataji.org\/test\/de\/rathaus-welt\/","name":"Ein Rathaus f\u00fcr die Welt - TEST - SMND","isPartOf":{"@id":"https:\/\/shrimataji.org\/test\/#website"},"primaryImageOfPage":{"@id":"https:\/\/shrimataji.org\/test\/de\/rathaus-welt\/#primaryimage"},"image":{"@id":"https:\/\/shrimataji.org\/test\/de\/rathaus-welt\/#primaryimage"},"thumbnailUrl":"https:\/\/shrimataji.org\/test\/wp-content\/uploads\/2023\/03\/12_Banner-PublicLife-Hall-scaled.jpg","datePublished":"2011-12-05T02:00:00+00:00","dateModified":"2024-04-27T01:15:14+00:00","breadcrumb":{"@id":"https:\/\/shrimataji.org\/test\/de\/rathaus-welt\/#breadcrumb"},"inLanguage":"en-US","potentialAction":[{"@type":"ReadAction","target":["https:\/\/shrimataji.org\/test\/de\/rathaus-welt\/"]}]},{"@type":"ImageObject","inLanguage":"en-US","@id":"https:\/\/shrimataji.org\/test\/de\/rathaus-welt\/#primaryimage","url":"https:\/\/shrimataji.org\/test\/wp-content\/uploads\/2023\/03\/12_Banner-PublicLife-Hall-scaled.jpg","contentUrl":"https:\/\/shrimataji.org\/test\/wp-content\/uploads\/2023\/03\/12_Banner-PublicLife-Hall-scaled.jpg","width":2560,"height":905},{"@type":"BreadcrumbList","@id":"https:\/\/shrimataji.org\/test\/de\/rathaus-welt\/#breadcrumb","itemListElement":[{"@type":"ListItem","position":1,"name":"Home","item":"https:\/\/shrimataji.org\/test\/uk\/home-en\/"},{"@type":"ListItem","position":2,"name":"Ein Rathaus f\u00fcr die Welt"}]},{"@type":"WebSite","@id":"https:\/\/shrimataji.org\/test\/#website","url":"https:\/\/shrimataji.org\/test\/","name":"Shri Mataji Nirmala Devi","description":"A Life Dedicated to Humanity","publisher":{"@id":"https:\/\/shrimataji.org\/test\/#\/schema\/person\/a1b3419c6585f164aa96da1ff85715d1"},"potentialAction":[{"@type":"SearchAction","target":{"@type":"EntryPoint","urlTemplate":"https:\/\/shrimataji.org\/test\/?s={search_term_string}"},"query-input":{"@type":"PropertyValueSpecification","valueRequired":true,"valueName":"search_term_string"}}],"inLanguage":"en-US"},{"@type":["Person","Organization"],"@id":"https:\/\/shrimataji.org\/test\/#\/schema\/person\/a1b3419c6585f164aa96da1ff85715d1","name":"Nirmala Shrivastava","image":{"@type":"ImageObject","inLanguage":"en-US","@id":"https:\/\/shrimataji.org\/test\/wp-content\/uploads\/2023\/02\/SMO_LOGO-03.svg","url":"https:\/\/shrimataji.org\/test\/wp-content\/uploads\/2023\/02\/SMO_LOGO-03.svg","contentUrl":"https:\/\/shrimataji.org\/test\/wp-content\/uploads\/2023\/02\/SMO_LOGO-03.svg","width":"1024","height":"1024","caption":"Nirmala Shrivastava"},"logo":{"@id":"https:\/\/shrimataji.org\/test\/wp-content\/uploads\/2023\/02\/SMO_LOGO-03.svg"},"sameAs":["https:\/\/shrimataji.org\/test","https:\/\/www.facebook.com\/shrimataji","https:\/\/x.com\/shrimataji","https:\/\/www.youtube.com\/@Shri_Mataji_Nirmala_Devi\/featured"]}]}},"lang":"de","translations":{"de":10620,"ur":37385,"en":443,"am":17956,"th":19879,"hu":19431,"sq":18357,"zh":17254,"hi":8514,"tr":10130,"pl":10239,"pt":10347,"fr":10718,"it":10816,"es":10914,"ja":11211,"ru":11399,"bn":11591,"te":11699,"sw":11822,"he":11970,"el":12261,"sk":12359,"fa":12457,"fi":12555,"bg":13504,"ro":14579,"cs":14772,"nl":16517,"ku":16677,"ar":16853,"be":18564,"kn":18838,"mr":20243,"uk":20535,"ml":20834,"ta":22672,"sv":22945,"gu":28793,"pa":28951,"fil":29391,"da":37699,"nn":38251},"pll_sync_post":[],"_links":{"self":[{"href":"https:\/\/shrimataji.org\/test\/wp-json\/wp\/v2\/pages\/10620","targetHints":{"allow":["GET"]}}],"collection":[{"href":"https:\/\/shrimataji.org\/test\/wp-json\/wp\/v2\/pages"}],"about":[{"href":"https:\/\/shrimataji.org\/test\/wp-json\/wp\/v2\/types\/page"}],"author":[{"embeddable":true,"href":"https:\/\/shrimataji.org\/test\/wp-json\/wp\/v2\/users\/10"}],"replies":[{"embeddable":true,"href":"https:\/\/shrimataji.org\/test\/wp-json\/wp\/v2\/comments?post=10620"}],"version-history":[{"count":0,"href":"https:\/\/shrimataji.org\/test\/wp-json\/wp\/v2\/pages\/10620\/revisions"}],"wp:featuredmedia":[{"embeddable":true,"href":"https:\/\/shrimataji.org\/test\/wp-json\/wp\/v2\/media\/9505"}],"wp:attachment":[{"href":"https:\/\/shrimataji.org\/test\/wp-json\/wp\/v2\/media?parent=10620"}],"curies":[{"name":"wp","href":"https:\/\/api.w.org\/{rel}","templated":true}]}}