{"id":10625,"date":"2022-01-29T10:07:35","date_gmt":"2022-01-29T10:07:35","guid":{"rendered":"https:\/\/test.shrimataji.org\/?page_id=6397"},"modified":"2024-06-11T09:24:16","modified_gmt":"2024-06-11T09:24:16","slug":"atma-de","status":"publish","type":"page","link":"https:\/\/shrimataji.org\/test\/de\/atma-de\/","title":{"rendered":"Atma DE"},"content":{"rendered":"\n\n\t<h1>Atma<\/h1>\n<h2>Unser ewiges Selbst<\/h2>\n<div class=\"su-quote su-quote-style-default\"><div class=\"su-quote-inner su-u-clearfix su-u-trim\">In uns leuchtet ein Stern, und dieser Stern ist unser Geist.<\/div><\/div>\n\t<h4>In einem sehr fr\u00fchen Entwicklungsstadium des menschlichen F\u00f6tus tritt das Atma &#8211; unser ewiger Geist &#8211; zum ersten Mal in das Herz des F\u00f6tus ein. Daraufhin beginnt es zu pulsieren. Biologisch gesehen, entwickelt sich das Herz in der N\u00e4he des Kopfes des Embryos im kardiogenen Bereich und wird im Laufe der sp\u00e4teren k\u00f6rperlichen Entwicklung in die Brust verschoben. Das Atma wohnt im Herzen als stiller Beobachter unseres Lebens und tritt erst durch die Selbst-Verwirklichung in unser Bewusstsein. Er ist die Reflexion des uranf\u00e4nglichen Wesens in uns und muss sich nicht mehr weiterentwickeln. Vielmehr hat die Evolution des menschlichen Bewusstseins zum Ziel, eins mit dem Atma zu werden.<\/h4>\n\t<p>W\u00e4hrend sich die westliche Philosophie um Individualismus und die Entwicklung von Pers\u00f6nlichkeit oder des Ichs dreht, ist die \u00f6stliche Philosophie kollektiv ausgerichtet. Sie bem\u00fcht sich, das Individuum nach innen und in Richtung unseres kollektiven Wesens zu f\u00fchren &#8211; dem alles durchdringenden Geist.<\/p>\n\t\t\t\t<a href=\"https:\/\/shrimataji.org\/test\/wp-content\/uploads\/2023\/02\/4a-Atma-01.png\" target=\"_blank\" rel=\"noopener\">\n\t\t\t\t<img loading=\"lazy\" decoding=\"async\" src=\"https:\/\/shrimataji.org\/test\/wp-content\/uploads\/2024\/04\/DE_4a-Atma.png\" alt=\"DE_4a-Atma\" height=\"6851\" width=\"6429\" title=\"DE_4a-Atma\" \/>\n\t\t\t\t<\/a>\n\t<p>Shri Mataji beschreibt, wie das Durchtrennen der Nabelschnur nach der Geburt die Abtrennung unseres individuellen Ichs vom absoluten g\u00f6ttlichen Bewusstsein im subtilen <a href=\"https:\/\/shrimataji.org\/test\/de\/sushumna-de\/\" target=\"_blank\" rel=\"noopener\">Sushumna Nadi<\/a> verursacht. Auf der grobstofflichen Ebene entspricht diese Trennung der L\u00fccke zwischen dem Solarplexus und dem Vagusnerv des parasympathischen Nervensystems. Dieses Ph\u00e4nomen wird in vielen alten Schriften benannt. Im Zen-System wird es als <a href=\"https:\/\/shrimataji.org\/test\/de\/nabhi-de\/\">Void<\/a> und im Hinduismus als Maya (Illusion) bezeichnet. Beginnend in unserer Kindheit bl\u00e4hen sich unsere begrenzten menschlichen Identifikationen wie Ballons in Form von <a href=\"https:\/\/shrimataji.org\/test\/de\/agnya-de\/\" target=\"_blank\" rel=\"noopener\">Ego und Superego<\/a> auf und bedecken die linke und rechte Gehirnh\u00e4lfte. Ego und Superego entsprechen den Enden des rechten und linken sympathischen Nervensystems und umh\u00fcllen unser Bewusstsein vollst\u00e4ndig. Das Bewusstsein des &#8220;Ich&#8221; (<em>Aham<\/em>) wird so stark, dass wir die Verbindung zum absoluten Bewusstsein verlieren.<\/p>\n\t<p>Wenn die <a href=\"https:\/\/shrimataji.org\/test\/de\/kundalini-selbst-verwirklichung\/\" target=\"_blank\" rel=\"noopener\">Kundalini<\/a> bei der <a href=\"https:\/\/shrimataji.org\/test\/de\/erfahrung-selbstverwirklichung\/\" target=\"_blank\" rel=\"noopener\">Selbst-Verwirklichung<\/a> zum Herzen aufsteigt, erleuchtet sie das Atma. Wir beginnen, seine Qualit\u00e4t zu f\u00fchlen &#8211; die reine Freude der Existenz. Dann bewegt sich die Kundalini weiter hinauf zum <a href=\"https:\/\/shrimataji.org\/test\/de\/sahasrara-de\/\" target=\"_blank\" rel=\"noopener\">Sahasrara Chakra<\/a>, dem h\u00f6chsten Energiezentrum, das sich im Bereich der Fontanelle befindet. Dort wird unser individuelles Atma mit der allesdurchdringenden universellen Kraft verbunden. Wir werden durchstr\u00f6mt von Gl\u00fcckseligkeit, werden eins mit uns selbst und der das Universum durchdringenden Kraft. Selbst wenn sich nur ein paar Str\u00e4nge der Kundalini \u00fcber unsere K\u00f6pfe erheben, kann uns eine Ahnung dieser Freude als Leitstern auf unserer spirituellen Reise dienen. Sobald wir sie sp\u00fcren, wollen wir sie nicht mehr verlieren und werden automatisch auf Einstellungen und Verhaltensweisen verzichten, die ihrer Aufrechterhaltung und ihrem Wachstum abtr\u00e4glich sind. Daher gibt es in Sahaja Yoga nur sehr wenige Regeln und keine Dogmen als solche.<\/p>\n\t\t\t\t<img loading=\"lazy\" decoding=\"async\" src=\"https:\/\/shrimataji.org\/test\/wp-content\/uploads\/2023\/02\/GISELE_MOURA_HAF_10DEZ2022__14-scaled.jpg\" alt=\"GISELE_MOURA_HAF_10DEZ2022__14\" height=\"1918\" width=\"2560\" title=\"GISELE_MOURA_HAF_10DEZ2022__14\" \/>\n\t<div class=\"su-quote su-quote-style-default\"><div class=\"su-quote-inner su-u-clearfix su-u-trim\">Dann muss man wissen, dass wir Frieden sind &#8211; denn der Geist ist die Quelle des Friedens. Sobald ihr zum Geist geworden seid, kommt er in eure Aufmerksamkeit und ihr werdet sehr friedliche Menschen. Am \u00e4u\u00dferen Rand eines Rades ist man st\u00e4ndig in Bewegung. Doch in seinem Zentrum ist alles vollkommen friedlich. Sobald ihr also in eure Mitte springt, beobachtet ihr von dort aus die gesamte Bewegung des Rades. Ihr f\u00fchlt euch nicht gest\u00f6rt davon und erkennt, dass die Probleme leicht zu handhaben sind.<\/div><\/div>\n\t\n\t<p>Adi Shankaracharya beschreibt als einer der bekanntesten spirituellen Meister Indiens in den wundersch\u00f6nen Versen des <em>Atma Shatakam<\/em>\u00a0diesen absoluten Bewusstseinszustand des kollektiven Seins. Er spiegelt sich in unserem Herzen als ewige Gl\u00fcckseligkeit:<\/p>\n\t<p>&#8220;<em>Manobuddhyahamkar. Chittani Na Aham.<\/em><\/p>\n<p>Bin weder Klugheit, noch Verstand, noch Merksamkeit, noch Ego.<\/p>\n<p><em>Na cha Shrotr. Jihve, Na cha ghraan Netreghraan Netre.<\/em><\/p>\n<p>Bin weder H\u00f6ren, Schmecken, Riechen oder Sehen.<\/p>\n<p><em>Na cha vyom. Bhumir Na Tejo Na Vayu.<\/em><\/p>\n<p>Noch Himmel, Erde, Feuer oder Luft bin ich.<\/p>\n<p><em>Chidanand. Rupah, Shivo.ham, Shivo.ham<\/em><\/p>\n<p>Nur seliges Bewusstsein &#8211; ewiglich.<\/p>\n<p>Ich bin Shiva. Ich bin Shiva.&#8221;<\/p>\n\t<div class=\"su-quote su-quote-style-default\"><div class=\"su-quote-inner su-u-clearfix su-u-trim\">Die Wahrheit ist, dass ihr nicht dieser K\u00f6rper, nicht dieser Verstand und nicht diese Emotionen seid, sondern der Geist<\/div><\/div>.<\/p>\n\n","protected":false},"excerpt":{"rendered":"<p>Atma Unser ewiges Selbst In einem sehr fr\u00fchen Entwicklungsstadium des menschlichen F\u00f6tus tritt das Atma &#8211; unser ewiger Geist &#8211; zum ersten Mal in das Herz des F\u00f6tus ein. Daraufhin beginnt es zu pulsieren. Biologisch gesehen, entwickelt sich das Herz in der N\u00e4he des Kopfes des Embryos im kardiogenen Bereich und wird im Laufe der&hellip; <br \/> <a class=\"read-more\" href=\"https:\/\/shrimataji.org\/test\/de\/atma-de\/\">Read more<\/a><\/p>\n","protected":false},"author":10,"featured_media":9243,"parent":0,"menu_order":0,"comment_status":"closed","ping_status":"closed","template":"","meta":{"inline_featured_image":false,"footnotes":""},"class_list":["post-10625","page","type-page","status-publish","has-post-thumbnail","hentry"],"yoast_head":"<!-- This site is optimized with the Yoast SEO plugin v27.4 - https:\/\/yoast.com\/product\/yoast-seo-wordpress\/ -->\n<title>Atma DE - TEST - SMND<\/title>\n<meta name=\"robots\" content=\"noindex, follow, max-snippet:-1, max-image-preview:large, max-video-preview:-1\" \/>\n<meta property=\"og:locale\" content=\"en_US\" \/>\n<meta property=\"og:type\" content=\"article\" \/>\n<meta property=\"og:title\" content=\"Atma DE - TEST - SMND\" \/>\n<meta property=\"og:description\" content=\"Atma Unser ewiges Selbst In einem sehr fr\u00fchen Entwicklungsstadium des menschlichen F\u00f6tus tritt das Atma &#8211; unser ewiger Geist &#8211; zum ersten Mal in das Herz des F\u00f6tus ein. Daraufhin beginnt es zu pulsieren. Biologisch gesehen, entwickelt sich das Herz in der N\u00e4he des Kopfes des Embryos im kardiogenen Bereich und wird im Laufe der&hellip; Read more\" \/>\n<meta property=\"og:url\" content=\"https:\/\/shrimataji.org\/test\/de\/atma-de\/\" \/>\n<meta property=\"og:site_name\" content=\"TEST - SMND\" \/>\n<meta property=\"article:publisher\" content=\"https:\/\/www.facebook.com\/shrimataji\" \/>\n<meta property=\"article:modified_time\" content=\"2024-06-11T09:24:16+00:00\" \/>\n<meta property=\"og:image\" content=\"https:\/\/shrimataji.org\/test\/wp-content\/uploads\/2023\/03\/8_Banner-SY-Atma-scaled.jpg\" \/>\n\t<meta property=\"og:image:width\" content=\"2560\" \/>\n\t<meta property=\"og:image:height\" content=\"905\" \/>\n\t<meta property=\"og:image:type\" content=\"image\/jpeg\" \/>\n<meta name=\"twitter:card\" content=\"summary_large_image\" \/>\n<meta name=\"twitter:site\" content=\"@shrimataji\" \/>\n<meta name=\"twitter:label1\" content=\"Est. reading time\" \/>\n\t<meta name=\"twitter:data1\" content=\"4 minutes\" \/>\n<script type=\"application\/ld+json\" class=\"yoast-schema-graph\">{\"@context\":\"https:\\\/\\\/schema.org\",\"@graph\":[{\"@type\":\"WebPage\",\"@id\":\"https:\\\/\\\/shrimataji.org\\\/test\\\/de\\\/atma-de\\\/\",\"url\":\"https:\\\/\\\/shrimataji.org\\\/test\\\/de\\\/atma-de\\\/\",\"name\":\"Atma DE - TEST - SMND\",\"isPartOf\":{\"@id\":\"https:\\\/\\\/shrimataji.org\\\/test\\\/#website\"},\"primaryImageOfPage\":{\"@id\":\"https:\\\/\\\/shrimataji.org\\\/test\\\/de\\\/atma-de\\\/#primaryimage\"},\"image\":{\"@id\":\"https:\\\/\\\/shrimataji.org\\\/test\\\/de\\\/atma-de\\\/#primaryimage\"},\"thumbnailUrl\":\"https:\\\/\\\/shrimataji.org\\\/test\\\/wp-content\\\/uploads\\\/2023\\\/03\\\/8_Banner-SY-Atma-scaled.jpg\",\"datePublished\":\"2022-01-29T10:07:35+00:00\",\"dateModified\":\"2024-06-11T09:24:16+00:00\",\"breadcrumb\":{\"@id\":\"https:\\\/\\\/shrimataji.org\\\/test\\\/de\\\/atma-de\\\/#breadcrumb\"},\"inLanguage\":\"en-US\",\"potentialAction\":[{\"@type\":\"ReadAction\",\"target\":[\"https:\\\/\\\/shrimataji.org\\\/test\\\/de\\\/atma-de\\\/\"]}]},{\"@type\":\"ImageObject\",\"inLanguage\":\"en-US\",\"@id\":\"https:\\\/\\\/shrimataji.org\\\/test\\\/de\\\/atma-de\\\/#primaryimage\",\"url\":\"https:\\\/\\\/shrimataji.org\\\/test\\\/wp-content\\\/uploads\\\/2023\\\/03\\\/8_Banner-SY-Atma-scaled.jpg\",\"contentUrl\":\"https:\\\/\\\/shrimataji.org\\\/test\\\/wp-content\\\/uploads\\\/2023\\\/03\\\/8_Banner-SY-Atma-scaled.jpg\",\"width\":2560,\"height\":905},{\"@type\":\"BreadcrumbList\",\"@id\":\"https:\\\/\\\/shrimataji.org\\\/test\\\/de\\\/atma-de\\\/#breadcrumb\",\"itemListElement\":[{\"@type\":\"ListItem\",\"position\":1,\"name\":\"Home\",\"item\":\"https:\\\/\\\/shrimataji.org\\\/test\\\/uk\\\/home-en\\\/\"},{\"@type\":\"ListItem\",\"position\":2,\"name\":\"Atma DE\"}]},{\"@type\":\"WebSite\",\"@id\":\"https:\\\/\\\/shrimataji.org\\\/test\\\/#website\",\"url\":\"https:\\\/\\\/shrimataji.org\\\/test\\\/\",\"name\":\"Shri Mataji Nirmala Devi\",\"description\":\"A Life Dedicated to Humanity\",\"publisher\":{\"@id\":\"https:\\\/\\\/shrimataji.org\\\/test\\\/#\\\/schema\\\/person\\\/a1b3419c6585f164aa96da1ff85715d1\"},\"potentialAction\":[{\"@type\":\"SearchAction\",\"target\":{\"@type\":\"EntryPoint\",\"urlTemplate\":\"https:\\\/\\\/shrimataji.org\\\/test\\\/?s={search_term_string}\"},\"query-input\":{\"@type\":\"PropertyValueSpecification\",\"valueRequired\":true,\"valueName\":\"search_term_string\"}}],\"inLanguage\":\"en-US\"},{\"@type\":[\"Person\",\"Organization\"],\"@id\":\"https:\\\/\\\/shrimataji.org\\\/test\\\/#\\\/schema\\\/person\\\/a1b3419c6585f164aa96da1ff85715d1\",\"name\":\"Nirmala Shrivastava\",\"image\":{\"@type\":\"ImageObject\",\"inLanguage\":\"en-US\",\"@id\":\"https:\\\/\\\/shrimataji.org\\\/test\\\/wp-content\\\/uploads\\\/2023\\\/02\\\/SMO_LOGO-03.svg\",\"url\":\"https:\\\/\\\/shrimataji.org\\\/test\\\/wp-content\\\/uploads\\\/2023\\\/02\\\/SMO_LOGO-03.svg\",\"contentUrl\":\"https:\\\/\\\/shrimataji.org\\\/test\\\/wp-content\\\/uploads\\\/2023\\\/02\\\/SMO_LOGO-03.svg\",\"width\":\"1024\",\"height\":\"1024\",\"caption\":\"Nirmala Shrivastava\"},\"logo\":{\"@id\":\"https:\\\/\\\/shrimataji.org\\\/test\\\/wp-content\\\/uploads\\\/2023\\\/02\\\/SMO_LOGO-03.svg\"},\"sameAs\":[\"https:\\\/\\\/shrimataji.org\\\/test\",\"https:\\\/\\\/www.facebook.com\\\/shrimataji\",\"https:\\\/\\\/x.com\\\/shrimataji\",\"https:\\\/\\\/www.youtube.com\\\/@Shri_Mataji_Nirmala_Devi\\\/featured\"]}]}<\/script>\n<!-- \/ Yoast SEO plugin. -->","yoast_head_json":{"title":"Atma DE - TEST - SMND","robots":{"index":"noindex","follow":"follow","max-snippet":"max-snippet:-1","max-image-preview":"max-image-preview:large","max-video-preview":"max-video-preview:-1"},"og_locale":"en_US","og_type":"article","og_title":"Atma DE - TEST - SMND","og_description":"Atma Unser ewiges Selbst In einem sehr fr\u00fchen Entwicklungsstadium des menschlichen F\u00f6tus tritt das Atma &#8211; unser ewiger Geist &#8211; zum ersten Mal in das Herz des F\u00f6tus ein. Daraufhin beginnt es zu pulsieren. Biologisch gesehen, entwickelt sich das Herz in der N\u00e4he des Kopfes des Embryos im kardiogenen Bereich und wird im Laufe der&hellip; Read more","og_url":"https:\/\/shrimataji.org\/test\/de\/atma-de\/","og_site_name":"TEST - SMND","article_publisher":"https:\/\/www.facebook.com\/shrimataji","article_modified_time":"2024-06-11T09:24:16+00:00","og_image":[{"width":2560,"height":905,"url":"https:\/\/shrimataji.org\/test\/wp-content\/uploads\/2023\/03\/8_Banner-SY-Atma-scaled.jpg","type":"image\/jpeg"}],"twitter_card":"summary_large_image","twitter_site":"@shrimataji","twitter_misc":{"Est. reading time":"4 minutes"},"schema":{"@context":"https:\/\/schema.org","@graph":[{"@type":"WebPage","@id":"https:\/\/shrimataji.org\/test\/de\/atma-de\/","url":"https:\/\/shrimataji.org\/test\/de\/atma-de\/","name":"Atma DE - TEST - SMND","isPartOf":{"@id":"https:\/\/shrimataji.org\/test\/#website"},"primaryImageOfPage":{"@id":"https:\/\/shrimataji.org\/test\/de\/atma-de\/#primaryimage"},"image":{"@id":"https:\/\/shrimataji.org\/test\/de\/atma-de\/#primaryimage"},"thumbnailUrl":"https:\/\/shrimataji.org\/test\/wp-content\/uploads\/2023\/03\/8_Banner-SY-Atma-scaled.jpg","datePublished":"2022-01-29T10:07:35+00:00","dateModified":"2024-06-11T09:24:16+00:00","breadcrumb":{"@id":"https:\/\/shrimataji.org\/test\/de\/atma-de\/#breadcrumb"},"inLanguage":"en-US","potentialAction":[{"@type":"ReadAction","target":["https:\/\/shrimataji.org\/test\/de\/atma-de\/"]}]},{"@type":"ImageObject","inLanguage":"en-US","@id":"https:\/\/shrimataji.org\/test\/de\/atma-de\/#primaryimage","url":"https:\/\/shrimataji.org\/test\/wp-content\/uploads\/2023\/03\/8_Banner-SY-Atma-scaled.jpg","contentUrl":"https:\/\/shrimataji.org\/test\/wp-content\/uploads\/2023\/03\/8_Banner-SY-Atma-scaled.jpg","width":2560,"height":905},{"@type":"BreadcrumbList","@id":"https:\/\/shrimataji.org\/test\/de\/atma-de\/#breadcrumb","itemListElement":[{"@type":"ListItem","position":1,"name":"Home","item":"https:\/\/shrimataji.org\/test\/uk\/home-en\/"},{"@type":"ListItem","position":2,"name":"Atma DE"}]},{"@type":"WebSite","@id":"https:\/\/shrimataji.org\/test\/#website","url":"https:\/\/shrimataji.org\/test\/","name":"Shri Mataji Nirmala Devi","description":"A Life Dedicated to Humanity","publisher":{"@id":"https:\/\/shrimataji.org\/test\/#\/schema\/person\/a1b3419c6585f164aa96da1ff85715d1"},"potentialAction":[{"@type":"SearchAction","target":{"@type":"EntryPoint","urlTemplate":"https:\/\/shrimataji.org\/test\/?s={search_term_string}"},"query-input":{"@type":"PropertyValueSpecification","valueRequired":true,"valueName":"search_term_string"}}],"inLanguage":"en-US"},{"@type":["Person","Organization"],"@id":"https:\/\/shrimataji.org\/test\/#\/schema\/person\/a1b3419c6585f164aa96da1ff85715d1","name":"Nirmala Shrivastava","image":{"@type":"ImageObject","inLanguage":"en-US","@id":"https:\/\/shrimataji.org\/test\/wp-content\/uploads\/2023\/02\/SMO_LOGO-03.svg","url":"https:\/\/shrimataji.org\/test\/wp-content\/uploads\/2023\/02\/SMO_LOGO-03.svg","contentUrl":"https:\/\/shrimataji.org\/test\/wp-content\/uploads\/2023\/02\/SMO_LOGO-03.svg","width":"1024","height":"1024","caption":"Nirmala Shrivastava"},"logo":{"@id":"https:\/\/shrimataji.org\/test\/wp-content\/uploads\/2023\/02\/SMO_LOGO-03.svg"},"sameAs":["https:\/\/shrimataji.org\/test","https:\/\/www.facebook.com\/shrimataji","https:\/\/x.com\/shrimataji","https:\/\/www.youtube.com\/@Shri_Mataji_Nirmala_Devi\/featured"]}]}},"lang":"de","translations":{"de":10625,"ur":37394,"en":6397,"am":17965,"th":19892,"hu":19440,"sq":18366,"zh":17263,"hi":7360,"tr":10135,"pt":10352,"fr":10723,"it":10821,"es":10919,"ja":11216,"ru":11404,"bn":11596,"te":11704,"sw":11827,"he":11975,"el":12266,"sk":12364,"fa":12462,"fi":12560,"bg":13393,"ro":14467,"cs":14660,"nl":16526,"ku":16686,"ar":16862,"be":18573,"kn":18847,"mr":20256,"uk":20548,"ml":20847,"ta":22681,"sv":22954,"gu":28802,"pa":28960,"fil":29400,"da":37708,"pl":37925,"nn":38260},"pll_sync_post":[],"_links":{"self":[{"href":"https:\/\/shrimataji.org\/test\/wp-json\/wp\/v2\/pages\/10625","targetHints":{"allow":["GET"]}}],"collection":[{"href":"https:\/\/shrimataji.org\/test\/wp-json\/wp\/v2\/pages"}],"about":[{"href":"https:\/\/shrimataji.org\/test\/wp-json\/wp\/v2\/types\/page"}],"author":[{"embeddable":true,"href":"https:\/\/shrimataji.org\/test\/wp-json\/wp\/v2\/users\/10"}],"replies":[{"embeddable":true,"href":"https:\/\/shrimataji.org\/test\/wp-json\/wp\/v2\/comments?post=10625"}],"version-history":[{"count":0,"href":"https:\/\/shrimataji.org\/test\/wp-json\/wp\/v2\/pages\/10625\/revisions"}],"wp:featuredmedia":[{"embeddable":true,"href":"https:\/\/shrimataji.org\/test\/wp-json\/wp\/v2\/media\/9243"}],"wp:attachment":[{"href":"https:\/\/shrimataji.org\/test\/wp-json\/wp\/v2\/media?parent=10625"}],"curies":[{"name":"wp","href":"https:\/\/api.w.org\/{rel}","templated":true}]}}