{"id":10650,"date":"2018-07-10T06:54:50","date_gmt":"2018-07-10T06:54:50","guid":{"rendered":"http:\/\/testwordpress.nirmalnagari.org\/smnd\/index.php\/glossary\/"},"modified":"2024-04-27T01:15:16","modified_gmt":"2024-04-27T01:15:16","slug":"glossar","status":"publish","type":"page","link":"https:\/\/shrimataji.org\/test\/de\/glossar\/","title":{"rendered":"Glossar"},"content":{"rendered":"\n\n\t<h1>Glossar<\/h1>\n\t<p><a href=\"#Dharma\">Dharma<\/a><\/p>\n<p><a href=\"#Kundalini\">Kundalini<\/a><\/p>\n<p><a href=\"#SahajaYoga\"> Sahaja Yoga<\/a><\/p>\n<p><a href=\"#SahajaYogaMeditation\">Sahaja Yoga Meditation<\/a><\/p>\n<p><a href=\"#Sahasrara\">Sahasrara<\/a><\/p>\n<p><a href=\"#Self\">Selbst<\/a><\/p>\n<p><a href=\"#Self-Realization\"> Selbst-Vewirklichung<\/a><\/p>\n<p><a href=\"#Spirit\">Geist<\/a><\/p>\n<p><a href=\"#SubtleSystem\"> Subtiles System<\/a><\/p>\n<p><a href=\"#ThoughtlessAwareness\">Gedankenfreies Bewusstsein<\/a><\/p>\n<p><a href=\"#Vibrations\">Vibrationen<\/a><\/p>\n<p><a href=\"#Yoga\">Yoga<\/a><\/p>\n\t<p><strong>Dharma<\/strong><\/p>\n<p>Kodex des richtigen Verhaltens oder der Rechtschaffenheit als erhaltender und balancierender Faktor von \u00d6kologie und Evolution.<\/p>\n<p><a name=\"Kundalini\"><\/a><\/p>\n<p><strong>Kundalini<\/strong><\/p>\n<p>An der Basis der Wirbels\u00e4ule ruhende und zusammengerollte Energie. Sobald sie erweckt ist, bewegt sie sich als wohlwollende und n\u00e4hrende Kraft durch die Nervengeflechte (Plexus) des K\u00f6rpers nach oben und tritt durch die Fontanelle am Scheitel aus. Man kann sie als k\u00fchle Brise \u00fcber dem Kopf und auf den Handfl\u00e4chen sp\u00fcren.<\/p>\n<p><a name=\"SahajaYoga\"><\/a><\/p>\n<p><strong>Sahaja Yoga<\/strong><\/p>\n<p><em>Sahaja<\/em> bedeutet &#8220;angeboren&#8221;, zusammengesetzt aus <em>saha<\/em> f\u00fcr &#8220;mit&#8221; und <em>ja<\/em> f\u00fcr &#8220;geboren&#8221;. Shri Mataji zufolge bedeutet s<em>ahaja<\/em> auch &#8220;spontan&#8221;: &#8220;Denn es ist die lebendige Kraft, die es bewirkt. Eine lebendige Kraft in uns hat sich uns vom Am\u00f6benstadium zum Menschen entwickeln lassen. Und eine weitere residuale Kraft muss uns mit dem G\u00f6ttlichen verbinden. Das ist die wahre Bedeutung des Wortes &#8216;Yoga&#8217;. Jeder Mensch hat ein Recht darauf, sich mit dieser allesdurchdringenden Kraft zu verbinden. Das ist der letzte Durchbruch in unserer Evolution.&#8221;<\/p>\n<p><a name=\"SahajaYogaMeditation\"><\/a><\/p>\n<p><strong>Sahaja-Yoga-Meditation (SYM)<\/strong><\/p>\n<p>Methode oder Technik, die die Erfahrung der &#8220;Selbst-Verwirklichung&#8221; &#8211; das Erwachen der Kundalini &#8211; aufrechterh\u00e4lt. Durch diese Art der Meditation kann man sich mit seinem wahren Selbst verbinden und einen Zustand des gedankenfreien Bewusstseins erreichen. Beides ist die Verwirklichung des &#8220;Yoga&#8221; oder der &#8220;Vereinigung&#8221;. In regelm\u00e4\u00dfiger Praxis kann man diesen Zustand des gedankenfreien Bewusstseins etablieren und spirituelles Wachstum erreichen.<\/p>\n<p><a name=\"Sahasrara\"><\/a><\/p>\n<p><strong>Sahasrara<\/strong><\/p>\n<p>Das siebte Energiezentrum befindet sich an der Fontanelle auf dem Kopf. Durch diesen Punkt flie\u00dft die Kundalini-Energie und f\u00fchrt in den Zustand des gedankenfreien Gewahrseins.<\/p>\n<p><a name=\"Self\"><\/a><\/p>\n<p><strong>Selbst<\/strong><\/p>\n<p>In der Tradition der Spiritualit\u00e4t hei\u00dft es, dass in euch die Kraft wohnt, die Selbst-Verwirklichung zu erlangen und zu eurem Selbst zu gelangen. Shri Mataji erkl\u00e4rt, dass wir in Wahrheit nicht dieser K\u00f6rper, dieser Verstand, dieses Ego und nicht diese Konditionierungen sind. Das Selbst ist der reine Geist in jedem von uns. Es ist das Selbst, das strahlt und das die Herrlichkeit gibt. Es ist das Selbst, das alle Segnungen der reinen Liebe, der Sicherheit und der Hilfe spendet, die jeder Mensch verdient.<\/p>\n<p><a name=\"Self-Realization\"><\/a><\/p>\n<p><strong>Selbst-Verwirklichung<\/strong><\/p>\n<p>Aktualisierte Vereinigung des individuellen Bewusstseins mit dem reinen und direkten Bewusstsein der Natur des Selbst und des G\u00f6ttlichen. Sie ist nicht der Endpunkt der spirituellen Evolution, sondern vielmehr ein wahrer Anfang. Die Selbst-Verwirklichung \u00f6ffnet den Weg f\u00fcr die Entwicklung, indem sie alle falschen Identifikation beseitigt. Sie erlaubt der Kundalini, frei zu flie\u00dfen, eine wahre Verbindung mit der g\u00f6ttlichen Kraft herzustellen und so alle angeborenen selbst-korrigierenden Kr\u00e4fte im Individuum zu erwecken.<\/p>\n<p><a name=\"Spirit\"><\/a><\/p>\n<p><strong>Geist, Atma<\/strong><\/p>\n<p>Reflexion des G\u00f6ttlichen in uns allen. Das wahre oder reine Selbst. Nach der Selbst-Verwirklichung kann das Atma mit unserer bewussten Aufmerksamkeit wahrgenommen werden.<\/p>\n<p><a name=\"SubtleSystem\"><\/a><\/p>\n<p><strong>Subtiles System<\/strong><\/p>\n<p>Netzwerk aus Energiezentren und Kan\u00e4len, durch das die innere Energie flie\u00dft. Meditation in Sahaja Yoga hilft dir, das subtile System zu sp\u00fcren, zu verstehen und schlie\u00dflich zu nutzen, um Gesundheit, Gleichgewicht und Wohlbefinden zu verbessern. Dieser Prozess beginnt mit der Erweckung der inneren Energie, die als Kundalini bekannt ist.<\/p>\n<p><a name=\"ThoughtlessAwareness\"><\/a><\/p>\n<p><strong>Gedankenfreies Bewusstsein<\/strong><\/p>\n<p>Zustand erh\u00f6hten Bewusstseins, in dem der Geist entspannt und dennoch wach ist. Unerw\u00fcnschte mentale Aktivit\u00e4ten werden unterbrochen, sodass sich die Aufmerksamkeit auf den gegenw\u00e4rtigen Moment richten kann. Stress und M\u00fcdigkeit entstehen meist durch Gedanken an Vergangenheit oder Zukunft. Wenn die Gedanken zur Ruhe kommen, wird die nat\u00fcrliche Heilkraft des Nervensystems aktiviert und Energie, Gleichgewicht und Gesundheit wiederhergestellt.<\/p>\n<p><a name=\"Vibrations\"><\/a><\/p>\n<p><strong>Vibrationen<\/strong><\/p>\n<p>Alle Lebewesen sind eine Kombination aus Teilchen und Wellen, die eine Form von positiven oder negativen Schwingung aussenden. Positive Vibrationen sind wohlwollend und n\u00e4hrend. Nach der Selbst-Verwirklichung k\u00f6nnen positive Schwingungen im zentralen Nervensystem als k\u00fchle Brise auf den Handfl\u00e4chen und \u00fcber dem Bereich der Fontanelle wahrgenommen werden. &#8220;Vibrationen sind nichts anderes als g\u00f6ttliche Liebe&#8221;, (Shri Mataji Nirmala Devi).<\/p>\n<p><a name=\"Yoga\"><\/a><\/p>\n<p><strong>Yoga<\/strong><\/p>\n<p>Entgegen der landl\u00e4ufigen Meinung bezeichnet &#8220;Yoga&#8221; keine Reihe von \u00dcbungen oder K\u00f6rperhaltungen, sondern bedeutet &#8220;sich verbinden&#8221; oder &#8220;sich vereinigen&#8221;. Fr\u00fche Hinweise auf Yoga findet sich in den Sutras von Patanjali, einer Zusammenstellung von Aphorismen aus dem zweiten Jahrhundert v. C. in Indien.<\/p>\n\n","protected":false},"excerpt":{"rendered":"<p>Glossar Dharma Kundalini Sahaja Yoga Sahaja Yoga Meditation Sahasrara Selbst Selbst-Vewirklichung Geist Subtiles System Gedankenfreies Bewusstsein Vibrationen Yoga Dharma Kodex des richtigen Verhaltens oder der Rechtschaffenheit als erhaltender und balancierender Faktor von \u00d6kologie und Evolution. Kundalini An der Basis der Wirbels\u00e4ule ruhende und zusammengerollte Energie. Sobald sie erweckt ist, bewegt sie sich als wohlwollende und&hellip; <br \/> <a class=\"read-more\" href=\"https:\/\/shrimataji.org\/test\/de\/glossar\/\">Read more<\/a><\/p>\n","protected":false},"author":10,"featured_media":9552,"parent":0,"menu_order":0,"comment_status":"closed","ping_status":"closed","template":"","meta":{"inline_featured_image":false,"footnotes":""},"class_list":["post-10650","page","type-page","status-publish","has-post-thumbnail","hentry"],"yoast_head":"<!-- This site is optimized with the Yoast SEO plugin v27.4 - https:\/\/yoast.com\/product\/yoast-seo-wordpress\/ -->\n<title>Glossar - TEST - SMND<\/title>\n<meta name=\"robots\" content=\"noindex, follow, max-snippet:-1, max-image-preview:large, max-video-preview:-1\" \/>\n<meta property=\"og:locale\" content=\"en_US\" \/>\n<meta property=\"og:type\" content=\"article\" \/>\n<meta property=\"og:title\" content=\"Glossar - TEST - SMND\" \/>\n<meta property=\"og:description\" content=\"Glossar Dharma Kundalini Sahaja Yoga Sahaja Yoga Meditation Sahasrara Selbst Selbst-Vewirklichung Geist Subtiles System Gedankenfreies Bewusstsein Vibrationen Yoga Dharma Kodex des richtigen Verhaltens oder der Rechtschaffenheit als erhaltender und balancierender Faktor von \u00d6kologie und Evolution. Kundalini An der Basis der Wirbels\u00e4ule ruhende und zusammengerollte Energie. Sobald sie erweckt ist, bewegt sie sich als wohlwollende und&hellip; Read more\" \/>\n<meta property=\"og:url\" content=\"https:\/\/shrimataji.org\/test\/de\/glossar\/\" \/>\n<meta property=\"og:site_name\" content=\"TEST - SMND\" \/>\n<meta property=\"article:publisher\" content=\"https:\/\/www.facebook.com\/shrimataji\" \/>\n<meta property=\"article:modified_time\" content=\"2024-04-27T01:15:16+00:00\" \/>\n<meta property=\"og:image\" content=\"https:\/\/shrimataji.org\/test\/wp-content\/uploads\/2023\/03\/Banner-Footer-Castle-1-scaled.jpg\" \/>\n\t<meta property=\"og:image:width\" content=\"2560\" \/>\n\t<meta property=\"og:image:height\" content=\"905\" \/>\n\t<meta property=\"og:image:type\" content=\"image\/jpeg\" \/>\n<meta name=\"twitter:card\" content=\"summary_large_image\" \/>\n<meta name=\"twitter:site\" content=\"@shrimataji\" \/>\n<script type=\"application\/ld+json\" class=\"yoast-schema-graph\">{\"@context\":\"https:\\\/\\\/schema.org\",\"@graph\":[{\"@type\":\"WebPage\",\"@id\":\"https:\\\/\\\/shrimataji.org\\\/test\\\/de\\\/glossar\\\/\",\"url\":\"https:\\\/\\\/shrimataji.org\\\/test\\\/de\\\/glossar\\\/\",\"name\":\"Glossar - TEST - SMND\",\"isPartOf\":{\"@id\":\"https:\\\/\\\/shrimataji.org\\\/test\\\/#website\"},\"primaryImageOfPage\":{\"@id\":\"https:\\\/\\\/shrimataji.org\\\/test\\\/de\\\/glossar\\\/#primaryimage\"},\"image\":{\"@id\":\"https:\\\/\\\/shrimataji.org\\\/test\\\/de\\\/glossar\\\/#primaryimage\"},\"thumbnailUrl\":\"https:\\\/\\\/shrimataji.org\\\/test\\\/wp-content\\\/uploads\\\/2023\\\/03\\\/Banner-Footer-Castle-1-scaled.jpg\",\"datePublished\":\"2018-07-10T06:54:50+00:00\",\"dateModified\":\"2024-04-27T01:15:16+00:00\",\"breadcrumb\":{\"@id\":\"https:\\\/\\\/shrimataji.org\\\/test\\\/de\\\/glossar\\\/#breadcrumb\"},\"inLanguage\":\"en-US\",\"potentialAction\":[{\"@type\":\"ReadAction\",\"target\":[\"https:\\\/\\\/shrimataji.org\\\/test\\\/de\\\/glossar\\\/\"]}]},{\"@type\":\"ImageObject\",\"inLanguage\":\"en-US\",\"@id\":\"https:\\\/\\\/shrimataji.org\\\/test\\\/de\\\/glossar\\\/#primaryimage\",\"url\":\"https:\\\/\\\/shrimataji.org\\\/test\\\/wp-content\\\/uploads\\\/2023\\\/03\\\/Banner-Footer-Castle-1-scaled.jpg\",\"contentUrl\":\"https:\\\/\\\/shrimataji.org\\\/test\\\/wp-content\\\/uploads\\\/2023\\\/03\\\/Banner-Footer-Castle-1-scaled.jpg\",\"width\":2560,\"height\":905},{\"@type\":\"BreadcrumbList\",\"@id\":\"https:\\\/\\\/shrimataji.org\\\/test\\\/de\\\/glossar\\\/#breadcrumb\",\"itemListElement\":[{\"@type\":\"ListItem\",\"position\":1,\"name\":\"Home\",\"item\":\"https:\\\/\\\/shrimataji.org\\\/test\\\/uk\\\/home-en\\\/\"},{\"@type\":\"ListItem\",\"position\":2,\"name\":\"Glossar\"}]},{\"@type\":\"WebSite\",\"@id\":\"https:\\\/\\\/shrimataji.org\\\/test\\\/#website\",\"url\":\"https:\\\/\\\/shrimataji.org\\\/test\\\/\",\"name\":\"Shri Mataji Nirmala Devi\",\"description\":\"A Life Dedicated to Humanity\",\"publisher\":{\"@id\":\"https:\\\/\\\/shrimataji.org\\\/test\\\/#\\\/schema\\\/person\\\/a1b3419c6585f164aa96da1ff85715d1\"},\"potentialAction\":[{\"@type\":\"SearchAction\",\"target\":{\"@type\":\"EntryPoint\",\"urlTemplate\":\"https:\\\/\\\/shrimataji.org\\\/test\\\/?s={search_term_string}\"},\"query-input\":{\"@type\":\"PropertyValueSpecification\",\"valueRequired\":true,\"valueName\":\"search_term_string\"}}],\"inLanguage\":\"en-US\"},{\"@type\":[\"Person\",\"Organization\"],\"@id\":\"https:\\\/\\\/shrimataji.org\\\/test\\\/#\\\/schema\\\/person\\\/a1b3419c6585f164aa96da1ff85715d1\",\"name\":\"Nirmala Shrivastava\",\"image\":{\"@type\":\"ImageObject\",\"inLanguage\":\"en-US\",\"@id\":\"https:\\\/\\\/shrimataji.org\\\/test\\\/wp-content\\\/uploads\\\/2023\\\/02\\\/SMO_LOGO-03.svg\",\"url\":\"https:\\\/\\\/shrimataji.org\\\/test\\\/wp-content\\\/uploads\\\/2023\\\/02\\\/SMO_LOGO-03.svg\",\"contentUrl\":\"https:\\\/\\\/shrimataji.org\\\/test\\\/wp-content\\\/uploads\\\/2023\\\/02\\\/SMO_LOGO-03.svg\",\"width\":\"1024\",\"height\":\"1024\",\"caption\":\"Nirmala Shrivastava\"},\"logo\":{\"@id\":\"https:\\\/\\\/shrimataji.org\\\/test\\\/wp-content\\\/uploads\\\/2023\\\/02\\\/SMO_LOGO-03.svg\"},\"sameAs\":[\"https:\\\/\\\/shrimataji.org\\\/test\",\"https:\\\/\\\/www.facebook.com\\\/shrimataji\",\"https:\\\/\\\/x.com\\\/shrimataji\",\"https:\\\/\\\/www.youtube.com\\\/@Shri_Mataji_Nirmala_Devi\\\/featured\"]}]}<\/script>\n<!-- \/ Yoast SEO plugin. -->","yoast_head_json":{"title":"Glossar - TEST - SMND","robots":{"index":"noindex","follow":"follow","max-snippet":"max-snippet:-1","max-image-preview":"max-image-preview:large","max-video-preview":"max-video-preview:-1"},"og_locale":"en_US","og_type":"article","og_title":"Glossar - TEST - SMND","og_description":"Glossar Dharma Kundalini Sahaja Yoga Sahaja Yoga Meditation Sahasrara Selbst Selbst-Vewirklichung Geist Subtiles System Gedankenfreies Bewusstsein Vibrationen Yoga Dharma Kodex des richtigen Verhaltens oder der Rechtschaffenheit als erhaltender und balancierender Faktor von \u00d6kologie und Evolution. Kundalini An der Basis der Wirbels\u00e4ule ruhende und zusammengerollte Energie. Sobald sie erweckt ist, bewegt sie sich als wohlwollende und&hellip; Read more","og_url":"https:\/\/shrimataji.org\/test\/de\/glossar\/","og_site_name":"TEST - SMND","article_publisher":"https:\/\/www.facebook.com\/shrimataji","article_modified_time":"2024-04-27T01:15:16+00:00","og_image":[{"width":2560,"height":905,"url":"https:\/\/shrimataji.org\/test\/wp-content\/uploads\/2023\/03\/Banner-Footer-Castle-1-scaled.jpg","type":"image\/jpeg"}],"twitter_card":"summary_large_image","twitter_site":"@shrimataji","schema":{"@context":"https:\/\/schema.org","@graph":[{"@type":"WebPage","@id":"https:\/\/shrimataji.org\/test\/de\/glossar\/","url":"https:\/\/shrimataji.org\/test\/de\/glossar\/","name":"Glossar - TEST - SMND","isPartOf":{"@id":"https:\/\/shrimataji.org\/test\/#website"},"primaryImageOfPage":{"@id":"https:\/\/shrimataji.org\/test\/de\/glossar\/#primaryimage"},"image":{"@id":"https:\/\/shrimataji.org\/test\/de\/glossar\/#primaryimage"},"thumbnailUrl":"https:\/\/shrimataji.org\/test\/wp-content\/uploads\/2023\/03\/Banner-Footer-Castle-1-scaled.jpg","datePublished":"2018-07-10T06:54:50+00:00","dateModified":"2024-04-27T01:15:16+00:00","breadcrumb":{"@id":"https:\/\/shrimataji.org\/test\/de\/glossar\/#breadcrumb"},"inLanguage":"en-US","potentialAction":[{"@type":"ReadAction","target":["https:\/\/shrimataji.org\/test\/de\/glossar\/"]}]},{"@type":"ImageObject","inLanguage":"en-US","@id":"https:\/\/shrimataji.org\/test\/de\/glossar\/#primaryimage","url":"https:\/\/shrimataji.org\/test\/wp-content\/uploads\/2023\/03\/Banner-Footer-Castle-1-scaled.jpg","contentUrl":"https:\/\/shrimataji.org\/test\/wp-content\/uploads\/2023\/03\/Banner-Footer-Castle-1-scaled.jpg","width":2560,"height":905},{"@type":"BreadcrumbList","@id":"https:\/\/shrimataji.org\/test\/de\/glossar\/#breadcrumb","itemListElement":[{"@type":"ListItem","position":1,"name":"Home","item":"https:\/\/shrimataji.org\/test\/uk\/home-en\/"},{"@type":"ListItem","position":2,"name":"Glossar"}]},{"@type":"WebSite","@id":"https:\/\/shrimataji.org\/test\/#website","url":"https:\/\/shrimataji.org\/test\/","name":"Shri Mataji Nirmala Devi","description":"A Life Dedicated to Humanity","publisher":{"@id":"https:\/\/shrimataji.org\/test\/#\/schema\/person\/a1b3419c6585f164aa96da1ff85715d1"},"potentialAction":[{"@type":"SearchAction","target":{"@type":"EntryPoint","urlTemplate":"https:\/\/shrimataji.org\/test\/?s={search_term_string}"},"query-input":{"@type":"PropertyValueSpecification","valueRequired":true,"valueName":"search_term_string"}}],"inLanguage":"en-US"},{"@type":["Person","Organization"],"@id":"https:\/\/shrimataji.org\/test\/#\/schema\/person\/a1b3419c6585f164aa96da1ff85715d1","name":"Nirmala Shrivastava","image":{"@type":"ImageObject","inLanguage":"en-US","@id":"https:\/\/shrimataji.org\/test\/wp-content\/uploads\/2023\/02\/SMO_LOGO-03.svg","url":"https:\/\/shrimataji.org\/test\/wp-content\/uploads\/2023\/02\/SMO_LOGO-03.svg","contentUrl":"https:\/\/shrimataji.org\/test\/wp-content\/uploads\/2023\/02\/SMO_LOGO-03.svg","width":"1024","height":"1024","caption":"Nirmala Shrivastava"},"logo":{"@id":"https:\/\/shrimataji.org\/test\/wp-content\/uploads\/2023\/02\/SMO_LOGO-03.svg"},"sameAs":["https:\/\/shrimataji.org\/test","https:\/\/www.facebook.com\/shrimataji","https:\/\/x.com\/shrimataji","https:\/\/www.youtube.com\/@Shri_Mataji_Nirmala_Devi\/featured"]}]}},"lang":"de","translations":{"de":10650,"ur":38951,"en":448,"am":18007,"th":19953,"hu":19483,"sq":18408,"zh":17305,"tr":10164,"pt":10376,"fr":10748,"it":10846,"es":10943,"ja":11240,"ru":11428,"bn":11620,"te":11728,"sw":11851,"he":11999,"el":12290,"sk":12388,"fa":12486,"fi":12584,"bg":13451,"ro":14525,"cs":14718,"nl":16568,"ku":16728,"ar":16904,"be":18615,"kn":18889,"mr":20317,"uk":20609,"ml":20905,"ta":22723,"sv":22996,"gu":28842,"pa":29000,"fil":29442,"da":38947,"nn":38949,"pl":39854},"pll_sync_post":[],"_links":{"self":[{"href":"https:\/\/shrimataji.org\/test\/wp-json\/wp\/v2\/pages\/10650","targetHints":{"allow":["GET"]}}],"collection":[{"href":"https:\/\/shrimataji.org\/test\/wp-json\/wp\/v2\/pages"}],"about":[{"href":"https:\/\/shrimataji.org\/test\/wp-json\/wp\/v2\/types\/page"}],"author":[{"embeddable":true,"href":"https:\/\/shrimataji.org\/test\/wp-json\/wp\/v2\/users\/10"}],"replies":[{"embeddable":true,"href":"https:\/\/shrimataji.org\/test\/wp-json\/wp\/v2\/comments?post=10650"}],"version-history":[{"count":0,"href":"https:\/\/shrimataji.org\/test\/wp-json\/wp\/v2\/pages\/10650\/revisions"}],"wp:featuredmedia":[{"embeddable":true,"href":"https:\/\/shrimataji.org\/test\/wp-json\/wp\/v2\/media\/9552"}],"wp:attachment":[{"href":"https:\/\/shrimataji.org\/test\/wp-json\/wp\/v2\/media?parent=10650"}],"curies":[{"name":"wp","href":"https:\/\/api.w.org\/{rel}","templated":true}]}}