{"id":10665,"date":"2017-08-11T05:00:00","date_gmt":"2017-08-11T05:00:00","guid":{"rendered":"http:\/\/testwordpress.nirmalnagari.org\/smnd\/index.php\/legacy\/"},"modified":"2024-06-13T13:58:55","modified_gmt":"2024-06-13T13:58:55","slug":"vermaechtnis","status":"publish","type":"page","link":"https:\/\/shrimataji.org\/test\/de\/vermaechtnis\/","title":{"rendered":"Verm\u00e4chtnis"},"content":{"rendered":"\n\n\t<h1>Verm\u00e4chtnis<\/h1>\n<h2>Von individueller zur gesellschaftlichen Transformation<\/h2>\n\t<h4>B\u00fccher, Schulen, Kurse, Gesundheitszentren, eine Kunst- und Musikakademie und sogar ein Heim f\u00fcr Bed\u00fcrftige &#8211; doch das Verm\u00e4chtnis von Shri Mataji ist viel, viel mehr &#8230;<\/h4>\n<p>Kein Denkmal und keine Nichtregierungsorganisation kann das wahre Verm\u00e4chtnis von Shri Mataji Nirmala Devi wiedergeben, denn es geht \u00fcber alle diese Dinge hinaus.<\/p>\n<p>Shri Mataji schenkte dieser Welt keine Philosophie, keine Doktrin und auch kein organisierbares Glaubenssystem, sondern etwas ganz Au\u00dfergew\u00f6hnliches: Die <a href=\"https:\/\/shrimataji.org\/test\/de\/selbst-verwirklichung\/\" target=\"_blank\" rel=\"noopener\">Selbst-Verwirklichung<\/a>. Dieses uranf\u00e4ngliche spirituelle Erwachen hat buchst\u00e4blich die F\u00e4higkeit, die Welt zu ver\u00e4ndern.<\/p>\n<p>Im Gegensatz zu den meisten Transformations-Rezepten beginnt es mit der intimen und wachsenden Selbst-Erkenntnis des Einzelnen. Dieser Funke der spirituellen Erkenntnis ist Shri Matajis Verm\u00e4chtnis an die Welt.<\/p>\n<p>Durch ihre Arbeit schuf sie eine globale <a href=\"https:\/\/shrimataji.org\/test\/de\/zentren-weltweit\/\" target=\"_blank\" rel=\"noopener\">Sahaja-Yoga-Gemeinschaft in \u00fcber 100 L\u00e4ndern<\/a>. Alle Praktizierenden sind darin durch den Wunsch vereint, sich selbst zu ver\u00e4ndern und dadurch die M\u00f6glichkeit f\u00fcr eine Transformation auf breiterer Ebene zu schaffen.<\/p>\n\t\t\t\t<img loading=\"lazy\" decoding=\"async\" src=\"https:\/\/shrimataji.org\/test\/wp-content\/uploads\/2024\/06\/shri-mataji-daglio-italien-7-juli-2007.jpg\" alt=\"Shri Mataji in Dalio (7. Juli 2007, Italien)\" height=\"951\" width=\"634\" title=\"shri-mataji-daglio-italien-7-juli-2007\" \/>\n\t\tShri Mataji in Dalio (7. Juli 2007, Italien)\n\t<p>Ihre Vision bestand nicht darin, Institutionen oder Bewegungen zu schaffen. Ihre Botschaft konzentrierte sich auf den Einzelnen, auf das individuelle Selbst. Sie lehrte die Welt, dass nur die Wahrung echter individueller und kollektiver Spiritualit\u00e4t die globalen Probleme l\u00f6sen kann. Sie bestand ebenfalls auf der Freiheit jedes Einzelnen. In Sahaja Yoga gibt es keine Dogmen oder Doktrinen, sondern nur ein erleuchtetes Bewusstsein f\u00fcr das, was f\u00fcr die eigene spirituelle Entwicklung angemessen ist.<\/p>\n\t<p>&#8220;Ich muss sie in die Lage versetzen, ihre eigenen Probleme zu l\u00f6sen. Man musst sein eigener Arzt und Guru sein.&#8221;<\/p>\n<p>Durch die Erweckung der <a href=\"https:\/\/shrimataji.org\/test\/de\/kundalini-selbst-verwirklichung\/\" target=\"_blank\" rel=\"noopener\">Kundalini<\/a> und die anschlie\u00dfende Meditation l\u00f6ste sie eine sp\u00fcrbare Ver\u00e4nderung bei den Menschen aus und lehrte der Welt damit, wie man h\u00f6here Ziele als nur materiellen Erfolg oder Macht erreichen kann. &#8220;Wir m\u00fcssen den inneren Frieden erreichen&#8221;, riet sie. &#8220;Versucht so zu meditieren, dass ihr euer inneres Wesen erreicht. Es ist ein riesiger Ozean der Gl\u00fcckseligkeit!&#8221;<\/p>\n\t<div class=\"su-quote su-quote-style-default\"><div class=\"su-quote-inner su-u-clearfix su-u-trim\">Wir m\u00fcssen der ganzen Welt die Ergebnisse der Erweckung der Kundalini zeigen. Das ist meine Vision<\/div><\/div>\n\t<p>Ihr Verm\u00e4chtnis der Transformation durch <a href=\"https:\/\/shrimataji.org\/test\/de\/erfahrung-selbstverwirklichung\/\" target=\"_blank\" rel=\"noopener\">Selbst-Verwirklichung<\/a> ber\u00fchrt das Leben von Millionen. Durch die Praxis von Sahaja Yoga erlangen sie den inneren Frieden und die absolute Freiheit, um in Harmonie miteinander und Mutter Natur zu leben.<\/p>\n\n","protected":false},"excerpt":{"rendered":"<p>Verm\u00e4chtnis Von individueller zur gesellschaftlichen Transformation B\u00fccher, Schulen, Kurse, Gesundheitszentren, eine Kunst- und Musikakademie und sogar ein Heim f\u00fcr Bed\u00fcrftige &#8211; doch das Verm\u00e4chtnis von Shri Mataji ist viel, viel mehr &#8230; Kein Denkmal und keine Nichtregierungsorganisation kann das wahre Verm\u00e4chtnis von Shri Mataji Nirmala Devi wiedergeben, denn es geht \u00fcber alle diese Dinge hinaus.&hellip; <br \/> <a class=\"read-more\" href=\"https:\/\/shrimataji.org\/test\/de\/vermaechtnis\/\">Read more<\/a><\/p>\n","protected":false},"author":10,"featured_media":294,"parent":0,"menu_order":0,"comment_status":"closed","ping_status":"closed","template":"","meta":{"inline_featured_image":false,"footnotes":""},"class_list":["post-10665","page","type-page","status-publish","has-post-thumbnail","hentry"],"yoast_head":"<!-- This site is optimized with the Yoast SEO plugin v27.4 - https:\/\/yoast.com\/product\/yoast-seo-wordpress\/ -->\n<title>Verm\u00e4chtnis - TEST - SMND<\/title>\n<meta name=\"robots\" content=\"noindex, follow, max-snippet:-1, max-image-preview:large, max-video-preview:-1\" \/>\n<meta property=\"og:locale\" content=\"en_US\" \/>\n<meta property=\"og:type\" content=\"article\" \/>\n<meta property=\"og:title\" content=\"Verm\u00e4chtnis - TEST - SMND\" \/>\n<meta property=\"og:description\" content=\"Verm\u00e4chtnis Von individueller zur gesellschaftlichen Transformation B\u00fccher, Schulen, Kurse, Gesundheitszentren, eine Kunst- und Musikakademie und sogar ein Heim f\u00fcr Bed\u00fcrftige &#8211; doch das Verm\u00e4chtnis von Shri Mataji ist viel, viel mehr &#8230; Kein Denkmal und keine Nichtregierungsorganisation kann das wahre Verm\u00e4chtnis von Shri Mataji Nirmala Devi wiedergeben, denn es geht \u00fcber alle diese Dinge hinaus.&hellip; Read more\" \/>\n<meta property=\"og:url\" content=\"https:\/\/shrimataji.org\/test\/de\/vermaechtnis\/\" \/>\n<meta property=\"og:site_name\" content=\"TEST - SMND\" \/>\n<meta property=\"article:publisher\" content=\"https:\/\/www.facebook.com\/shrimataji\" \/>\n<meta property=\"article:modified_time\" content=\"2024-06-13T13:58:55+00:00\" \/>\n<meta property=\"og:image\" content=\"https:\/\/shrimataji.org\/test\/wp-content\/uploads\/2018\/07\/media_originals\/images\/shri-mataji-teaching-sahaja-yoga\/color-test-1.jpg\" \/>\n\t<meta property=\"og:image:width\" content=\"1024\" \/>\n\t<meta property=\"og:image:height\" content=\"685\" \/>\n\t<meta property=\"og:image:type\" content=\"image\/jpeg\" \/>\n<meta name=\"twitter:card\" content=\"summary_large_image\" \/>\n<meta name=\"twitter:site\" content=\"@shrimataji\" \/>\n<script type=\"application\/ld+json\" class=\"yoast-schema-graph\">{\"@context\":\"https:\\\/\\\/schema.org\",\"@graph\":[{\"@type\":\"WebPage\",\"@id\":\"https:\\\/\\\/shrimataji.org\\\/test\\\/de\\\/vermaechtnis\\\/\",\"url\":\"https:\\\/\\\/shrimataji.org\\\/test\\\/de\\\/vermaechtnis\\\/\",\"name\":\"Verm\u00e4chtnis - TEST - SMND\",\"isPartOf\":{\"@id\":\"https:\\\/\\\/shrimataji.org\\\/test\\\/#website\"},\"primaryImageOfPage\":{\"@id\":\"https:\\\/\\\/shrimataji.org\\\/test\\\/de\\\/vermaechtnis\\\/#primaryimage\"},\"image\":{\"@id\":\"https:\\\/\\\/shrimataji.org\\\/test\\\/de\\\/vermaechtnis\\\/#primaryimage\"},\"thumbnailUrl\":\"https:\\\/\\\/shrimataji.org\\\/test\\\/wp-content\\\/uploads\\\/2018\\\/07\\\/media_originals\\\/images\\\/shri-mataji-teaching-sahaja-yoga\\\/color-test-1.jpg\",\"datePublished\":\"2017-08-11T05:00:00+00:00\",\"dateModified\":\"2024-06-13T13:58:55+00:00\",\"breadcrumb\":{\"@id\":\"https:\\\/\\\/shrimataji.org\\\/test\\\/de\\\/vermaechtnis\\\/#breadcrumb\"},\"inLanguage\":\"en-US\",\"potentialAction\":[{\"@type\":\"ReadAction\",\"target\":[\"https:\\\/\\\/shrimataji.org\\\/test\\\/de\\\/vermaechtnis\\\/\"]}]},{\"@type\":\"ImageObject\",\"inLanguage\":\"en-US\",\"@id\":\"https:\\\/\\\/shrimataji.org\\\/test\\\/de\\\/vermaechtnis\\\/#primaryimage\",\"url\":\"https:\\\/\\\/shrimataji.org\\\/test\\\/wp-content\\\/uploads\\\/2018\\\/07\\\/media_originals\\\/images\\\/shri-mataji-teaching-sahaja-yoga\\\/color-test-1.jpg\",\"contentUrl\":\"https:\\\/\\\/shrimataji.org\\\/test\\\/wp-content\\\/uploads\\\/2018\\\/07\\\/media_originals\\\/images\\\/shri-mataji-teaching-sahaja-yoga\\\/color-test-1.jpg\",\"width\":1024,\"height\":685},{\"@type\":\"BreadcrumbList\",\"@id\":\"https:\\\/\\\/shrimataji.org\\\/test\\\/de\\\/vermaechtnis\\\/#breadcrumb\",\"itemListElement\":[{\"@type\":\"ListItem\",\"position\":1,\"name\":\"Home\",\"item\":\"https:\\\/\\\/shrimataji.org\\\/test\\\/uk\\\/home-en\\\/\"},{\"@type\":\"ListItem\",\"position\":2,\"name\":\"Verm\u00e4chtnis\"}]},{\"@type\":\"WebSite\",\"@id\":\"https:\\\/\\\/shrimataji.org\\\/test\\\/#website\",\"url\":\"https:\\\/\\\/shrimataji.org\\\/test\\\/\",\"name\":\"Shri Mataji Nirmala Devi\",\"description\":\"A Life Dedicated to Humanity\",\"publisher\":{\"@id\":\"https:\\\/\\\/shrimataji.org\\\/test\\\/#\\\/schema\\\/person\\\/a1b3419c6585f164aa96da1ff85715d1\"},\"potentialAction\":[{\"@type\":\"SearchAction\",\"target\":{\"@type\":\"EntryPoint\",\"urlTemplate\":\"https:\\\/\\\/shrimataji.org\\\/test\\\/?s={search_term_string}\"},\"query-input\":{\"@type\":\"PropertyValueSpecification\",\"valueRequired\":true,\"valueName\":\"search_term_string\"}}],\"inLanguage\":\"en-US\"},{\"@type\":[\"Person\",\"Organization\"],\"@id\":\"https:\\\/\\\/shrimataji.org\\\/test\\\/#\\\/schema\\\/person\\\/a1b3419c6585f164aa96da1ff85715d1\",\"name\":\"Nirmala Shrivastava\",\"image\":{\"@type\":\"ImageObject\",\"inLanguage\":\"en-US\",\"@id\":\"https:\\\/\\\/shrimataji.org\\\/test\\\/wp-content\\\/uploads\\\/2023\\\/02\\\/SMO_LOGO-03.svg\",\"url\":\"https:\\\/\\\/shrimataji.org\\\/test\\\/wp-content\\\/uploads\\\/2023\\\/02\\\/SMO_LOGO-03.svg\",\"contentUrl\":\"https:\\\/\\\/shrimataji.org\\\/test\\\/wp-content\\\/uploads\\\/2023\\\/02\\\/SMO_LOGO-03.svg\",\"width\":\"1024\",\"height\":\"1024\",\"caption\":\"Nirmala Shrivastava\"},\"logo\":{\"@id\":\"https:\\\/\\\/shrimataji.org\\\/test\\\/wp-content\\\/uploads\\\/2023\\\/02\\\/SMO_LOGO-03.svg\"},\"sameAs\":[\"https:\\\/\\\/shrimataji.org\\\/test\",\"https:\\\/\\\/www.facebook.com\\\/shrimataji\",\"https:\\\/\\\/x.com\\\/shrimataji\",\"https:\\\/\\\/www.youtube.com\\\/@Shri_Mataji_Nirmala_Devi\\\/featured\"]}]}<\/script>\n<!-- \/ Yoast SEO plugin. -->","yoast_head_json":{"title":"Verm\u00e4chtnis - TEST - SMND","robots":{"index":"noindex","follow":"follow","max-snippet":"max-snippet:-1","max-image-preview":"max-image-preview:large","max-video-preview":"max-video-preview:-1"},"og_locale":"en_US","og_type":"article","og_title":"Verm\u00e4chtnis - TEST - SMND","og_description":"Verm\u00e4chtnis Von individueller zur gesellschaftlichen Transformation B\u00fccher, Schulen, Kurse, Gesundheitszentren, eine Kunst- und Musikakademie und sogar ein Heim f\u00fcr Bed\u00fcrftige &#8211; doch das Verm\u00e4chtnis von Shri Mataji ist viel, viel mehr &#8230; Kein Denkmal und keine Nichtregierungsorganisation kann das wahre Verm\u00e4chtnis von Shri Mataji Nirmala Devi wiedergeben, denn es geht \u00fcber alle diese Dinge hinaus.&hellip; Read more","og_url":"https:\/\/shrimataji.org\/test\/de\/vermaechtnis\/","og_site_name":"TEST - SMND","article_publisher":"https:\/\/www.facebook.com\/shrimataji","article_modified_time":"2024-06-13T13:58:55+00:00","og_image":[{"width":1024,"height":685,"url":"https:\/\/shrimataji.org\/test\/wp-content\/uploads\/2018\/07\/media_originals\/images\/shri-mataji-teaching-sahaja-yoga\/color-test-1.jpg","type":"image\/jpeg"}],"twitter_card":"summary_large_image","twitter_site":"@shrimataji","schema":{"@context":"https:\/\/schema.org","@graph":[{"@type":"WebPage","@id":"https:\/\/shrimataji.org\/test\/de\/vermaechtnis\/","url":"https:\/\/shrimataji.org\/test\/de\/vermaechtnis\/","name":"Verm\u00e4chtnis - TEST - SMND","isPartOf":{"@id":"https:\/\/shrimataji.org\/test\/#website"},"primaryImageOfPage":{"@id":"https:\/\/shrimataji.org\/test\/de\/vermaechtnis\/#primaryimage"},"image":{"@id":"https:\/\/shrimataji.org\/test\/de\/vermaechtnis\/#primaryimage"},"thumbnailUrl":"https:\/\/shrimataji.org\/test\/wp-content\/uploads\/2018\/07\/media_originals\/images\/shri-mataji-teaching-sahaja-yoga\/color-test-1.jpg","datePublished":"2017-08-11T05:00:00+00:00","dateModified":"2024-06-13T13:58:55+00:00","breadcrumb":{"@id":"https:\/\/shrimataji.org\/test\/de\/vermaechtnis\/#breadcrumb"},"inLanguage":"en-US","potentialAction":[{"@type":"ReadAction","target":["https:\/\/shrimataji.org\/test\/de\/vermaechtnis\/"]}]},{"@type":"ImageObject","inLanguage":"en-US","@id":"https:\/\/shrimataji.org\/test\/de\/vermaechtnis\/#primaryimage","url":"https:\/\/shrimataji.org\/test\/wp-content\/uploads\/2018\/07\/media_originals\/images\/shri-mataji-teaching-sahaja-yoga\/color-test-1.jpg","contentUrl":"https:\/\/shrimataji.org\/test\/wp-content\/uploads\/2018\/07\/media_originals\/images\/shri-mataji-teaching-sahaja-yoga\/color-test-1.jpg","width":1024,"height":685},{"@type":"BreadcrumbList","@id":"https:\/\/shrimataji.org\/test\/de\/vermaechtnis\/#breadcrumb","itemListElement":[{"@type":"ListItem","position":1,"name":"Home","item":"https:\/\/shrimataji.org\/test\/uk\/home-en\/"},{"@type":"ListItem","position":2,"name":"Verm\u00e4chtnis"}]},{"@type":"WebSite","@id":"https:\/\/shrimataji.org\/test\/#website","url":"https:\/\/shrimataji.org\/test\/","name":"Shri Mataji Nirmala Devi","description":"A Life Dedicated to Humanity","publisher":{"@id":"https:\/\/shrimataji.org\/test\/#\/schema\/person\/a1b3419c6585f164aa96da1ff85715d1"},"potentialAction":[{"@type":"SearchAction","target":{"@type":"EntryPoint","urlTemplate":"https:\/\/shrimataji.org\/test\/?s={search_term_string}"},"query-input":{"@type":"PropertyValueSpecification","valueRequired":true,"valueName":"search_term_string"}}],"inLanguage":"en-US"},{"@type":["Person","Organization"],"@id":"https:\/\/shrimataji.org\/test\/#\/schema\/person\/a1b3419c6585f164aa96da1ff85715d1","name":"Nirmala Shrivastava","image":{"@type":"ImageObject","inLanguage":"en-US","@id":"https:\/\/shrimataji.org\/test\/wp-content\/uploads\/2023\/02\/SMO_LOGO-03.svg","url":"https:\/\/shrimataji.org\/test\/wp-content\/uploads\/2023\/02\/SMO_LOGO-03.svg","contentUrl":"https:\/\/shrimataji.org\/test\/wp-content\/uploads\/2023\/02\/SMO_LOGO-03.svg","width":"1024","height":"1024","caption":"Nirmala Shrivastava"},"logo":{"@id":"https:\/\/shrimataji.org\/test\/wp-content\/uploads\/2023\/02\/SMO_LOGO-03.svg"},"sameAs":["https:\/\/shrimataji.org\/test","https:\/\/www.facebook.com\/shrimataji","https:\/\/x.com\/shrimataji","https:\/\/www.youtube.com\/@Shri_Mataji_Nirmala_Devi\/featured"]}]}},"lang":"de","translations":{"de":10665,"ur":37458,"en":409,"am":18030,"th":19988,"hu":19511,"sq":18431,"zh":17328,"tr":10179,"pt":10391,"fr":10763,"it":10861,"es":10958,"ja":11255,"ru":11443,"bn":11635,"te":11743,"sw":11866,"he":12014,"el":12306,"sk":12404,"fa":12502,"fi":12600,"bg":13486,"ro":14561,"cs":14754,"nl":16591,"ku":16751,"ar":16927,"be":18638,"kn":18912,"mr":20352,"uk":20646,"ml":20941,"ta":22749,"sv":23020,"gu":28863,"pa":29023,"fil":29468,"da":37771,"pl":37983,"nn":38323},"pll_sync_post":[],"_links":{"self":[{"href":"https:\/\/shrimataji.org\/test\/wp-json\/wp\/v2\/pages\/10665","targetHints":{"allow":["GET"]}}],"collection":[{"href":"https:\/\/shrimataji.org\/test\/wp-json\/wp\/v2\/pages"}],"about":[{"href":"https:\/\/shrimataji.org\/test\/wp-json\/wp\/v2\/types\/page"}],"author":[{"embeddable":true,"href":"https:\/\/shrimataji.org\/test\/wp-json\/wp\/v2\/users\/10"}],"replies":[{"embeddable":true,"href":"https:\/\/shrimataji.org\/test\/wp-json\/wp\/v2\/comments?post=10665"}],"version-history":[{"count":0,"href":"https:\/\/shrimataji.org\/test\/wp-json\/wp\/v2\/pages\/10665\/revisions"}],"wp:featuredmedia":[{"embeddable":true,"href":"https:\/\/shrimataji.org\/test\/wp-json\/wp\/v2\/media\/294"}],"wp:attachment":[{"href":"https:\/\/shrimataji.org\/test\/wp-json\/wp\/v2\/media?parent=10665"}],"curies":[{"name":"wp","href":"https:\/\/api.w.org\/{rel}","templated":true}]}}