{"id":10672,"date":"2022-01-29T10:25:21","date_gmt":"2022-01-29T10:25:21","guid":{"rendered":"https:\/\/test.shrimataji.org\/?page_id=6406"},"modified":"2024-08-11T21:40:02","modified_gmt":"2024-08-11T21:40:02","slug":"nadis-gunas","status":"publish","type":"page","link":"https:\/\/shrimataji.org\/test\/de\/nadis-gunas\/","title":{"rendered":"Nadis und Gunas"},"content":{"rendered":"\n\n\t<h1>Die Nadis und die drei Stimmungen<\/h1>\n<h2>Gleichgewicht erreichen<\/h2>\n<div class=\"su-quote su-quote-style-default\"><div class=\"su-quote-inner su-u-clearfix su-u-trim\"> Diese feinstofflichen <em>Nadis<\/em> kann man nicht sehen. Sie k\u00f6nnen sich nur in Sahaja Yoga manifestieren.<\/div><\/div>\n<h4>Das menschlichen subtile System ist sehr kompliziert und wird von tausenden Kan\u00e4len gebildet, die den Fluss feinstofflicher Energie durch den K\u00f6rper erm\u00f6glichen. Manifestationen dieser Energien an bestimmten Stellen des Systems wiederum werden als <em>Chakras<\/em> bezeichnet. Das Sanskritwort <em>Chakra<\/em> bedeute so viel wie &#8220;Rad&#8221;. Unser gesamtes subtiles System wird von drei vertikalen Hauptenergiekan\u00e4len gesteuert, die auf Sanskrit als <em>Nadis<\/em> bezeichnet werden und die sich gegenseitig \u00fcber die sieben Hauptchakren beeinflussen.<\/h4>\n<p>Erst durch die Selbst-Verwirklichung wird unser feinstoffliches System mit dem Erwachen der Kundalini vollst\u00e4ndig aktiviert. Sie reinigt und balanciert es und erleuchtet die unverf\u00e4lschten Qualit\u00e4ten der Chakren.<\/p>\n\t\t\t\t<a href=\"https:\/\/shrimataji.org\/test\/wp-content\/uploads\/2023\/02\/1_All-Nadis-01.png\" target=\"_blank\" rel=\"noopener\" itemprop=\"url\">\n\t\t\t\t<img loading=\"lazy\" decoding=\"async\" src=\"https:\/\/shrimataji.org\/test\/wp-content\/uploads\/2024\/04\/DE_All-Nadi.png\" alt=\"DE_All Nadi\" itemprop=\"image\" height=\"1653\" width=\"1543\" title=\"DE_All Nadi\" onerror=\"this.style.display='none'\"  \/>\n\t\t\t\t<\/a>\n\t<p>Jeder Energiekanal entspricht spezifischen Stimmungen oder Qualit\u00e4ten unserer Psyche und unterst\u00fctzt die volle Entwicklung einer reifen Pers\u00f6nlichkeit. Vor der Selbst-Verwirklichung benutzen wir im Laufe unseres Lebens den linken und den rechten Kanal. Der linke Kanal &#8211; oder <em>Ida Nadi<\/em> &#8211; reguliert unsere W\u00fcnsche und Gef\u00fchle und der rechte Kanal &#8211; oder <em>Pingala Nadi<\/em> &#8211; steuert unsere Gedanken und Handlungen. Exzessive Tendenzen unseres Lebensstils st\u00f6ren oft das nat\u00fcrliche Gleichgewicht dieser Kan\u00e4le und wir erleben k\u00f6rperliche, mentale und emotionale Probleme. Der dritte Energiekanal &#8211; <em>Sushumna Nadi<\/em> genannt &#8211; liegt zwischen dem linken und dem rechten Kanal und wird erst durch die Selbst-Verwirklichung aktiviert, wenn die <em>Kundalini<\/em> sich erhebt und alle <em>Nadis<\/em> und <em>Chakren<\/em> erleuchtet. Das erm\u00f6glicht einen Zustand des inneren Gleichgewichts.<\/p>\n<p>Diese subtilen Kan\u00e4le sind nicht nur im R\u00fcckenmark abgebildet, das sich grobstofflich als sympathisches und parasympathisches Nervensystem manifestiert. Sie entsprechen auch bestimmten Stellen an unseren H\u00e4nden und Beinen.<\/p>\n\t\t\t\t<img loading=\"lazy\" decoding=\"async\" src=\"https:\/\/shrimataji.org\/test\/wp-content\/uploads\/2023\/03\/Nadi_Handsketch.jpg\" alt=\"Original-Skizze von Shri Mataji\" itemprop=\"image\" height=\"511\" width=\"1246\" title=\"Nadi_Handsketch\" onerror=\"this.style.display='none'\"  \/>\n\t\tOriginal-Skizze von Shri Mataji\n\t<p>Nach der Selbst-Verwirklichung werden wir uns eventueller Ungleichgewichte in unseren <em>Nadis<\/em> und <em>Chakren<\/em> deutlich bewusst. Wir empfinden sie als Hitze, extreme K\u00e4lte oder Taubheit an ihren jeweiligen Positionen im R\u00fcckenmark oder der Extremit\u00e4ten.<\/p>\n<p>Shri Mataji beschrieb ausf\u00fchrlich verschiedene Reinigungstechniken. Daf\u00fcr werden oft die Elemente Erde, Wasser, Feuer, Luft und \u00c4ther verwendet, um bestimmte Blockaden in den <em>Nadis<\/em> und <em>Chakren<\/em> zu l\u00f6sen und sie in den Zustand ihres nat\u00fcrlichen Gleichgewichts zu bringen.<\/p>\n\t<img decoding=\"async\" data-spai-excluded=\"true\" loading=\"lazy\"  alt=\"YouTube player\"  src=\"https:\/\/i.ytimg.com\/vi\/9phkP0MMMEI\/maxresdefault.jpg\"  \/><button aria-label=\"Play\"><\/button><meta itemprop=\"embedUrl\" content=\"https:\/\/www.youtube.com\/embed\/9phkP0MMMEI\"\/><meta itemprop=\"name\" content=\"The importance of a balanced life\"\/><meta itemprop=\"description\" content=\"YouTube video\"\/><meta itemprop=\"thumbnailUrl\" content=\"https:\/\/i.ytimg.com\/vi\/9phkP0MMMEI\/0.jpg\"\/><meta itemprop=\"duration\" content=\"PT2M5S\"\/><meta itemprop=\"uploadDate\" content=\"2022-11-12T03:31:03Z\"\/>\n\n","protected":false},"excerpt":{"rendered":"<p>Die Nadis und die drei Stimmungen Gleichgewicht erreichen Das menschlichen subtile System ist sehr kompliziert und wird von tausenden Kan\u00e4len gebildet, die den Fluss feinstofflicher Energie durch den K\u00f6rper erm\u00f6glichen. Manifestationen dieser Energien an bestimmten Stellen des Systems wiederum werden als Chakras bezeichnet. Das Sanskritwort Chakra bedeute so viel wie &#8220;Rad&#8221;. Unser gesamtes subtiles System&hellip; <br \/> <a class=\"read-more\" href=\"https:\/\/shrimataji.org\/test\/de\/nadis-gunas\/\">Read more<\/a><\/p>\n","protected":false},"author":10,"featured_media":9246,"parent":0,"menu_order":0,"comment_status":"closed","ping_status":"closed","template":"","meta":{"inline_featured_image":false,"footnotes":""},"class_list":["post-10672","page","type-page","status-publish","has-post-thumbnail","hentry"],"yoast_head":"<!-- This site is optimized with the Yoast SEO plugin v27.4 - https:\/\/yoast.com\/product\/yoast-seo-wordpress\/ -->\n<title>Nadis und Gunas - TEST - SMND<\/title>\n<meta name=\"robots\" content=\"noindex, follow, max-snippet:-1, max-image-preview:large, max-video-preview:-1\" \/>\n<meta property=\"og:locale\" content=\"en_US\" \/>\n<meta property=\"og:type\" content=\"article\" \/>\n<meta property=\"og:title\" content=\"Nadis und Gunas - TEST - SMND\" \/>\n<meta property=\"og:description\" content=\"Die Nadis und die drei Stimmungen Gleichgewicht erreichen Das menschlichen subtile System ist sehr kompliziert und wird von tausenden Kan\u00e4len gebildet, die den Fluss feinstofflicher Energie durch den K\u00f6rper erm\u00f6glichen. Manifestationen dieser Energien an bestimmten Stellen des Systems wiederum werden als Chakras bezeichnet. Das Sanskritwort Chakra bedeute so viel wie &#8220;Rad&#8221;. Unser gesamtes subtiles System&hellip; Read more\" \/>\n<meta property=\"og:url\" content=\"https:\/\/shrimataji.org\/test\/de\/nadis-gunas\/\" \/>\n<meta property=\"og:site_name\" content=\"TEST - SMND\" \/>\n<meta property=\"article:publisher\" content=\"https:\/\/www.facebook.com\/shrimataji\" \/>\n<meta property=\"article:modified_time\" content=\"2024-08-11T21:40:02+00:00\" \/>\n<meta property=\"og:image\" content=\"https:\/\/shrimataji.org\/test\/wp-content\/uploads\/2023\/03\/11_Banner-SY-Nadis-2-scaled.jpg\" \/>\n\t<meta property=\"og:image:width\" content=\"2560\" \/>\n\t<meta property=\"og:image:height\" content=\"905\" \/>\n\t<meta property=\"og:image:type\" content=\"image\/jpeg\" \/>\n<meta name=\"twitter:card\" content=\"summary_large_image\" \/>\n<meta name=\"twitter:site\" content=\"@shrimataji\" \/>\n<meta name=\"twitter:label1\" content=\"Est. reading time\" \/>\n\t<meta name=\"twitter:data1\" content=\"3 minutes\" \/>\n<script type=\"application\/ld+json\" class=\"yoast-schema-graph\">{\"@context\":\"https:\\\/\\\/schema.org\",\"@graph\":[{\"@type\":\"WebPage\",\"@id\":\"https:\\\/\\\/shrimataji.org\\\/test\\\/de\\\/nadis-gunas\\\/\",\"url\":\"https:\\\/\\\/shrimataji.org\\\/test\\\/de\\\/nadis-gunas\\\/\",\"name\":\"Nadis und Gunas - TEST - SMND\",\"isPartOf\":{\"@id\":\"https:\\\/\\\/shrimataji.org\\\/test\\\/#website\"},\"primaryImageOfPage\":{\"@id\":\"https:\\\/\\\/shrimataji.org\\\/test\\\/de\\\/nadis-gunas\\\/#primaryimage\"},\"image\":{\"@id\":\"https:\\\/\\\/shrimataji.org\\\/test\\\/de\\\/nadis-gunas\\\/#primaryimage\"},\"thumbnailUrl\":\"https:\\\/\\\/shrimataji.org\\\/test\\\/wp-content\\\/uploads\\\/2023\\\/03\\\/11_Banner-SY-Nadis-2-scaled.jpg\",\"datePublished\":\"2022-01-29T10:25:21+00:00\",\"dateModified\":\"2024-08-11T21:40:02+00:00\",\"breadcrumb\":{\"@id\":\"https:\\\/\\\/shrimataji.org\\\/test\\\/de\\\/nadis-gunas\\\/#breadcrumb\"},\"inLanguage\":\"en-US\",\"potentialAction\":[{\"@type\":\"ReadAction\",\"target\":[\"https:\\\/\\\/shrimataji.org\\\/test\\\/de\\\/nadis-gunas\\\/\"]}]},{\"@type\":\"ImageObject\",\"inLanguage\":\"en-US\",\"@id\":\"https:\\\/\\\/shrimataji.org\\\/test\\\/de\\\/nadis-gunas\\\/#primaryimage\",\"url\":\"https:\\\/\\\/shrimataji.org\\\/test\\\/wp-content\\\/uploads\\\/2023\\\/03\\\/11_Banner-SY-Nadis-2-scaled.jpg\",\"contentUrl\":\"https:\\\/\\\/shrimataji.org\\\/test\\\/wp-content\\\/uploads\\\/2023\\\/03\\\/11_Banner-SY-Nadis-2-scaled.jpg\",\"width\":2560,\"height\":905},{\"@type\":\"BreadcrumbList\",\"@id\":\"https:\\\/\\\/shrimataji.org\\\/test\\\/de\\\/nadis-gunas\\\/#breadcrumb\",\"itemListElement\":[{\"@type\":\"ListItem\",\"position\":1,\"name\":\"Home\",\"item\":\"https:\\\/\\\/shrimataji.org\\\/test\\\/uk\\\/home-en\\\/\"},{\"@type\":\"ListItem\",\"position\":2,\"name\":\"Nadis und Gunas\"}]},{\"@type\":\"WebSite\",\"@id\":\"https:\\\/\\\/shrimataji.org\\\/test\\\/#website\",\"url\":\"https:\\\/\\\/shrimataji.org\\\/test\\\/\",\"name\":\"Shri Mataji Nirmala Devi\",\"description\":\"A Life Dedicated to Humanity\",\"publisher\":{\"@id\":\"https:\\\/\\\/shrimataji.org\\\/test\\\/#\\\/schema\\\/person\\\/a1b3419c6585f164aa96da1ff85715d1\"},\"potentialAction\":[{\"@type\":\"SearchAction\",\"target\":{\"@type\":\"EntryPoint\",\"urlTemplate\":\"https:\\\/\\\/shrimataji.org\\\/test\\\/?s={search_term_string}\"},\"query-input\":{\"@type\":\"PropertyValueSpecification\",\"valueRequired\":true,\"valueName\":\"search_term_string\"}}],\"inLanguage\":\"en-US\"},{\"@type\":[\"Person\",\"Organization\"],\"@id\":\"https:\\\/\\\/shrimataji.org\\\/test\\\/#\\\/schema\\\/person\\\/a1b3419c6585f164aa96da1ff85715d1\",\"name\":\"Nirmala Shrivastava\",\"image\":{\"@type\":\"ImageObject\",\"inLanguage\":\"en-US\",\"@id\":\"https:\\\/\\\/shrimataji.org\\\/test\\\/wp-content\\\/uploads\\\/2023\\\/02\\\/SMO_LOGO-03.svg\",\"url\":\"https:\\\/\\\/shrimataji.org\\\/test\\\/wp-content\\\/uploads\\\/2023\\\/02\\\/SMO_LOGO-03.svg\",\"contentUrl\":\"https:\\\/\\\/shrimataji.org\\\/test\\\/wp-content\\\/uploads\\\/2023\\\/02\\\/SMO_LOGO-03.svg\",\"width\":\"1024\",\"height\":\"1024\",\"caption\":\"Nirmala Shrivastava\"},\"logo\":{\"@id\":\"https:\\\/\\\/shrimataji.org\\\/test\\\/wp-content\\\/uploads\\\/2023\\\/02\\\/SMO_LOGO-03.svg\"},\"sameAs\":[\"https:\\\/\\\/shrimataji.org\\\/test\",\"https:\\\/\\\/www.facebook.com\\\/shrimataji\",\"https:\\\/\\\/x.com\\\/shrimataji\",\"https:\\\/\\\/www.youtube.com\\\/@Shri_Mataji_Nirmala_Devi\\\/featured\"]}]}<\/script>\n<!-- \/ Yoast SEO plugin. -->","yoast_head_json":{"title":"Nadis und Gunas - TEST - SMND","robots":{"index":"noindex","follow":"follow","max-snippet":"max-snippet:-1","max-image-preview":"max-image-preview:large","max-video-preview":"max-video-preview:-1"},"og_locale":"en_US","og_type":"article","og_title":"Nadis und Gunas - TEST - SMND","og_description":"Die Nadis und die drei Stimmungen Gleichgewicht erreichen Das menschlichen subtile System ist sehr kompliziert und wird von tausenden Kan\u00e4len gebildet, die den Fluss feinstofflicher Energie durch den K\u00f6rper erm\u00f6glichen. Manifestationen dieser Energien an bestimmten Stellen des Systems wiederum werden als Chakras bezeichnet. Das Sanskritwort Chakra bedeute so viel wie &#8220;Rad&#8221;. Unser gesamtes subtiles System&hellip; Read more","og_url":"https:\/\/shrimataji.org\/test\/de\/nadis-gunas\/","og_site_name":"TEST - SMND","article_publisher":"https:\/\/www.facebook.com\/shrimataji","article_modified_time":"2024-08-11T21:40:02+00:00","og_image":[{"width":2560,"height":905,"url":"https:\/\/shrimataji.org\/test\/wp-content\/uploads\/2023\/03\/11_Banner-SY-Nadis-2-scaled.jpg","type":"image\/jpeg"}],"twitter_card":"summary_large_image","twitter_site":"@shrimataji","twitter_misc":{"Est. reading time":"3 minutes"},"schema":{"@context":"https:\/\/schema.org","@graph":[{"@type":"WebPage","@id":"https:\/\/shrimataji.org\/test\/de\/nadis-gunas\/","url":"https:\/\/shrimataji.org\/test\/de\/nadis-gunas\/","name":"Nadis und Gunas - TEST - SMND","isPartOf":{"@id":"https:\/\/shrimataji.org\/test\/#website"},"primaryImageOfPage":{"@id":"https:\/\/shrimataji.org\/test\/de\/nadis-gunas\/#primaryimage"},"image":{"@id":"https:\/\/shrimataji.org\/test\/de\/nadis-gunas\/#primaryimage"},"thumbnailUrl":"https:\/\/shrimataji.org\/test\/wp-content\/uploads\/2023\/03\/11_Banner-SY-Nadis-2-scaled.jpg","datePublished":"2022-01-29T10:25:21+00:00","dateModified":"2024-08-11T21:40:02+00:00","breadcrumb":{"@id":"https:\/\/shrimataji.org\/test\/de\/nadis-gunas\/#breadcrumb"},"inLanguage":"en-US","potentialAction":[{"@type":"ReadAction","target":["https:\/\/shrimataji.org\/test\/de\/nadis-gunas\/"]}]},{"@type":"ImageObject","inLanguage":"en-US","@id":"https:\/\/shrimataji.org\/test\/de\/nadis-gunas\/#primaryimage","url":"https:\/\/shrimataji.org\/test\/wp-content\/uploads\/2023\/03\/11_Banner-SY-Nadis-2-scaled.jpg","contentUrl":"https:\/\/shrimataji.org\/test\/wp-content\/uploads\/2023\/03\/11_Banner-SY-Nadis-2-scaled.jpg","width":2560,"height":905},{"@type":"BreadcrumbList","@id":"https:\/\/shrimataji.org\/test\/de\/nadis-gunas\/#breadcrumb","itemListElement":[{"@type":"ListItem","position":1,"name":"Home","item":"https:\/\/shrimataji.org\/test\/uk\/home-en\/"},{"@type":"ListItem","position":2,"name":"Nadis und Gunas"}]},{"@type":"WebSite","@id":"https:\/\/shrimataji.org\/test\/#website","url":"https:\/\/shrimataji.org\/test\/","name":"Shri Mataji Nirmala Devi","description":"A Life Dedicated to Humanity","publisher":{"@id":"https:\/\/shrimataji.org\/test\/#\/schema\/person\/a1b3419c6585f164aa96da1ff85715d1"},"potentialAction":[{"@type":"SearchAction","target":{"@type":"EntryPoint","urlTemplate":"https:\/\/shrimataji.org\/test\/?s={search_term_string}"},"query-input":{"@type":"PropertyValueSpecification","valueRequired":true,"valueName":"search_term_string"}}],"inLanguage":"en-US"},{"@type":["Person","Organization"],"@id":"https:\/\/shrimataji.org\/test\/#\/schema\/person\/a1b3419c6585f164aa96da1ff85715d1","name":"Nirmala Shrivastava","image":{"@type":"ImageObject","inLanguage":"en-US","@id":"https:\/\/shrimataji.org\/test\/wp-content\/uploads\/2023\/02\/SMO_LOGO-03.svg","url":"https:\/\/shrimataji.org\/test\/wp-content\/uploads\/2023\/02\/SMO_LOGO-03.svg","contentUrl":"https:\/\/shrimataji.org\/test\/wp-content\/uploads\/2023\/02\/SMO_LOGO-03.svg","width":"1024","height":"1024","caption":"Nirmala Shrivastava"},"logo":{"@id":"https:\/\/shrimataji.org\/test\/wp-content\/uploads\/2023\/02\/SMO_LOGO-03.svg"},"sameAs":["https:\/\/shrimataji.org\/test","https:\/\/www.facebook.com\/shrimataji","https:\/\/x.com\/shrimataji","https:\/\/www.youtube.com\/@Shri_Mataji_Nirmala_Devi\/featured"]}]}},"lang":"de","translations":{"de":10672,"ur":37470,"en":6406,"am":18042,"th":20006,"hu":19524,"sq":18443,"zh":17340,"hi":8302,"tr":10188,"pt":10398,"fr":10770,"it":10868,"es":10965,"ja":11262,"ru":11450,"bn":11642,"te":11750,"sw":11873,"he":12021,"el":12313,"sk":12411,"fa":12509,"fi":12607,"bg":13386,"ro":14460,"cs":14653,"nl":16603,"ku":16763,"ar":16939,"be":18650,"kn":18924,"mr":20370,"uk":20664,"ml":20959,"ta":22761,"sv":23032,"gu":28875,"pa":29035,"fil":29480,"da":37782,"pl":37994,"nn":38334},"pll_sync_post":[],"_links":{"self":[{"href":"https:\/\/shrimataji.org\/test\/wp-json\/wp\/v2\/pages\/10672","targetHints":{"allow":["GET"]}}],"collection":[{"href":"https:\/\/shrimataji.org\/test\/wp-json\/wp\/v2\/pages"}],"about":[{"href":"https:\/\/shrimataji.org\/test\/wp-json\/wp\/v2\/types\/page"}],"author":[{"embeddable":true,"href":"https:\/\/shrimataji.org\/test\/wp-json\/wp\/v2\/users\/10"}],"replies":[{"embeddable":true,"href":"https:\/\/shrimataji.org\/test\/wp-json\/wp\/v2\/comments?post=10672"}],"version-history":[{"count":0,"href":"https:\/\/shrimataji.org\/test\/wp-json\/wp\/v2\/pages\/10672\/revisions"}],"wp:featuredmedia":[{"embeddable":true,"href":"https:\/\/shrimataji.org\/test\/wp-json\/wp\/v2\/media\/9246"}],"wp:attachment":[{"href":"https:\/\/shrimataji.org\/test\/wp-json\/wp\/v2\/media?parent=10672"}],"curies":[{"name":"wp","href":"https:\/\/api.w.org\/{rel}","templated":true}]}}