{"id":10675,"date":"2012-09-02T10:00:00","date_gmt":"2012-09-02T10:00:00","guid":{"rendered":"http:\/\/testwordpress.nirmalnagari.org\/smnd\/index.php\/our-spiritual-ascent\/"},"modified":"2024-04-27T01:15:19","modified_gmt":"2024-04-27T01:15:19","slug":"spiritueller-aufstieg","status":"publish","type":"page","link":"https:\/\/shrimataji.org\/test\/de\/spiritueller-aufstieg\/","title":{"rendered":"Spiritueller Aufstieg"},"content":{"rendered":"\n\n\t<h1>Unser spiritueller Aufstieg<\/h1>\n<h2>Ausschnitt einer Rede vom 16. Februar 1991 (Chianciano Terme, Italien)<\/h2>\n\t<p>Neulich las ich einige B\u00fccher dar\u00fcber, wie die Selbst-Verwirklichung gegeben wurde, um den Geist zu erkennen und wie die Menschen dabei gequ\u00e4lt wurden.<\/p>\n\t<p>Zuerst wird man aufgefordert, den K\u00f6rper zu verleugnen, ihm zu trotzen und ihn zu verdammen. Wenn es den K\u00f6rper nach Komfort verlange, solle man versuchen, auf dem Teppich zu schlafen und nicht im Bett. Wenn das nicht ausreiche, solle man vom Teppich auf eine Matte wechseln und dann auf der Mutter Erde schlafen. Wenn der K\u00f6rper noch immer nicht in Ordnung sei, schlafe man auf einem Stein. Doch da der Himalaya und Shivas Wohnsitz am Kailash immer noch weit entfernt sei, gehe man in den Himalaya und schlafe auf dem Eis. Das sei das Mindeste.<\/p>\n<p>Mag man gutes und reichhaltiges Essen und esse viel, dann verweigere man erst einmal alles. Italiener etwa d\u00fcrfen dann keine Nudeln mehr essen. Doch auch das reiche noch nicht aus und man solle sehr bittere Dinge essen. Wie im Zen geben sie euch etwas zu essen, was wie sehr konzentriertes Chinin schmeckt, extrem bitter &#8211; oder extrem s\u00fc\u00df. Man stellt also den Geschmackssinn auf die Probe.<\/p>\n<p>Doch der Magen ist immer noch da. Wenn man zu viel esse, faste man einen Tag. Das sei aber nicht ausreichend und man faste sieben und dann 40 Tage lang. Ein Monat hat nur 30 Tage &#8211; 40 Tage zu fasten bedeutet, man ist eigentlich schon am Ende. So kasteit man sich f\u00fcr das Nirvana und erreicht es auch &#8211; weil man fix und fertig und tot ist. Nichts als Knochen bleibt von euch \u00fcbrig und die l\u00f6sen sich dann ins Nirvana auf. Letztendlich folgt der Tod und das ist das Ende. Dann habt ihr das Nirvana zweifelsohne erreicht.<\/p>\n\t\t\t\t<img loading=\"lazy\" decoding=\"async\" src=\"https:\/\/shrimataji.org\/test\/wp-content\/uploads\/2018\/07\/media_originals\/images\/shri-mataji-portraits\/shri-mataji-explaining-742x1024.jpg\" alt=\"shri-mataji-explaining\" height=\"1024\" width=\"742\" title=\"shri-mataji-explaining\" \/>\n\t<p>Man sollte auch nicht in einem Haus wohnen, denn ein Haus bedeutet Bequemlichkeit. Verlass deine Frau, deine Kinder und alle anderen. Trage nur noch einen Lendenschurz und bittet die Leute um Almosen. Doch auch diese Bekleidung macht noch Probleme, denn man h\u00e4ngt an seinem Schurz. Also gehe man in den Himalaya, wo einen niemand sehe, lege auch den Schurz noch ab und verharre zitternd in der K\u00e4lte. Dann erlangt man sein Nirvana in der Tat. Alles wurde getan, um die k\u00f6rperlichen Bed\u00fcrfnisse im Keim zu ersticken: &#8220;Nichts da &#8211; du arbeitest besser an deinem Nirvana.&#8221;<\/p>\n\t<div class=\"su-quote su-quote-style-default\"><div class=\"su-quote-inner su-u-clearfix su-u-trim\">Es beginnt im Herzen und wandert zum Gehirn &#8211; etwas, das aus der Erfahrung der Freude entsteht und euer Gehirn bedeckt.<\/p>\n<p>Euer Gehirn kann es also nicht mehr leugnen. Deshalb ist es besonders f\u00fcr die Menschen im Westen wichtig, ihre Herzen zu \u00f6ffnen. Denn diese Freude geht vom Herzen aus und nicht vom Gehirn.<\/div><\/div>\n\t<p>Die zweite Methode bestand darin, den Verstand zu tilgen, der euch zu den Sinnen und den Dingen f\u00fchrt, die Freude bereiten. Angenommen, man wolle etwas sehr Wichtiges haben, dann sollte man das verneinen. Zu allem, was euer Verstand euch sagt, sagt einfach &#8220;Nein, nein, nein.&#8221; Im Sanskrit lautet das <em>Shloka<\/em>: <em>&#8220;Yan neti neti vachane, nigamo vacha&#8221;<\/em> &#8211; was man dauernd wiederholt: <em>&#8220;Neti, neti.&#8221; <\/em>Das bedeutet:\u00a0&#8220;Nein, nicht das, nicht das, nicht das, nicht das.&#8221;<\/p>\n<p>Dann d\u00fcrft ihr \u00fcber das Nirvana diskutieren &#8211; nur diskutieren. Davor ist man es nicht wert, \u00fcber das Nirvana zu sprechen. Als ich dieses Buch las, sagte ich: &#8220;<em>Baba<\/em>, ich geb&#8217;s auf. Das ist zu viel.&#8221;<\/p>\n\t<p>Im Sahaja Yoga ist es umgekehrt. Man baut erst das Dach des Geb\u00e4udes und dann das Fundament. Das Sahasrara wurde zuerst ge\u00f6ffnet.<\/p>\n<p>Im Licht des Sahasraras sollte man sich selbst beobachten. Durch Introspektion und Vibrationen ist besser zu erkennen, warum wir bestimmte Dinge wollen. Warum richtet sich meine Aufmerksamkeit auf Bequemlichkeit? Warum gilt sie dem Essen, meiner Familie und meinen Kindern, wenn ich doch das H\u00f6chste erreichen soll? Ihr beginnt, euch selbst zu beobachten. Auch an euren Vibrationen erkennt ihr, dass etwas mit euch nicht stimmt. Ihr sucht nicht mehr nach den Fehlern anderer, sondern seht euch selbst. Denn es ist euer Aufstieg, den ihr erreichen m\u00fcsst.<\/p>\n\t<p>In den alten Zeiten wurden alle diese Dinge individuell umgesetzt. Machte sich jemand auf den Weg zum Nirvana, ging man in den <em>Ekant<\/em>, also an einsame Orte. Man hielt sich von Menschen fern und erreichte den Aufstieg, die Selbst-Verwirklichung, nur f\u00fcr sich alleine.<\/p>\n<p>Dann wurde dieser Mensch sehr exklusiv. Er redete mit und traf niemandem und sa\u00df irgendwo auf einem abgelegenen Berggipfel. Wollte ihn jemand besuchen, warf er mit Steinen oder sagte unm\u00f6gliche Dinge, nur um die Begegnung zu vermeiden.<\/p>\n<p>Sahaja Yoga ist nicht so. Es ist ein kollektiver Aufstieg. Diese individuellen Errungenschaften haben die Menschen nirgendwo hingef\u00fchrt. Nat\u00fcrlich haben Heilige versucht, zu den Menschen zu sprechen. Sie berichteten ihnen von der Selbst-Verwirklichung, von Gott, von Rechtschaffenheit und einem Wertesystem. Doch sie wurden auch als fremdartig angesehen, gequ\u00e4lt und bel\u00e4stigt.<\/p>\n<p>Vor dem modernen Sahaja Yoga konnten sie auf der Ebene des individuellen Aufstiegs nichts anderes tun, als dar\u00fcber zu reden. Sogar das Reden dar\u00fcber war verboten und bis zum 12. Jahrhundert sprach in Indien niemand in der \u00d6ffentlichkeit dar\u00fcber. Alles war in schwierigen Sanskrit-B\u00fcchern niedergeschrieben, die nur f\u00fcr wenige Aspiranten zug\u00e4nglich waren. So wurde es nur Wenigen erkl\u00e4rt und die Selbst-Verwirklichung an sich verweigert.<\/p>\n\t\t\t\t<img loading=\"lazy\" decoding=\"async\" src=\"https:\/\/shrimataji.org\/test\/wp-content\/uploads\/2018\/07\/media_originals\/images\/art\/william-blake-jakobs-ladder.jpg\" alt=\"Jakobsleiter des spirituellen Aufstiegs\n(William Blake)\" height=\"1000\" width=\"787\" title=\"william-blake-jakobs-ladder\" \/>\n\t\tJakobsleiter des spirituellen Aufstiegs\n(William Blake)\n\t<p>Ein Meister hatte nur einen Sch\u00fcler, und alles war auf einen individuellen Aufstieg und individuelles Ausarbeiten ausgerichtet. Der Sch\u00fcler wurde von den anderen getrennt und lebte an einem geheimen Ort. Er arbeitete an sich selbst, durfte singen, Gedichte schreiben und dar\u00fcber sprechen, was ihm Freude bereitet. Doch er hatte kein Recht, irgendjemandem die Selbst-Verwirklichung zu geben, noch wusste er, wie man sie weitergibt.<\/p>\n<p>Jetzt seht ihr, wie weit ihr gekommen seid. Ihr habt eure Verwirklichung erhalten, ohne viel aufzugeben. Ihr k\u00f6nnt in einem viel gr\u00f6\u00dferen Rahmen arbeiten, anderen die Selbst-Verwirklichung weitergeben und verf\u00fcgt \u00fcber das gesamte subtile Wissen Sahaja Yogas.<\/p>\n<p>Adi Shankaracharya etwa schrieb eine wundersch\u00f6ne Abhandlung namens <em>Vivekachudamani<\/em>. Darin beschreibt er unter anderem was Gott ist. <em>Viveka<\/em> bedeutet &#8220;Gewissen&#8221; oder &#8220;Bewusstsein&#8221;. Er beschreibt alles sehr ausf\u00fchrlich. Doch es gab einen schrecklichen Kerl namens Sarma, der anfing, mit ihm zu streiten. Irgendwann hatte Adi Shankaracharya es satt und meinte: &#8220;Es hat keinen Sinn, mit ihnen zu reden.&#8221;<\/p>\n<p>Also schrieb er <em>Saundaryalahari<\/em>. Dieses Werk ist nichts anderes als eine Sammlung der Mantras zum Lobpreis der Mutter. &#8220;Ich kenne die Mutter&#8221;, sagte er. &#8220;Jetzt will ich sie preisen. Was bringt es, mit diesen Leuten zu reden? Wie sollen diese Dummk\u00f6pfe das verstehen? Sie haben nicht die F\u00e4higkeit und die Sensibilit\u00e4t das zu verstehen, was ich wei\u00df&#8221;, erkannte er.<\/p>\n\t\t\t\t<img loading=\"lazy\" decoding=\"async\" src=\"https:\/\/shrimataji.org\/test\/wp-content\/uploads\/2018\/07\/media_originals\/images\/shri-mataji-teaching-sahaja-yoga\/shri-mataji-speaking-about-spirituality-and-sahaja-yoga.jpg\" alt=\"Shri Mataji spricht \u00fcber Spiritualit\u00e4t\nund Sahaja Yoga\" height=\"2310\" width=\"1500\" title=\"shri-mataji-speaking-about-spirituality-and-sahaja-yoga\" \/>\n\t\tShri Mataji spricht \u00fcber Spiritualit\u00e4t\nund Sahaja Yoga\n\t<p>Das wahre Wissen besteht darin zu wissen, was Gott ist; und wenn Gott das ist, wie kann man dann mutma\u00dfen und versuchen, es zu analysieren? Es ist Gott. Es ist der allm\u00e4chtige Gott, der alles wei\u00df, alles tut und sich an allem erfreut.<\/p>\n<p>Von diesem Wissen sollte man sagen, dass es <em>Gyana<\/em> ist, das wahre und reine Wissen.<\/p>\n<p>Es ist nicht das Wissen \u00fcber die Chakren, die Vibrationen oder \u00fcber die <em>Kundalini<\/em>, sondern das Erkennen Gottes des Allm\u00e4chtigen. Und das Erkennen Gottes des Allm\u00e4chtigen ist nicht mental.<\/p>\n<p>Ich sage noch einmal, dass etwas aus der Erfahrung der Freude und von eurem Herzen ausgeht und dann euer Gehirn bedeckt. Euer Gehirn kann es also nicht mehr leugnen.<\/p>\n<p>Ihr kennt die Liebe eurer Mutter, aber k\u00f6nnt sie nicht erkl\u00e4ren. Von Herzen sagt ihr: &#8220;Nein, meine Mutter w\u00fcrde so etwas nicht tun. Ich kenne meine Mutter sehr gut.&#8221; Selbst wenn eure Mutter, die euch auf die Welt gebracht hat, vielleicht nicht so gut war &#8211; ihr wisst, dass Gott Liebe und Wahrheit ist und dass er alles wei\u00df. Dieses Wissen wird zu einem festen Bestandteil eures Wesens &#8211; und diesen Moment beschreiben wir als Nirvana.<\/p>\n<p>Es ist also besonders f\u00fcr die Menschen des Westens wichtig, ihre Herzen zu \u00f6ffnen. Denn es beginnt im Herzen und nicht im Gehirn.<\/p>\n\n","protected":false},"excerpt":{"rendered":"<p>Unser spiritueller Aufstieg Ausschnitt einer Rede vom 16. Februar 1991 (Chianciano Terme, Italien) Neulich las ich einige B\u00fccher dar\u00fcber, wie die Selbst-Verwirklichung gegeben wurde, um den Geist zu erkennen und wie die Menschen dabei gequ\u00e4lt wurden. Zuerst wird man aufgefordert, den K\u00f6rper zu verleugnen, ihm zu trotzen und ihn zu verdammen. Wenn es den K\u00f6rper&hellip; <br \/> <a class=\"read-more\" href=\"https:\/\/shrimataji.org\/test\/de\/spiritueller-aufstieg\/\">Read more<\/a><\/p>\n","protected":false},"author":10,"featured_media":140,"parent":0,"menu_order":0,"comment_status":"closed","ping_status":"closed","template":"","meta":{"inline_featured_image":false,"footnotes":""},"class_list":["post-10675","page","type-page","status-publish","has-post-thumbnail","hentry"],"yoast_head":"<!-- This site is optimized with the Yoast SEO plugin v27.4 - https:\/\/yoast.com\/product\/yoast-seo-wordpress\/ -->\n<title>Spiritueller Aufstieg - TEST - SMND<\/title>\n<meta name=\"robots\" content=\"noindex, follow, max-snippet:-1, max-image-preview:large, max-video-preview:-1\" \/>\n<meta property=\"og:locale\" content=\"en_US\" \/>\n<meta property=\"og:type\" content=\"article\" \/>\n<meta property=\"og:title\" content=\"Spiritueller Aufstieg - TEST - SMND\" \/>\n<meta property=\"og:description\" content=\"Unser spiritueller Aufstieg Ausschnitt einer Rede vom 16. Februar 1991 (Chianciano Terme, Italien) Neulich las ich einige B\u00fccher dar\u00fcber, wie die Selbst-Verwirklichung gegeben wurde, um den Geist zu erkennen und wie die Menschen dabei gequ\u00e4lt wurden. Zuerst wird man aufgefordert, den K\u00f6rper zu verleugnen, ihm zu trotzen und ihn zu verdammen. Wenn es den K\u00f6rper&hellip; Read more\" \/>\n<meta property=\"og:url\" content=\"https:\/\/shrimataji.org\/test\/de\/spiritueller-aufstieg\/\" \/>\n<meta property=\"og:site_name\" content=\"TEST - SMND\" \/>\n<meta property=\"article:publisher\" content=\"https:\/\/www.facebook.com\/shrimataji\" \/>\n<meta property=\"article:modified_time\" content=\"2024-04-27T01:15:19+00:00\" \/>\n<meta property=\"og:image\" content=\"https:\/\/shrimataji.org\/test\/wp-content\/uploads\/2018\/07\/media_originals\/images\/headers-general\/jacobs-ladder-by-william-blake-spiritual-ascent.jpg\" \/>\n\t<meta property=\"og:image:width\" content=\"990\" \/>\n\t<meta property=\"og:image:height\" content=\"350\" \/>\n\t<meta property=\"og:image:type\" content=\"image\/jpeg\" \/>\n<meta name=\"twitter:card\" content=\"summary_large_image\" \/>\n<meta name=\"twitter:site\" content=\"@shrimataji\" \/>\n<script type=\"application\/ld+json\" class=\"yoast-schema-graph\">{\"@context\":\"https:\\\/\\\/schema.org\",\"@graph\":[{\"@type\":\"WebPage\",\"@id\":\"https:\\\/\\\/shrimataji.org\\\/test\\\/de\\\/spiritueller-aufstieg\\\/\",\"url\":\"https:\\\/\\\/shrimataji.org\\\/test\\\/de\\\/spiritueller-aufstieg\\\/\",\"name\":\"Spiritueller Aufstieg - TEST - SMND\",\"isPartOf\":{\"@id\":\"https:\\\/\\\/shrimataji.org\\\/test\\\/#website\"},\"primaryImageOfPage\":{\"@id\":\"https:\\\/\\\/shrimataji.org\\\/test\\\/de\\\/spiritueller-aufstieg\\\/#primaryimage\"},\"image\":{\"@id\":\"https:\\\/\\\/shrimataji.org\\\/test\\\/de\\\/spiritueller-aufstieg\\\/#primaryimage\"},\"thumbnailUrl\":\"https:\\\/\\\/shrimataji.org\\\/test\\\/wp-content\\\/uploads\\\/2018\\\/07\\\/media_originals\\\/images\\\/headers-general\\\/jacobs-ladder-by-william-blake-spiritual-ascent.jpg\",\"datePublished\":\"2012-09-02T10:00:00+00:00\",\"dateModified\":\"2024-04-27T01:15:19+00:00\",\"breadcrumb\":{\"@id\":\"https:\\\/\\\/shrimataji.org\\\/test\\\/de\\\/spiritueller-aufstieg\\\/#breadcrumb\"},\"inLanguage\":\"en-US\",\"potentialAction\":[{\"@type\":\"ReadAction\",\"target\":[\"https:\\\/\\\/shrimataji.org\\\/test\\\/de\\\/spiritueller-aufstieg\\\/\"]}]},{\"@type\":\"ImageObject\",\"inLanguage\":\"en-US\",\"@id\":\"https:\\\/\\\/shrimataji.org\\\/test\\\/de\\\/spiritueller-aufstieg\\\/#primaryimage\",\"url\":\"https:\\\/\\\/shrimataji.org\\\/test\\\/wp-content\\\/uploads\\\/2018\\\/07\\\/media_originals\\\/images\\\/headers-general\\\/jacobs-ladder-by-william-blake-spiritual-ascent.jpg\",\"contentUrl\":\"https:\\\/\\\/shrimataji.org\\\/test\\\/wp-content\\\/uploads\\\/2018\\\/07\\\/media_originals\\\/images\\\/headers-general\\\/jacobs-ladder-by-william-blake-spiritual-ascent.jpg\",\"width\":990,\"height\":350},{\"@type\":\"BreadcrumbList\",\"@id\":\"https:\\\/\\\/shrimataji.org\\\/test\\\/de\\\/spiritueller-aufstieg\\\/#breadcrumb\",\"itemListElement\":[{\"@type\":\"ListItem\",\"position\":1,\"name\":\"Home\",\"item\":\"https:\\\/\\\/shrimataji.org\\\/test\\\/uk\\\/home-en\\\/\"},{\"@type\":\"ListItem\",\"position\":2,\"name\":\"Spiritueller Aufstieg\"}]},{\"@type\":\"WebSite\",\"@id\":\"https:\\\/\\\/shrimataji.org\\\/test\\\/#website\",\"url\":\"https:\\\/\\\/shrimataji.org\\\/test\\\/\",\"name\":\"Shri Mataji Nirmala Devi\",\"description\":\"A Life Dedicated to Humanity\",\"publisher\":{\"@id\":\"https:\\\/\\\/shrimataji.org\\\/test\\\/#\\\/schema\\\/person\\\/a1b3419c6585f164aa96da1ff85715d1\"},\"potentialAction\":[{\"@type\":\"SearchAction\",\"target\":{\"@type\":\"EntryPoint\",\"urlTemplate\":\"https:\\\/\\\/shrimataji.org\\\/test\\\/?s={search_term_string}\"},\"query-input\":{\"@type\":\"PropertyValueSpecification\",\"valueRequired\":true,\"valueName\":\"search_term_string\"}}],\"inLanguage\":\"en-US\"},{\"@type\":[\"Person\",\"Organization\"],\"@id\":\"https:\\\/\\\/shrimataji.org\\\/test\\\/#\\\/schema\\\/person\\\/a1b3419c6585f164aa96da1ff85715d1\",\"name\":\"Nirmala Shrivastava\",\"image\":{\"@type\":\"ImageObject\",\"inLanguage\":\"en-US\",\"@id\":\"https:\\\/\\\/shrimataji.org\\\/test\\\/wp-content\\\/uploads\\\/2023\\\/02\\\/SMO_LOGO-03.svg\",\"url\":\"https:\\\/\\\/shrimataji.org\\\/test\\\/wp-content\\\/uploads\\\/2023\\\/02\\\/SMO_LOGO-03.svg\",\"contentUrl\":\"https:\\\/\\\/shrimataji.org\\\/test\\\/wp-content\\\/uploads\\\/2023\\\/02\\\/SMO_LOGO-03.svg\",\"width\":\"1024\",\"height\":\"1024\",\"caption\":\"Nirmala Shrivastava\"},\"logo\":{\"@id\":\"https:\\\/\\\/shrimataji.org\\\/test\\\/wp-content\\\/uploads\\\/2023\\\/02\\\/SMO_LOGO-03.svg\"},\"sameAs\":[\"https:\\\/\\\/shrimataji.org\\\/test\",\"https:\\\/\\\/www.facebook.com\\\/shrimataji\",\"https:\\\/\\\/x.com\\\/shrimataji\",\"https:\\\/\\\/www.youtube.com\\\/@Shri_Mataji_Nirmala_Devi\\\/featured\"]}]}<\/script>\n<!-- \/ Yoast SEO plugin. -->","yoast_head_json":{"title":"Spiritueller Aufstieg - TEST - SMND","robots":{"index":"noindex","follow":"follow","max-snippet":"max-snippet:-1","max-image-preview":"max-image-preview:large","max-video-preview":"max-video-preview:-1"},"og_locale":"en_US","og_type":"article","og_title":"Spiritueller Aufstieg - TEST - SMND","og_description":"Unser spiritueller Aufstieg Ausschnitt einer Rede vom 16. Februar 1991 (Chianciano Terme, Italien) Neulich las ich einige B\u00fccher dar\u00fcber, wie die Selbst-Verwirklichung gegeben wurde, um den Geist zu erkennen und wie die Menschen dabei gequ\u00e4lt wurden. Zuerst wird man aufgefordert, den K\u00f6rper zu verleugnen, ihm zu trotzen und ihn zu verdammen. Wenn es den K\u00f6rper&hellip; Read more","og_url":"https:\/\/shrimataji.org\/test\/de\/spiritueller-aufstieg\/","og_site_name":"TEST - SMND","article_publisher":"https:\/\/www.facebook.com\/shrimataji","article_modified_time":"2024-04-27T01:15:19+00:00","og_image":[{"width":990,"height":350,"url":"https:\/\/shrimataji.org\/test\/wp-content\/uploads\/2018\/07\/media_originals\/images\/headers-general\/jacobs-ladder-by-william-blake-spiritual-ascent.jpg","type":"image\/jpeg"}],"twitter_card":"summary_large_image","twitter_site":"@shrimataji","schema":{"@context":"https:\/\/schema.org","@graph":[{"@type":"WebPage","@id":"https:\/\/shrimataji.org\/test\/de\/spiritueller-aufstieg\/","url":"https:\/\/shrimataji.org\/test\/de\/spiritueller-aufstieg\/","name":"Spiritueller Aufstieg - TEST - SMND","isPartOf":{"@id":"https:\/\/shrimataji.org\/test\/#website"},"primaryImageOfPage":{"@id":"https:\/\/shrimataji.org\/test\/de\/spiritueller-aufstieg\/#primaryimage"},"image":{"@id":"https:\/\/shrimataji.org\/test\/de\/spiritueller-aufstieg\/#primaryimage"},"thumbnailUrl":"https:\/\/shrimataji.org\/test\/wp-content\/uploads\/2018\/07\/media_originals\/images\/headers-general\/jacobs-ladder-by-william-blake-spiritual-ascent.jpg","datePublished":"2012-09-02T10:00:00+00:00","dateModified":"2024-04-27T01:15:19+00:00","breadcrumb":{"@id":"https:\/\/shrimataji.org\/test\/de\/spiritueller-aufstieg\/#breadcrumb"},"inLanguage":"en-US","potentialAction":[{"@type":"ReadAction","target":["https:\/\/shrimataji.org\/test\/de\/spiritueller-aufstieg\/"]}]},{"@type":"ImageObject","inLanguage":"en-US","@id":"https:\/\/shrimataji.org\/test\/de\/spiritueller-aufstieg\/#primaryimage","url":"https:\/\/shrimataji.org\/test\/wp-content\/uploads\/2018\/07\/media_originals\/images\/headers-general\/jacobs-ladder-by-william-blake-spiritual-ascent.jpg","contentUrl":"https:\/\/shrimataji.org\/test\/wp-content\/uploads\/2018\/07\/media_originals\/images\/headers-general\/jacobs-ladder-by-william-blake-spiritual-ascent.jpg","width":990,"height":350},{"@type":"BreadcrumbList","@id":"https:\/\/shrimataji.org\/test\/de\/spiritueller-aufstieg\/#breadcrumb","itemListElement":[{"@type":"ListItem","position":1,"name":"Home","item":"https:\/\/shrimataji.org\/test\/uk\/home-en\/"},{"@type":"ListItem","position":2,"name":"Spiritueller Aufstieg"}]},{"@type":"WebSite","@id":"https:\/\/shrimataji.org\/test\/#website","url":"https:\/\/shrimataji.org\/test\/","name":"Shri Mataji Nirmala Devi","description":"A Life Dedicated to Humanity","publisher":{"@id":"https:\/\/shrimataji.org\/test\/#\/schema\/person\/a1b3419c6585f164aa96da1ff85715d1"},"potentialAction":[{"@type":"SearchAction","target":{"@type":"EntryPoint","urlTemplate":"https:\/\/shrimataji.org\/test\/?s={search_term_string}"},"query-input":{"@type":"PropertyValueSpecification","valueRequired":true,"valueName":"search_term_string"}}],"inLanguage":"en-US"},{"@type":["Person","Organization"],"@id":"https:\/\/shrimataji.org\/test\/#\/schema\/person\/a1b3419c6585f164aa96da1ff85715d1","name":"Nirmala Shrivastava","image":{"@type":"ImageObject","inLanguage":"en-US","@id":"https:\/\/shrimataji.org\/test\/wp-content\/uploads\/2023\/02\/SMO_LOGO-03.svg","url":"https:\/\/shrimataji.org\/test\/wp-content\/uploads\/2023\/02\/SMO_LOGO-03.svg","contentUrl":"https:\/\/shrimataji.org\/test\/wp-content\/uploads\/2023\/02\/SMO_LOGO-03.svg","width":"1024","height":"1024","caption":"Nirmala Shrivastava"},"logo":{"@id":"https:\/\/shrimataji.org\/test\/wp-content\/uploads\/2023\/02\/SMO_LOGO-03.svg"},"sameAs":["https:\/\/shrimataji.org\/test","https:\/\/www.facebook.com\/shrimataji","https:\/\/x.com\/shrimataji","https:\/\/www.youtube.com\/@Shri_Mataji_Nirmala_Devi\/featured"]}]}},"lang":"de","translations":{"de":10675,"ur":37473,"en":429,"am":18046,"th":20013,"hu":19530,"sq":18447,"zh":17344,"tr":10191,"pt":10401,"fr":10773,"it":10871,"es":10968,"ja":11265,"ru":11453,"bn":11645,"te":11753,"sw":11876,"he":12024,"el":12316,"sk":12414,"fa":12512,"fi":12610,"bg":13500,"ro":14575,"cs":14768,"nl":16607,"ku":16767,"ar":16943,"be":18654,"kn":18928,"mr":20377,"uk":20671,"ml":20966,"ta":22765,"sv":23035,"gu":28879,"pa":29039,"fil":29483,"da":37784,"pl":37996,"nn":38336},"pll_sync_post":[],"_links":{"self":[{"href":"https:\/\/shrimataji.org\/test\/wp-json\/wp\/v2\/pages\/10675","targetHints":{"allow":["GET"]}}],"collection":[{"href":"https:\/\/shrimataji.org\/test\/wp-json\/wp\/v2\/pages"}],"about":[{"href":"https:\/\/shrimataji.org\/test\/wp-json\/wp\/v2\/types\/page"}],"author":[{"embeddable":true,"href":"https:\/\/shrimataji.org\/test\/wp-json\/wp\/v2\/users\/10"}],"replies":[{"embeddable":true,"href":"https:\/\/shrimataji.org\/test\/wp-json\/wp\/v2\/comments?post=10675"}],"version-history":[{"count":0,"href":"https:\/\/shrimataji.org\/test\/wp-json\/wp\/v2\/pages\/10675\/revisions"}],"wp:featuredmedia":[{"embeddable":true,"href":"https:\/\/shrimataji.org\/test\/wp-json\/wp\/v2\/media\/140"}],"wp:attachment":[{"href":"https:\/\/shrimataji.org\/test\/wp-json\/wp\/v2\/media?parent=10675"}],"curies":[{"name":"wp","href":"https:\/\/api.w.org\/{rel}","templated":true}]}}