{"id":10706,"date":"2018-07-10T06:54:50","date_gmt":"2018-07-10T06:54:50","guid":{"rendered":"http:\/\/testwordpress.nirmalnagari.org\/smnd\/index.php\/the-widening-circle\/"},"modified":"2024-06-13T14:03:51","modified_gmt":"2024-06-13T14:03:51","slug":"groessere-kreis","status":"publish","type":"page","link":"https:\/\/shrimataji.org\/test\/de\/groessere-kreis\/","title":{"rendered":"Wachsende Bekanntheit"},"content":{"rendered":"\n\n\t<h1>Wachsende Bekanntheit<\/h1>\n<h2>Der Wind des Wandels<\/h2>\n\t<h4>Am 27. Mai 1964 verstarb der erste indische Premierminister Jawaharlal Nehru. <a href=\"https:\/\/shrimataji.org\/test\/de\/srivastava-de\/\" target=\"_blank\" rel=\"noopener\">Sir Chandrika P. Srivastava<\/a>, Shri Matajis Ehemann, befand sich zu diesem Zeitpunkt im Vereinigten K\u00f6nigreich, um an einer Konferenz teilzunehmen. Am Dienstag, den 2. Juni, kam die Nachricht, dass Lal Bahadur Shastri zum neuen Vorsitzenden der Kongresspartei gew\u00e4hlt worden war und bald zum zweiten Premierminister Indiens ernannt werden w\u00fcrde.<\/h4>\n\t<p>Als Sir Chandrika Srivastava &#8211; alias Sir C. P. &#8211; von Gro\u00dfbritannien nach Mumbai zur\u00fcckkehrte, berichteten die Zeitungen von einer Erkrankung Lal Bahadur Shastris. Shri Mataji dr\u00e4ngte ihren Mann, sofort nach Neu-Delhi zu reisen und ihm seine Dienste anzubieten. Da Shastri ihrem Mann vertraue, war sie der festen \u00dcberzeugung, dass es Sir C. P.&#8217;s Pflicht sei, ihm auf jede erdenkliche Weise zu helfen.<\/p>\n<p>Einige Tage sp\u00e4ter konnte Sir C. P. den genesenden Shastri besuchen, als er an einem Treffen in Neu-Delhi teilnahm. W\u00e4hrend dieses zuf\u00e4lligen Treffens bat Shastri Shri Matajis Ehemann, Joint Secretary des Premierministers zu werden und an seiner Seite der indischen Nation zu dienen.<\/p>\n\t\t\t\t<img loading=\"lazy\" decoding=\"async\" src=\"https:\/\/shrimataji.org\/test\/wp-content\/uploads\/2024\/06\/shri-mataji-lal-bahadur-shastri.jpg\" alt=\"Shri Mataji macht G\u00e4ste mit Lal Bahadur Shastri in Mumbai bekannt.\" height=\"452\" width=\"674\" title=\"shri-mataji-lal-bahadur-shastri\" \/>\n\t\tShri Mataji macht G\u00e4ste mit Lal Bahadur Shastri in Mumbai bekannt.\n\t<p>In der von ihm verfassten Biografie <em>Lal Bahadur Shastri, a Life of Truth in Politics<\/em> erinnert sich Sir C. P.: &#8220;Wenn wir beide den Premierminister besuchten, sprach er oft mit ihr \u00fcber Heilige und Weise oder \u00fcber Religion und Spiritualit\u00e4t. Das waren Gebiete, auf denen sie \u00fcber gro\u00dfes Wissen verf\u00fcgte. Shastri ermutigte Nirmala sogar, der Indischen Kongresspartei beizutreten. Doch Nirmala tendierte mehr zur Spiritualit\u00e4t und nicht zur Politik.&#8221;<\/p>\n<p>W\u00e4hrend ihr Mann im Laufe der Jahre seinen Staatsgesch\u00e4ften nachging, engagierte sich Shri Mataji im sozialen Bereich. Sie sammelte Geld f\u00fcr ein Sanatorium in der N\u00e4he von Chandrapur in Maharashtra und wurde Pr\u00e4sidentin der Vereinigung &#8220;Friends of the Blind&#8221;. In Mirat gr\u00fcndete sie ein Heim f\u00fcr Fl\u00fcchtlinge und Invaliden und sie unterst\u00fctzte ein gro\u00dfes Heim f\u00fcr Leprakranke.<\/p>\n\t<p>Im Oktober 1969 wurde Shri Matajis erste Tochter, Kalpana, in Mumbai mit Prabhat Shrivastav verheiratet.<\/p>\n\t\t\t\t<img loading=\"lazy\" decoding=\"async\" src=\"https:\/\/shrimataji.org\/test\/wp-content\/uploads\/2018\/07\/media_originals\/images\/shri-mataji-and-family\/shri-mataji-with-daughter-kalpana-upon-her-marriage.jpg\" alt=\"Shri Mataji \nund ihre Tochter Kalpana auf ihrer Hochzeit\" height=\"1440\" width=\"1085\" title=\"shri-mataji-with-daughter-kalpana-upon-her-marriage\" \/>\n\t\tShri Mataji \nund ihre Tochter Kalpana auf ihrer Hochzeit\n\t\t\t\t<img loading=\"lazy\" decoding=\"async\" src=\"https:\/\/shrimataji.org\/test\/wp-content\/uploads\/2018\/07\/media_originals\/images\/shri-mataji-and-family\/shri-mataji-with-sir-cp-and-prabhat-at-daughter-kalpanas-wedding-1024x757.jpg\" alt=\"Shri Mataji mit Sir C. P. und ihrem Schwiegersohn Prabhat auf der Hochzeit ihrer Tochter Kalpana\" height=\"757\" width=\"1024\" title=\"shri-mataji-with-sir-cp-and-prabhat-at-daughter-kalpanas-wedding\" \/>\n\t\tShri Mataji mit Sir C. P. und ihrem Schwiegersohn Prabhat auf der Hochzeit ihrer Tochter Kalpana\n\t<p>Anfang Oktober 1970 erkrankte Shri Matajis eigene Mutter schwer. Shri Mataji kehrte von einer Auslandsreise zur\u00fcck, um sie zu besuchen. \u00dcberraschenderweise war ihre Mutter in recht guter Stimmung und fragte sie, ob sie gefunden habe, was ihr Vater sich f\u00fcr sie gew\u00fcnscht hatte. Shri Mataji erz\u00e4hlte ihr, dass sie eine Methode gefunden hatte, Menschen in gro\u00dfer Zahl die Selbst-Verwirklichung zu geben. Am Sonntag, den 11. Oktober 1970, verstarb Cornelia Karuna Salve in Nagpur.<\/p>\n<p>Bald darauf wurde Shri Mataji zu einem Er\u00f6ffnungsflug der Air India nach Paris eingeladen. Von dort aus reiste sie nach Teheran, um ihren j\u00fcngeren Bruder, Hermant Prasadrao Salve, alias H. P., zu besuchen, der von der Fluggesellschaft dorthin geschickt worden war.<a href=\"#footnote-1\"><sup>[1]<\/sup><\/a><\/p>\n<p>Hermant Salve bemerkte w\u00e4hrend dieser gemeinsamen Zeit, dass sich seine \u00e4ltere Schwester ver\u00e4ndert hatte. Tats\u00e4chlich hatte Shri Mataji zu diesem Zeitpunkt bereits etwa 12 Anh\u00e4nger und Anh\u00e4ngerinnen in Indien, die eine Lehrerin und einen Guru in ihr sahen.<\/p>\n<p>Sie berichtete ihrem Bruder von der kraftvollen Transformation, die sie am Dienstag, den 5. Mai 1970, tats\u00e4chlich erlebt hatte, und \u00e4u\u00dferte den Wunsch, einigen seiner spirituell interessierten Freunde die Selbst-Verwirklichung zu geben. Als Shri Mataji von einer Besichtigungsreise nach Shiraz wieder nach Teheran zur\u00fcckkam, rief Hermant Salve einige seiner Freunde an und arrangierte ein Abendessen, wo sie Shri Mataji begegnen konnten. Am n\u00e4chsten Tag kamen etwa 20 Freunde &#8211; darunter auch Pressevertreter &#8211; zum Abendessen und, was noch wichtiger war, um ihr spirituelles Erwachen zu erleben.<\/p>\n<p>H. P. erinnerte sich: &#8220;Bei Dr. Divan schien nach seiner Selbst-Verwirklichung Sandelholzduft aus seinem Scheitel zu treten. Ich staunte, wie Shri Mataji einen solchen Duft aus dem K\u00f6rper eines Menschen str\u00f6men lassen konnte, der so weit von ihr entfernt sa\u00df. Eine an akuter Arthritis leidende und von Kr\u00fccken gest\u00fctzte Parsin konnte nach ihrer Selbst-Verwirklichung ohne Gehhilfen laufen und wurde am n\u00e4chsten Tag beim Autofahren gesehen.&#8221;<\/p>\n<p>Am n\u00e4chsten Tag berichteten f\u00fchrende englische Zeitungen Teherans von diesem Ereignis und dass es Zeugen daf\u00fcr gebe. Daraufhin str\u00f6mten viele Menschen zu Shri Mataji, was ihr Bruder so kommentierte: &#8220;Als sie nach Teheran kam, habe ich sie als meine Schwester vorgestellt. Doch als sie wieder abreiste,\u00a0 wurde ich als ihr Bruder vorgestellt. So bekannt war sie geworden.&#8221; Schon bald wurde H. P. Salve mit <em>Babamama<\/em> angesprochen, also mit einem liebevollen Ausdruck f\u00fcr den &#8220;Bruder der Mutter&#8221;.<\/p>\n\t<h4>&#8220;Das Sch\u00f6nste, was wir erleben k\u00f6nnen, ist das Mystische. Es ist die Quelle aller wahren Kunst und Wissenschaft.&#8221;<\/h4>\n<h4>Albert Einstein<\/h4>\n\t<p><a id=\"footnote-1\"><\/a>[1] Salve, H. P. (2000): My Memoirs, Life Eternal Trust, New Delhi<\/p>\n\n","protected":false},"excerpt":{"rendered":"<p>Wachsende Bekanntheit Der Wind des Wandels Am 27. Mai 1964 verstarb der erste indische Premierminister Jawaharlal Nehru. Sir Chandrika P. Srivastava, Shri Matajis Ehemann, befand sich zu diesem Zeitpunkt im Vereinigten K\u00f6nigreich, um an einer Konferenz teilzunehmen. Am Dienstag, den 2. Juni, kam die Nachricht, dass Lal Bahadur Shastri zum neuen Vorsitzenden der Kongresspartei gew\u00e4hlt&hellip; <br \/> <a class=\"read-more\" href=\"https:\/\/shrimataji.org\/test\/de\/groessere-kreis\/\">Read more<\/a><\/p>\n","protected":false},"author":10,"featured_media":9515,"parent":0,"menu_order":0,"comment_status":"closed","ping_status":"closed","template":"","meta":{"inline_featured_image":false,"footnotes":""},"class_list":["post-10706","page","type-page","status-publish","has-post-thumbnail","hentry"],"yoast_head":"<!-- This site is optimized with the Yoast SEO plugin v27.4 - https:\/\/yoast.com\/product\/yoast-seo-wordpress\/ -->\n<title>Wachsende Bekanntheit - TEST - SMND<\/title>\n<meta name=\"robots\" content=\"noindex, follow, max-snippet:-1, max-image-preview:large, max-video-preview:-1\" \/>\n<meta property=\"og:locale\" content=\"en_US\" \/>\n<meta property=\"og:type\" content=\"article\" \/>\n<meta property=\"og:title\" content=\"Wachsende Bekanntheit - TEST - SMND\" \/>\n<meta property=\"og:description\" content=\"Wachsende Bekanntheit Der Wind des Wandels Am 27. Mai 1964 verstarb der erste indische Premierminister Jawaharlal Nehru. Sir Chandrika P. Srivastava, Shri Matajis Ehemann, befand sich zu diesem Zeitpunkt im Vereinigten K\u00f6nigreich, um an einer Konferenz teilzunehmen. Am Dienstag, den 2. Juni, kam die Nachricht, dass Lal Bahadur Shastri zum neuen Vorsitzenden der Kongresspartei gew\u00e4hlt&hellip; Read more\" \/>\n<meta property=\"og:url\" content=\"https:\/\/shrimataji.org\/test\/de\/groessere-kreis\/\" \/>\n<meta property=\"og:site_name\" content=\"TEST - SMND\" \/>\n<meta property=\"article:publisher\" content=\"https:\/\/www.facebook.com\/shrimataji\" \/>\n<meta property=\"article:modified_time\" content=\"2024-06-13T14:03:51+00:00\" \/>\n<meta property=\"og:image\" content=\"https:\/\/shrimataji.org\/test\/wp-content\/uploads\/2023\/03\/10_Banner-PublicLife-WideningCircle_2-scaled.jpg\" \/>\n\t<meta property=\"og:image:width\" content=\"2560\" \/>\n\t<meta property=\"og:image:height\" content=\"905\" \/>\n\t<meta property=\"og:image:type\" content=\"image\/jpeg\" \/>\n<meta name=\"twitter:card\" content=\"summary_large_image\" \/>\n<meta name=\"twitter:site\" content=\"@shrimataji\" \/>\n<meta name=\"twitter:label1\" content=\"Est. reading time\" \/>\n\t<meta name=\"twitter:data1\" content=\"4 minutes\" \/>\n<script type=\"application\/ld+json\" class=\"yoast-schema-graph\">{\"@context\":\"https:\\\/\\\/schema.org\",\"@graph\":[{\"@type\":\"WebPage\",\"@id\":\"https:\\\/\\\/shrimataji.org\\\/test\\\/de\\\/groessere-kreis\\\/\",\"url\":\"https:\\\/\\\/shrimataji.org\\\/test\\\/de\\\/groessere-kreis\\\/\",\"name\":\"Wachsende Bekanntheit - TEST - SMND\",\"isPartOf\":{\"@id\":\"https:\\\/\\\/shrimataji.org\\\/test\\\/#website\"},\"primaryImageOfPage\":{\"@id\":\"https:\\\/\\\/shrimataji.org\\\/test\\\/de\\\/groessere-kreis\\\/#primaryimage\"},\"image\":{\"@id\":\"https:\\\/\\\/shrimataji.org\\\/test\\\/de\\\/groessere-kreis\\\/#primaryimage\"},\"thumbnailUrl\":\"https:\\\/\\\/shrimataji.org\\\/test\\\/wp-content\\\/uploads\\\/2023\\\/03\\\/10_Banner-PublicLife-WideningCircle_2-scaled.jpg\",\"datePublished\":\"2018-07-10T06:54:50+00:00\",\"dateModified\":\"2024-06-13T14:03:51+00:00\",\"breadcrumb\":{\"@id\":\"https:\\\/\\\/shrimataji.org\\\/test\\\/de\\\/groessere-kreis\\\/#breadcrumb\"},\"inLanguage\":\"en-US\",\"potentialAction\":[{\"@type\":\"ReadAction\",\"target\":[\"https:\\\/\\\/shrimataji.org\\\/test\\\/de\\\/groessere-kreis\\\/\"]}]},{\"@type\":\"ImageObject\",\"inLanguage\":\"en-US\",\"@id\":\"https:\\\/\\\/shrimataji.org\\\/test\\\/de\\\/groessere-kreis\\\/#primaryimage\",\"url\":\"https:\\\/\\\/shrimataji.org\\\/test\\\/wp-content\\\/uploads\\\/2023\\\/03\\\/10_Banner-PublicLife-WideningCircle_2-scaled.jpg\",\"contentUrl\":\"https:\\\/\\\/shrimataji.org\\\/test\\\/wp-content\\\/uploads\\\/2023\\\/03\\\/10_Banner-PublicLife-WideningCircle_2-scaled.jpg\",\"width\":2560,\"height\":905},{\"@type\":\"BreadcrumbList\",\"@id\":\"https:\\\/\\\/shrimataji.org\\\/test\\\/de\\\/groessere-kreis\\\/#breadcrumb\",\"itemListElement\":[{\"@type\":\"ListItem\",\"position\":1,\"name\":\"Home\",\"item\":\"https:\\\/\\\/shrimataji.org\\\/test\\\/uk\\\/home-en\\\/\"},{\"@type\":\"ListItem\",\"position\":2,\"name\":\"Wachsende Bekanntheit\"}]},{\"@type\":\"WebSite\",\"@id\":\"https:\\\/\\\/shrimataji.org\\\/test\\\/#website\",\"url\":\"https:\\\/\\\/shrimataji.org\\\/test\\\/\",\"name\":\"Shri Mataji Nirmala Devi\",\"description\":\"A Life Dedicated to Humanity\",\"publisher\":{\"@id\":\"https:\\\/\\\/shrimataji.org\\\/test\\\/#\\\/schema\\\/person\\\/a1b3419c6585f164aa96da1ff85715d1\"},\"potentialAction\":[{\"@type\":\"SearchAction\",\"target\":{\"@type\":\"EntryPoint\",\"urlTemplate\":\"https:\\\/\\\/shrimataji.org\\\/test\\\/?s={search_term_string}\"},\"query-input\":{\"@type\":\"PropertyValueSpecification\",\"valueRequired\":true,\"valueName\":\"search_term_string\"}}],\"inLanguage\":\"en-US\"},{\"@type\":[\"Person\",\"Organization\"],\"@id\":\"https:\\\/\\\/shrimataji.org\\\/test\\\/#\\\/schema\\\/person\\\/a1b3419c6585f164aa96da1ff85715d1\",\"name\":\"Nirmala Shrivastava\",\"image\":{\"@type\":\"ImageObject\",\"inLanguage\":\"en-US\",\"@id\":\"https:\\\/\\\/shrimataji.org\\\/test\\\/wp-content\\\/uploads\\\/2023\\\/02\\\/SMO_LOGO-03.svg\",\"url\":\"https:\\\/\\\/shrimataji.org\\\/test\\\/wp-content\\\/uploads\\\/2023\\\/02\\\/SMO_LOGO-03.svg\",\"contentUrl\":\"https:\\\/\\\/shrimataji.org\\\/test\\\/wp-content\\\/uploads\\\/2023\\\/02\\\/SMO_LOGO-03.svg\",\"width\":\"1024\",\"height\":\"1024\",\"caption\":\"Nirmala Shrivastava\"},\"logo\":{\"@id\":\"https:\\\/\\\/shrimataji.org\\\/test\\\/wp-content\\\/uploads\\\/2023\\\/02\\\/SMO_LOGO-03.svg\"},\"sameAs\":[\"https:\\\/\\\/shrimataji.org\\\/test\",\"https:\\\/\\\/www.facebook.com\\\/shrimataji\",\"https:\\\/\\\/x.com\\\/shrimataji\",\"https:\\\/\\\/www.youtube.com\\\/@Shri_Mataji_Nirmala_Devi\\\/featured\"]}]}<\/script>\n<!-- \/ Yoast SEO plugin. -->","yoast_head_json":{"title":"Wachsende Bekanntheit - TEST - SMND","robots":{"index":"noindex","follow":"follow","max-snippet":"max-snippet:-1","max-image-preview":"max-image-preview:large","max-video-preview":"max-video-preview:-1"},"og_locale":"en_US","og_type":"article","og_title":"Wachsende Bekanntheit - TEST - SMND","og_description":"Wachsende Bekanntheit Der Wind des Wandels Am 27. Mai 1964 verstarb der erste indische Premierminister Jawaharlal Nehru. Sir Chandrika P. Srivastava, Shri Matajis Ehemann, befand sich zu diesem Zeitpunkt im Vereinigten K\u00f6nigreich, um an einer Konferenz teilzunehmen. Am Dienstag, den 2. Juni, kam die Nachricht, dass Lal Bahadur Shastri zum neuen Vorsitzenden der Kongresspartei gew\u00e4hlt&hellip; Read more","og_url":"https:\/\/shrimataji.org\/test\/de\/groessere-kreis\/","og_site_name":"TEST - SMND","article_publisher":"https:\/\/www.facebook.com\/shrimataji","article_modified_time":"2024-06-13T14:03:51+00:00","og_image":[{"width":2560,"height":905,"url":"https:\/\/shrimataji.org\/test\/wp-content\/uploads\/2023\/03\/10_Banner-PublicLife-WideningCircle_2-scaled.jpg","type":"image\/jpeg"}],"twitter_card":"summary_large_image","twitter_site":"@shrimataji","twitter_misc":{"Est. reading time":"4 minutes"},"schema":{"@context":"https:\/\/schema.org","@graph":[{"@type":"WebPage","@id":"https:\/\/shrimataji.org\/test\/de\/groessere-kreis\/","url":"https:\/\/shrimataji.org\/test\/de\/groessere-kreis\/","name":"Wachsende Bekanntheit - TEST - SMND","isPartOf":{"@id":"https:\/\/shrimataji.org\/test\/#website"},"primaryImageOfPage":{"@id":"https:\/\/shrimataji.org\/test\/de\/groessere-kreis\/#primaryimage"},"image":{"@id":"https:\/\/shrimataji.org\/test\/de\/groessere-kreis\/#primaryimage"},"thumbnailUrl":"https:\/\/shrimataji.org\/test\/wp-content\/uploads\/2023\/03\/10_Banner-PublicLife-WideningCircle_2-scaled.jpg","datePublished":"2018-07-10T06:54:50+00:00","dateModified":"2024-06-13T14:03:51+00:00","breadcrumb":{"@id":"https:\/\/shrimataji.org\/test\/de\/groessere-kreis\/#breadcrumb"},"inLanguage":"en-US","potentialAction":[{"@type":"ReadAction","target":["https:\/\/shrimataji.org\/test\/de\/groessere-kreis\/"]}]},{"@type":"ImageObject","inLanguage":"en-US","@id":"https:\/\/shrimataji.org\/test\/de\/groessere-kreis\/#primaryimage","url":"https:\/\/shrimataji.org\/test\/wp-content\/uploads\/2023\/03\/10_Banner-PublicLife-WideningCircle_2-scaled.jpg","contentUrl":"https:\/\/shrimataji.org\/test\/wp-content\/uploads\/2023\/03\/10_Banner-PublicLife-WideningCircle_2-scaled.jpg","width":2560,"height":905},{"@type":"BreadcrumbList","@id":"https:\/\/shrimataji.org\/test\/de\/groessere-kreis\/#breadcrumb","itemListElement":[{"@type":"ListItem","position":1,"name":"Home","item":"https:\/\/shrimataji.org\/test\/uk\/home-en\/"},{"@type":"ListItem","position":2,"name":"Wachsende Bekanntheit"}]},{"@type":"WebSite","@id":"https:\/\/shrimataji.org\/test\/#website","url":"https:\/\/shrimataji.org\/test\/","name":"Shri Mataji Nirmala Devi","description":"A Life Dedicated to Humanity","publisher":{"@id":"https:\/\/shrimataji.org\/test\/#\/schema\/person\/a1b3419c6585f164aa96da1ff85715d1"},"potentialAction":[{"@type":"SearchAction","target":{"@type":"EntryPoint","urlTemplate":"https:\/\/shrimataji.org\/test\/?s={search_term_string}"},"query-input":{"@type":"PropertyValueSpecification","valueRequired":true,"valueName":"search_term_string"}}],"inLanguage":"en-US"},{"@type":["Person","Organization"],"@id":"https:\/\/shrimataji.org\/test\/#\/schema\/person\/a1b3419c6585f164aa96da1ff85715d1","name":"Nirmala Shrivastava","image":{"@type":"ImageObject","inLanguage":"en-US","@id":"https:\/\/shrimataji.org\/test\/wp-content\/uploads\/2023\/02\/SMO_LOGO-03.svg","url":"https:\/\/shrimataji.org\/test\/wp-content\/uploads\/2023\/02\/SMO_LOGO-03.svg","contentUrl":"https:\/\/shrimataji.org\/test\/wp-content\/uploads\/2023\/02\/SMO_LOGO-03.svg","width":"1024","height":"1024","caption":"Nirmala Shrivastava"},"logo":{"@id":"https:\/\/shrimataji.org\/test\/wp-content\/uploads\/2023\/02\/SMO_LOGO-03.svg"},"sameAs":["https:\/\/shrimataji.org\/test","https:\/\/www.facebook.com\/shrimataji","https:\/\/x.com\/shrimataji","https:\/\/www.youtube.com\/@Shri_Mataji_Nirmala_Devi\/featured"]}]}},"lang":"de","translations":{"de":10706,"ur":37524,"en":37234,"hu":19593,"am":18099,"th":20095,"ar":16995,"sq":18500,"zh":17397,"hi":8269,"tr":10224,"pt":10432,"fr":10804,"it":10902,"es":10999,"ja":11297,"ru":11485,"bn":11676,"te":11784,"sw":11907,"he":12055,"el":12347,"sk":12445,"fa":12543,"fi":12641,"bg":13447,"ro":14521,"cs":14714,"nl":16659,"ku":16819,"be":18707,"kn":18981,"mr":20459,"uk":20752,"ml":21047,"ta":22818,"sv":23087,"gu":28922,"pa":29082,"fil":29536,"da":37831,"pl":38041,"nn":38383},"pll_sync_post":[],"_links":{"self":[{"href":"https:\/\/shrimataji.org\/test\/wp-json\/wp\/v2\/pages\/10706","targetHints":{"allow":["GET"]}}],"collection":[{"href":"https:\/\/shrimataji.org\/test\/wp-json\/wp\/v2\/pages"}],"about":[{"href":"https:\/\/shrimataji.org\/test\/wp-json\/wp\/v2\/types\/page"}],"author":[{"embeddable":true,"href":"https:\/\/shrimataji.org\/test\/wp-json\/wp\/v2\/users\/10"}],"replies":[{"embeddable":true,"href":"https:\/\/shrimataji.org\/test\/wp-json\/wp\/v2\/comments?post=10706"}],"version-history":[{"count":0,"href":"https:\/\/shrimataji.org\/test\/wp-json\/wp\/v2\/pages\/10706\/revisions"}],"wp:featuredmedia":[{"embeddable":true,"href":"https:\/\/shrimataji.org\/test\/wp-json\/wp\/v2\/media\/9515"}],"wp:attachment":[{"href":"https:\/\/shrimataji.org\/test\/wp-json\/wp\/v2\/media?parent=10706"}],"curies":[{"name":"wp","href":"https:\/\/api.w.org\/{rel}","templated":true}]}}