{"id":10715,"date":"2011-10-02T03:00:00","date_gmt":"2011-10-02T03:00:00","guid":{"rendered":"http:\/\/testwordpress.nirmalnagari.org\/smnd\/index.php\/a-noble-inheritance\/"},"modified":"2026-01-12T09:45:56","modified_gmt":"2026-01-12T09:45:56","slug":"un-noble-heritage","status":"publish","type":"page","link":"https:\/\/shrimataji.org\/test\/fr\/un-noble-heritage\/","title":{"rendered":"Un noble h\u00e9ritage"},"content":{"rendered":"\n\n\t<h1>Un noble h\u00e9ritage<\/h1>\n<h2>Descendants de la dynastie Shalivahana<\/h2>\n\t<h4>La petite Nirmala Salve est n\u00e9e exactement \u00e0 midi, dans la ville de Chindwara situ\u00e9e au centre g\u00e9ographique de l&#8217;Inde, le 21 Mars, en 1923, jour de l&#8217;\u00e9quinoxe de printemps. Tr\u00e8s t\u00f4t, le caract\u00e8re de Nirmala a montr\u00e9 les nobles qualit\u00e9s de ses anc\u00eatres.<\/h4>\n\t\t<img decoding=\"async\" data-spai-excluded=\"true\" loading=\"lazy\"  alt=\"YouTube player\"  src=\"https:\/\/i.ytimg.com\/vi\/PWHnhJCTwLA\/maxresdefault.jpg\"  \/><button aria-label=\"Play\"><\/button><meta itemprop=\"embedUrl\" content=\"https:\/\/www.youtube.com\/embed\/PWHnhJCTwLA\"\/><meta itemprop=\"name\" content=\"Family, Birth And Education\"\/><meta itemprop=\"description\" content=\"Shri Mataji&#039;s parents were educated and enlightened people. She speaks about their encounter with a tiger just before her birth. Shri Mataji&#039;s mother felt great compassion towards this animal. The ease and purity of the birth gave them cause to call their child Nirmala, meaning &#039;immaculate.&#039; They felt she was certain to do something great. Her father guided her to an understanding of humans and encouraged her to give Realization. More videos at: http:\/\/ShriMataji.org ~ A Life Dedicated to Humanity ~\"\/><meta itemprop=\"thumbnailUrl\" content=\"https:\/\/i.ytimg.com\/vi\/PWHnhJCTwLA\/0.jpg\"\/><meta itemprop=\"duration\" content=\"PT5M31S\"\/><meta itemprop=\"uploadDate\" content=\"2020-07-20T00:16:36Z\"\/>\t\n\t<p>Sa grand-m\u00e8re, Sakhubai Salve, a fait preuve des qualit\u00e9s de courage et de vertu qui ont accompagn\u00e9 la dynastie familiale \u00e0 travers les si\u00e8cles. En 1883, alors qu&#8217;elle arrivait au terme de sa grossesse, Sakhubai a perdu son mari dans des circonstances tragiques. Menac\u00e9e par la branche hindouiste de la famille, car son mari comme elle \u00e9tait chr\u00e9tien, elle a d\u00fb s&#8217;enfuir en cachette, une nuit de pluie battante, pour sauver sa vie ainsi que celle de ses quatre enfants.<\/p>\n<p>&nbsp;<\/p>\n<p>Sakhubai et ses enfants ont d\u00fb, dans leur fuite, traverser une rivi\u00e8re en crue. Mais elle avait une telle foi que, malgr\u00e9 sa condition physique, son sari de 9 m\u00e8tres, la pluie battante, elle a r\u00e9ussi \u00e0 traverser avec ses enfants et \u00e0 entreprendre ensuite un parcours de 8 kilom\u00e8tres jusqu&#8217;\u00e0 la gare la plus proche. Le soir venu, ils sont mont\u00e9s dans un train pour Ujjain, la ville o\u00f9 habitait le fr\u00e8re de Sakhubai. C&#8217;est dans ces circonstances difficiles qu&#8217;est n\u00e9 Prasad Rao Salve, le p\u00e8re de Shri Mataji.<\/p>\n<p>Sakhubai et ses enfants ont d\u00fb s&#8217;adapter \u00e0 leur nouvelle vie frugale. L&#8217;\u00e9ducation de ses enfants ayant toujours \u00e9t\u00e9 essentielle pour Sakhubai, celle-ci leur a inculqu\u00e9 un esprit de sacrifice et d&#8217;engagement. Les enfants de Sakhubai ont poursuivi leurs \u00e9tudes tant bien que mal, lisant \u00e0 la lumi\u00e8re des r\u00e9verb\u00e8res quand il n&#8217;y avait plus de k\u00e9ros\u00e8ne pour les lampes \u00e0 la maison.<\/p>\n<p>Le plus jeune, Prasad Rao, un \u00e9tudiant particuli\u00e8rement brillant, a obtenu des bourses tout au long de sa scolarit\u00e9. Il a \u00e9tudi\u00e9 le droit et a \u00e9t\u00e9 engag\u00e9 dans une soci\u00e9t\u00e9 r\u00e9put\u00e9e de la ville de Chhindwara. Il s&#8217;est mari\u00e9 peu apr\u00e8s. Tomb\u00e9 veuf \u00e0 l&#8217;\u00e2ge de 37 ans, avec cinq enfants \u00e0 charge, il a finalement consenti au d\u00e9sir de sa famille de le voir remari\u00e9.<\/p>\n<p>Il y avait une jeune femme de Nagpur appel\u00e9e Cornelia Karuna Jadhav, la premi\u00e8re femme en Inde \u00e0 avoir \u00e9t\u00e9 dipl\u00f4m\u00e9e en math\u00e9matiques. Elle \u00e9tait aussi tr\u00e8s \u00e9rudite en sanscrit et en culture indienne ancienne. A cause de son niveau d&#8217;\u00e9tudes, il \u00e9tait difficile pour son p\u00e8re de lui trouver un mari avec une \u00e9ducation \u00e9quivalente.<\/p>\n<p>Par le biais d&#8217;amis communs, Prasad Rao a demand\u00e9 Cornelia en mariage. Ce n&#8217;\u00e9tait pas une d\u00e9cision facile pour Cornelia\u00a0: il \u00e9tait veuf et avait cinq enfants. Mais, elle \u00e9tait impressionn\u00e9e par son intelligence et sa foi en Dieu et a ressenti une grande compassion pour ses enfants, restant sans m\u00e8re \u00e0 un si jeune \u00e2ge. Ils se sont donc mari\u00e9s le 21 Juin 1920.<\/p>\n\t<div class=\"su-quote su-quote-style-default\"><div class=\"su-quote-inner su-u-clearfix su-u-trim\">Mes anc\u00eatres ont r\u00e9gn\u00e9 sur cet endroit et c&#8217;\u00e9tait la capitale des Shalivanas appel\u00e9e Pratishthan et ils ont simplifi\u00e9 le nom en Paithan. ils en ont \u00e9t\u00e9 les dirigeants pendant des milliers d&#8217;ann\u00e9es.<\/p>\n<p>Ce sont eux qui ont d\u00e9marr\u00e9 la dynastie des Shalivahanas. en fait, ils se faisaient appeler Sath Vahan, ce qui signifie les sept &#8216;vahanas&#8217; (v\u00e9hicules). ils repr\u00e9sentaient les sept vahanas des sept chakras. Il est surprenant de voir \u00e0 quel point tout ceci est sahaj. <\/div><\/div>\n\t<p>Prasad Rao et Cornelia partageaient le m\u00eame sentiment d&#8217;amour patriote pour leur pays, pour sa grande tradition spirituelle et ses valeurs. Leur fille Nirmala n&#8217;avait que deux ans en 1925 quand ils ont rencontr\u00e9 le Mahatma Gandhi pour la premi\u00e8re fois. Cette rencontre a eu un \u00e9norme impact sur eux. Ils partageaient sa vision d&#8217;une Inde libre qui allait trouver l&#8217;ind\u00e9pendance gr\u00e2ce \u00e0 une lutte non violente.<\/p>\n<p>Prasad Rao avait re\u00e7u un titre des Anglais; lui et sa famille \u00e9taient chr\u00e9tiens (ce qui signifiait un grand nombre de privil\u00e8ges durant l&#8217;occupation britannique). Pourtant lui et sa femme n&#8217;ont pas h\u00e9sit\u00e9 \u00e0 se joindre au mouvement de Gandhi. Prasad Rao est all\u00e9 jusqu&#8217;\u00e0 br\u00fbler publiquement son costume fait \u00e0 l&#8217;\u00e9tranger; ceci sur une voie tr\u00e8s passante de Nagpur, ce qui lui a valu un s\u00e9jour en prison. Ainsi a commenc\u00e9 l&#8217;engagement des parents de Nirmala dans la lutte pour la libert\u00e9. Comme ils ont \u00e9t\u00e9 tous deux emprisonn\u00e9s \u00e0 plusieurs reprises, il y avait une r\u00e8gle \u00e9tablie pour la famille: personne ne devait verser de larme. La libert\u00e9 de l&#8217;Inde \u00e9tait la chose la plus importante et le sacrifice de soi, la r\u00e8gle &#8211; pas l&#8217;exception.<\/p>\n\t<div class=\"epyt-video-wrapper\"><div  data-ep-a=\"fadeIn\"  style=\"display: block; margin: 0px auto;\"  id=\"_ytid_70052\"  width=\"3840\" height=\"2160\"  data-origwidth=\"3840\" data-origheight=\"2160\" data-facadesrc=\"https:\/\/www.youtube.com\/embed\/WOPg1lrL1ps?enablejsapi=1&autoplay=0&cc_load_policy=0&cc_lang_pref=&iv_load_policy=1&loop=0&rel=0&fs=1&playsinline=1&autohide=2&theme=dark&color=red&controls=1&disablekb=0&\" class=\"__youtube_prefs__ epyt-facade  no-lazyload\" data-epautoplay=\"1\" ><img decoding=\"async\" data-spai-excluded=\"true\" class=\"epyt-facade-poster skip-lazy\" loading=\"lazy\"  alt=\"YouTube player\"  src=\"https:\/\/i.ytimg.com\/vi\/WOPg1lrL1ps\/maxresdefault.jpg\"  \/><button class=\"epyt-facade-play\" aria-label=\"Play\"><svg data-no-lazy=\"1\" height=\"100%\" version=\"1.1\" viewBox=\"0 0 68 48\" width=\"100%\"><path class=\"ytp-large-play-button-bg\" d=\"M66.52,7.74c-0.78-2.93-2.49-5.41-5.42-6.19C55.79,.13,34,0,34,0S12.21,.13,6.9,1.55 C3.97,2.33,2.27,4.81,1.48,7.74C0.06,13.05,0,24,0,24s0.06,10.95,1.48,16.26c0.78,2.93,2.49,5.41,5.42,6.19 C12.21,47.87,34,48,34,48s21.79-0.13,27.1-1.55c2.93-0.78,4.64-3.26,5.42-6.19C67.94,34.95,68,24,68,24S67.94,13.05,66.52,7.74z\" fill=\"#f00\"><\/path><path d=\"M 45,24 27,14 27,34\" fill=\"#fff\"><\/path><\/svg><\/button><\/div><\/div><span itemprop=\"video\" itemscope itemtype=\"http:\/\/schema.org\/VideoObject\"><meta itemprop=\"embedUrl\" content=\"https:\/\/www.youtube.com\/embed\/WOPg1lrL1ps\"><meta itemprop=\"name\" content=\"An Ideal Father And Leader\"><meta itemprop=\"description\" content=\"A learned man who fought for his people, Shri Mataji remembers her own father, Prasad Rao Salve. She describes a brilliant man of principle and ideals. He was a leader in the fight for Indian independence, willing to go to jail for a just cause -- once for more than three years. The immense sacrifices he made, inspired Shri Mataji forward in her life&#039;s work, giving her a sense of right and wrong. More videos at: http:\/\/ShriMataji.org ~ A Life Dedicated to Humanity ~\"><meta itemprop=\"thumbnailUrl\" content=\"https:\/\/i.ytimg.com\/vi\/WOPg1lrL1ps\/0.jpg\"><meta itemprop=\"duration\" content=\"PT2M31S\"><meta itemprop=\"uploadDate\" content=\"2020-07-20T00:13:01Z\"><\/span>\n\t<p>Avec ses parents souvent absents ou en prison, Nirmala a pris sur elle de diriger la maisonn\u00e9e, m\u00eame si ses fr\u00e8res et s\u0153urs \u00e9taient plus \u00e2g\u00e9s. Elle n&#8217;avait alors que huit ans. Ils ont pu ainsi continuer leurs \u00e9tudes.<\/p>\n<p>Quelques ann\u00e9es plus tard, Nirmala, encore mineure, a rejoint le combat pour la libert\u00e9 et elle a encourag\u00e9 ses amis \u00e9tudiants \u00e0 faire de m\u00eame. Elle a \u00e9t\u00e9 emprisonn\u00e9e elle aussi et m\u00eame tortur\u00e9e par les Britanniques. Mais elle n&#8217;a \u00e9t\u00e9 en rien affaiblie par cette \u00e9preuve. Toute sa vie, elle a continu\u00e9 \u00e0 repr\u00e9senter les valeurs \u00e9ternelles de ses nobles anc\u00eatres, que sont le courage, le sacrifice de soi et la compassion.<\/p>\n\t\t\t\t<img decoding=\"async\" src=\"https:\/\/shrimataji.org\/test\/wp-content\/uploads\/2018\/07\/media_originals\/images\/shri-mataji-and-family\/shri-mataji-nirmala-devi-and-family.jpg\" alt=\"shri-mataji-nirmala-devi-and-family\" itemprop=\"image\" height=\"1045\" width=\"1500\" title=\"shri-mataji-nirmala-devi-and-family\" onerror=\"this.style.display='none'\" loading=\"lazy\" \/>\n\t<h3>1. <a href=\"#citation-ref-1\">^<\/a> <a name=\"citation-note-1\"><\/a>H. P. Salve, &#8216;Mes M\u00e9moires&#8217; New Delhi, Life Eternal Trust, 2000.<\/h3>\n\n","protected":false},"excerpt":{"rendered":"<p>Un noble h\u00e9ritage Descendants de la dynastie Shalivahana La petite Nirmala Salve est n\u00e9e exactement \u00e0 midi, dans la ville de Chindwara situ\u00e9e au centre g\u00e9ographique de l&#8217;Inde, le 21 Mars, en 1923, jour de l&#8217;\u00e9quinoxe de printemps. Tr\u00e8s t\u00f4t, le caract\u00e8re de Nirmala a montr\u00e9 les nobles qualit\u00e9s de ses anc\u00eatres. Sa grand-m\u00e8re, Sakhubai&hellip; <br \/> <a class=\"read-more\" href=\"https:\/\/shrimataji.org\/test\/fr\/un-noble-heritage\/\">Read more<\/a><\/p>\n","protected":false},"author":7,"featured_media":9512,"parent":0,"menu_order":0,"comment_status":"closed","ping_status":"closed","template":"pro\/page-templates\/full-width-page.php","meta":{"inline_featured_image":false,"footnotes":""},"class_list":["post-10715","page","type-page","status-publish","has-post-thumbnail","hentry"],"yoast_head":"<!-- This site is optimized with the Yoast SEO plugin v27.4 - https:\/\/yoast.com\/product\/yoast-seo-wordpress\/ -->\n<title>Un noble h\u00e9ritage - TEST - SMND<\/title>\n<meta name=\"robots\" content=\"noindex, follow, max-snippet:-1, max-image-preview:large, max-video-preview:-1\" \/>\n<meta property=\"og:locale\" content=\"en_US\" \/>\n<meta property=\"og:type\" content=\"article\" \/>\n<meta property=\"og:title\" content=\"Un noble h\u00e9ritage - TEST - SMND\" \/>\n<meta property=\"og:description\" content=\"Un noble h\u00e9ritage Descendants de la dynastie Shalivahana La petite Nirmala Salve est n\u00e9e exactement \u00e0 midi, dans la ville de Chindwara situ\u00e9e au centre g\u00e9ographique de l&#8217;Inde, le 21 Mars, en 1923, jour de l&#8217;\u00e9quinoxe de printemps. Tr\u00e8s t\u00f4t, le caract\u00e8re de Nirmala a montr\u00e9 les nobles qualit\u00e9s de ses anc\u00eatres. Sa grand-m\u00e8re, Sakhubai&hellip; Read more\" \/>\n<meta property=\"og:url\" content=\"https:\/\/shrimataji.org\/test\/fr\/un-noble-heritage\/\" \/>\n<meta property=\"og:site_name\" content=\"TEST - SMND\" \/>\n<meta property=\"article:publisher\" content=\"https:\/\/www.facebook.com\/shrimataji\" \/>\n<meta property=\"article:modified_time\" content=\"2026-01-12T09:45:56+00:00\" \/>\n<meta property=\"og:image\" content=\"https:\/\/shrimataji.org\/test\/wp-content\/uploads\/2023\/03\/7_Banner-Family_NobleInheritance-scaled.jpg\" \/>\n\t<meta property=\"og:image:width\" content=\"2560\" \/>\n\t<meta property=\"og:image:height\" content=\"905\" \/>\n\t<meta property=\"og:image:type\" content=\"image\/jpeg\" \/>\n<meta name=\"twitter:card\" content=\"summary_large_image\" \/>\n<meta name=\"twitter:site\" content=\"@shrimataji\" \/>\n<meta name=\"twitter:label1\" content=\"Est. reading time\" \/>\n\t<meta name=\"twitter:data1\" content=\"5 minutes\" \/>\n<script type=\"application\/ld+json\" class=\"yoast-schema-graph\">{\"@context\":\"https:\\\/\\\/schema.org\",\"@graph\":[{\"@type\":\"WebPage\",\"@id\":\"https:\\\/\\\/shrimataji.org\\\/test\\\/fr\\\/un-noble-heritage\\\/\",\"url\":\"https:\\\/\\\/shrimataji.org\\\/test\\\/fr\\\/un-noble-heritage\\\/\",\"name\":\"Un noble h\u00e9ritage - TEST - SMND\",\"isPartOf\":{\"@id\":\"https:\\\/\\\/shrimataji.org\\\/test\\\/#website\"},\"primaryImageOfPage\":{\"@id\":\"https:\\\/\\\/shrimataji.org\\\/test\\\/fr\\\/un-noble-heritage\\\/#primaryimage\"},\"image\":{\"@id\":\"https:\\\/\\\/shrimataji.org\\\/test\\\/fr\\\/un-noble-heritage\\\/#primaryimage\"},\"thumbnailUrl\":\"https:\\\/\\\/shrimataji.org\\\/test\\\/wp-content\\\/uploads\\\/2023\\\/03\\\/7_Banner-Family_NobleInheritance-scaled.jpg\",\"datePublished\":\"2011-10-02T03:00:00+00:00\",\"dateModified\":\"2026-01-12T09:45:56+00:00\",\"breadcrumb\":{\"@id\":\"https:\\\/\\\/shrimataji.org\\\/test\\\/fr\\\/un-noble-heritage\\\/#breadcrumb\"},\"inLanguage\":\"en-US\",\"potentialAction\":[{\"@type\":\"ReadAction\",\"target\":[\"https:\\\/\\\/shrimataji.org\\\/test\\\/fr\\\/un-noble-heritage\\\/\"]}]},{\"@type\":\"ImageObject\",\"inLanguage\":\"en-US\",\"@id\":\"https:\\\/\\\/shrimataji.org\\\/test\\\/fr\\\/un-noble-heritage\\\/#primaryimage\",\"url\":\"https:\\\/\\\/shrimataji.org\\\/test\\\/wp-content\\\/uploads\\\/2023\\\/03\\\/7_Banner-Family_NobleInheritance-scaled.jpg\",\"contentUrl\":\"https:\\\/\\\/shrimataji.org\\\/test\\\/wp-content\\\/uploads\\\/2023\\\/03\\\/7_Banner-Family_NobleInheritance-scaled.jpg\",\"width\":2560,\"height\":905},{\"@type\":\"BreadcrumbList\",\"@id\":\"https:\\\/\\\/shrimataji.org\\\/test\\\/fr\\\/un-noble-heritage\\\/#breadcrumb\",\"itemListElement\":[{\"@type\":\"ListItem\",\"position\":1,\"name\":\"Home\",\"item\":\"https:\\\/\\\/shrimataji.org\\\/test\\\/uk\\\/home-en\\\/\"},{\"@type\":\"ListItem\",\"position\":2,\"name\":\"Un noble h\u00e9ritage\"}]},{\"@type\":\"WebSite\",\"@id\":\"https:\\\/\\\/shrimataji.org\\\/test\\\/#website\",\"url\":\"https:\\\/\\\/shrimataji.org\\\/test\\\/\",\"name\":\"Shri Mataji Nirmala Devi\",\"description\":\"A Life Dedicated to Humanity\",\"publisher\":{\"@id\":\"https:\\\/\\\/shrimataji.org\\\/test\\\/#\\\/schema\\\/person\\\/a1b3419c6585f164aa96da1ff85715d1\"},\"potentialAction\":[{\"@type\":\"SearchAction\",\"target\":{\"@type\":\"EntryPoint\",\"urlTemplate\":\"https:\\\/\\\/shrimataji.org\\\/test\\\/?s={search_term_string}\"},\"query-input\":{\"@type\":\"PropertyValueSpecification\",\"valueRequired\":true,\"valueName\":\"search_term_string\"}}],\"inLanguage\":\"en-US\"},{\"@type\":[\"Person\",\"Organization\"],\"@id\":\"https:\\\/\\\/shrimataji.org\\\/test\\\/#\\\/schema\\\/person\\\/a1b3419c6585f164aa96da1ff85715d1\",\"name\":\"Nirmala Shrivastava\",\"image\":{\"@type\":\"ImageObject\",\"inLanguage\":\"en-US\",\"@id\":\"https:\\\/\\\/shrimataji.org\\\/test\\\/wp-content\\\/uploads\\\/2023\\\/02\\\/SMO_LOGO-03.svg\",\"url\":\"https:\\\/\\\/shrimataji.org\\\/test\\\/wp-content\\\/uploads\\\/2023\\\/02\\\/SMO_LOGO-03.svg\",\"contentUrl\":\"https:\\\/\\\/shrimataji.org\\\/test\\\/wp-content\\\/uploads\\\/2023\\\/02\\\/SMO_LOGO-03.svg\",\"width\":\"1024\",\"height\":\"1024\",\"caption\":\"Nirmala Shrivastava\"},\"logo\":{\"@id\":\"https:\\\/\\\/shrimataji.org\\\/test\\\/wp-content\\\/uploads\\\/2023\\\/02\\\/SMO_LOGO-03.svg\"},\"sameAs\":[\"https:\\\/\\\/shrimataji.org\\\/test\",\"https:\\\/\\\/www.facebook.com\\\/shrimataji\",\"https:\\\/\\\/x.com\\\/shrimataji\",\"https:\\\/\\\/www.youtube.com\\\/@Shri_Mataji_Nirmala_Devi\\\/featured\"]}]}<\/script>\n<!-- \/ Yoast SEO plugin. -->","yoast_head_json":{"title":"Un noble h\u00e9ritage - TEST - SMND","robots":{"index":"noindex","follow":"follow","max-snippet":"max-snippet:-1","max-image-preview":"max-image-preview:large","max-video-preview":"max-video-preview:-1"},"og_locale":"en_US","og_type":"article","og_title":"Un noble h\u00e9ritage - TEST - SMND","og_description":"Un noble h\u00e9ritage Descendants de la dynastie Shalivahana La petite Nirmala Salve est n\u00e9e exactement \u00e0 midi, dans la ville de Chindwara situ\u00e9e au centre g\u00e9ographique de l&#8217;Inde, le 21 Mars, en 1923, jour de l&#8217;\u00e9quinoxe de printemps. Tr\u00e8s t\u00f4t, le caract\u00e8re de Nirmala a montr\u00e9 les nobles qualit\u00e9s de ses anc\u00eatres. Sa grand-m\u00e8re, Sakhubai&hellip; Read more","og_url":"https:\/\/shrimataji.org\/test\/fr\/un-noble-heritage\/","og_site_name":"TEST - SMND","article_publisher":"https:\/\/www.facebook.com\/shrimataji","article_modified_time":"2026-01-12T09:45:56+00:00","og_image":[{"width":2560,"height":905,"url":"https:\/\/shrimataji.org\/test\/wp-content\/uploads\/2023\/03\/7_Banner-Family_NobleInheritance-scaled.jpg","type":"image\/jpeg"}],"twitter_card":"summary_large_image","twitter_site":"@shrimataji","twitter_misc":{"Est. reading time":"5 minutes"},"schema":{"@context":"https:\/\/schema.org","@graph":[{"@type":"WebPage","@id":"https:\/\/shrimataji.org\/test\/fr\/un-noble-heritage\/","url":"https:\/\/shrimataji.org\/test\/fr\/un-noble-heritage\/","name":"Un noble h\u00e9ritage - TEST - SMND","isPartOf":{"@id":"https:\/\/shrimataji.org\/test\/#website"},"primaryImageOfPage":{"@id":"https:\/\/shrimataji.org\/test\/fr\/un-noble-heritage\/#primaryimage"},"image":{"@id":"https:\/\/shrimataji.org\/test\/fr\/un-noble-heritage\/#primaryimage"},"thumbnailUrl":"https:\/\/shrimataji.org\/test\/wp-content\/uploads\/2023\/03\/7_Banner-Family_NobleInheritance-scaled.jpg","datePublished":"2011-10-02T03:00:00+00:00","dateModified":"2026-01-12T09:45:56+00:00","breadcrumb":{"@id":"https:\/\/shrimataji.org\/test\/fr\/un-noble-heritage\/#breadcrumb"},"inLanguage":"en-US","potentialAction":[{"@type":"ReadAction","target":["https:\/\/shrimataji.org\/test\/fr\/un-noble-heritage\/"]}]},{"@type":"ImageObject","inLanguage":"en-US","@id":"https:\/\/shrimataji.org\/test\/fr\/un-noble-heritage\/#primaryimage","url":"https:\/\/shrimataji.org\/test\/wp-content\/uploads\/2023\/03\/7_Banner-Family_NobleInheritance-scaled.jpg","contentUrl":"https:\/\/shrimataji.org\/test\/wp-content\/uploads\/2023\/03\/7_Banner-Family_NobleInheritance-scaled.jpg","width":2560,"height":905},{"@type":"BreadcrumbList","@id":"https:\/\/shrimataji.org\/test\/fr\/un-noble-heritage\/#breadcrumb","itemListElement":[{"@type":"ListItem","position":1,"name":"Home","item":"https:\/\/shrimataji.org\/test\/uk\/home-en\/"},{"@type":"ListItem","position":2,"name":"Un noble h\u00e9ritage"}]},{"@type":"WebSite","@id":"https:\/\/shrimataji.org\/test\/#website","url":"https:\/\/shrimataji.org\/test\/","name":"Shri Mataji Nirmala Devi","description":"A Life Dedicated to Humanity","publisher":{"@id":"https:\/\/shrimataji.org\/test\/#\/schema\/person\/a1b3419c6585f164aa96da1ff85715d1"},"potentialAction":[{"@type":"SearchAction","target":{"@type":"EntryPoint","urlTemplate":"https:\/\/shrimataji.org\/test\/?s={search_term_string}"},"query-input":{"@type":"PropertyValueSpecification","valueRequired":true,"valueName":"search_term_string"}}],"inLanguage":"en-US"},{"@type":["Person","Organization"],"@id":"https:\/\/shrimataji.org\/test\/#\/schema\/person\/a1b3419c6585f164aa96da1ff85715d1","name":"Nirmala Shrivastava","image":{"@type":"ImageObject","inLanguage":"en-US","@id":"https:\/\/shrimataji.org\/test\/wp-content\/uploads\/2023\/02\/SMO_LOGO-03.svg","url":"https:\/\/shrimataji.org\/test\/wp-content\/uploads\/2023\/02\/SMO_LOGO-03.svg","contentUrl":"https:\/\/shrimataji.org\/test\/wp-content\/uploads\/2023\/02\/SMO_LOGO-03.svg","width":"1024","height":"1024","caption":"Nirmala Shrivastava"},"logo":{"@id":"https:\/\/shrimataji.org\/test\/wp-content\/uploads\/2023\/02\/SMO_LOGO-03.svg"},"sameAs":["https:\/\/shrimataji.org\/test","https:\/\/www.facebook.com\/shrimataji","https:\/\/x.com\/shrimataji","https:\/\/www.youtube.com\/@Shri_Mataji_Nirmala_Devi\/featured"]}]}},"lang":"fr","translations":{"fr":10715,"ur":37380,"en":434,"am":17951,"th":19872,"hu":19426,"sq":18352,"zh":17249,"hi":7323,"tr":10127,"pt":10344,"pl":10478,"de":10617,"it":10813,"es":10911,"ja":11208,"ru":11396,"bn":11588,"te":11696,"sw":11819,"he":11967,"sk":12356,"fa":12454,"fi":12552,"bg":13510,"ro":14585,"cs":14778,"nl":16512,"ku":16672,"ar":16848,"el":17659,"be":18559,"kn":18833,"mr":20236,"uk":20528,"ml":20827,"ta":22667,"sv":22940,"gu":28788,"pa":28946,"fil":29386,"da":37694,"nn":38246},"pll_sync_post":[],"_links":{"self":[{"href":"https:\/\/shrimataji.org\/test\/wp-json\/wp\/v2\/pages\/10715","targetHints":{"allow":["GET"]}}],"collection":[{"href":"https:\/\/shrimataji.org\/test\/wp-json\/wp\/v2\/pages"}],"about":[{"href":"https:\/\/shrimataji.org\/test\/wp-json\/wp\/v2\/types\/page"}],"author":[{"embeddable":true,"href":"https:\/\/shrimataji.org\/test\/wp-json\/wp\/v2\/users\/7"}],"replies":[{"embeddable":true,"href":"https:\/\/shrimataji.org\/test\/wp-json\/wp\/v2\/comments?post=10715"}],"version-history":[{"count":0,"href":"https:\/\/shrimataji.org\/test\/wp-json\/wp\/v2\/pages\/10715\/revisions"}],"wp:featuredmedia":[{"embeddable":true,"href":"https:\/\/shrimataji.org\/test\/wp-json\/wp\/v2\/media\/9512"}],"wp:attachment":[{"href":"https:\/\/shrimataji.org\/test\/wp-json\/wp\/v2\/media?parent=10715"}],"curies":[{"name":"wp","href":"https:\/\/api.w.org\/{rel}","templated":true}]}}