{"id":10721,"date":"2022-01-29T09:56:43","date_gmt":"2022-01-29T09:56:43","guid":{"rendered":"https:\/\/test.shrimataji.org\/?page_id=6391"},"modified":"2026-01-12T10:44:30","modified_gmt":"2026-01-12T10:44:30","slug":"s-elever","status":"publish","type":"page","link":"https:\/\/shrimataji.org\/test\/fr\/s-elever\/","title":{"rendered":"S&#8217;\u00e9lever"},"content":{"rendered":"\n\n\t<h1>S&#8217;\u00e9lever<\/h1>\n<h2>Transcender les illusions de la vie<\/h2>\n<div class=\"su-quote su-quote-style-default\"><div class=\"su-quote-inner su-u-clearfix su-u-trim\"> Le moment est venu de vous \u00e9lever. &#8230; Et vous commencez \u00e0 sentir une brise fra\u00eeche au-dessus de la t\u00eate. Vous la ressentez m\u00eame dans vos mains. <\/div><\/div>\n<h4>Le but ultime de la R\u00e9alisation du Soi est d&#8217;atteindre un \u00e9tat d&#8217;\u00e9quilibre parfait d&#8217;o\u00f9 l&#8217;on peut s&#8217;\u00e9lever vers des niveaux de conscience sup\u00e9rieurs. La m\u00e9ditation Sahaja Yoga nous aide \u00e0 atteindre des sommets dans notre conscience spirituelle, dont les bienfaits se refl\u00e8tent dans notre vie quotidienne, dans notre famille, notre travail et notre soci\u00e9t\u00e9. C&#8217;est une \u00e9tape importante \u00e0 franchir pour \u00e9tablir une vie durable pour nous-m\u00eames et pour notre plan\u00e8te Terre.<\/h4>\n<p>Le plus grand d\u00e9fi pour notre ascension spirituelle est de surmonter cette vie \u00e9ph\u00e9m\u00e8re, souvent appel\u00e9e illusoire, que nous consid\u00e9rons comme notre r\u00e9alit\u00e9 quotidienne. Les \u00e9critures anciennes d\u00e9crivent que toutes nos exp\u00e9riences humaines dans cette vie \u00e9ph\u00e9m\u00e8re, qui nous ballottent entre la dualit\u00e9 de l&#8217;excitation et de la d\u00e9pression, du plaisir et de la douleur, du gain et de la perte, sont la source de notre malheur et nous conseillent de suivre un chemin d&#8217;asc\u00e9tisme et de m\u00e9ditation pour conna\u00eetre la paix et le r\u00e9confort dans une conscience spirituelle sup\u00e9rieure. Cela explique pourquoi de nombreux chercheurs de la v\u00e9rit\u00e9 tentent de renoncer au monde et d&#8217;\u00e9chapper \u00e0 son chaos en cherchant la solitude dans des endroits recul\u00e9s comme l&#8217;Himalaya, croyant qu&#8217;ils y atteindront le nirvana ou la lib\u00e9ration spirituelle. Bien qu&#8217;une poign\u00e9e de chercheurs ardents trouvent l&#8217;illumination sous la guidance d&#8217;un ma\u00eetre R\u00e9alis\u00e9, beaucoup reviennent d\u00e9\u00e7us et les mains vides, m\u00eame apr\u00e8s des ann\u00e9es d&#8217;une vie asc\u00e9tique difficile et d&#8217;une pratique rigoureuse de yoga et de m\u00e9ditation.<\/p>\n<p>La m\u00e9ditation Sahaja Yoga ne n\u00e9cessite pas un mode de vie asc\u00e9tique strict. Elle Elle convient aux citoyens ordinaires vivant au sein de la soci\u00e9t\u00e9. En fait, les d\u00e9fis m\u00eames de notre vie quotidienne constituent un terrain fertile pour tester notre \u00e9tat d&#8217;\u00e9l\u00e9vation, que nous atteignons gr\u00e2ce \u00e0 la pratique de la m\u00e9ditation Sahaja Yoga.<\/p>\n<p>En \u00e9tablissant notre R\u00e9alisation du Soi par la m\u00e9ditation Sahaja Yoga, nous prenons conscience de notre v\u00e9ritable nature, qui est celle d&#8217;un esprit universel pur. Gr\u00e2ce \u00e0 cette prise de conscience et aux outils que nous fournit le Sahaja Yoga, nous sommes capables d&#8217;observer les turbulences de la vie, de nous d\u00e9tacher de nos probl\u00e8mes et obstacles, car ce que nous consid\u00e9rons comme &#8216;la vie&#8217; est aussi en partie le r\u00e9sultat de notre propre fa\u00e7on de penser, de nos attentes, que nous pouvons changer.<\/p>\n<p>&nbsp;<\/p>\n<div class=\"epyt-video-wrapper\"><div  data-ep-a=\"fadeIn\"  style=\"display: block; margin: 0px auto;\"  id=\"_ytid_40063\"  width=\"3840\" height=\"2160\"  data-origwidth=\"3840\" data-origheight=\"2160\" data-facadesrc=\"https:\/\/www.youtube.com\/embed\/L9AKl8ypUcE?enablejsapi=1&autoplay=0&cc_load_policy=0&cc_lang_pref=&iv_load_policy=1&loop=0&rel=0&fs=1&playsinline=1&autohide=2&theme=dark&color=red&controls=1&disablekb=0&\" class=\"__youtube_prefs__ epyt-facade  no-lazyload\" data-epautoplay=\"1\" ><img decoding=\"async\" data-spai-excluded=\"true\" class=\"epyt-facade-poster skip-lazy\" loading=\"lazy\"  alt=\"YouTube player\"  src=\"https:\/\/i.ytimg.com\/vi\/L9AKl8ypUcE\/maxresdefault.jpg\"  \/><button class=\"epyt-facade-play\" aria-label=\"Play\"><svg data-no-lazy=\"1\" height=\"100%\" version=\"1.1\" viewBox=\"0 0 68 48\" width=\"100%\"><path class=\"ytp-large-play-button-bg\" d=\"M66.52,7.74c-0.78-2.93-2.49-5.41-5.42-6.19C55.79,.13,34,0,34,0S12.21,.13,6.9,1.55 C3.97,2.33,2.27,4.81,1.48,7.74C0.06,13.05,0,24,0,24s0.06,10.95,1.48,16.26c0.78,2.93,2.49,5.41,5.42,6.19 C12.21,47.87,34,48,34,48s21.79-0.13,27.1-1.55c2.93-0.78,4.64-3.26,5.42-6.19C67.94,34.95,68,24,68,24S67.94,13.05,66.52,7.74z\" fill=\"#f00\"><\/path><path d=\"M 45,24 27,14 27,34\" fill=\"#fff\"><\/path><\/svg><\/button><\/div><\/div><span itemprop=\"video\" itemscope itemtype=\"http:\/\/schema.org\/VideoObject\"><meta itemprop=\"embedUrl\" content=\"https:\/\/www.youtube.com\/embed\/L9AKl8ypUcE\"><meta itemprop=\"name\" content=\"Ascent\"><meta itemprop=\"description\" content=\"YouTube video\"><meta itemprop=\"thumbnailUrl\" content=\"https:\/\/i.ytimg.com\/vi\/L9AKl8ypUcE\/0.jpg\"><meta itemprop=\"duration\" content=\"PT49S\"><meta itemprop=\"uploadDate\" content=\"2022-11-12T03:28:05Z\"><\/span>\n<div class=\"su-quote su-quote-style-default\"><div class=\"su-quote-inner su-u-clearfix su-u-trim\"> S&#8217;\u00e9lever est le but de votre vie, et c&#8217;est votre travail de le perfectionner.<\/div><\/div>\n<p>Tous les tr\u00e9sors de la v\u00e9ritable connaissance du Sahaja Yoga se trouvent dans les milliers de discours prononc\u00e9s par Shri Mataji Nirmala Devi. Chacun de ces discours nous aide \u00e0 d\u00e9couvrir les magnifiques dimensions de notre existence spirituelle et \u00e0 trouver les conseils appropri\u00e9s pour grandir dans cette prise de conscience. Nous recommandons \u00e0 nos lecteurs de parcourir activement les diff\u00e9rents discours que vous trouverez dans les sections Programme public et Biblioth\u00e8que.<\/p>\n<p>Nous partageons ici une magnifique conf\u00e9rence intitul\u00e9e <a href=\"https:\/\/shrimataji.org\/test\/fr\/notre-elevation-spirituelle\/\" target=\"_blank\" rel=\"noopener\"><u>Notre \u00e9l\u00e9vation spirituelle<\/u><\/a> pour approfondir notre \u00e9tat m\u00e9ditatif spirituel.<\/p>\n<p>&nbsp;<\/p>\n\n","protected":false},"excerpt":{"rendered":"<p>S&#8217;\u00e9lever Transcender les illusions de la vie Le but ultime de la R\u00e9alisation du Soi est d&#8217;atteindre un \u00e9tat d&#8217;\u00e9quilibre parfait d&#8217;o\u00f9 l&#8217;on peut s&#8217;\u00e9lever vers des niveaux de conscience sup\u00e9rieurs. La m\u00e9ditation Sahaja Yoga nous aide \u00e0 atteindre des sommets dans notre conscience spirituelle, dont les bienfaits se refl\u00e8tent dans notre vie quotidienne, dans&hellip; <br \/> <a class=\"read-more\" href=\"https:\/\/shrimataji.org\/test\/fr\/s-elever\/\">Read more<\/a><\/p>\n","protected":false},"author":7,"featured_media":9262,"parent":0,"menu_order":0,"comment_status":"closed","ping_status":"closed","template":"","meta":{"inline_featured_image":false,"footnotes":""},"class_list":["post-10721","page","type-page","status-publish","has-post-thumbnail","hentry"],"yoast_head":"<!-- This site is optimized with the Yoast SEO plugin v27.4 - https:\/\/yoast.com\/product\/yoast-seo-wordpress\/ -->\n<title>S&#039;\u00e9lever - TEST - SMND<\/title>\n<meta name=\"robots\" content=\"noindex, follow, max-snippet:-1, max-image-preview:large, max-video-preview:-1\" \/>\n<meta property=\"og:locale\" content=\"en_US\" \/>\n<meta property=\"og:type\" content=\"article\" \/>\n<meta property=\"og:title\" content=\"S&#039;\u00e9lever - TEST - SMND\" \/>\n<meta property=\"og:description\" content=\"S&#8217;\u00e9lever Transcender les illusions de la vie Le but ultime de la R\u00e9alisation du Soi est d&#8217;atteindre un \u00e9tat d&#8217;\u00e9quilibre parfait d&#8217;o\u00f9 l&#8217;on peut s&#8217;\u00e9lever vers des niveaux de conscience sup\u00e9rieurs. La m\u00e9ditation Sahaja Yoga nous aide \u00e0 atteindre des sommets dans notre conscience spirituelle, dont les bienfaits se refl\u00e8tent dans notre vie quotidienne, dans&hellip; Read more\" \/>\n<meta property=\"og:url\" content=\"https:\/\/shrimataji.org\/test\/fr\/s-elever\/\" \/>\n<meta property=\"og:site_name\" content=\"TEST - SMND\" \/>\n<meta property=\"article:publisher\" content=\"https:\/\/www.facebook.com\/shrimataji\" \/>\n<meta property=\"article:modified_time\" content=\"2026-01-12T10:44:30+00:00\" \/>\n<meta property=\"og:image\" content=\"https:\/\/shrimataji.org\/test\/wp-content\/uploads\/2023\/03\/27_Banner-SY-Ascent-scaled.jpg\" \/>\n\t<meta property=\"og:image:width\" content=\"2560\" \/>\n\t<meta property=\"og:image:height\" content=\"905\" \/>\n\t<meta property=\"og:image:type\" content=\"image\/jpeg\" \/>\n<meta name=\"twitter:card\" content=\"summary_large_image\" \/>\n<meta name=\"twitter:site\" content=\"@shrimataji\" \/>\n<meta name=\"twitter:label1\" content=\"Est. reading time\" \/>\n\t<meta name=\"twitter:data1\" content=\"3 minutes\" \/>\n<script type=\"application\/ld+json\" class=\"yoast-schema-graph\">{\"@context\":\"https:\\\/\\\/schema.org\",\"@graph\":[{\"@type\":\"WebPage\",\"@id\":\"https:\\\/\\\/shrimataji.org\\\/test\\\/fr\\\/s-elever\\\/\",\"url\":\"https:\\\/\\\/shrimataji.org\\\/test\\\/fr\\\/s-elever\\\/\",\"name\":\"S'\u00e9lever - TEST - SMND\",\"isPartOf\":{\"@id\":\"https:\\\/\\\/shrimataji.org\\\/test\\\/#website\"},\"primaryImageOfPage\":{\"@id\":\"https:\\\/\\\/shrimataji.org\\\/test\\\/fr\\\/s-elever\\\/#primaryimage\"},\"image\":{\"@id\":\"https:\\\/\\\/shrimataji.org\\\/test\\\/fr\\\/s-elever\\\/#primaryimage\"},\"thumbnailUrl\":\"https:\\\/\\\/shrimataji.org\\\/test\\\/wp-content\\\/uploads\\\/2023\\\/03\\\/27_Banner-SY-Ascent-scaled.jpg\",\"datePublished\":\"2022-01-29T09:56:43+00:00\",\"dateModified\":\"2026-01-12T10:44:30+00:00\",\"breadcrumb\":{\"@id\":\"https:\\\/\\\/shrimataji.org\\\/test\\\/fr\\\/s-elever\\\/#breadcrumb\"},\"inLanguage\":\"en-US\",\"potentialAction\":[{\"@type\":\"ReadAction\",\"target\":[\"https:\\\/\\\/shrimataji.org\\\/test\\\/fr\\\/s-elever\\\/\"]}]},{\"@type\":\"ImageObject\",\"inLanguage\":\"en-US\",\"@id\":\"https:\\\/\\\/shrimataji.org\\\/test\\\/fr\\\/s-elever\\\/#primaryimage\",\"url\":\"https:\\\/\\\/shrimataji.org\\\/test\\\/wp-content\\\/uploads\\\/2023\\\/03\\\/27_Banner-SY-Ascent-scaled.jpg\",\"contentUrl\":\"https:\\\/\\\/shrimataji.org\\\/test\\\/wp-content\\\/uploads\\\/2023\\\/03\\\/27_Banner-SY-Ascent-scaled.jpg\",\"width\":2560,\"height\":905},{\"@type\":\"BreadcrumbList\",\"@id\":\"https:\\\/\\\/shrimataji.org\\\/test\\\/fr\\\/s-elever\\\/#breadcrumb\",\"itemListElement\":[{\"@type\":\"ListItem\",\"position\":1,\"name\":\"Home\",\"item\":\"https:\\\/\\\/shrimataji.org\\\/test\\\/uk\\\/home-en\\\/\"},{\"@type\":\"ListItem\",\"position\":2,\"name\":\"S&#8217;\u00e9lever\"}]},{\"@type\":\"WebSite\",\"@id\":\"https:\\\/\\\/shrimataji.org\\\/test\\\/#website\",\"url\":\"https:\\\/\\\/shrimataji.org\\\/test\\\/\",\"name\":\"Shri Mataji Nirmala Devi\",\"description\":\"A Life Dedicated to Humanity\",\"publisher\":{\"@id\":\"https:\\\/\\\/shrimataji.org\\\/test\\\/#\\\/schema\\\/person\\\/a1b3419c6585f164aa96da1ff85715d1\"},\"potentialAction\":[{\"@type\":\"SearchAction\",\"target\":{\"@type\":\"EntryPoint\",\"urlTemplate\":\"https:\\\/\\\/shrimataji.org\\\/test\\\/?s={search_term_string}\"},\"query-input\":{\"@type\":\"PropertyValueSpecification\",\"valueRequired\":true,\"valueName\":\"search_term_string\"}}],\"inLanguage\":\"en-US\"},{\"@type\":[\"Person\",\"Organization\"],\"@id\":\"https:\\\/\\\/shrimataji.org\\\/test\\\/#\\\/schema\\\/person\\\/a1b3419c6585f164aa96da1ff85715d1\",\"name\":\"Nirmala Shrivastava\",\"image\":{\"@type\":\"ImageObject\",\"inLanguage\":\"en-US\",\"@id\":\"https:\\\/\\\/shrimataji.org\\\/test\\\/wp-content\\\/uploads\\\/2023\\\/02\\\/SMO_LOGO-03.svg\",\"url\":\"https:\\\/\\\/shrimataji.org\\\/test\\\/wp-content\\\/uploads\\\/2023\\\/02\\\/SMO_LOGO-03.svg\",\"contentUrl\":\"https:\\\/\\\/shrimataji.org\\\/test\\\/wp-content\\\/uploads\\\/2023\\\/02\\\/SMO_LOGO-03.svg\",\"width\":\"1024\",\"height\":\"1024\",\"caption\":\"Nirmala Shrivastava\"},\"logo\":{\"@id\":\"https:\\\/\\\/shrimataji.org\\\/test\\\/wp-content\\\/uploads\\\/2023\\\/02\\\/SMO_LOGO-03.svg\"},\"sameAs\":[\"https:\\\/\\\/shrimataji.org\\\/test\",\"https:\\\/\\\/www.facebook.com\\\/shrimataji\",\"https:\\\/\\\/x.com\\\/shrimataji\",\"https:\\\/\\\/www.youtube.com\\\/@Shri_Mataji_Nirmala_Devi\\\/featured\"]}]}<\/script>\n<!-- \/ Yoast SEO plugin. -->","yoast_head_json":{"title":"S'\u00e9lever - TEST - SMND","robots":{"index":"noindex","follow":"follow","max-snippet":"max-snippet:-1","max-image-preview":"max-image-preview:large","max-video-preview":"max-video-preview:-1"},"og_locale":"en_US","og_type":"article","og_title":"S'\u00e9lever - TEST - SMND","og_description":"S&#8217;\u00e9lever Transcender les illusions de la vie Le but ultime de la R\u00e9alisation du Soi est d&#8217;atteindre un \u00e9tat d&#8217;\u00e9quilibre parfait d&#8217;o\u00f9 l&#8217;on peut s&#8217;\u00e9lever vers des niveaux de conscience sup\u00e9rieurs. La m\u00e9ditation Sahaja Yoga nous aide \u00e0 atteindre des sommets dans notre conscience spirituelle, dont les bienfaits se refl\u00e8tent dans notre vie quotidienne, dans&hellip; Read more","og_url":"https:\/\/shrimataji.org\/test\/fr\/s-elever\/","og_site_name":"TEST - SMND","article_publisher":"https:\/\/www.facebook.com\/shrimataji","article_modified_time":"2026-01-12T10:44:30+00:00","og_image":[{"width":2560,"height":905,"url":"https:\/\/shrimataji.org\/test\/wp-content\/uploads\/2023\/03\/27_Banner-SY-Ascent-scaled.jpg","type":"image\/jpeg"}],"twitter_card":"summary_large_image","twitter_site":"@shrimataji","twitter_misc":{"Est. reading time":"3 minutes"},"schema":{"@context":"https:\/\/schema.org","@graph":[{"@type":"WebPage","@id":"https:\/\/shrimataji.org\/test\/fr\/s-elever\/","url":"https:\/\/shrimataji.org\/test\/fr\/s-elever\/","name":"S'\u00e9lever - TEST - SMND","isPartOf":{"@id":"https:\/\/shrimataji.org\/test\/#website"},"primaryImageOfPage":{"@id":"https:\/\/shrimataji.org\/test\/fr\/s-elever\/#primaryimage"},"image":{"@id":"https:\/\/shrimataji.org\/test\/fr\/s-elever\/#primaryimage"},"thumbnailUrl":"https:\/\/shrimataji.org\/test\/wp-content\/uploads\/2023\/03\/27_Banner-SY-Ascent-scaled.jpg","datePublished":"2022-01-29T09:56:43+00:00","dateModified":"2026-01-12T10:44:30+00:00","breadcrumb":{"@id":"https:\/\/shrimataji.org\/test\/fr\/s-elever\/#breadcrumb"},"inLanguage":"en-US","potentialAction":[{"@type":"ReadAction","target":["https:\/\/shrimataji.org\/test\/fr\/s-elever\/"]}]},{"@type":"ImageObject","inLanguage":"en-US","@id":"https:\/\/shrimataji.org\/test\/fr\/s-elever\/#primaryimage","url":"https:\/\/shrimataji.org\/test\/wp-content\/uploads\/2023\/03\/27_Banner-SY-Ascent-scaled.jpg","contentUrl":"https:\/\/shrimataji.org\/test\/wp-content\/uploads\/2023\/03\/27_Banner-SY-Ascent-scaled.jpg","width":2560,"height":905},{"@type":"BreadcrumbList","@id":"https:\/\/shrimataji.org\/test\/fr\/s-elever\/#breadcrumb","itemListElement":[{"@type":"ListItem","position":1,"name":"Home","item":"https:\/\/shrimataji.org\/test\/uk\/home-en\/"},{"@type":"ListItem","position":2,"name":"S&#8217;\u00e9lever"}]},{"@type":"WebSite","@id":"https:\/\/shrimataji.org\/test\/#website","url":"https:\/\/shrimataji.org\/test\/","name":"Shri Mataji Nirmala Devi","description":"A Life Dedicated to Humanity","publisher":{"@id":"https:\/\/shrimataji.org\/test\/#\/schema\/person\/a1b3419c6585f164aa96da1ff85715d1"},"potentialAction":[{"@type":"SearchAction","target":{"@type":"EntryPoint","urlTemplate":"https:\/\/shrimataji.org\/test\/?s={search_term_string}"},"query-input":{"@type":"PropertyValueSpecification","valueRequired":true,"valueName":"search_term_string"}}],"inLanguage":"en-US"},{"@type":["Person","Organization"],"@id":"https:\/\/shrimataji.org\/test\/#\/schema\/person\/a1b3419c6585f164aa96da1ff85715d1","name":"Nirmala Shrivastava","image":{"@type":"ImageObject","inLanguage":"en-US","@id":"https:\/\/shrimataji.org\/test\/wp-content\/uploads\/2023\/02\/SMO_LOGO-03.svg","url":"https:\/\/shrimataji.org\/test\/wp-content\/uploads\/2023\/02\/SMO_LOGO-03.svg","contentUrl":"https:\/\/shrimataji.org\/test\/wp-content\/uploads\/2023\/02\/SMO_LOGO-03.svg","width":"1024","height":"1024","caption":"Nirmala Shrivastava"},"logo":{"@id":"https:\/\/shrimataji.org\/test\/wp-content\/uploads\/2023\/02\/SMO_LOGO-03.svg"},"sameAs":["https:\/\/shrimataji.org\/test","https:\/\/www.facebook.com\/shrimataji","https:\/\/x.com\/shrimataji","https:\/\/www.youtube.com\/@Shri_Mataji_Nirmala_Devi\/featured"]}]}},"lang":"fr","translations":{"fr":10721,"ur":37391,"en":6391,"am":17962,"th":19888,"hu":19437,"sq":18363,"zh":17260,"hi":7355,"tr":10133,"pt":10350,"de":10623,"it":10819,"es":10917,"ja":11214,"ru":11402,"bn":11594,"te":11702,"sw":11825,"he":11973,"el":12264,"sk":12362,"fa":12460,"fi":12558,"bg":13397,"ro":14471,"cs":14664,"nl":16523,"ku":16683,"ar":16859,"be":18570,"kn":18844,"mr":20252,"uk":20544,"ml":20843,"ta":22678,"sv":22951,"gu":28799,"pa":28957,"fil":29397,"da":37705,"pl":37922,"nn":38257},"pll_sync_post":[],"_links":{"self":[{"href":"https:\/\/shrimataji.org\/test\/wp-json\/wp\/v2\/pages\/10721","targetHints":{"allow":["GET"]}}],"collection":[{"href":"https:\/\/shrimataji.org\/test\/wp-json\/wp\/v2\/pages"}],"about":[{"href":"https:\/\/shrimataji.org\/test\/wp-json\/wp\/v2\/types\/page"}],"author":[{"embeddable":true,"href":"https:\/\/shrimataji.org\/test\/wp-json\/wp\/v2\/users\/7"}],"replies":[{"embeddable":true,"href":"https:\/\/shrimataji.org\/test\/wp-json\/wp\/v2\/comments?post=10721"}],"version-history":[{"count":0,"href":"https:\/\/shrimataji.org\/test\/wp-json\/wp\/v2\/pages\/10721\/revisions"}],"wp:featuredmedia":[{"embeddable":true,"href":"https:\/\/shrimataji.org\/test\/wp-json\/wp\/v2\/media\/9262"}],"wp:attachment":[{"href":"https:\/\/shrimataji.org\/test\/wp-json\/wp\/v2\/media?parent=10721"}],"curies":[{"name":"wp","href":"https:\/\/api.w.org\/{rel}","templated":true}]}}