{"id":10729,"date":"2018-07-10T06:54:46","date_gmt":"2018-07-10T06:54:46","guid":{"rendered":"http:\/\/testwordpress.nirmalnagari.org\/smnd\/index.php\/college-years\/"},"modified":"2026-02-15T16:09:48","modified_gmt":"2026-02-15T16:09:48","slug":"les-annees-universitaires","status":"publish","type":"page","link":"https:\/\/shrimataji.org\/test\/fr\/les-annees-universitaires\/","title":{"rendered":"Les ann\u00e9es universitaires"},"content":{"rendered":"\n\n\t<h1><strong>Les ann\u00e9es universitaires<\/strong><\/h1>\n<h2>La lutte pour la libert\u00e9<\/h2>\n\t<div class=\"su-quote su-quote-style-default\"><div class=\"su-quote-inner su-u-clearfix su-u-trim\">Les champs de tes villages chantaient ta gloire et tes villes entonnaient la m\u00e9lodie :<\/p>\n<p>-Victoire \u00e0 l&#8217;Inde, la M\u00e8re Patrie! Victoire \u00e0 Toi!\u00a0 <\/div><\/div>\n\t<h4>Le 15 ao\u00fbt 1947, sur le coup de minuit, des millions de personnes ont salu\u00e9 la libert\u00e9 de leur pays. Les villes et villages de toute l&#8217;Inde ont hiss\u00e9 le drapeau tricolore.<\/h4>\n<figure itemscope itemtype=\"https:\/\/schema.org\/ImageObject\">\n\t\t\t\t<img decoding=\"async\" src=\"https:\/\/shrimataji.org\/test\/wp-content\/uploads\/2026\/01\/Fr_shri-mataji-nirmala-devi-portrait-13yrs-old.jpg\" alt=\"Shri Mataji, jeune fille\" height=\"1141\" width=\"850\" title=\"Fr_shri-mataji-nirmala-devi-portrait-13yrs-old\" onerror=\"this.style.display='none'\" loading=\"lazy\" \/>\n\t\t<figcaption>Shri Mataji, jeune fille<\/figcaption>\n\t<\/figure>\n\t<p>&#8220;J&#8217;ai vu le drapeau de l&#8217;Union Jack descendre et j&#8217;ai vu le drapeau tricolore monter. Le moment \u00e9tait arriv\u00e9 &#8211; \u200b\u200bcela me d\u00e9passait, se souvenait Shri Mataji. Je ne peux pas vous dire quel \u00e9tait le sentiment \u00e0 ce moment-l\u00e0 &#8211; un sentiment que la v\u00e9rit\u00e9 avait, d&#8217;une mani\u00e8re ou d&#8217;une autre, vaincu le mensonge. La justice avait gagn\u00e9 face \u00e0 l&#8217;injustice.&#8221;<\/p>\n<p>Apr\u00e8s des ann\u00e9es de domination britannique, la lutte pour l&#8217;ind\u00e9pendance avait finalement port\u00e9 ses fruits gr\u00e2ce au courage et au sacrifice d&#8217;innombrables citoyens. &#8220;Combien de personnes ont-elles \u00e9t\u00e9 sacrifi\u00e9es? Combien de martyrs?&#8221;, disait-elle.<\/p>\n<p>Le sacrifice de sa famille avait commenc\u00e9 alors que Shri Mataji n&#8217;avait que huit ans et ses parents \u00e9taient emprisonn\u00e9s pour avoir particip\u00e9 \u00e0 la lutte pour la libert\u00e9. D\u00e8s ce jeune \u00e2ge, elle a pris la responsabilit\u00e9 de s&#8217;occuper de ses jeunes fr\u00e8res et s\u0153urs. Forc\u00e9e de quitter sa maison confortable, la famille a adopt\u00e9 un mode de vie spartiate, vivant dans de petites huttes, dormant par terre et se passant parfois de nourriture. &#8220;Nous avions le sentiment que tout ce que faisaient nos parents c&#8217;\u00e9tait pour la libert\u00e9 de notre pays. C&#8217;\u00e9tait si \u00e9difiant &#8230; que nous n&#8217;avons m\u00eame jamais pens\u00e9 aux petits conforts que les enfants demandent&#8221;, \u00a0se souvenait Shri Mataji.<\/p>\n\t<p>Alors qu&#8217;elle \u00e9tudiait la m\u00e9decine au &#8216;Christian Medical College&#8217; de Lahore, Shri Mataji est devenue une leader de jeunesse activement impliqu\u00e9e dans le mouvement &#8216;Quit India&#8217; du Mahatma Gandhi de 1942. <a href=\"https:\/\/shrimataji.org\/test\/fr\/les-annees-universitaires\/#citation-note-1\">[1]<\/a><\/p>\n<p>Elle a \u00e9t\u00e9 souvent arr\u00eat\u00e9e, voire tortur\u00e9e, mais cela n&#8217;a en rien affect\u00e9 sa d\u00e9termination \u00e0 prendre part \u00e0 la lutte pour la libert\u00e9 de l&#8217;Inde.<\/p>\n<p>\u00c0 cette \u00e9poque, elle a rencontr\u00e9 une connaissance de la famille, qui lui a d\u00e9conseill\u00e9 de participer au mouvement &#8216;Quit India&#8217;, car c&#8217;\u00e9tait tr\u00e8s dangereux pour une jeune femme comme elle.<\/p>\n<p>L&#8217;homme lui a dit de rester \u00e0 la maison avec sa m\u00e8re, mais son p\u00e8re n&#8217;a pas voulu en entendre parler.\u00a0 &#8220;Mon p\u00e8re m&#8217;a prise \u00e0 part, se souvient Shri Mataji. Il m&#8217;a dit de ne pas \u00e9couter ce vieux schnock. &#8216;Comment ce vieil homme ose-t-il te raconter toutes ces b\u00eatises? Je suis tr\u00e8s fier de toi. J&#8217;esp\u00e8re que tous mes enfants deviendront comme toi.'&#8221;<\/p>\n\t<div class=\"epyt-video-wrapper\"><div  data-ep-a=\"fadeIn\"  style=\"display: block; margin: 0px auto;\"  id=\"_ytid_86954\"  width=\"3840\" height=\"2160\"  data-origwidth=\"3840\" data-origheight=\"2160\" data-facadesrc=\"https:\/\/www.youtube.com\/embed\/o43faH-pzzc?enablejsapi=1&autoplay=0&cc_load_policy=0&cc_lang_pref=&iv_load_policy=1&loop=0&rel=0&fs=1&playsinline=1&autohide=2&theme=dark&color=red&controls=1&disablekb=0&\" class=\"__youtube_prefs__ epyt-facade  no-lazyload\" data-epautoplay=\"1\" ><img decoding=\"async\" data-spai-excluded=\"true\" class=\"epyt-facade-poster skip-lazy\" loading=\"lazy\"  alt=\"YouTube player\"  src=\"https:\/\/i.ytimg.com\/vi\/o43faH-pzzc\/maxresdefault.jpg\"  \/><button class=\"epyt-facade-play\" aria-label=\"Play\"><svg data-no-lazy=\"1\" height=\"100%\" version=\"1.1\" viewBox=\"0 0 68 48\" width=\"100%\"><path class=\"ytp-large-play-button-bg\" d=\"M66.52,7.74c-0.78-2.93-2.49-5.41-5.42-6.19C55.79,.13,34,0,34,0S12.21,.13,6.9,1.55 C3.97,2.33,2.27,4.81,1.48,7.74C0.06,13.05,0,24,0,24s0.06,10.95,1.48,16.26c0.78,2.93,2.49,5.41,5.42,6.19 C12.21,47.87,34,48,34,48s21.79-0.13,27.1-1.55c2.93-0.78,4.64-3.26,5.42-6.19C67.94,34.95,68,24,68,24S67.94,13.05,66.52,7.74z\" fill=\"#f00\"><\/path><path d=\"M 45,24 27,14 27,34\" fill=\"#fff\"><\/path><\/svg><\/button><\/div><\/div><span itemprop=\"video\" itemscope itemtype=\"http:\/\/schema.org\/VideoObject\"><meta itemprop=\"embedUrl\" content=\"https:\/\/www.youtube.com\/embed\/o43faH-pzzc\"><meta itemprop=\"name\" content=\"India&#039;s Freedom And Independence\"><meta itemprop=\"description\" content=\"Shri Mataji remembers her family&#039;s role in the struggle for Indian independence. Sacrifices were made for the sake of political freedom, as Mahatma Gandhi, with a special charm, transformed the people into a new personality. Indians felt themselves to be no longer helpless individuals, but a part of something great. From this political struggle, we can today learn how to attain the freedom of our spirit. More videos at: http:\/\/ShriMataji.org ~ A Life Dedicated to Humanity ~\"><meta itemprop=\"thumbnailUrl\" content=\"https:\/\/i.ytimg.com\/vi\/o43faH-pzzc\/0.jpg\"><meta itemprop=\"duration\" content=\"PT3M52S\"><meta itemprop=\"uploadDate\" content=\"2020-07-20T00:28:05Z\"><\/span>\n\t<p>L&#8217;Inde est effectivement devenue libre, m\u00eame si la politique britannique &#8216;diviser pour r\u00e9gner&#8217; a laiss\u00e9 des traces en donnant douloureusement naissance \u00e0 trois pays distincts : l&#8217;Inde, le Pakistan et le Bangladesh.<\/p>\n<p>Plus tard, la tension \u00e9tait toujours grande. Malgr\u00e9 le danger imminent qu&#8217;elle courait pour sa propre vie, Shri Mataji a ouvert sa maison \u00e0 trois personnes en qu\u00eate de refuge dont un musulman. Elle n&#8217;a jamais fait de discrimination \u00e0 l&#8217;\u00e9gard de qui que ce soit, et elle a toujours encourag\u00e9 l&#8217;int\u00e9gration.<\/p>\n\t<div class=\"su-quote su-quote-style-default\"><div class=\"su-quote-inner su-u-clearfix su-u-trim\">Vous devriez tous aimer votre pays en pensant que nous aurons tous un jour, un seul monde. <\/div><\/div>\n\t\t<iframe loading=\"lazy\" title=\"Her Studies, Indian Independence, Gandhi\" width=\"1440\" height=\"1080\" src=\"https:\/\/www.youtube.com\/embed\/R3BuPaDgo4c?feature=oembed\" frameborder=\"0\" allow=\"accelerometer; autoplay; clipboard-write; encrypted-media; gyroscope; picture-in-picture; web-share\" allowfullscreen><\/iframe>\t\n\t\t<iframe loading=\"lazy\" title=\"Independence And Education\" width=\"1440\" height=\"1080\" src=\"https:\/\/www.youtube.com\/embed\/6zp6ERRkSy8?feature=oembed\" frameborder=\"0\" allow=\"accelerometer; autoplay; clipboard-write; encrypted-media; gyroscope; picture-in-picture; web-share\" allowfullscreen><\/iframe> \t\n\t<hr \/>\n<h3>1. <a href=\"#citation-ref-1\">^<\/a><a name=\"citation-note-1\"><\/a>&#8216;Quit India&#8217; est un mouvement de d\u00e9sob\u00e9issance civile lanc\u00e9 par le Mahatma Gandhi et le Congr\u00e8s national indien en ao\u00fbt 1942, appelant \u00e0 une r\u00e9sistance d\u00e9termin\u00e9e mais passive \u00e0 la domination britannique et \u00e0 un &#8220;retrait ordonn\u00e9 des Britanniques&#8221; de l&#8217;Inde (wikipedia).<\/h3>\n\n","protected":false},"excerpt":{"rendered":"<p>Les ann\u00e9es universitaires La lutte pour la libert\u00e9 Le 15 ao\u00fbt 1947, sur le coup de minuit, des millions de personnes ont salu\u00e9 la libert\u00e9 de leur pays. Les villes et villages de toute l&#8217;Inde ont hiss\u00e9 le drapeau tricolore. Shri Mataji, jeune fille &#8220;J&#8217;ai vu le drapeau de l&#8217;Union Jack descendre et j&#8217;ai vu&hellip; <br \/> <a class=\"read-more\" href=\"https:\/\/shrimataji.org\/test\/fr\/les-annees-universitaires\/\">Read more<\/a><\/p>\n","protected":false},"author":7,"featured_media":9508,"parent":0,"menu_order":0,"comment_status":"closed","ping_status":"closed","template":"","meta":{"inline_featured_image":false,"footnotes":""},"class_list":["post-10729","page","type-page","status-publish","has-post-thumbnail","hentry"],"yoast_head":"<!-- This site is optimized with the Yoast SEO plugin v27.4 - https:\/\/yoast.com\/product\/yoast-seo-wordpress\/ -->\n<title>Les ann\u00e9es universitaires - TEST - SMND<\/title>\n<meta name=\"robots\" content=\"noindex, follow, max-snippet:-1, max-image-preview:large, max-video-preview:-1\" \/>\n<meta property=\"og:locale\" content=\"en_US\" \/>\n<meta property=\"og:type\" content=\"article\" \/>\n<meta property=\"og:title\" content=\"Les ann\u00e9es universitaires - TEST - SMND\" \/>\n<meta property=\"og:description\" content=\"Les ann\u00e9es universitaires La lutte pour la libert\u00e9 Le 15 ao\u00fbt 1947, sur le coup de minuit, des millions de personnes ont salu\u00e9 la libert\u00e9 de leur pays. Les villes et villages de toute l&#8217;Inde ont hiss\u00e9 le drapeau tricolore. Shri Mataji, jeune fille &#8220;J&#8217;ai vu le drapeau de l&#8217;Union Jack descendre et j&#8217;ai vu&hellip; Read more\" \/>\n<meta property=\"og:url\" content=\"https:\/\/shrimataji.org\/test\/fr\/les-annees-universitaires\/\" \/>\n<meta property=\"og:site_name\" content=\"TEST - SMND\" \/>\n<meta property=\"article:publisher\" content=\"https:\/\/www.facebook.com\/shrimataji\" \/>\n<meta property=\"article:modified_time\" content=\"2026-02-15T16:09:48+00:00\" \/>\n<meta property=\"og:image\" content=\"https:\/\/shrimataji.org\/test\/wp-content\/uploads\/2023\/03\/2_Banner_EarlyLife-College-2-scaled.jpg\" \/>\n\t<meta property=\"og:image:width\" content=\"2560\" \/>\n\t<meta property=\"og:image:height\" content=\"905\" \/>\n\t<meta property=\"og:image:type\" content=\"image\/jpeg\" \/>\n<meta name=\"twitter:card\" content=\"summary_large_image\" \/>\n<meta name=\"twitter:site\" content=\"@shrimataji\" \/>\n<meta name=\"twitter:label1\" content=\"Est. reading time\" \/>\n\t<meta name=\"twitter:data1\" content=\"3 minutes\" \/>\n<script type=\"application\/ld+json\" class=\"yoast-schema-graph\">{\"@context\":\"https:\\\/\\\/schema.org\",\"@graph\":[{\"@type\":\"WebPage\",\"@id\":\"https:\\\/\\\/shrimataji.org\\\/test\\\/fr\\\/les-annees-universitaires\\\/\",\"url\":\"https:\\\/\\\/shrimataji.org\\\/test\\\/fr\\\/les-annees-universitaires\\\/\",\"name\":\"Les ann\u00e9es universitaires - TEST - SMND\",\"isPartOf\":{\"@id\":\"https:\\\/\\\/shrimataji.org\\\/test\\\/#website\"},\"primaryImageOfPage\":{\"@id\":\"https:\\\/\\\/shrimataji.org\\\/test\\\/fr\\\/les-annees-universitaires\\\/#primaryimage\"},\"image\":{\"@id\":\"https:\\\/\\\/shrimataji.org\\\/test\\\/fr\\\/les-annees-universitaires\\\/#primaryimage\"},\"thumbnailUrl\":\"https:\\\/\\\/shrimataji.org\\\/test\\\/wp-content\\\/uploads\\\/2023\\\/03\\\/2_Banner_EarlyLife-College-2-scaled.jpg\",\"datePublished\":\"2018-07-10T06:54:46+00:00\",\"dateModified\":\"2026-02-15T16:09:48+00:00\",\"breadcrumb\":{\"@id\":\"https:\\\/\\\/shrimataji.org\\\/test\\\/fr\\\/les-annees-universitaires\\\/#breadcrumb\"},\"inLanguage\":\"en-US\",\"potentialAction\":[{\"@type\":\"ReadAction\",\"target\":[\"https:\\\/\\\/shrimataji.org\\\/test\\\/fr\\\/les-annees-universitaires\\\/\"]}]},{\"@type\":\"ImageObject\",\"inLanguage\":\"en-US\",\"@id\":\"https:\\\/\\\/shrimataji.org\\\/test\\\/fr\\\/les-annees-universitaires\\\/#primaryimage\",\"url\":\"https:\\\/\\\/shrimataji.org\\\/test\\\/wp-content\\\/uploads\\\/2023\\\/03\\\/2_Banner_EarlyLife-College-2-scaled.jpg\",\"contentUrl\":\"https:\\\/\\\/shrimataji.org\\\/test\\\/wp-content\\\/uploads\\\/2023\\\/03\\\/2_Banner_EarlyLife-College-2-scaled.jpg\",\"width\":2560,\"height\":905},{\"@type\":\"BreadcrumbList\",\"@id\":\"https:\\\/\\\/shrimataji.org\\\/test\\\/fr\\\/les-annees-universitaires\\\/#breadcrumb\",\"itemListElement\":[{\"@type\":\"ListItem\",\"position\":1,\"name\":\"Home\",\"item\":\"https:\\\/\\\/shrimataji.org\\\/test\\\/uk\\\/home-en\\\/\"},{\"@type\":\"ListItem\",\"position\":2,\"name\":\"Les ann\u00e9es universitaires\"}]},{\"@type\":\"WebSite\",\"@id\":\"https:\\\/\\\/shrimataji.org\\\/test\\\/#website\",\"url\":\"https:\\\/\\\/shrimataji.org\\\/test\\\/\",\"name\":\"Shri Mataji Nirmala Devi\",\"description\":\"A Life Dedicated to Humanity\",\"publisher\":{\"@id\":\"https:\\\/\\\/shrimataji.org\\\/test\\\/#\\\/schema\\\/person\\\/a1b3419c6585f164aa96da1ff85715d1\"},\"potentialAction\":[{\"@type\":\"SearchAction\",\"target\":{\"@type\":\"EntryPoint\",\"urlTemplate\":\"https:\\\/\\\/shrimataji.org\\\/test\\\/?s={search_term_string}\"},\"query-input\":{\"@type\":\"PropertyValueSpecification\",\"valueRequired\":true,\"valueName\":\"search_term_string\"}}],\"inLanguage\":\"en-US\"},{\"@type\":[\"Person\",\"Organization\"],\"@id\":\"https:\\\/\\\/shrimataji.org\\\/test\\\/#\\\/schema\\\/person\\\/a1b3419c6585f164aa96da1ff85715d1\",\"name\":\"Nirmala Shrivastava\",\"image\":{\"@type\":\"ImageObject\",\"inLanguage\":\"en-US\",\"@id\":\"https:\\\/\\\/shrimataji.org\\\/test\\\/wp-content\\\/uploads\\\/2023\\\/02\\\/SMO_LOGO-03.svg\",\"url\":\"https:\\\/\\\/shrimataji.org\\\/test\\\/wp-content\\\/uploads\\\/2023\\\/02\\\/SMO_LOGO-03.svg\",\"contentUrl\":\"https:\\\/\\\/shrimataji.org\\\/test\\\/wp-content\\\/uploads\\\/2023\\\/02\\\/SMO_LOGO-03.svg\",\"width\":\"1024\",\"height\":\"1024\",\"caption\":\"Nirmala Shrivastava\"},\"logo\":{\"@id\":\"https:\\\/\\\/shrimataji.org\\\/test\\\/wp-content\\\/uploads\\\/2023\\\/02\\\/SMO_LOGO-03.svg\"},\"sameAs\":[\"https:\\\/\\\/shrimataji.org\\\/test\",\"https:\\\/\\\/www.facebook.com\\\/shrimataji\",\"https:\\\/\\\/x.com\\\/shrimataji\",\"https:\\\/\\\/www.youtube.com\\\/@Shri_Mataji_Nirmala_Devi\\\/featured\"]}]}<\/script>\n<!-- \/ Yoast SEO plugin. -->","yoast_head_json":{"title":"Les ann\u00e9es universitaires - TEST - SMND","robots":{"index":"noindex","follow":"follow","max-snippet":"max-snippet:-1","max-image-preview":"max-image-preview:large","max-video-preview":"max-video-preview:-1"},"og_locale":"en_US","og_type":"article","og_title":"Les ann\u00e9es universitaires - TEST - SMND","og_description":"Les ann\u00e9es universitaires La lutte pour la libert\u00e9 Le 15 ao\u00fbt 1947, sur le coup de minuit, des millions de personnes ont salu\u00e9 la libert\u00e9 de leur pays. Les villes et villages de toute l&#8217;Inde ont hiss\u00e9 le drapeau tricolore. Shri Mataji, jeune fille &#8220;J&#8217;ai vu le drapeau de l&#8217;Union Jack descendre et j&#8217;ai vu&hellip; Read more","og_url":"https:\/\/shrimataji.org\/test\/fr\/les-annees-universitaires\/","og_site_name":"TEST - SMND","article_publisher":"https:\/\/www.facebook.com\/shrimataji","article_modified_time":"2026-02-15T16:09:48+00:00","og_image":[{"width":2560,"height":905,"url":"https:\/\/shrimataji.org\/test\/wp-content\/uploads\/2023\/03\/2_Banner_EarlyLife-College-2-scaled.jpg","type":"image\/jpeg"}],"twitter_card":"summary_large_image","twitter_site":"@shrimataji","twitter_misc":{"Est. reading time":"3 minutes"},"schema":{"@context":"https:\/\/schema.org","@graph":[{"@type":"WebPage","@id":"https:\/\/shrimataji.org\/test\/fr\/les-annees-universitaires\/","url":"https:\/\/shrimataji.org\/test\/fr\/les-annees-universitaires\/","name":"Les ann\u00e9es universitaires - TEST - SMND","isPartOf":{"@id":"https:\/\/shrimataji.org\/test\/#website"},"primaryImageOfPage":{"@id":"https:\/\/shrimataji.org\/test\/fr\/les-annees-universitaires\/#primaryimage"},"image":{"@id":"https:\/\/shrimataji.org\/test\/fr\/les-annees-universitaires\/#primaryimage"},"thumbnailUrl":"https:\/\/shrimataji.org\/test\/wp-content\/uploads\/2023\/03\/2_Banner_EarlyLife-College-2-scaled.jpg","datePublished":"2018-07-10T06:54:46+00:00","dateModified":"2026-02-15T16:09:48+00:00","breadcrumb":{"@id":"https:\/\/shrimataji.org\/test\/fr\/les-annees-universitaires\/#breadcrumb"},"inLanguage":"en-US","potentialAction":[{"@type":"ReadAction","target":["https:\/\/shrimataji.org\/test\/fr\/les-annees-universitaires\/"]}]},{"@type":"ImageObject","inLanguage":"en-US","@id":"https:\/\/shrimataji.org\/test\/fr\/les-annees-universitaires\/#primaryimage","url":"https:\/\/shrimataji.org\/test\/wp-content\/uploads\/2023\/03\/2_Banner_EarlyLife-College-2-scaled.jpg","contentUrl":"https:\/\/shrimataji.org\/test\/wp-content\/uploads\/2023\/03\/2_Banner_EarlyLife-College-2-scaled.jpg","width":2560,"height":905},{"@type":"BreadcrumbList","@id":"https:\/\/shrimataji.org\/test\/fr\/les-annees-universitaires\/#breadcrumb","itemListElement":[{"@type":"ListItem","position":1,"name":"Home","item":"https:\/\/shrimataji.org\/test\/uk\/home-en\/"},{"@type":"ListItem","position":2,"name":"Les ann\u00e9es universitaires"}]},{"@type":"WebSite","@id":"https:\/\/shrimataji.org\/test\/#website","url":"https:\/\/shrimataji.org\/test\/","name":"Shri Mataji Nirmala Devi","description":"A Life Dedicated to Humanity","publisher":{"@id":"https:\/\/shrimataji.org\/test\/#\/schema\/person\/a1b3419c6585f164aa96da1ff85715d1"},"potentialAction":[{"@type":"SearchAction","target":{"@type":"EntryPoint","urlTemplate":"https:\/\/shrimataji.org\/test\/?s={search_term_string}"},"query-input":{"@type":"PropertyValueSpecification","valueRequired":true,"valueName":"search_term_string"}}],"inLanguage":"en-US"},{"@type":["Person","Organization"],"@id":"https:\/\/shrimataji.org\/test\/#\/schema\/person\/a1b3419c6585f164aa96da1ff85715d1","name":"Nirmala Shrivastava","image":{"@type":"ImageObject","inLanguage":"en-US","@id":"https:\/\/shrimataji.org\/test\/wp-content\/uploads\/2023\/02\/SMO_LOGO-03.svg","url":"https:\/\/shrimataji.org\/test\/wp-content\/uploads\/2023\/02\/SMO_LOGO-03.svg","contentUrl":"https:\/\/shrimataji.org\/test\/wp-content\/uploads\/2023\/02\/SMO_LOGO-03.svg","width":"1024","height":"1024","caption":"Nirmala Shrivastava"},"logo":{"@id":"https:\/\/shrimataji.org\/test\/wp-content\/uploads\/2023\/02\/SMO_LOGO-03.svg"},"sameAs":["https:\/\/shrimataji.org\/test","https:\/\/www.facebook.com\/shrimataji","https:\/\/x.com\/shrimataji","https:\/\/www.youtube.com\/@Shri_Mataji_Nirmala_Devi\/featured"]}]}},"lang":"fr","translations":{"fr":10729,"ur":37404,"en":413,"am":17975,"th":19907,"hu":19450,"sq":18376,"zh":17273,"hi":8384,"tr":10144,"pt":10357,"de":10631,"it":10827,"es":10924,"ja":11221,"ru":11409,"bn":11601,"te":11709,"sw":11832,"he":11980,"el":12271,"sk":12369,"fa":12467,"fi":12565,"bg":13452,"ro":14526,"cs":14719,"nl":16536,"ku":16696,"ar":16872,"be":18583,"kn":18857,"mr":20271,"uk":20563,"ml":20862,"ta":22691,"sv":22964,"gu":28812,"pa":28970,"fil":29410,"da":37718,"pl":37935,"nn":38270},"pll_sync_post":[],"_links":{"self":[{"href":"https:\/\/shrimataji.org\/test\/wp-json\/wp\/v2\/pages\/10729","targetHints":{"allow":["GET"]}}],"collection":[{"href":"https:\/\/shrimataji.org\/test\/wp-json\/wp\/v2\/pages"}],"about":[{"href":"https:\/\/shrimataji.org\/test\/wp-json\/wp\/v2\/types\/page"}],"author":[{"embeddable":true,"href":"https:\/\/shrimataji.org\/test\/wp-json\/wp\/v2\/users\/7"}],"replies":[{"embeddable":true,"href":"https:\/\/shrimataji.org\/test\/wp-json\/wp\/v2\/comments?post=10729"}],"version-history":[{"count":0,"href":"https:\/\/shrimataji.org\/test\/wp-json\/wp\/v2\/pages\/10729\/revisions"}],"wp:featuredmedia":[{"embeddable":true,"href":"https:\/\/shrimataji.org\/test\/wp-json\/wp\/v2\/media\/9508"}],"wp:attachment":[{"href":"https:\/\/shrimataji.org\/test\/wp-json\/wp\/v2\/media?parent=10729"}],"curies":[{"name":"wp","href":"https:\/\/api.w.org\/{rel}","templated":true}]}}