{"id":10738,"date":"2022-01-29T09:41:42","date_gmt":"2022-01-29T09:41:42","guid":{"rendered":"https:\/\/test.shrimataji.org\/?page_id=6385"},"modified":"2025-11-12T16:36:47","modified_gmt":"2025-11-12T16:36:47","slug":"etablir-l-equilibre","status":"publish","type":"page","link":"https:\/\/shrimataji.org\/test\/fr\/etablir-l-equilibre\/","title":{"rendered":"\u00c9tablir l&#8217;\u00e9quilibre"},"content":{"rendered":"\n\n\t<h1>\u00c9tablir l&#8217;\u00e9quilibre<\/h1>\n<h2>Le Yin et Yang de la vie<\/h2>\n<div class=\"su-quote su-quote-style-default\"><div class=\"su-quote-inner su-u-clearfix su-u-trim\">Ce probl\u00e8me \u00e9cologique peut\u00a0 \u00eatre r\u00e9solu d\u00e8s que les \u00eatres humains se transforment et d\u00e9veloppent leur \u00e9quilibre. C&#8217;est parce que nous sommes d\u00e9s\u00e9quilibr\u00e9s que la nature est devenue d\u00e9s\u00e9quilibr\u00e9e.<\/div><\/div>\n<p>Le monde actuel, o\u00f9 tout va tr\u00e8s vite, pose de nombreux d\u00e9fis \u00e0 une existence paisible, au niveau individuel comme au niveau de la soci\u00e9t\u00e9 mondiale. Le changement climatique, les d\u00e9s\u00e9quilibres \u00e9conomiques et sociaux sont autant de sympt\u00f4mes du conflit profond qui existe dans la conscience humaine. Nous ne pourrons pas les r\u00e9soudre en cherchant des solutions uniquement externes. Sans conna\u00eetre le sens v\u00e9ritable de notre existence, nous continuons \u00e0 rechercher des solutions \u00e0 nos probl\u00e8mes. Si nous parvenons \u00e0 nous connecter \u00e0 notre nature inn\u00e9e, nous pourrons puiser \u00e0 la source qui nous fournira les solutions.<\/p>\n<h4><strong>Pour trouver le juste milieu, nous devons \u00eatre conscients de ce qu&#8217;est l&#8217;\u00e9quilibre int\u00e9rieur subtil. Les arch\u00e9types f\u00e9minin (yin) et masculin (yang) fa\u00e7onnent notre personnalit\u00e9 et s&#8217;expriment dans la nature de nos \u00e9motions, de nos d\u00e9sirs et de nos actions. Les tendances excessives de notre mode de vie perturbent l&#8217;\u00e9quilibre de l&#8217;\u00e9nergie dans nos canaux subtils gauche, yin, et droit, yang. Et nous faisons alors l&#8217;exp\u00e9rience de probl\u00e8mes physiques, mentaux et \u00e9motionnels.<\/strong><\/h4>\n<p>La m\u00e9ditation Sahaja Yoga nous initie \u00e0 un nouvel \u00e9tat de conscience sans pens\u00e9e. Dans un \u00e9tat de silence profond, nous trouvons la voie qui convient, \u00e0 nous-m\u00eames, \u00e0 nos semblables et \u00e0 notre soci\u00e9t\u00e9. Tout se d\u00e9roule spontan\u00e9ment, et un monde enti\u00e8rement nouveau se r\u00e9v\u00e8le, au-del\u00e0 de notre imagination.<\/p>\n<h5>&#8220;<strong>Nous ne faisons que refl\u00e9ter le monde. Toutes les tendances pr\u00e9sentes dans le monde ext\u00e9rieur se retrouvent dans le monde de notre corps. Si nous pouvions nous changer nous-m\u00eames, les tendances du monde changeraient \u00e9galement. Lorsqu&#8217;un homme change sa propre nature, l&#8217;attitude du monde \u00e0 son \u00e9gard change \u00e9galement. C&#8217;est le myst\u00e8re divin supr\u00eame. C&#8217;est une chose merveilleuse et la source de notre bonheur. Nous n&#8217;avons pas besoin d&#8217;attendre de voir ce que font les autres<\/strong>.&#8221;<\/h5>\n<h5>Le Mahatma Gandhi<\/h5>\n<p>La m\u00e9ditation Sahaja Yoga nous offre un moment unique pour approfondir notre exp\u00e9rience spirituelle dans un domaine qui d\u00e9passe notre mental. C&#8217;est un espace int\u00e9rieur paisible o\u00f9 loin du tumulte des pens\u00e9es. Penser \u00e0 ce qui va se passer ou \u00e0 ce qui s&#8217;est d\u00e9j\u00e0 pass\u00e9 nous emp\u00eache de vivre le pr\u00e9sent. La conscience sans pens\u00e9e nous permet d&#8217;\u00eatre au pr\u00e9sent, ce qui est essentiel pour se ressourcer afin de faire face sereinement \u00e0 toute situation de la vie.<\/p>\n<div class=\"epyt-video-wrapper\"><div  data-ep-a=\"fadeIn\"  style=\"display: block; margin: 0px auto;\"  id=\"_ytid_14966\"  width=\"3840\" height=\"2160\"  data-origwidth=\"3840\" data-origheight=\"2160\" data-facadesrc=\"https:\/\/www.youtube.com\/embed\/vM4CGusCUAk?enablejsapi=1&autoplay=0&cc_load_policy=0&cc_lang_pref=&iv_load_policy=1&loop=0&rel=0&fs=1&playsinline=1&autohide=2&theme=dark&color=red&controls=1&disablekb=0&\" class=\"__youtube_prefs__ epyt-facade  no-lazyload\" data-epautoplay=\"1\" ><img decoding=\"async\" data-spai-excluded=\"true\" class=\"epyt-facade-poster skip-lazy\" loading=\"lazy\"  alt=\"YouTube player\"  src=\"https:\/\/i.ytimg.com\/vi\/vM4CGusCUAk\/maxresdefault.jpg\"  \/><button class=\"epyt-facade-play\" aria-label=\"Play\"><svg data-no-lazy=\"1\" height=\"100%\" version=\"1.1\" viewBox=\"0 0 68 48\" width=\"100%\"><path class=\"ytp-large-play-button-bg\" d=\"M66.52,7.74c-0.78-2.93-2.49-5.41-5.42-6.19C55.79,.13,34,0,34,0S12.21,.13,6.9,1.55 C3.97,2.33,2.27,4.81,1.48,7.74C0.06,13.05,0,24,0,24s0.06,10.95,1.48,16.26c0.78,2.93,2.49,5.41,5.42,6.19 C12.21,47.87,34,48,34,48s21.79-0.13,27.1-1.55c2.93-0.78,4.64-3.26,5.42-6.19C67.94,34.95,68,24,68,24S67.94,13.05,66.52,7.74z\" fill=\"#f00\"><\/path><path d=\"M 45,24 27,14 27,34\" fill=\"#fff\"><\/path><\/svg><\/button><\/div><\/div><span itemprop=\"video\" itemscope itemtype=\"http:\/\/schema.org\/VideoObject\"><meta itemprop=\"embedUrl\" content=\"https:\/\/www.youtube.com\/embed\/vM4CGusCUAk\"><meta itemprop=\"name\" content=\"Establishing balance\"><meta itemprop=\"description\" content=\"YouTube video\"><meta itemprop=\"thumbnailUrl\" content=\"https:\/\/i.ytimg.com\/vi\/vM4CGusCUAk\/0.jpg\"><meta itemprop=\"duration\" content=\"PT2M40S\"><meta itemprop=\"uploadDate\" content=\"2022-11-12T03:29:52Z\"><\/span>\n\t<div class=\"su-quote su-quote-style-default\"><div class=\"su-quote-inner su-u-clearfix su-u-trim\">\u00c9tablissez-vous, trouvez l&#8217;\u00e9quilibre et progressez. Devenez des personnes exceptionnelles.<\/div><\/div>\n\n","protected":false},"excerpt":{"rendered":"<p>\u00c9tablir l&#8217;\u00e9quilibre Le Yin et Yang de la vie Le monde actuel, o\u00f9 tout va tr\u00e8s vite, pose de nombreux d\u00e9fis \u00e0 une existence paisible, au niveau individuel comme au niveau de la soci\u00e9t\u00e9 mondiale. Le changement climatique, les d\u00e9s\u00e9quilibres \u00e9conomiques et sociaux sont autant de sympt\u00f4mes du conflit profond qui existe dans la conscience&hellip; <br \/> <a class=\"read-more\" href=\"https:\/\/shrimataji.org\/test\/fr\/etablir-l-equilibre\/\">Read more<\/a><\/p>\n","protected":false},"author":7,"featured_media":9260,"parent":0,"menu_order":0,"comment_status":"closed","ping_status":"closed","template":"","meta":{"inline_featured_image":false,"footnotes":"","advanced-sidebar-menu\/link-title":"","advanced-sidebar-menu\/exclude-page":false},"class_list":["post-10738","page","type-page","status-publish","has-post-thumbnail","hentry"],"yoast_head":"<!-- This site is optimized with the Yoast SEO plugin v27.4 - https:\/\/yoast.com\/product\/yoast-seo-wordpress\/ -->\n<title>\u00c9tablir l&#039;\u00e9quilibre - TEST - SMND<\/title>\n<meta name=\"robots\" content=\"noindex, follow, max-snippet:-1, max-image-preview:large, max-video-preview:-1\" \/>\n<meta property=\"og:locale\" content=\"en_US\" \/>\n<meta property=\"og:type\" content=\"article\" \/>\n<meta property=\"og:title\" content=\"\u00c9tablir l&#039;\u00e9quilibre - TEST - SMND\" \/>\n<meta property=\"og:description\" content=\"\u00c9tablir l&#8217;\u00e9quilibre Le Yin et Yang de la vie Le monde actuel, o\u00f9 tout va tr\u00e8s vite, pose de nombreux d\u00e9fis \u00e0 une existence paisible, au niveau individuel comme au niveau de la soci\u00e9t\u00e9 mondiale. Le changement climatique, les d\u00e9s\u00e9quilibres \u00e9conomiques et sociaux sont autant de sympt\u00f4mes du conflit profond qui existe dans la conscience&hellip; Read more\" \/>\n<meta property=\"og:url\" content=\"https:\/\/shrimataji.org\/test\/fr\/etablir-l-equilibre\/\" \/>\n<meta property=\"og:site_name\" content=\"TEST - SMND\" \/>\n<meta property=\"article:publisher\" content=\"https:\/\/www.facebook.com\/shrimataji\" \/>\n<meta property=\"article:modified_time\" content=\"2025-11-12T16:36:47+00:00\" \/>\n<meta property=\"og:image\" content=\"https:\/\/shrimataji.org\/test\/wp-content\/uploads\/2023\/03\/25_Banner-SY-Balance-scaled.jpg\" \/>\n\t<meta property=\"og:image:width\" content=\"2560\" \/>\n\t<meta property=\"og:image:height\" content=\"905\" \/>\n\t<meta property=\"og:image:type\" content=\"image\/jpeg\" \/>\n<meta name=\"twitter:card\" content=\"summary_large_image\" \/>\n<meta name=\"twitter:site\" content=\"@shrimataji\" \/>\n<meta name=\"twitter:label1\" content=\"Est. reading time\" \/>\n\t<meta name=\"twitter:data1\" content=\"2 minutes\" \/>\n<script type=\"application\/ld+json\" class=\"yoast-schema-graph\">{\"@context\":\"https:\\\/\\\/schema.org\",\"@graph\":[{\"@type\":\"WebPage\",\"@id\":\"https:\\\/\\\/shrimataji.org\\\/test\\\/fr\\\/etablir-l-equilibre\\\/\",\"url\":\"https:\\\/\\\/shrimataji.org\\\/test\\\/fr\\\/etablir-l-equilibre\\\/\",\"name\":\"\u00c9tablir l'\u00e9quilibre - TEST - SMND\",\"isPartOf\":{\"@id\":\"https:\\\/\\\/shrimataji.org\\\/test\\\/#website\"},\"primaryImageOfPage\":{\"@id\":\"https:\\\/\\\/shrimataji.org\\\/test\\\/fr\\\/etablir-l-equilibre\\\/#primaryimage\"},\"image\":{\"@id\":\"https:\\\/\\\/shrimataji.org\\\/test\\\/fr\\\/etablir-l-equilibre\\\/#primaryimage\"},\"thumbnailUrl\":\"https:\\\/\\\/shrimataji.org\\\/test\\\/wp-content\\\/uploads\\\/2023\\\/03\\\/25_Banner-SY-Balance-scaled.jpg\",\"datePublished\":\"2022-01-29T09:41:42+00:00\",\"dateModified\":\"2025-11-12T16:36:47+00:00\",\"breadcrumb\":{\"@id\":\"https:\\\/\\\/shrimataji.org\\\/test\\\/fr\\\/etablir-l-equilibre\\\/#breadcrumb\"},\"inLanguage\":\"en-US\",\"potentialAction\":[{\"@type\":\"ReadAction\",\"target\":[\"https:\\\/\\\/shrimataji.org\\\/test\\\/fr\\\/etablir-l-equilibre\\\/\"]}]},{\"@type\":\"ImageObject\",\"inLanguage\":\"en-US\",\"@id\":\"https:\\\/\\\/shrimataji.org\\\/test\\\/fr\\\/etablir-l-equilibre\\\/#primaryimage\",\"url\":\"https:\\\/\\\/shrimataji.org\\\/test\\\/wp-content\\\/uploads\\\/2023\\\/03\\\/25_Banner-SY-Balance-scaled.jpg\",\"contentUrl\":\"https:\\\/\\\/shrimataji.org\\\/test\\\/wp-content\\\/uploads\\\/2023\\\/03\\\/25_Banner-SY-Balance-scaled.jpg\",\"width\":2560,\"height\":905},{\"@type\":\"BreadcrumbList\",\"@id\":\"https:\\\/\\\/shrimataji.org\\\/test\\\/fr\\\/etablir-l-equilibre\\\/#breadcrumb\",\"itemListElement\":[{\"@type\":\"ListItem\",\"position\":1,\"name\":\"Home\",\"item\":\"https:\\\/\\\/shrimataji.org\\\/test\\\/uk\\\/home-en\\\/\"},{\"@type\":\"ListItem\",\"position\":2,\"name\":\"\u00c9tablir l&#8217;\u00e9quilibre\"}]},{\"@type\":\"WebSite\",\"@id\":\"https:\\\/\\\/shrimataji.org\\\/test\\\/#website\",\"url\":\"https:\\\/\\\/shrimataji.org\\\/test\\\/\",\"name\":\"Shri Mataji Nirmala Devi\",\"description\":\"A Life Dedicated to Humanity\",\"publisher\":{\"@id\":\"https:\\\/\\\/shrimataji.org\\\/test\\\/#\\\/schema\\\/person\\\/a1b3419c6585f164aa96da1ff85715d1\"},\"potentialAction\":[{\"@type\":\"SearchAction\",\"target\":{\"@type\":\"EntryPoint\",\"urlTemplate\":\"https:\\\/\\\/shrimataji.org\\\/test\\\/?s={search_term_string}\"},\"query-input\":{\"@type\":\"PropertyValueSpecification\",\"valueRequired\":true,\"valueName\":\"search_term_string\"}}],\"inLanguage\":\"en-US\"},{\"@type\":[\"Person\",\"Organization\"],\"@id\":\"https:\\\/\\\/shrimataji.org\\\/test\\\/#\\\/schema\\\/person\\\/a1b3419c6585f164aa96da1ff85715d1\",\"name\":\"Nirmala Shrivastava\",\"image\":{\"@type\":\"ImageObject\",\"inLanguage\":\"en-US\",\"@id\":\"https:\\\/\\\/shrimataji.org\\\/test\\\/wp-content\\\/uploads\\\/2023\\\/02\\\/SMO_LOGO-03.svg\",\"url\":\"https:\\\/\\\/shrimataji.org\\\/test\\\/wp-content\\\/uploads\\\/2023\\\/02\\\/SMO_LOGO-03.svg\",\"contentUrl\":\"https:\\\/\\\/shrimataji.org\\\/test\\\/wp-content\\\/uploads\\\/2023\\\/02\\\/SMO_LOGO-03.svg\",\"width\":\"1024\",\"height\":\"1024\",\"caption\":\"Nirmala Shrivastava\"},\"logo\":{\"@id\":\"https:\\\/\\\/shrimataji.org\\\/test\\\/wp-content\\\/uploads\\\/2023\\\/02\\\/SMO_LOGO-03.svg\"},\"sameAs\":[\"https:\\\/\\\/shrimataji.org\\\/test\",\"https:\\\/\\\/www.facebook.com\\\/shrimataji\",\"https:\\\/\\\/x.com\\\/shrimataji\",\"https:\\\/\\\/www.youtube.com\\\/@Shri_Mataji_Nirmala_Devi\\\/featured\"]}]}<\/script>\n<!-- \/ Yoast SEO plugin. -->","yoast_head_json":{"title":"\u00c9tablir l'\u00e9quilibre - TEST - SMND","robots":{"index":"noindex","follow":"follow","max-snippet":"max-snippet:-1","max-image-preview":"max-image-preview:large","max-video-preview":"max-video-preview:-1"},"og_locale":"en_US","og_type":"article","og_title":"\u00c9tablir l'\u00e9quilibre - TEST - SMND","og_description":"\u00c9tablir l&#8217;\u00e9quilibre Le Yin et Yang de la vie Le monde actuel, o\u00f9 tout va tr\u00e8s vite, pose de nombreux d\u00e9fis \u00e0 une existence paisible, au niveau individuel comme au niveau de la soci\u00e9t\u00e9 mondiale. Le changement climatique, les d\u00e9s\u00e9quilibres \u00e9conomiques et sociaux sont autant de sympt\u00f4mes du conflit profond qui existe dans la conscience&hellip; Read more","og_url":"https:\/\/shrimataji.org\/test\/fr\/etablir-l-equilibre\/","og_site_name":"TEST - SMND","article_publisher":"https:\/\/www.facebook.com\/shrimataji","article_modified_time":"2025-11-12T16:36:47+00:00","og_image":[{"width":2560,"height":905,"url":"https:\/\/shrimataji.org\/test\/wp-content\/uploads\/2023\/03\/25_Banner-SY-Balance-scaled.jpg","type":"image\/jpeg"}],"twitter_card":"summary_large_image","twitter_site":"@shrimataji","twitter_misc":{"Est. reading time":"2 minutes"},"schema":{"@context":"https:\/\/schema.org","@graph":[{"@type":"WebPage","@id":"https:\/\/shrimataji.org\/test\/fr\/etablir-l-equilibre\/","url":"https:\/\/shrimataji.org\/test\/fr\/etablir-l-equilibre\/","name":"\u00c9tablir l'\u00e9quilibre - TEST - SMND","isPartOf":{"@id":"https:\/\/shrimataji.org\/test\/#website"},"primaryImageOfPage":{"@id":"https:\/\/shrimataji.org\/test\/fr\/etablir-l-equilibre\/#primaryimage"},"image":{"@id":"https:\/\/shrimataji.org\/test\/fr\/etablir-l-equilibre\/#primaryimage"},"thumbnailUrl":"https:\/\/shrimataji.org\/test\/wp-content\/uploads\/2023\/03\/25_Banner-SY-Balance-scaled.jpg","datePublished":"2022-01-29T09:41:42+00:00","dateModified":"2025-11-12T16:36:47+00:00","breadcrumb":{"@id":"https:\/\/shrimataji.org\/test\/fr\/etablir-l-equilibre\/#breadcrumb"},"inLanguage":"en-US","potentialAction":[{"@type":"ReadAction","target":["https:\/\/shrimataji.org\/test\/fr\/etablir-l-equilibre\/"]}]},{"@type":"ImageObject","inLanguage":"en-US","@id":"https:\/\/shrimataji.org\/test\/fr\/etablir-l-equilibre\/#primaryimage","url":"https:\/\/shrimataji.org\/test\/wp-content\/uploads\/2023\/03\/25_Banner-SY-Balance-scaled.jpg","contentUrl":"https:\/\/shrimataji.org\/test\/wp-content\/uploads\/2023\/03\/25_Banner-SY-Balance-scaled.jpg","width":2560,"height":905},{"@type":"BreadcrumbList","@id":"https:\/\/shrimataji.org\/test\/fr\/etablir-l-equilibre\/#breadcrumb","itemListElement":[{"@type":"ListItem","position":1,"name":"Home","item":"https:\/\/shrimataji.org\/test\/uk\/home-en\/"},{"@type":"ListItem","position":2,"name":"\u00c9tablir l&#8217;\u00e9quilibre"}]},{"@type":"WebSite","@id":"https:\/\/shrimataji.org\/test\/#website","url":"https:\/\/shrimataji.org\/test\/","name":"Shri Mataji Nirmala Devi","description":"A Life Dedicated to Humanity","publisher":{"@id":"https:\/\/shrimataji.org\/test\/#\/schema\/person\/a1b3419c6585f164aa96da1ff85715d1"},"potentialAction":[{"@type":"SearchAction","target":{"@type":"EntryPoint","urlTemplate":"https:\/\/shrimataji.org\/test\/?s={search_term_string}"},"query-input":{"@type":"PropertyValueSpecification","valueRequired":true,"valueName":"search_term_string"}}],"inLanguage":"en-US"},{"@type":["Person","Organization"],"@id":"https:\/\/shrimataji.org\/test\/#\/schema\/person\/a1b3419c6585f164aa96da1ff85715d1","name":"Nirmala Shrivastava","image":{"@type":"ImageObject","inLanguage":"en-US","@id":"https:\/\/shrimataji.org\/test\/wp-content\/uploads\/2023\/02\/SMO_LOGO-03.svg","url":"https:\/\/shrimataji.org\/test\/wp-content\/uploads\/2023\/02\/SMO_LOGO-03.svg","contentUrl":"https:\/\/shrimataji.org\/test\/wp-content\/uploads\/2023\/02\/SMO_LOGO-03.svg","width":"1024","height":"1024","caption":"Nirmala Shrivastava"},"logo":{"@id":"https:\/\/shrimataji.org\/test\/wp-content\/uploads\/2023\/02\/SMO_LOGO-03.svg"},"sameAs":["https:\/\/shrimataji.org\/test","https:\/\/www.facebook.com\/shrimataji","https:\/\/x.com\/shrimataji","https:\/\/www.youtube.com\/@Shri_Mataji_Nirmala_Devi\/featured"]}]}},"lang":"fr","translations":{"fr":10738,"ur":37421,"en":6385,"am":17992,"th":19932,"hu":19467,"sq":18393,"zh":17290,"hi":8343,"tr":10153,"pt":10366,"de":10640,"it":10836,"es":10933,"ja":11230,"ru":11418,"bn":11610,"te":11718,"sw":11841,"he":11989,"el":12280,"sk":12378,"fa":12476,"fi":12574,"bg":13402,"ro":14476,"cs":14669,"nl":16553,"ku":16713,"ar":16889,"be":18600,"kn":18874,"mr":20296,"uk":20588,"ml":20887,"ta":22708,"sv":22981,"gu":28829,"pa":28987,"fil":29427,"da":37735,"pl":37952,"nn":38287},"pll_sync_post":[],"_links":{"self":[{"href":"https:\/\/shrimataji.org\/test\/wp-json\/wp\/v2\/pages\/10738","targetHints":{"allow":["GET"]}}],"collection":[{"href":"https:\/\/shrimataji.org\/test\/wp-json\/wp\/v2\/pages"}],"about":[{"href":"https:\/\/shrimataji.org\/test\/wp-json\/wp\/v2\/types\/page"}],"author":[{"embeddable":true,"href":"https:\/\/shrimataji.org\/test\/wp-json\/wp\/v2\/users\/7"}],"replies":[{"embeddable":true,"href":"https:\/\/shrimataji.org\/test\/wp-json\/wp\/v2\/comments?post=10738"}],"version-history":[{"count":0,"href":"https:\/\/shrimataji.org\/test\/wp-json\/wp\/v2\/pages\/10738\/revisions"}],"wp:featuredmedia":[{"embeddable":true,"href":"https:\/\/shrimataji.org\/test\/wp-json\/wp\/v2\/media\/9260"}],"wp:attachment":[{"href":"https:\/\/shrimataji.org\/test\/wp-json\/wp\/v2\/media?parent=10738"}],"curies":[{"name":"wp","href":"https:\/\/api.w.org\/{rel}","templated":true}]}}