{"id":10748,"date":"2018-07-10T06:54:50","date_gmt":"2018-07-10T06:54:50","guid":{"rendered":"http:\/\/testwordpress.nirmalnagari.org\/smnd\/index.php\/glossary\/"},"modified":"2026-02-10T15:41:15","modified_gmt":"2026-02-10T15:41:15","slug":"glossaire","status":"publish","type":"page","link":"https:\/\/shrimataji.org\/test\/fr\/glossaire\/","title":{"rendered":"Glossaire"},"content":{"rendered":"\n\n\t<h1>Glossaire<\/h1>\n\t<p><a href=\"#Dharma\">Dharma<\/a><\/p>\n<p><a href=\"#Kundalini\">Kundalini<\/a><\/p>\n<p><a href=\"#SahajaYoga\">Sahaja Yoga<\/a><\/p>\n<p><a href=\"#SahajaYogaMeditation\">M\u00e9ditation Sahaja Yoga<\/a><\/p>\n<p><a href=\"#Sahasrara\">Chakra du Sahasrara<\/a><\/p>\n<p><a href=\"#Self\">Le Soi<\/a><\/p>\n<p><a href=\"#Self-Realization\"> R\u00e9alisation du Soi<\/a><\/p>\n<p><a href=\"#Spirit\">L&#8217;Esprit<\/a><\/p>\n<p><a href=\"#SubtleSystem\"> Syst\u00e8me subtil<\/a><\/p>\n<p><a href=\"#ThoughtlessAwareness\">Conscience sans pens\u00e9e<\/a><\/p>\n<p><a href=\"#Vibrations\">Vibrations<\/a><\/p>\n<p><a href=\"#Yoga\">Yoga<\/a><\/p>\n\t<p><strong>Dharma<\/strong><\/p>\n<p>L&#8217;ensemble des r\u00e8gles de conduite juste ou vertueuse qui soutiennent et \u00e9quilibrent la vie en soci\u00e9t\u00e9, les rapports interpersonnels, la relation \u00e0 la nature.<\/p>\n<p><a name=\"Kundalini\"><\/a><\/p>\n<p><strong>Kundalini<\/strong><\/p>\n<p>L&#8217;\u00e9nergie vitale qui r\u00e9side \u00e0 l&#8217;\u00e9tat latent en chaque \u00eatre humain, au sacrum. Une fois \u00e9veill\u00e9e, cette \u00e9nergie maternelle remonte \u00e0 travers les plexus nerveux du corps et ressort du sommet du cr\u00e2ne, au niveau de la fontanelle. Elle se manifeste sous forme de brise fra\u00eeche au-dessus de la t\u00eate, ainsi que dans la paume des mains..<\/p>\n<p><a name=\"SahajaYoga\"><\/a><\/p>\n<p><strong>Sahaja Yoga<\/strong><\/p>\n<p>Le terme &#8216;sahaja&#8217; est compos\u00e9 de deux mots: &#8216;saha&#8217; signifie &#8216;avec&#8217; et &#8216;ja&#8217;, &#8216;n\u00e9&#8217;. Cela veut dire &#8216;n\u00e9 avec vous&#8217;. Shri Mataji explique que &#8216;sahaja&#8217; signifie \u00e9galement &#8216;spontan\u00e9&#8217;, car c&#8217;est une force d&#8217;\u00e9volution qui nous a transform\u00e9s en \u00eatres humains \u00e0 partir du stade de l&#8217;amibe. En nous, existe une autre force r\u00e9siduelle qui doit nous relier au Divin. C&#8217;est le vrai sens du mot &#8216;yoga&#8217;. Et chaque \u00eatre humain a le droit de s&#8217;unir \u00e0 cette force omnipr\u00e9sente.<\/p>\n<p><a name=\"SahajaYogaMeditation\"><\/a><\/p>\n<p><strong>M\u00e9ditation Sahaja Yoga<\/strong><\/p>\n<p>La technique qui permet de vivre l&#8217;exp\u00e9rience de la R\u00e9alisation du Soi, c&#8217;est \u00e0 dire, l&#8217;\u00e9veil de la Kundalini jusqu&#8217;\u00e0 sa perc\u00e9e de la fontanelle. Gr\u00e2ce \u00e0 la m\u00e9ditation de Sahaja Yoga, il est possible de se connecter avec notre moi v\u00e9ritable et d&#8217;atteindre un \u00e9tat de conscience sans pens\u00e9e. Une pratique r\u00e9guli\u00e8re permet d&#8217;\u00e9tablir cet \u00e9tat de conscience sans pens\u00e9e et de progresser sur le plan intellectuel, \u00e9motionnel, physique et spirituel.<\/p>\n<p><a name=\"Sahasrara\"><\/a><\/p>\n<p><strong>Sahasrara<\/strong><\/p>\n<p>Le septi\u00e8me centre \u00e9nerg\u00e9tique situ\u00e9 \u00e0 l&#8217;int\u00e9rieur du cerveau, au niveau de l&#8217;aire limbique. Ce centre d&#8217;\u00e9nergie regroupe tous les autres et a \u00e9t\u00e9 compar\u00e9 dans les traditions \u00e0 un lotus aux mille p\u00e9tales, qui correspondent au millier de nerfs du cerveau.<\/p>\n<p><a name=\"Self\"><\/a><\/p>\n<p><strong>Soi (voir Esprit)<\/strong><\/p>\n<p>Dans la tradition spirituelle, on dit que r\u00e9side en chacun de nous le pouvoir d&#8217;atteindre la R\u00e9alisation du Soi, d&#8217;atteindre le Soi. Le Soi, ou le pur Esprit, est la conscience pure qui existe au-del\u00e0 de notre corps, de notre mental et de notre ego. Il a une existence \u00e9ternelle, infinie et repr\u00e9sente le but ultime de la qu\u00eate spirituelle, dont la R\u00e9alisation du Soi est la premi\u00e8re \u00e9tape..<\/p>\n<p><a name=\"Self-Realization\"><\/a><\/p>\n<p><strong>R\u00e9alisation du Soi<\/strong><\/p>\n<p>C&#8217;est une actualisation, un \u00e9v\u00e9nement qui se produit lorsque la Kundalini \u00e9veille le Soi et le porte jusqu&#8217;au cerveau pour s&#8217;unir \u00e0 lui. Ce faisant, la conscience individuelle est unie \u00e0 la conscience universelle ou Divin. Pour Sahaja Yoga, c&#8217;est un v\u00e9ritable commencement car la Kundalini, une fois \u00e9veill\u00e9e, peut circuler librement, \u00e9tablissant une v\u00e9ritable connexion avec l&#8217;inconscient collectif et \u00e9veillant ainsi tous les pouvoirs d&#8217;autocorrection inh\u00e9rents \u00e0 l&#8217;individu.<\/p>\n<p><a name=\"Spirit\"><\/a><\/p>\n<p><strong>Esprit<\/strong><\/p>\n<p>C&#8217;est le reflet du Divin en chacun de nous, le Soi v\u00e9ritable ou pur. Apr\u00e8s la R\u00e9alisation du Soi, l&#8217;Esprit peut \u00eatre per\u00e7u et ressenti par notre attention.<\/p>\n<p><a name=\"SubtleSystem\"><\/a><\/p>\n<p><strong>Syst\u00e8me subtil<\/strong><\/p>\n<p>Le syst\u00e8me subtil est le r\u00e9seau de centres \u00e9nerg\u00e9tiques et de canaux \u00e0 travers lesquels circule l&#8217;\u00e9nergie int\u00e9rieure, la Kundalini, une fois \u00e9veill\u00e9e. Il correspond \u00e0 notre syst\u00e8me nerveux autonome. La m\u00e9ditation avec Sahaja Yoga aide \u00e0 apprendre \u00e0 ressentir, comprendre et finalement utiliser le syst\u00e8me subtil pour am\u00e9liorer la sant\u00e9, l&#8217;\u00e9quilibre, et le bien-\u00eatre. Il est le reflet de notre \u00e9tat int\u00e9rieur tant physique que moral et spirituel.<\/p>\n<p><a name=\"ThoughtlessAwareness\"><\/a><\/p>\n<p><strong>Conscience sans pens\u00e9e<\/strong><\/p>\n<p>Un \u00e9tat de conscience accrue o\u00f9 le mental est d\u00e9tendu mais alerte. Les pens\u00e9es cessent, permettant \u00e0 l&#8217;attention de se concentrer sur le moment pr\u00e9sent. Le stress et la fatigue proviennent le plus souvent de pens\u00e9es li\u00e9es au pass\u00e9 ou \u00e0 l&#8217;avenir. Lorsque les pens\u00e9es s&#8217;apaisent, le pouvoir naturel de gu\u00e9rison du syst\u00e8me nerveux est activ\u00e9, r\u00e9tablissant l&#8217;\u00e9nergie, l&#8217;\u00e9quilibre et la sant\u00e9.<\/p>\n<p><a name=\"Vibrations\"><\/a><\/p>\n<p><strong>Vibrations<\/strong><\/p>\n<p>Tous les \u00eatres vivants sont une combinaison de particules et d&#8217;ondes qui \u00e9mettent une forme de vibration, qu&#8217;elle soit positive ou n\u00e9gative. Les vibrations positives sont bienveillantes et nourrissantes. Apr\u00e8s la R\u00e9alisation du Soi, les vibrations sont la manifestation de l&#8217;\u00e9veil de la Kundalini et de notre connexion \u00e0 l&#8217;inconscient collectif. Elles peuvent \u00eatre ressenties sur le syst\u00e8me nerveux central comme une brise fra\u00eeche dans la paume des mains et au-dessus de la t\u00eate.<\/p>\n<p><strong>Yoga<\/strong><\/p>\n<p>Contrairement \u00e0 la croyance populaire occidentale, le yoga ne d\u00e9signe pas une s\u00e9rie d&#8217;exercices ou de postures, mais signifie en fait &#8216;relier, unir&#8217;. On trouve une premi\u00e8re r\u00e9f\u00e9rence au yoga dans les Yoga Sutras de Patanjali, un recueil d&#8217;aphorismes datant du IIe si\u00e8cle avant notre \u00e8re en Inde. La m\u00e9ditation y est mentionn\u00e9e ainsi que les postures &#8216;asanas&#8217;.<\/p>\n\n","protected":false},"excerpt":{"rendered":"<p>Glossaire Dharma Kundalini Sahaja Yoga M\u00e9ditation Sahaja Yoga Chakra du Sahasrara Le Soi R\u00e9alisation du Soi L&#8217;Esprit Syst\u00e8me subtil Conscience sans pens\u00e9e Vibrations Yoga Dharma L&#8217;ensemble des r\u00e8gles de conduite juste ou vertueuse qui soutiennent et \u00e9quilibrent la vie en soci\u00e9t\u00e9, les rapports interpersonnels, la relation \u00e0 la nature. Kundalini L&#8217;\u00e9nergie vitale qui r\u00e9side \u00e0&hellip; <br \/> <a class=\"read-more\" href=\"https:\/\/shrimataji.org\/test\/fr\/glossaire\/\">Read more<\/a><\/p>\n","protected":false},"author":7,"featured_media":9552,"parent":0,"menu_order":0,"comment_status":"closed","ping_status":"closed","template":"","meta":{"inline_featured_image":false,"footnotes":""},"class_list":["post-10748","page","type-page","status-publish","has-post-thumbnail","hentry"],"yoast_head":"<!-- This site is optimized with the Yoast SEO plugin v27.4 - https:\/\/yoast.com\/product\/yoast-seo-wordpress\/ -->\n<title>Glossaire - TEST - SMND<\/title>\n<meta name=\"robots\" content=\"noindex, follow, max-snippet:-1, max-image-preview:large, max-video-preview:-1\" \/>\n<meta property=\"og:locale\" content=\"en_US\" \/>\n<meta property=\"og:type\" content=\"article\" \/>\n<meta property=\"og:title\" content=\"Glossaire - TEST - SMND\" \/>\n<meta property=\"og:description\" content=\"Glossaire Dharma Kundalini Sahaja Yoga M\u00e9ditation Sahaja Yoga Chakra du Sahasrara Le Soi R\u00e9alisation du Soi L&#8217;Esprit Syst\u00e8me subtil Conscience sans pens\u00e9e Vibrations Yoga Dharma L&#8217;ensemble des r\u00e8gles de conduite juste ou vertueuse qui soutiennent et \u00e9quilibrent la vie en soci\u00e9t\u00e9, les rapports interpersonnels, la relation \u00e0 la nature. Kundalini L&#8217;\u00e9nergie vitale qui r\u00e9side \u00e0&hellip; Read more\" \/>\n<meta property=\"og:url\" content=\"https:\/\/shrimataji.org\/test\/fr\/glossaire\/\" \/>\n<meta property=\"og:site_name\" content=\"TEST - SMND\" \/>\n<meta property=\"article:publisher\" content=\"https:\/\/www.facebook.com\/shrimataji\" \/>\n<meta property=\"article:modified_time\" content=\"2026-02-10T15:41:15+00:00\" \/>\n<meta property=\"og:image\" content=\"https:\/\/shrimataji.org\/test\/wp-content\/uploads\/2023\/03\/Banner-Footer-Castle-1-scaled.jpg\" \/>\n\t<meta property=\"og:image:width\" content=\"2560\" \/>\n\t<meta property=\"og:image:height\" content=\"905\" \/>\n\t<meta property=\"og:image:type\" content=\"image\/jpeg\" \/>\n<meta name=\"twitter:card\" content=\"summary_large_image\" \/>\n<meta name=\"twitter:site\" content=\"@shrimataji\" \/>\n<script type=\"application\/ld+json\" class=\"yoast-schema-graph\">{\"@context\":\"https:\\\/\\\/schema.org\",\"@graph\":[{\"@type\":\"WebPage\",\"@id\":\"https:\\\/\\\/shrimataji.org\\\/test\\\/fr\\\/glossaire\\\/\",\"url\":\"https:\\\/\\\/shrimataji.org\\\/test\\\/fr\\\/glossaire\\\/\",\"name\":\"Glossaire - TEST - SMND\",\"isPartOf\":{\"@id\":\"https:\\\/\\\/shrimataji.org\\\/test\\\/#website\"},\"primaryImageOfPage\":{\"@id\":\"https:\\\/\\\/shrimataji.org\\\/test\\\/fr\\\/glossaire\\\/#primaryimage\"},\"image\":{\"@id\":\"https:\\\/\\\/shrimataji.org\\\/test\\\/fr\\\/glossaire\\\/#primaryimage\"},\"thumbnailUrl\":\"https:\\\/\\\/shrimataji.org\\\/test\\\/wp-content\\\/uploads\\\/2023\\\/03\\\/Banner-Footer-Castle-1-scaled.jpg\",\"datePublished\":\"2018-07-10T06:54:50+00:00\",\"dateModified\":\"2026-02-10T15:41:15+00:00\",\"breadcrumb\":{\"@id\":\"https:\\\/\\\/shrimataji.org\\\/test\\\/fr\\\/glossaire\\\/#breadcrumb\"},\"inLanguage\":\"en-US\",\"potentialAction\":[{\"@type\":\"ReadAction\",\"target\":[\"https:\\\/\\\/shrimataji.org\\\/test\\\/fr\\\/glossaire\\\/\"]}]},{\"@type\":\"ImageObject\",\"inLanguage\":\"en-US\",\"@id\":\"https:\\\/\\\/shrimataji.org\\\/test\\\/fr\\\/glossaire\\\/#primaryimage\",\"url\":\"https:\\\/\\\/shrimataji.org\\\/test\\\/wp-content\\\/uploads\\\/2023\\\/03\\\/Banner-Footer-Castle-1-scaled.jpg\",\"contentUrl\":\"https:\\\/\\\/shrimataji.org\\\/test\\\/wp-content\\\/uploads\\\/2023\\\/03\\\/Banner-Footer-Castle-1-scaled.jpg\",\"width\":2560,\"height\":905},{\"@type\":\"BreadcrumbList\",\"@id\":\"https:\\\/\\\/shrimataji.org\\\/test\\\/fr\\\/glossaire\\\/#breadcrumb\",\"itemListElement\":[{\"@type\":\"ListItem\",\"position\":1,\"name\":\"Home\",\"item\":\"https:\\\/\\\/shrimataji.org\\\/test\\\/uk\\\/home-en\\\/\"},{\"@type\":\"ListItem\",\"position\":2,\"name\":\"Glossaire\"}]},{\"@type\":\"WebSite\",\"@id\":\"https:\\\/\\\/shrimataji.org\\\/test\\\/#website\",\"url\":\"https:\\\/\\\/shrimataji.org\\\/test\\\/\",\"name\":\"Shri Mataji Nirmala Devi\",\"description\":\"A Life Dedicated to Humanity\",\"publisher\":{\"@id\":\"https:\\\/\\\/shrimataji.org\\\/test\\\/#\\\/schema\\\/person\\\/a1b3419c6585f164aa96da1ff85715d1\"},\"potentialAction\":[{\"@type\":\"SearchAction\",\"target\":{\"@type\":\"EntryPoint\",\"urlTemplate\":\"https:\\\/\\\/shrimataji.org\\\/test\\\/?s={search_term_string}\"},\"query-input\":{\"@type\":\"PropertyValueSpecification\",\"valueRequired\":true,\"valueName\":\"search_term_string\"}}],\"inLanguage\":\"en-US\"},{\"@type\":[\"Person\",\"Organization\"],\"@id\":\"https:\\\/\\\/shrimataji.org\\\/test\\\/#\\\/schema\\\/person\\\/a1b3419c6585f164aa96da1ff85715d1\",\"name\":\"Nirmala Shrivastava\",\"image\":{\"@type\":\"ImageObject\",\"inLanguage\":\"en-US\",\"@id\":\"https:\\\/\\\/shrimataji.org\\\/test\\\/wp-content\\\/uploads\\\/2023\\\/02\\\/SMO_LOGO-03.svg\",\"url\":\"https:\\\/\\\/shrimataji.org\\\/test\\\/wp-content\\\/uploads\\\/2023\\\/02\\\/SMO_LOGO-03.svg\",\"contentUrl\":\"https:\\\/\\\/shrimataji.org\\\/test\\\/wp-content\\\/uploads\\\/2023\\\/02\\\/SMO_LOGO-03.svg\",\"width\":\"1024\",\"height\":\"1024\",\"caption\":\"Nirmala Shrivastava\"},\"logo\":{\"@id\":\"https:\\\/\\\/shrimataji.org\\\/test\\\/wp-content\\\/uploads\\\/2023\\\/02\\\/SMO_LOGO-03.svg\"},\"sameAs\":[\"https:\\\/\\\/shrimataji.org\\\/test\",\"https:\\\/\\\/www.facebook.com\\\/shrimataji\",\"https:\\\/\\\/x.com\\\/shrimataji\",\"https:\\\/\\\/www.youtube.com\\\/@Shri_Mataji_Nirmala_Devi\\\/featured\"]}]}<\/script>\n<!-- \/ Yoast SEO plugin. -->","yoast_head_json":{"title":"Glossaire - TEST - SMND","robots":{"index":"noindex","follow":"follow","max-snippet":"max-snippet:-1","max-image-preview":"max-image-preview:large","max-video-preview":"max-video-preview:-1"},"og_locale":"en_US","og_type":"article","og_title":"Glossaire - TEST - SMND","og_description":"Glossaire Dharma Kundalini Sahaja Yoga M\u00e9ditation Sahaja Yoga Chakra du Sahasrara Le Soi R\u00e9alisation du Soi L&#8217;Esprit Syst\u00e8me subtil Conscience sans pens\u00e9e Vibrations Yoga Dharma L&#8217;ensemble des r\u00e8gles de conduite juste ou vertueuse qui soutiennent et \u00e9quilibrent la vie en soci\u00e9t\u00e9, les rapports interpersonnels, la relation \u00e0 la nature. Kundalini L&#8217;\u00e9nergie vitale qui r\u00e9side \u00e0&hellip; Read more","og_url":"https:\/\/shrimataji.org\/test\/fr\/glossaire\/","og_site_name":"TEST - SMND","article_publisher":"https:\/\/www.facebook.com\/shrimataji","article_modified_time":"2026-02-10T15:41:15+00:00","og_image":[{"width":2560,"height":905,"url":"https:\/\/shrimataji.org\/test\/wp-content\/uploads\/2023\/03\/Banner-Footer-Castle-1-scaled.jpg","type":"image\/jpeg"}],"twitter_card":"summary_large_image","twitter_site":"@shrimataji","schema":{"@context":"https:\/\/schema.org","@graph":[{"@type":"WebPage","@id":"https:\/\/shrimataji.org\/test\/fr\/glossaire\/","url":"https:\/\/shrimataji.org\/test\/fr\/glossaire\/","name":"Glossaire - TEST - SMND","isPartOf":{"@id":"https:\/\/shrimataji.org\/test\/#website"},"primaryImageOfPage":{"@id":"https:\/\/shrimataji.org\/test\/fr\/glossaire\/#primaryimage"},"image":{"@id":"https:\/\/shrimataji.org\/test\/fr\/glossaire\/#primaryimage"},"thumbnailUrl":"https:\/\/shrimataji.org\/test\/wp-content\/uploads\/2023\/03\/Banner-Footer-Castle-1-scaled.jpg","datePublished":"2018-07-10T06:54:50+00:00","dateModified":"2026-02-10T15:41:15+00:00","breadcrumb":{"@id":"https:\/\/shrimataji.org\/test\/fr\/glossaire\/#breadcrumb"},"inLanguage":"en-US","potentialAction":[{"@type":"ReadAction","target":["https:\/\/shrimataji.org\/test\/fr\/glossaire\/"]}]},{"@type":"ImageObject","inLanguage":"en-US","@id":"https:\/\/shrimataji.org\/test\/fr\/glossaire\/#primaryimage","url":"https:\/\/shrimataji.org\/test\/wp-content\/uploads\/2023\/03\/Banner-Footer-Castle-1-scaled.jpg","contentUrl":"https:\/\/shrimataji.org\/test\/wp-content\/uploads\/2023\/03\/Banner-Footer-Castle-1-scaled.jpg","width":2560,"height":905},{"@type":"BreadcrumbList","@id":"https:\/\/shrimataji.org\/test\/fr\/glossaire\/#breadcrumb","itemListElement":[{"@type":"ListItem","position":1,"name":"Home","item":"https:\/\/shrimataji.org\/test\/uk\/home-en\/"},{"@type":"ListItem","position":2,"name":"Glossaire"}]},{"@type":"WebSite","@id":"https:\/\/shrimataji.org\/test\/#website","url":"https:\/\/shrimataji.org\/test\/","name":"Shri Mataji Nirmala Devi","description":"A Life Dedicated to Humanity","publisher":{"@id":"https:\/\/shrimataji.org\/test\/#\/schema\/person\/a1b3419c6585f164aa96da1ff85715d1"},"potentialAction":[{"@type":"SearchAction","target":{"@type":"EntryPoint","urlTemplate":"https:\/\/shrimataji.org\/test\/?s={search_term_string}"},"query-input":{"@type":"PropertyValueSpecification","valueRequired":true,"valueName":"search_term_string"}}],"inLanguage":"en-US"},{"@type":["Person","Organization"],"@id":"https:\/\/shrimataji.org\/test\/#\/schema\/person\/a1b3419c6585f164aa96da1ff85715d1","name":"Nirmala Shrivastava","image":{"@type":"ImageObject","inLanguage":"en-US","@id":"https:\/\/shrimataji.org\/test\/wp-content\/uploads\/2023\/02\/SMO_LOGO-03.svg","url":"https:\/\/shrimataji.org\/test\/wp-content\/uploads\/2023\/02\/SMO_LOGO-03.svg","contentUrl":"https:\/\/shrimataji.org\/test\/wp-content\/uploads\/2023\/02\/SMO_LOGO-03.svg","width":"1024","height":"1024","caption":"Nirmala Shrivastava"},"logo":{"@id":"https:\/\/shrimataji.org\/test\/wp-content\/uploads\/2023\/02\/SMO_LOGO-03.svg"},"sameAs":["https:\/\/shrimataji.org\/test","https:\/\/www.facebook.com\/shrimataji","https:\/\/x.com\/shrimataji","https:\/\/www.youtube.com\/@Shri_Mataji_Nirmala_Devi\/featured"]}]}},"lang":"fr","translations":{"fr":10748,"ur":38951,"en":448,"am":18007,"th":19953,"hu":19483,"sq":18408,"zh":17305,"tr":10164,"pt":10376,"de":10650,"it":10846,"es":10943,"ja":11240,"ru":11428,"bn":11620,"te":11728,"sw":11851,"he":11999,"el":12290,"sk":12388,"fa":12486,"fi":12584,"bg":13451,"ro":14525,"cs":14718,"nl":16568,"ku":16728,"ar":16904,"be":18615,"kn":18889,"mr":20317,"uk":20609,"ml":20905,"ta":22723,"sv":22996,"gu":28842,"pa":29000,"fil":29442,"da":38947,"nn":38949,"pl":39854},"pll_sync_post":[],"_links":{"self":[{"href":"https:\/\/shrimataji.org\/test\/wp-json\/wp\/v2\/pages\/10748","targetHints":{"allow":["GET"]}}],"collection":[{"href":"https:\/\/shrimataji.org\/test\/wp-json\/wp\/v2\/pages"}],"about":[{"href":"https:\/\/shrimataji.org\/test\/wp-json\/wp\/v2\/types\/page"}],"author":[{"embeddable":true,"href":"https:\/\/shrimataji.org\/test\/wp-json\/wp\/v2\/users\/7"}],"replies":[{"embeddable":true,"href":"https:\/\/shrimataji.org\/test\/wp-json\/wp\/v2\/comments?post=10748"}],"version-history":[{"count":0,"href":"https:\/\/shrimataji.org\/test\/wp-json\/wp\/v2\/pages\/10748\/revisions"}],"wp:featuredmedia":[{"embeddable":true,"href":"https:\/\/shrimataji.org\/test\/wp-json\/wp\/v2\/media\/9552"}],"wp:attachment":[{"href":"https:\/\/shrimataji.org\/test\/wp-json\/wp\/v2\/media?parent=10748"}],"curies":[{"name":"wp","href":"https:\/\/api.w.org\/{rel}","templated":true}]}}