{"id":10751,"date":"2018-07-06T01:24:02","date_gmt":"2018-07-06T01:24:02","guid":{"rendered":"http:\/\/testwordpress.nirmalnagari.org\/smnd\/index.php\/mesmerize\/"},"modified":"2026-02-28T01:10:00","modified_gmt":"2026-02-28T01:10:00","slug":"acceuil-fr","status":"publish","type":"page","link":"https:\/\/shrimataji.org\/test\/fr\/acceuil-fr\/","title":{"rendered":"Acceuil FR"},"content":{"rendered":"\n<div id=\"content-1\" class=\"content-12 content-section content-section-spacing\" style=\"background-image: none\" data-label=\"Content\" data-id=\"content--1\" data-export-id=\"content-12\" data-category=\"content\">\n<div class=\"gridContainer\">\n<div class=\"row text-center\">\n<div class=\"section-title-col\" data-type=\"column\">\n<h1 class=\"\" style=\"margin-bottom: 16px\">SHRI MATAJI NIRMALA DEVI<\/h1>\n<h2 class=\"\">Une Vie D\u00e9di\u00e9e \u00e0 l\u2019Humanit\u00e9<\/h2>\n<h4 class=\"\"> <\/h4>\n<h4 class=\"\" style=\"margin-bottom: 2rem;font-family: Montserrat-Medium;text-align: left\"><br \/><span style=\"font-family: 'Montserrat Medium', arial, helvetica, sans-serif\"> Shri Mataji Nirmala Devi a transform\u00e9 tout en douceur la vie de plusieurs milliers de personnes. Pendant plus de quarante ans, elle a voyag\u00e9 dans le monde entier pour donner des conf\u00e9rences libres et gratuites et offrir l\u2019exp\u00e9rience de <a href=\"https:\/\/shrimataji.org\/test\/fr\/realization-du-soi-et-meditation\/\" target=\"_blank\" rel=\"noopener\" data-cp-link=\"1\"> la R\u00e9alisation du Soi <\/a> \u00e0 tous sans distinction de race, de religion ou autres crit\u00e8res. Elle a non seulement rendu possible le fait de transmettre cette pr\u00e9cieuse exp\u00e9rience \u00e0 d\u2019autres personnes, mais a aussi enseign\u00e9 la technique permettant d\u2019entretenir cette m\u00e9ditation appel\u00e9e <a href=\"https:\/\/shrimataji.org\/test\/fr\/sahaja-yoga\/\" target=\"_blank\" rel=\"noopener\" data-cp-link=\"1\"> Sahaja Yoga<\/a>.<\/span><\/h4>\n<\/div>\n<\/div>\n<div class=\"row center-xs middle-xs\">\n<div class>\n\n\n\n<div id=\"content-2\" class=\"content-11 content-section content-section-spacing\" style=\"background-image: none\" data-label=\"Content\" data-id=\"content--2\" data-export-id=\"content-11\" data-category=\"content\">\n<div class=\"gridContainer\">\n<div class=\"row center-xs middle-xs\">\n<div class=\"col-sm-9\">\n<div class=\"lightbox-video lightbox-video-tall dark-overlay shadow-large flexbox middle-xs center-xs\" data-type=\"group\" data-bg=\"image\">&nbsp;<\/div>\n<\/div>\n<\/div>\n<\/div>\n<\/div>\n\n\n\n<div id=\"content-3\" class=\"content-12 content-section content-section-spacing\" style=\"background-image: none\" data-label=\"Content\" data-id=\"content--3\" data-export-id=\"content-12\" data-category=\"content\">\n<div class=\"\">\n<div class=\"row text-center\">\n<div class=\"section-title-col\" data-type=\"column\">\n<p class=\"\" style=\"text-align: left\"><span style=\"text-align: left\">Shri Mataji a toujours soutenu que chaque \u00eatre humain poss\u00e8de en lui un potentiel spirituel qui peut \u00eatre \u00e9veill\u00e9 spontan\u00e9ment. Elle a soulign\u00e9 qu\u2019on ne peut pas acheter cette prise de conscience, qui est d\u00e9crite comme \u00e9tant la R\u00e9alisation du Soi. L\u2019exp\u00e9rience de la R\u00e9alisation du Soi et l\u2019enseignement de <a href=\"sahaja-yoga-meditation-2\/\" target=\"_blank\" rel=\"noopener\" data-cp-link=\"1\">la M\u00e9ditation Sahaja Yoga<\/a> sont gratuits et le resteront toujours.<br><\/span><\/p>\n\n<p class=\"\" style=\"text-align: left\"><span style=\"text-align: left\">Des centaines de milliers de personnes, dans le monde entier, ont d\u00e9j\u00e0 b\u00e9n\u00e9fici\u00e9 de l\u2019\u00e9quilibre int\u00e9rieur et d\u2019une r\u00e9duction du stress gr\u00e2ce \u00e0 la pratique de la m\u00e9ditation Sahaja Yoga. Ce qui diff\u00e9rencie <span style=\"font-weight: 400\">enti<\/span> Sahaja Yoga des autres formes de m\u00e9ditation, c\u2019est l\u2019activation rapide et facile de notre \u00e9nergie spirituelle inn\u00e9e et l\u2019exp\u00e9rience de ses bienfaits. Avec la pratique, on apprend \u00e0 g\u00e9rer sa propre \u00e9nergie et \u00e0 corriger ses d\u00e9s\u00e9quilibres aux niveaux mental, physique et \u00e9motionnel, pour atteindre un \u00e9tat de bien-\u00eatre, serein et \u00e9panouissant.<br \/><\/span><\/p>\n\n<p class=\"\" style=\"text-align: left\"><span style=\"text-align: left\">En plus de Sahaja Yoga, maintenant \u00e9tabli dans plus de 95 pays, Shri Mataji a fond\u00e9 une organisation non gouvernementale pour les femmes d\u00e9munies et les enfants, plusieurs \u00e9coles internationales qui proposent un programme holistique, des cliniques de sant\u00e9 offrant des traitements selon les techniques de la m\u00e9ditation Sahaja Yoga et une Acad\u00e9mie des arts qui enseigne la danse, la musique et la peinture classiques.<br \/><\/span><\/p>\n<\/div>\n<\/div>\n<div class=\"row center-xs middle-xs\">\n<div class=\"col-sm-9\" data-type=\"column\">&nbsp;<\/div>\n<\/div>\n<\/div>\n<\/div>\n\n\n\n<div id=\"about-1\" class=\"about-image-text content-section content-section-spacing\" style=\"background-image: none\" data-label=\"About\" data-id=\"about--1\" data-export-id=\"about-image-text\" data-category=\"about\">\n<div class=\"gridContainer\">\n<div class=\"row\">\n<div class=\"col-sm-6 flexbox-strech center-xs middle-xs no-gutter-col\">\n<div class=\"shadow-large overlap-right-large flexbox middle-xs center-xs left-img\" data-bg=\"image\">&nbsp;<\/div>\n<\/div>\n<div class=\"col-sm-6 space-bottom-xs col-padding-small-xs col-sm-padding-large bg-color5 white-text content-col\" data-type=\"column\">\n<h1 class=\"\" style=\"text-align: center\">SAHAJA YOGA<\/h1>\n<h2 class=\"\" style=\"text-align: center\"> SA D\u00c9COUVERTE UNIQUE<\/h2>\n<p class=\"lead\" style=\"text-align: center\">from<br><br> TRANSFORMATION INT\u00c9RIEURE<br><br>to<br><br> TRANSFORMATION UNIVERSELLE <\/p>\n<h4 class=\"\" style=\"text-align: center\"><a href=\"sahaja-yoga\" target=\"_self\" rel=\"noopener\" data-cp-link=\"1\"> en savoir plus &gt;&gt;<\/a><\/h4>\n<\/div>\n<\/div>\n<\/div>\n<\/div>\n\n\n\n<div id=\"content-5\" class=\"content-12 content-section content-section-spacing\" style=\"background-image: none\" data-label=\"Content\" data-id=\"content--5\" data-export-id=\"content-12\" data-category=\"content\">\n<div class=\"\">\n<div class=\"row text-center\" data-section-title-area=\"true\">\n<div class=\"section-title-col\" data-type=\"column\">&nbsp;<\/div>\n<\/div>\n<div class=\"row center-xs middle-xs\">\n<div class=\"col-sm-9\" data-type=\"column\">\n<div class=\"\" data-editable=\"true\" data-name=\"ope-custom-content-shortcode\" data-content-shortcode=\"su_quote]Franchement, il n'y a pas de paix en l\u2019\u00eatre humain, ni \u00e0 l'ext\u00e9rieur. Les pauvres et les riches sont tout aussi malheureux. Partout, les gens recherchent des solutions. Au niveau artificiel, l'intellectuel peut r\u00e9soudre certains probl\u00e8mes concernant des choses que nous voyons autour de nous qui sont en p\u00e9ril. Mais si certains probl\u00e8mes peuvent \u00eatre r\u00e9solus de cette mani\u00e8re, d'autres surgissent. La v\u00e9ritable solution ne se trouve pas dans les circonstances mat\u00e9rielles ext\u00e9rieures \u00e0 l'\u00eatre humain, mais en son sein, \u00e0 l'int\u00e9rieur de l'\u00eatre humain lui-m\u00eame. Les solutions v\u00e9ritables et durables aux maux actuels ne peuvent \u00eatre trouv\u00e9es que par une transformation int\u00e9rieure et collective des \u00eatres humains. Ce n'est pas une impossibilit\u00e9. En fait, cela s'est d\u00e9j\u00e0 produit. [\/su_quote\"><div class=\"su-quote su-quote-style-default\"><div class=\"su-quote-inner su-u-clearfix su-u-trim\">Franchement, il n&#8217;y a pas de paix en l\u2019\u00eatre humain, ni \u00e0 l&#8217;ext\u00e9rieur. Les pauvres et les riches sont tout aussi malheureux. Partout, les gens recherchent des solutions. Au niveau artificiel, l&#8217;intellectuel peut r\u00e9soudre certains probl\u00e8mes concernant des choses que nous voyons autour de nous qui sont en p\u00e9ril. Mais si certains probl\u00e8mes peuvent \u00eatre r\u00e9solus de cette mani\u00e8re, d&#8217;autres surgissent. La v\u00e9ritable solution ne se trouve pas dans les circonstances mat\u00e9rielles ext\u00e9rieures \u00e0 l&#8217;\u00eatre humain, mais en son sein, \u00e0 l&#8217;int\u00e9rieur de l&#8217;\u00eatre humain lui-m\u00eame. Les solutions v\u00e9ritables et durables aux maux actuels ne peuvent \u00eatre trouv\u00e9es que par une transformation int\u00e9rieure et collective des \u00eatres humains. Ce n&#8217;est pas une impossibilit\u00e9. En fait, cela s&#8217;est d\u00e9j\u00e0 produit.<\/div><\/div><\/div>\n<\/div>\n<\/div>\n<\/div>\n<\/div>\n\n\n\n<div id=\"features-1\" class=\"features-16 content-section content-section-spacing\" style=\"background-image: none\" data-label=\"Features\" data-id=\"features--1\" data-export-id=\"features-16\" data-category=\"features\">\n<div class=\"gridContainer\">\n<div class=\"row text-center\">\n<div class=\"section-title-col\" data-type=\"column\">\n<h1 class=\"\">CARACT\u00c9RISTIQUES<\/h1>\n<\/div>\n<\/div>\n<div class=\"row spaced-cols\" data-type=\"row\">\n<div class=\"col-xs-12 col-sm-6 col-md-4 space-bottom\"><img decoding=\"async\" class=\"face jetpack-lazy-image\" title=\"cropped-cropped-shri-mataji-nirmala-devi-clearing-technique-in-england-2.jpg\" src=\"https:\/\/shrimataji.org\/test\/wp-content\/uploads\/2018\/11\/cropped-cropped-shri-mataji-nirmala-devi-clearing-technique-in-england-2.jpg\" alt=\"\" data-lazy-src=\"https:\/\/shrimataji.org\/test\/wp-content\/uploads\/2018\/11\/cropped-cropped-shri-mataji-nirmala-devi-clearing-technique-in-england-2.jpg?is-pending-load=1\">\n<div class=\"col-padding-small col-padding-small-xs description-container\" data-type=\"column\">\n<h4 class=\"font-500\">Shri Mataji<\/h4>\n<p class=\"\">Alors que ses parents \u00e9taient activement impliqu\u00e9s dans la lutte pour l&#8217;ind\u00e9pendance de l&#8217;Inde, Shri Mataji, a assum\u00e9 la responsabilit\u00e9 du foyer. D\u00e8s son plus jeune \u00e2ge, le Mahatma Gandhi, dont elle visitait fr\u00e9quemment l&#8217;ashram d\u00e8s l&#8217;enfance, a reconnu en elle un g\u00e9nie spirituel.<\/p>\n<p><a class=\"read-more\" href=\"https:\/\/shrimataji.org\/test\/fr\/shrimataji\" target=\"_self\" rel=\"noopener\" data-cp-link=\"1\">en savoir plus<\/a><\/p>\n<\/div>\n<\/div>\n<div class=\"col-xs-12 col-sm-6 col-md-4 space-bottom\"><img decoding=\"async\" class=\"face jetpack-lazy-image\" title=\"cropped-shri-mataji-meeting-with-village-people-in-india-2-3.jpg\" src=\"https:\/\/shrimataji.org\/test\/wp-content\/uploads\/2018\/11\/cropped-shri-mataji-meeting-with-village-people-in-india-2-3.jpg\" alt=\"\" data-lazy-src=\"https:\/\/shrimataji.org\/test\/wp-content\/uploads\/2018\/11\/cropped-shri-mataji-meeting-with-village-people-in-india-2-3.jpg?is-pending-load=1\">\n<div class=\"col-padding-small col-padding-small-xs description-container\" data-type=\"column\">\n<h4 class=\"font-500\">Transformation soci\u00e9tale<\/h4>\n<p class=\"\">\u2026 Elle a reconnu que tous les probl\u00e8mes humains provenaient de l&#8217;ignorance de leur v\u00e9ritable potentiel int\u00e9rieur en tant qu&#8217;\u00eatres spirituels. Ce potentiel pouvait \u00eatre facilement exploit\u00e9 gr\u00e2ce \u00e0 la R\u00e9alisation du Soi, une transformation int\u00e9rieure, qui est la cl\u00e9 de la transformation soci\u00e9tale, et qui a servi de pierre angulaire \u00e0 toutes les ONG mondiales initi\u00e9es par Shri Mataji.<\/p>\n<p><a class=\"read-more\" href=\"https:\/\/shrimataji.org\/test\/fr\/transformation-societale\" target=\"_self\" rel=\"noopener\" data-cp-link=\"1\">en savoir plus<\/a><\/p>\n<\/div>\n<\/div>\n<div class=\"col-xs-12 col-sm-6 col-md-4 space-bottom\"><img decoding=\"async\" class=\"face jetpack-lazy-image\" title=\"cropped-fp02.jpg\" src=\"https:\/\/shrimataji.org\/test\/wp-content\/uploads\/2018\/07\/cropped-fp02.jpg\" alt=\"\" data-lazy-src=\"https:\/\/shrimataji.org\/test\/wp-content\/uploads\/2018\/07\/cropped-fp02.jpg?is-pending-load=1\">\n<div class=\"col-padding-small col-padding-small-xs description-container\" data-type=\"column\">\n<h4 class=\"font-500\">Les programmes publics<\/h4>\n<p class=\"\">Il n&#8217;y avait pas d&#8217;endroit trop petit ou trop \u00e9loign\u00e9 pour justifier une visite. Des contreforts de l&#8217;Himalaya \u00e0 l&#8217;arri\u00e8re-pays australien, de Londres \u00e0 Istanbul en passant par Los Angeles, Shri Mataji a consacr\u00e9 son temps \u00e0 partager l&#8217;exp\u00e9rience de la r\u00e9alisation du Soi avec tous ceux qui le d\u00e9siraient &#8230;<\/p>\n<p><a class=\"read-more\" href=\"https:\/\/shrimataji.org\/test\/fr\/ses-programmes-publics\" target=\"_self\" rel=\"noopener\" data-cp-link=\"1\">en savoir plus<\/a><\/p>\n<\/div>\n<\/div>\n<\/div>\n<\/div>\n<\/div>\n","protected":false},"excerpt":{"rendered":"<p>SHRI MATAJI NIRMALA DEVI Une Vie D\u00e9di\u00e9e \u00e0 l\u2019Humanit\u00e9 Shri Mataji Nirmala Devi a transform\u00e9 tout en douceur la vie de plusieurs milliers de personnes. Pendant plus de quarante ans, elle a voyag\u00e9 dans le monde entier pour donner des conf\u00e9rences libres et gratuites et offrir l\u2019exp\u00e9rience de la R\u00e9alisation du Soi \u00e0 tous sans&hellip; <br \/> <a class=\"read-more\" href=\"https:\/\/shrimataji.org\/test\/fr\/acceuil-fr\/\">Read more<\/a><\/p>\n","protected":false},"author":1,"featured_media":276,"parent":0,"menu_order":0,"comment_status":"closed","ping_status":"closed","template":"page-templates\/homepage.php","meta":{"inline_featured_image":false,"footnotes":""},"class_list":["post-10751","page","type-page","status-publish","has-post-thumbnail","hentry"],"yoast_head":"<!-- This site is optimized with the Yoast SEO plugin v27.4 - https:\/\/yoast.com\/product\/yoast-seo-wordpress\/ -->\n<title>TEST - SMND<\/title>\n<meta name=\"description\" content=\"A Life Dedicated to Humanity\" \/>\n<meta name=\"robots\" content=\"noindex, follow, max-snippet:-1, max-image-preview:large, max-video-preview:-1\" \/>\n<meta property=\"og:locale\" content=\"en_US\" \/>\n<meta property=\"og:type\" content=\"article\" \/>\n<meta property=\"og:title\" content=\"Shri Mataji Nirmala Devi\" \/>\n<meta property=\"og:description\" content=\"A Life Dedicated to Humanity\" \/>\n<meta property=\"og:url\" content=\"https:\/\/shrimataji.org\/test\/fr\/acceuil-fr\/\" \/>\n<meta property=\"og:site_name\" content=\"TEST - SMND\" \/>\n<meta property=\"article:publisher\" content=\"https:\/\/www.facebook.com\/shrimataji\" \/>\n<meta property=\"article:modified_time\" content=\"2026-02-28T01:10:00+00:00\" \/>\n<meta property=\"og:image\" content=\"https:\/\/shrimataji.org\/test\/wp-content\/uploads\/2018\/07\/fp11-e1588597806347.jpg\" \/>\n\t<meta property=\"og:image:width\" content=\"707\" \/>\n\t<meta property=\"og:image:height\" content=\"700\" \/>\n\t<meta property=\"og:image:type\" content=\"image\/jpeg\" \/>\n<meta name=\"twitter:card\" content=\"summary_large_image\" \/>\n<meta name=\"twitter:title\" content=\"Shri Mataji Nirmala Devi\" \/>\n<meta name=\"twitter:description\" content=\"A Life Dedicated to Humanity\" \/>\n<meta name=\"twitter:image\" content=\"https:\/\/shrimataji.org\/test\/wp-content\/uploads\/2018\/07\/fp11-e1588597806347.jpg\" \/>\n<meta name=\"twitter:site\" content=\"@shrimataji\" \/>\n<meta name=\"twitter:label1\" content=\"Est. reading time\" \/>\n\t<meta name=\"twitter:data1\" content=\"4 minutes\" \/>\n<script type=\"application\/ld+json\" class=\"yoast-schema-graph\">{\"@context\":\"https:\\\/\\\/schema.org\",\"@graph\":[{\"@type\":\"WebPage\",\"@id\":\"https:\\\/\\\/shrimataji.org\\\/test\\\/fr\\\/acceuil-fr\\\/\",\"url\":\"https:\\\/\\\/shrimataji.org\\\/test\\\/fr\\\/acceuil-fr\\\/\",\"name\":\"TEST - SMND\",\"isPartOf\":{\"@id\":\"https:\\\/\\\/shrimataji.org\\\/test\\\/#website\"},\"primaryImageOfPage\":{\"@id\":\"https:\\\/\\\/shrimataji.org\\\/test\\\/fr\\\/acceuil-fr\\\/#primaryimage\"},\"image\":{\"@id\":\"https:\\\/\\\/shrimataji.org\\\/test\\\/fr\\\/acceuil-fr\\\/#primaryimage\"},\"thumbnailUrl\":\"https:\\\/\\\/shrimataji.org\\\/test\\\/wp-content\\\/uploads\\\/2018\\\/07\\\/media_originals\\\/images\\\/shri-mataji-portraits\\\/shri-mataji-in-belgium-1984.jpg\",\"datePublished\":\"2018-07-06T01:24:02+00:00\",\"dateModified\":\"2026-02-28T01:10:00+00:00\",\"description\":\"A Life Dedicated to Humanity\",\"breadcrumb\":{\"@id\":\"https:\\\/\\\/shrimataji.org\\\/test\\\/fr\\\/acceuil-fr\\\/#breadcrumb\"},\"inLanguage\":\"en-US\",\"potentialAction\":[{\"@type\":\"ReadAction\",\"target\":[\"https:\\\/\\\/shrimataji.org\\\/test\\\/fr\\\/acceuil-fr\\\/\"]}]},{\"@type\":\"ImageObject\",\"inLanguage\":\"en-US\",\"@id\":\"https:\\\/\\\/shrimataji.org\\\/test\\\/fr\\\/acceuil-fr\\\/#primaryimage\",\"url\":\"https:\\\/\\\/shrimataji.org\\\/test\\\/wp-content\\\/uploads\\\/2018\\\/07\\\/media_originals\\\/images\\\/shri-mataji-portraits\\\/shri-mataji-in-belgium-1984.jpg\",\"contentUrl\":\"https:\\\/\\\/shrimataji.org\\\/test\\\/wp-content\\\/uploads\\\/2018\\\/07\\\/media_originals\\\/images\\\/shri-mataji-portraits\\\/shri-mataji-in-belgium-1984.jpg\",\"width\":1500,\"height\":975},{\"@type\":\"BreadcrumbList\",\"@id\":\"https:\\\/\\\/shrimataji.org\\\/test\\\/fr\\\/acceuil-fr\\\/#breadcrumb\",\"itemListElement\":[{\"@type\":\"ListItem\",\"position\":1,\"name\":\"Home\",\"item\":\"https:\\\/\\\/shrimataji.org\\\/test\\\/uk\\\/home-en\\\/\"},{\"@type\":\"ListItem\",\"position\":2,\"name\":\"Acceuil FR\"}]},{\"@type\":\"WebSite\",\"@id\":\"https:\\\/\\\/shrimataji.org\\\/test\\\/#website\",\"url\":\"https:\\\/\\\/shrimataji.org\\\/test\\\/\",\"name\":\"Shri Mataji Nirmala Devi\",\"description\":\"A Life Dedicated to Humanity\",\"publisher\":{\"@id\":\"https:\\\/\\\/shrimataji.org\\\/test\\\/#\\\/schema\\\/person\\\/a1b3419c6585f164aa96da1ff85715d1\"},\"potentialAction\":[{\"@type\":\"SearchAction\",\"target\":{\"@type\":\"EntryPoint\",\"urlTemplate\":\"https:\\\/\\\/shrimataji.org\\\/test\\\/?s={search_term_string}\"},\"query-input\":{\"@type\":\"PropertyValueSpecification\",\"valueRequired\":true,\"valueName\":\"search_term_string\"}}],\"inLanguage\":\"en-US\"},{\"@type\":[\"Person\",\"Organization\"],\"@id\":\"https:\\\/\\\/shrimataji.org\\\/test\\\/#\\\/schema\\\/person\\\/a1b3419c6585f164aa96da1ff85715d1\",\"name\":\"Nirmala Shrivastava\",\"image\":{\"@type\":\"ImageObject\",\"inLanguage\":\"en-US\",\"@id\":\"https:\\\/\\\/shrimataji.org\\\/test\\\/wp-content\\\/uploads\\\/2023\\\/02\\\/SMO_LOGO-03.svg\",\"url\":\"https:\\\/\\\/shrimataji.org\\\/test\\\/wp-content\\\/uploads\\\/2023\\\/02\\\/SMO_LOGO-03.svg\",\"contentUrl\":\"https:\\\/\\\/shrimataji.org\\\/test\\\/wp-content\\\/uploads\\\/2023\\\/02\\\/SMO_LOGO-03.svg\",\"width\":\"1024\",\"height\":\"1024\",\"caption\":\"Nirmala Shrivastava\"},\"logo\":{\"@id\":\"https:\\\/\\\/shrimataji.org\\\/test\\\/wp-content\\\/uploads\\\/2023\\\/02\\\/SMO_LOGO-03.svg\"},\"sameAs\":[\"https:\\\/\\\/shrimataji.org\\\/test\",\"https:\\\/\\\/www.facebook.com\\\/shrimataji\",\"https:\\\/\\\/x.com\\\/shrimataji\",\"https:\\\/\\\/www.youtube.com\\\/@Shri_Mataji_Nirmala_Devi\\\/featured\"]}]}<\/script>\n<!-- \/ Yoast SEO plugin. -->","yoast_head_json":{"title":"TEST - SMND","description":"A Life Dedicated to Humanity","robots":{"index":"noindex","follow":"follow","max-snippet":"max-snippet:-1","max-image-preview":"max-image-preview:large","max-video-preview":"max-video-preview:-1"},"og_locale":"en_US","og_type":"article","og_title":"Shri Mataji Nirmala Devi","og_description":"A Life Dedicated to Humanity","og_url":"https:\/\/shrimataji.org\/test\/fr\/acceuil-fr\/","og_site_name":"TEST - SMND","article_publisher":"https:\/\/www.facebook.com\/shrimataji","article_modified_time":"2026-02-28T01:10:00+00:00","og_image":[{"width":707,"height":700,"url":"https:\/\/shrimataji.org\/test\/wp-content\/uploads\/2018\/07\/fp11-e1588597806347.jpg","type":"image\/jpeg"}],"twitter_card":"summary_large_image","twitter_title":"Shri Mataji Nirmala Devi","twitter_description":"A Life Dedicated to Humanity","twitter_image":"https:\/\/shrimataji.org\/test\/wp-content\/uploads\/2018\/07\/fp11-e1588597806347.jpg","twitter_site":"@shrimataji","twitter_misc":{"Est. reading time":"4 minutes"},"schema":{"@context":"https:\/\/schema.org","@graph":[{"@type":"WebPage","@id":"https:\/\/shrimataji.org\/test\/fr\/acceuil-fr\/","url":"https:\/\/shrimataji.org\/test\/fr\/acceuil-fr\/","name":"TEST - SMND","isPartOf":{"@id":"https:\/\/shrimataji.org\/test\/#website"},"primaryImageOfPage":{"@id":"https:\/\/shrimataji.org\/test\/fr\/acceuil-fr\/#primaryimage"},"image":{"@id":"https:\/\/shrimataji.org\/test\/fr\/acceuil-fr\/#primaryimage"},"thumbnailUrl":"https:\/\/shrimataji.org\/test\/wp-content\/uploads\/2018\/07\/media_originals\/images\/shri-mataji-portraits\/shri-mataji-in-belgium-1984.jpg","datePublished":"2018-07-06T01:24:02+00:00","dateModified":"2026-02-28T01:10:00+00:00","description":"A Life Dedicated to Humanity","breadcrumb":{"@id":"https:\/\/shrimataji.org\/test\/fr\/acceuil-fr\/#breadcrumb"},"inLanguage":"en-US","potentialAction":[{"@type":"ReadAction","target":["https:\/\/shrimataji.org\/test\/fr\/acceuil-fr\/"]}]},{"@type":"ImageObject","inLanguage":"en-US","@id":"https:\/\/shrimataji.org\/test\/fr\/acceuil-fr\/#primaryimage","url":"https:\/\/shrimataji.org\/test\/wp-content\/uploads\/2018\/07\/media_originals\/images\/shri-mataji-portraits\/shri-mataji-in-belgium-1984.jpg","contentUrl":"https:\/\/shrimataji.org\/test\/wp-content\/uploads\/2018\/07\/media_originals\/images\/shri-mataji-portraits\/shri-mataji-in-belgium-1984.jpg","width":1500,"height":975},{"@type":"BreadcrumbList","@id":"https:\/\/shrimataji.org\/test\/fr\/acceuil-fr\/#breadcrumb","itemListElement":[{"@type":"ListItem","position":1,"name":"Home","item":"https:\/\/shrimataji.org\/test\/uk\/home-en\/"},{"@type":"ListItem","position":2,"name":"Acceuil FR"}]},{"@type":"WebSite","@id":"https:\/\/shrimataji.org\/test\/#website","url":"https:\/\/shrimataji.org\/test\/","name":"Shri Mataji Nirmala Devi","description":"A Life Dedicated to Humanity","publisher":{"@id":"https:\/\/shrimataji.org\/test\/#\/schema\/person\/a1b3419c6585f164aa96da1ff85715d1"},"potentialAction":[{"@type":"SearchAction","target":{"@type":"EntryPoint","urlTemplate":"https:\/\/shrimataji.org\/test\/?s={search_term_string}"},"query-input":{"@type":"PropertyValueSpecification","valueRequired":true,"valueName":"search_term_string"}}],"inLanguage":"en-US"},{"@type":["Person","Organization"],"@id":"https:\/\/shrimataji.org\/test\/#\/schema\/person\/a1b3419c6585f164aa96da1ff85715d1","name":"Nirmala Shrivastava","image":{"@type":"ImageObject","inLanguage":"en-US","@id":"https:\/\/shrimataji.org\/test\/wp-content\/uploads\/2023\/02\/SMO_LOGO-03.svg","url":"https:\/\/shrimataji.org\/test\/wp-content\/uploads\/2023\/02\/SMO_LOGO-03.svg","contentUrl":"https:\/\/shrimataji.org\/test\/wp-content\/uploads\/2023\/02\/SMO_LOGO-03.svg","width":"1024","height":"1024","caption":"Nirmala Shrivastava"},"logo":{"@id":"https:\/\/shrimataji.org\/test\/wp-content\/uploads\/2023\/02\/SMO_LOGO-03.svg"},"sameAs":["https:\/\/shrimataji.org\/test","https:\/\/www.facebook.com\/shrimataji","https:\/\/x.com\/shrimataji","https:\/\/www.youtube.com\/@Shri_Mataji_Nirmala_Devi\/featured"]}]}},"lang":"fr","translations":{"fr":10751,"ur":28779,"en":5,"am":18011,"th":19959,"hu":19488,"sq":18412,"zh":17309,"hi":8573,"tr":10167,"pl":10244,"pt":10379,"it":10849,"es":10946,"ru":11431,"bn":11623,"te":11731,"sw":11854,"he":12002,"el":12293,"sk":12391,"fa":12489,"bg":13483,"ro":14558,"cs":14751,"de":15376,"ja":16420,"nl":16572,"ku":16732,"ar":16908,"be":18619,"kn":18893,"mr":20323,"uk":20615,"ml":20912,"ta":22727,"sv":23000,"bs":27286,"fi":28770,"gu":28935,"pa":29004,"fil":29446,"sd":31000,"da":37751,"nn":38303},"pll_sync_post":[],"_links":{"self":[{"href":"https:\/\/shrimataji.org\/test\/wp-json\/wp\/v2\/pages\/10751","targetHints":{"allow":["GET"]}}],"collection":[{"href":"https:\/\/shrimataji.org\/test\/wp-json\/wp\/v2\/pages"}],"about":[{"href":"https:\/\/shrimataji.org\/test\/wp-json\/wp\/v2\/types\/page"}],"author":[{"embeddable":true,"href":"https:\/\/shrimataji.org\/test\/wp-json\/wp\/v2\/users\/1"}],"replies":[{"embeddable":true,"href":"https:\/\/shrimataji.org\/test\/wp-json\/wp\/v2\/comments?post=10751"}],"version-history":[{"count":0,"href":"https:\/\/shrimataji.org\/test\/wp-json\/wp\/v2\/pages\/10751\/revisions"}],"wp:featuredmedia":[{"embeddable":true,"href":"https:\/\/shrimataji.org\/test\/wp-json\/wp\/v2\/media\/276"}],"wp:attachment":[{"href":"https:\/\/shrimataji.org\/test\/wp-json\/wp\/v2\/media?parent=10751"}],"curies":[{"name":"wp","href":"https:\/\/api.w.org\/{rel}","templated":true}]}}