{"id":10753,"date":"2022-01-23T03:18:48","date_gmt":"2022-01-23T03:18:48","guid":{"rendered":"https:\/\/test.shrimataji.org\/?page_id=6279"},"modified":"2026-02-17T13:59:55","modified_gmt":"2026-02-17T13:59:55","slug":"comment-mediter","status":"publish","type":"page","link":"https:\/\/shrimataji.org\/test\/fr\/comment-mediter\/","title":{"rendered":"Comment m\u00e9diter"},"content":{"rendered":"\n\n\t<h1>Comment m\u00e9diter?<\/h1>\n<h2>\u00c9tablissez une routine quotidienne<\/h2>\n<div class=\"su-quote su-quote-style-default\"><div class=\"su-quote-inner su-u-clearfix su-u-trim\"> Avec Sahaja Yoga, vous ne devez pas faire de la m\u00e9ditation, mais \u00eatre en m\u00e9ditation. Vous devenez m\u00e9ditatif. <\/div><\/div>\n<p>&nbsp;<\/p>\n<h4>Une fois que vous avez re\u00e7u la <a href=\"https:\/\/shrimataji.org\/test\/fr\/faire-l-experience\/\" target=\"_blank\" rel=\"noopener\">R\u00e9alisation du Soi<\/a> par l&#8217;\u00e9veil de votre <a href=\"https:\/\/shrimataji.org\/test\/fr\/la-kundalini\/\" target=\"_blank\" rel=\"noopener\">Kundalini<\/a><\/h4>\n<h4>vous devez nourrir cette exp\u00e9rience pour la maintenir et l&#8217;approfondir, tout comme vous nourririez une graine qui germe, en l&#8217;exposant au soleil et en l&#8217;arrosant. La meilleure fa\u00e7on d&#8217;y parvenir est de m\u00e9diter r\u00e9guli\u00e8rement. La m\u00e9ditation est davantage un \u00e9tat qu&#8217;une activit\u00e9, mais il existe quelques \u00e9tapes simples \u00e0 suivre pour cr\u00e9er un cadre et une routine propices \u00e0 l&#8217;approfondissement de cet \u00e9tat m\u00e9ditatif.<\/h4>\n<p>Tout d&#8217;abord, trouvez un endroit o\u00f9 vous vous sentez \u00e0 l&#8217;aise et o\u00f9 vous ne serez pas d\u00e9rang\u00e9. Vous pouvez vous asseoir par terre ou sur une chaise, comme cela vous convient le mieux. Placez vos mains sur vos genoux, paumes vers le haut. Fermez les eyux et concentrez-vous sur vous-m\u00eame, essayez d&#8217;observer ce qui se passe \u00e0 l&#8217;int\u00e9rieur de vous. Observez vos pens\u00e9es et laissez-les ralentir. Ensuite, aspirez \u00e0 l&#8217;\u00e9tat de silence et de f\u00e9licit\u00e9 que la m\u00e9ditation peut apporter. Le d\u00e9sir est la premi\u00e8re technique de la <a href=\"https:\/\/shrimataji.org\/test\/fr\/la-meditation-sahaja-yoga\/\" target=\"_blank\" rel=\"noopener\">m\u00e9ditation Sahaja Yoga<\/a> et c&#8217;est ce qui vous permettra d&#8217;approfondir votre \u00e9tat m\u00e9ditatif \u00e0 chaque fois que vous concentrerez votre attention sur vous-m\u00eame.<\/p>\n\t<p>Puis, ramenez doucement l&#8217;attention sur votre fontanelle, au sommet de la t\u00eate. C&#8217;est le <a href=\"https:\/\/shrimataji.org\/test\/fr\/le-chakra-du-sahasrara\/\" target=\"_blank\" rel=\"noopener\">chakra du Sahasrara<\/a>, o\u00f9 la Kundalini sort de la t\u00eate apr\u00e8s avoir illumin\u00e9 le syst\u00e8me limbique. C&#8217;est le royaume qui se trouve au-dessus de notre processus de pens\u00e9e et o\u00f9 nous sommes connect\u00e9s \u00e0 l&#8217;inconscient collectif. Vous pouvez \u00e9galement placer le centre de votre paume sur votre fontanelle, repousser vos doigts et appuyer l\u00e9g\u00e8rement sur votre cuir chevelu tout en effectuant des mouvements circulaires. Cela ressemble \u00e0 la derni\u00e8re \u00e9tape que vous avez effectu\u00e9e pendant l&#8217;exercice pour atteindre la r\u00e9alisation. Cela aide \u00e0 concentrer votre attention sur le dernier chakra et \u00e0 \u00e9tablir la connexion.<\/p>\n<p>Observez-vous maintenant, les mouvements de la Kundalini, l&#8217;approfondissement de votre attention, la paix et le calme qui s&#8217;installent \u00e0 mesure que les pens\u00e9es s&#8217;estompent et le sentiment croissant de joie. En tant que processus vivant, la m\u00e9ditation suit son propre cours et la Kundalini mettra en lumi\u00e8re de nouveaux aspects magnifiques de vous-m\u00eame. Bien que le syst\u00e8me subtil des <a href=\"https:\/\/shrimataji.org\/test\/fr\/chakras-et-qualites\" target=\"_blank\" rel=\"noopener\"><u>chakras<\/u><\/a> et des <a href=\"https:\/\/shrimataji.org\/test\/fr\/les-nadis-et-les-trois-canaux\/\" target=\"_blank\" rel=\"noopener\"><u>nadis<\/u><\/a> soit le m\u00eame chez chacun d&#8217;entre nous, chaque personne a sa propre exp\u00e9rience et son propre cheminement spirituel. Suivez ce chemin comme un voyage \u00e0 la d\u00e9couverte de vous-m\u00eame.<\/p>\n<p>Une fois que vous aurez plus d&#8217;exp\u00e9rience, vous pourrez \u00e9galement concentrer votre attention sur votre chakra du Sahasrara pendant la journ\u00e9e. \u00c9veiller l&#8217;\u00e9nergie est une technique que Shri Mataji a d&#8217;abord exp\u00e9riment\u00e9e en elle-m\u00eame et sa Kundalini a \u00e9t\u00e9 totalement \u00e9veill\u00e9e. Comme les photos ont les vibrations des personnes, vous pouvez m\u00e9diter devant sa photo. Cela cr\u00e9era un \u00e9change de vibrations entre la photo et vous. Essayez de m\u00e9diter sans et avec la photo et voyez si cela vous aide \u00e0 approfondir votre m\u00e9ditation. Vous pouvez t\u00e9l\u00e9charger et imprimer la photo en cliquant sur ce <a href=\"https:\/\/shrimataji.org\/test\/fr\/faire-l-experience\/\" target=\"_blank\" rel=\"noopener\">lien<\/a> si vous le souhaitez. Vers la fin de votre m\u00e9ditation, vous pouvez placer votre main \u00e0 quelques centim\u00e8tres au-dessus de votre t\u00eate pour voir si vous sentez une brise fra\u00eeche ou chaude.<\/p>\n<p>La m\u00e9ditation Sahaja Yoga utilise beaucoup les \u00e9l\u00e9ments naturels : vous pouvez placer une bougie devant la photo de Shri Mataji pour repr\u00e9senter l&#8217;\u00e9l\u00e9ment feu et la lumi\u00e8re. Le parfum de l&#8217;encens repr\u00e9sente l&#8217;\u00e9l\u00e9ment terre. Une musique \u00e9quilibr\u00e9e et apaisante (la plupart des musiques classiques orientales et occidentales) peut vous aider \u00e0 vous d\u00e9tendre, mais veillez \u00e0 passer un moment en silence, avec l&#8217;attention \u00e0 l&#8217;int\u00e9rieur de vous-m\u00eame.<\/p>\n<div class=\"su-quote su-quote-style-default\"><div class=\"su-quote-inner su-u-clearfix su-u-trim\"> En m\u00e9ditation, vous devenez conscient sans penser. C&#8217;est dans cette conscience sans pens\u00e9e que vous commencez \u00e0 grandir. C&#8217;est un \u00e9tat qu&#8217;il faut atteindre. <\/div><\/div>\n<p>&nbsp;<\/p>\n<p>Comme tout processus vivant, votre exp\u00e9rience m\u00e9ditative suivra son cours naturel \u00e0 mesure que vous pratiquerez le Sahaja Yoga. La routine que nous d\u00e9crivons ici vous fournira le cadre n\u00e9cessaire \u00e0 ce processus. Une m\u00e9ditation r\u00e9guli\u00e8re vous aidera \u00e0 renforcer votre Kundalini, \u00e0 approfondir votre \u00e9tat m\u00e9ditatif et \u00e0 ressentir la joie de votre moi int\u00e9rieur.<\/p>\n<p>Id\u00e9alement, vous devriez prendre le temps de m\u00e9diter matin et soir. Apr\u00e8s quelques semaines, vous devriez ressentir les r\u00e9sultats et les bienfaits. Il n&#8217;y a pas de r\u00e8gle pr\u00e9cise quant \u00e0 la dur\u00e9e de la m\u00e9ditation et cela peut varier d&#8217;un jour \u00e0 l&#8217;autre. L&#8217;important est que vous fassiez l&#8217;exp\u00e9rience de l&#8217;\u00e9tat m\u00e9ditatif. Pour commencer, nous vous recommandons de m\u00e9diter au moins 10 \u00e0 15 minutes afin de permettre \u00e0 la Kundalini de renforcer votre syst\u00e8me subtil.<\/p>\n<p>Vous pouvez utiliser le <a href=\"https:\/\/shrimataji.org\/test\/wp-content\/uploads\/2026\/02\/Meditation-et-equilibrage.pdf\" target=\"_blank\" rel=\"noopener\"><b>\u00ab Guide de m\u00e9ditation et d&#8217;\u00e9quilibrage \u00bb<\/b><\/a><a href=\"https:\/\/shrimataji.org\/test\/wp-content\/uploads\/2023\/03\/Meditation-and-Balancing-Guide.pdf\"><\/a> pour adopter une routine quotidienne de m\u00e9ditation.<\/p>\n<p>Recevoir la R\u00e9alisation est la premi\u00e8re \u00e9tape d&#8217;un voyage spirituel, et chaque m\u00e9ditation est un moment de bien-\u00eatre et aussi un pas sur ce chemin. Nous vous souhaitons bonne chance dans la d\u00e9couverte de votre Soi.<\/p>\n\n","protected":false},"excerpt":{"rendered":"<p>Comment m\u00e9diter? \u00c9tablissez une routine quotidienne &nbsp; Une fois que vous avez re\u00e7u la R\u00e9alisation du Soi par l&#8217;\u00e9veil de votre Kundalini vous devez nourrir cette exp\u00e9rience pour la maintenir et l&#8217;approfondir, tout comme vous nourririez une graine qui germe, en l&#8217;exposant au soleil et en l&#8217;arrosant. La meilleure fa\u00e7on d&#8217;y parvenir est de m\u00e9diter&hellip; <br \/> <a class=\"read-more\" href=\"https:\/\/shrimataji.org\/test\/fr\/comment-mediter\/\">Read more<\/a><\/p>\n","protected":false},"author":7,"featured_media":9267,"parent":0,"menu_order":0,"comment_status":"closed","ping_status":"closed","template":"","meta":{"inline_featured_image":false,"footnotes":""},"class_list":["post-10753","page","type-page","status-publish","has-post-thumbnail","hentry"],"yoast_head":"<!-- This site is optimized with the Yoast SEO plugin v27.4 - https:\/\/yoast.com\/product\/yoast-seo-wordpress\/ -->\n<title>Comment m\u00e9diter - TEST - SMND<\/title>\n<meta name=\"robots\" content=\"noindex, follow, max-snippet:-1, max-image-preview:large, max-video-preview:-1\" \/>\n<meta property=\"og:locale\" content=\"en_US\" \/>\n<meta property=\"og:type\" content=\"article\" \/>\n<meta property=\"og:title\" content=\"Comment m\u00e9diter - TEST - SMND\" \/>\n<meta property=\"og:description\" content=\"Comment m\u00e9diter? \u00c9tablissez une routine quotidienne &nbsp; Une fois que vous avez re\u00e7u la R\u00e9alisation du Soi par l&#8217;\u00e9veil de votre Kundalini vous devez nourrir cette exp\u00e9rience pour la maintenir et l&#8217;approfondir, tout comme vous nourririez une graine qui germe, en l&#8217;exposant au soleil et en l&#8217;arrosant. La meilleure fa\u00e7on d&#8217;y parvenir est de m\u00e9diter&hellip; Read more\" \/>\n<meta property=\"og:url\" content=\"https:\/\/shrimataji.org\/test\/fr\/comment-mediter\/\" \/>\n<meta property=\"og:site_name\" content=\"TEST - SMND\" \/>\n<meta property=\"article:publisher\" content=\"https:\/\/www.facebook.com\/shrimataji\" \/>\n<meta property=\"article:modified_time\" content=\"2026-02-17T13:59:55+00:00\" \/>\n<meta property=\"og:image\" content=\"https:\/\/shrimataji.org\/test\/wp-content\/uploads\/2023\/03\/5_Banner-SY-HowtoMeditate-scaled.jpg\" \/>\n\t<meta property=\"og:image:width\" content=\"2560\" \/>\n\t<meta property=\"og:image:height\" content=\"905\" \/>\n\t<meta property=\"og:image:type\" content=\"image\/jpeg\" \/>\n<meta name=\"twitter:card\" content=\"summary_large_image\" \/>\n<meta name=\"twitter:site\" content=\"@shrimataji\" \/>\n<meta name=\"twitter:label1\" content=\"Est. reading time\" \/>\n\t<meta name=\"twitter:data1\" content=\"4 minutes\" \/>\n<script type=\"application\/ld+json\" class=\"yoast-schema-graph\">{\"@context\":\"https:\\\/\\\/schema.org\",\"@graph\":[{\"@type\":\"WebPage\",\"@id\":\"https:\\\/\\\/shrimataji.org\\\/test\\\/fr\\\/comment-mediter\\\/\",\"url\":\"https:\\\/\\\/shrimataji.org\\\/test\\\/fr\\\/comment-mediter\\\/\",\"name\":\"Comment m\u00e9diter - TEST - SMND\",\"isPartOf\":{\"@id\":\"https:\\\/\\\/shrimataji.org\\\/test\\\/#website\"},\"primaryImageOfPage\":{\"@id\":\"https:\\\/\\\/shrimataji.org\\\/test\\\/fr\\\/comment-mediter\\\/#primaryimage\"},\"image\":{\"@id\":\"https:\\\/\\\/shrimataji.org\\\/test\\\/fr\\\/comment-mediter\\\/#primaryimage\"},\"thumbnailUrl\":\"https:\\\/\\\/shrimataji.org\\\/test\\\/wp-content\\\/uploads\\\/2023\\\/03\\\/5_Banner-SY-HowtoMeditate-scaled.jpg\",\"datePublished\":\"2022-01-23T03:18:48+00:00\",\"dateModified\":\"2026-02-17T13:59:55+00:00\",\"breadcrumb\":{\"@id\":\"https:\\\/\\\/shrimataji.org\\\/test\\\/fr\\\/comment-mediter\\\/#breadcrumb\"},\"inLanguage\":\"en-US\",\"potentialAction\":[{\"@type\":\"ReadAction\",\"target\":[\"https:\\\/\\\/shrimataji.org\\\/test\\\/fr\\\/comment-mediter\\\/\"]}]},{\"@type\":\"ImageObject\",\"inLanguage\":\"en-US\",\"@id\":\"https:\\\/\\\/shrimataji.org\\\/test\\\/fr\\\/comment-mediter\\\/#primaryimage\",\"url\":\"https:\\\/\\\/shrimataji.org\\\/test\\\/wp-content\\\/uploads\\\/2023\\\/03\\\/5_Banner-SY-HowtoMeditate-scaled.jpg\",\"contentUrl\":\"https:\\\/\\\/shrimataji.org\\\/test\\\/wp-content\\\/uploads\\\/2023\\\/03\\\/5_Banner-SY-HowtoMeditate-scaled.jpg\",\"width\":2560,\"height\":905},{\"@type\":\"BreadcrumbList\",\"@id\":\"https:\\\/\\\/shrimataji.org\\\/test\\\/fr\\\/comment-mediter\\\/#breadcrumb\",\"itemListElement\":[{\"@type\":\"ListItem\",\"position\":1,\"name\":\"Home\",\"item\":\"https:\\\/\\\/shrimataji.org\\\/test\\\/uk\\\/home-en\\\/\"},{\"@type\":\"ListItem\",\"position\":2,\"name\":\"Comment m\u00e9diter\"}]},{\"@type\":\"WebSite\",\"@id\":\"https:\\\/\\\/shrimataji.org\\\/test\\\/#website\",\"url\":\"https:\\\/\\\/shrimataji.org\\\/test\\\/\",\"name\":\"Shri Mataji Nirmala Devi\",\"description\":\"A Life Dedicated to Humanity\",\"publisher\":{\"@id\":\"https:\\\/\\\/shrimataji.org\\\/test\\\/#\\\/schema\\\/person\\\/a1b3419c6585f164aa96da1ff85715d1\"},\"potentialAction\":[{\"@type\":\"SearchAction\",\"target\":{\"@type\":\"EntryPoint\",\"urlTemplate\":\"https:\\\/\\\/shrimataji.org\\\/test\\\/?s={search_term_string}\"},\"query-input\":{\"@type\":\"PropertyValueSpecification\",\"valueRequired\":true,\"valueName\":\"search_term_string\"}}],\"inLanguage\":\"en-US\"},{\"@type\":[\"Person\",\"Organization\"],\"@id\":\"https:\\\/\\\/shrimataji.org\\\/test\\\/#\\\/schema\\\/person\\\/a1b3419c6585f164aa96da1ff85715d1\",\"name\":\"Nirmala Shrivastava\",\"image\":{\"@type\":\"ImageObject\",\"inLanguage\":\"en-US\",\"@id\":\"https:\\\/\\\/shrimataji.org\\\/test\\\/wp-content\\\/uploads\\\/2023\\\/02\\\/SMO_LOGO-03.svg\",\"url\":\"https:\\\/\\\/shrimataji.org\\\/test\\\/wp-content\\\/uploads\\\/2023\\\/02\\\/SMO_LOGO-03.svg\",\"contentUrl\":\"https:\\\/\\\/shrimataji.org\\\/test\\\/wp-content\\\/uploads\\\/2023\\\/02\\\/SMO_LOGO-03.svg\",\"width\":\"1024\",\"height\":\"1024\",\"caption\":\"Nirmala Shrivastava\"},\"logo\":{\"@id\":\"https:\\\/\\\/shrimataji.org\\\/test\\\/wp-content\\\/uploads\\\/2023\\\/02\\\/SMO_LOGO-03.svg\"},\"sameAs\":[\"https:\\\/\\\/shrimataji.org\\\/test\",\"https:\\\/\\\/www.facebook.com\\\/shrimataji\",\"https:\\\/\\\/x.com\\\/shrimataji\",\"https:\\\/\\\/www.youtube.com\\\/@Shri_Mataji_Nirmala_Devi\\\/featured\"]}]}<\/script>\n<!-- \/ Yoast SEO plugin. -->","yoast_head_json":{"title":"Comment m\u00e9diter - TEST - SMND","robots":{"index":"noindex","follow":"follow","max-snippet":"max-snippet:-1","max-image-preview":"max-image-preview:large","max-video-preview":"max-video-preview:-1"},"og_locale":"en_US","og_type":"article","og_title":"Comment m\u00e9diter - TEST - SMND","og_description":"Comment m\u00e9diter? \u00c9tablissez une routine quotidienne &nbsp; Une fois que vous avez re\u00e7u la R\u00e9alisation du Soi par l&#8217;\u00e9veil de votre Kundalini vous devez nourrir cette exp\u00e9rience pour la maintenir et l&#8217;approfondir, tout comme vous nourririez une graine qui germe, en l&#8217;exposant au soleil et en l&#8217;arrosant. La meilleure fa\u00e7on d&#8217;y parvenir est de m\u00e9diter&hellip; Read more","og_url":"https:\/\/shrimataji.org\/test\/fr\/comment-mediter\/","og_site_name":"TEST - SMND","article_publisher":"https:\/\/www.facebook.com\/shrimataji","article_modified_time":"2026-02-17T13:59:55+00:00","og_image":[{"width":2560,"height":905,"url":"https:\/\/shrimataji.org\/test\/wp-content\/uploads\/2023\/03\/5_Banner-SY-HowtoMeditate-scaled.jpg","type":"image\/jpeg"}],"twitter_card":"summary_large_image","twitter_site":"@shrimataji","twitter_misc":{"Est. reading time":"4 minutes"},"schema":{"@context":"https:\/\/schema.org","@graph":[{"@type":"WebPage","@id":"https:\/\/shrimataji.org\/test\/fr\/comment-mediter\/","url":"https:\/\/shrimataji.org\/test\/fr\/comment-mediter\/","name":"Comment m\u00e9diter - TEST - SMND","isPartOf":{"@id":"https:\/\/shrimataji.org\/test\/#website"},"primaryImageOfPage":{"@id":"https:\/\/shrimataji.org\/test\/fr\/comment-mediter\/#primaryimage"},"image":{"@id":"https:\/\/shrimataji.org\/test\/fr\/comment-mediter\/#primaryimage"},"thumbnailUrl":"https:\/\/shrimataji.org\/test\/wp-content\/uploads\/2023\/03\/5_Banner-SY-HowtoMeditate-scaled.jpg","datePublished":"2022-01-23T03:18:48+00:00","dateModified":"2026-02-17T13:59:55+00:00","breadcrumb":{"@id":"https:\/\/shrimataji.org\/test\/fr\/comment-mediter\/#breadcrumb"},"inLanguage":"en-US","potentialAction":[{"@type":"ReadAction","target":["https:\/\/shrimataji.org\/test\/fr\/comment-mediter\/"]}]},{"@type":"ImageObject","inLanguage":"en-US","@id":"https:\/\/shrimataji.org\/test\/fr\/comment-mediter\/#primaryimage","url":"https:\/\/shrimataji.org\/test\/wp-content\/uploads\/2023\/03\/5_Banner-SY-HowtoMeditate-scaled.jpg","contentUrl":"https:\/\/shrimataji.org\/test\/wp-content\/uploads\/2023\/03\/5_Banner-SY-HowtoMeditate-scaled.jpg","width":2560,"height":905},{"@type":"BreadcrumbList","@id":"https:\/\/shrimataji.org\/test\/fr\/comment-mediter\/#breadcrumb","itemListElement":[{"@type":"ListItem","position":1,"name":"Home","item":"https:\/\/shrimataji.org\/test\/uk\/home-en\/"},{"@type":"ListItem","position":2,"name":"Comment m\u00e9diter"}]},{"@type":"WebSite","@id":"https:\/\/shrimataji.org\/test\/#website","url":"https:\/\/shrimataji.org\/test\/","name":"Shri Mataji Nirmala Devi","description":"A Life Dedicated to Humanity","publisher":{"@id":"https:\/\/shrimataji.org\/test\/#\/schema\/person\/a1b3419c6585f164aa96da1ff85715d1"},"potentialAction":[{"@type":"SearchAction","target":{"@type":"EntryPoint","urlTemplate":"https:\/\/shrimataji.org\/test\/?s={search_term_string}"},"query-input":{"@type":"PropertyValueSpecification","valueRequired":true,"valueName":"search_term_string"}}],"inLanguage":"en-US"},{"@type":["Person","Organization"],"@id":"https:\/\/shrimataji.org\/test\/#\/schema\/person\/a1b3419c6585f164aa96da1ff85715d1","name":"Nirmala Shrivastava","image":{"@type":"ImageObject","inLanguage":"en-US","@id":"https:\/\/shrimataji.org\/test\/wp-content\/uploads\/2023\/02\/SMO_LOGO-03.svg","url":"https:\/\/shrimataji.org\/test\/wp-content\/uploads\/2023\/02\/SMO_LOGO-03.svg","contentUrl":"https:\/\/shrimataji.org\/test\/wp-content\/uploads\/2023\/02\/SMO_LOGO-03.svg","width":"1024","height":"1024","caption":"Nirmala Shrivastava"},"logo":{"@id":"https:\/\/shrimataji.org\/test\/wp-content\/uploads\/2023\/02\/SMO_LOGO-03.svg"},"sameAs":["https:\/\/shrimataji.org\/test","https:\/\/www.facebook.com\/shrimataji","https:\/\/x.com\/shrimataji","https:\/\/www.youtube.com\/@Shri_Mataji_Nirmala_Devi\/featured"]}]}},"lang":"fr","translations":{"fr":10753,"ur":37441,"en":7045,"am":18015,"th":19965,"hu":19492,"sq":18416,"zh":17313,"hi":8283,"tr":10169,"pt":10381,"de":10655,"it":10851,"es":10948,"ja":11245,"ru":11433,"bn":11625,"te":11733,"sw":11856,"he":12004,"el":12295,"sk":12393,"fa":12491,"fi":12589,"bg":13409,"ro":14483,"cs":14676,"nl":16576,"ku":16736,"ar":16912,"be":18623,"kn":18897,"mr":20329,"uk":20621,"ml":20918,"ta":22731,"sv":23004,"gu":28848,"pa":29008,"fil":29450,"da":37755,"pl":37968,"nn":38307},"pll_sync_post":[],"_links":{"self":[{"href":"https:\/\/shrimataji.org\/test\/wp-json\/wp\/v2\/pages\/10753","targetHints":{"allow":["GET"]}}],"collection":[{"href":"https:\/\/shrimataji.org\/test\/wp-json\/wp\/v2\/pages"}],"about":[{"href":"https:\/\/shrimataji.org\/test\/wp-json\/wp\/v2\/types\/page"}],"author":[{"embeddable":true,"href":"https:\/\/shrimataji.org\/test\/wp-json\/wp\/v2\/users\/7"}],"replies":[{"embeddable":true,"href":"https:\/\/shrimataji.org\/test\/wp-json\/wp\/v2\/comments?post=10753"}],"version-history":[{"count":0,"href":"https:\/\/shrimataji.org\/test\/wp-json\/wp\/v2\/pages\/10753\/revisions"}],"wp:featuredmedia":[{"embeddable":true,"href":"https:\/\/shrimataji.org\/test\/wp-json\/wp\/v2\/media\/9267"}],"wp:attachment":[{"href":"https:\/\/shrimataji.org\/test\/wp-json\/wp\/v2\/media?parent=10753"}],"curies":[{"name":"wp","href":"https:\/\/api.w.org\/{rel}","templated":true}]}}