{"id":10758,"date":"2022-01-29T10:02:47","date_gmt":"2022-01-29T10:02:47","guid":{"rendered":"https:\/\/test.shrimataji.org\/?page_id=6394"},"modified":"2026-02-15T17:02:56","modified_gmt":"2026-02-15T17:02:56","slug":"les-racines-ou-le-systeme-subtil","status":"publish","type":"page","link":"https:\/\/shrimataji.org\/test\/fr\/les-racines-ou-le-systeme-subtil\/","title":{"rendered":"La connaissance des racines \u2013 le syst\u00e8me subtil"},"content":{"rendered":"\n\n\t<h1>La connaissance des racines &#8211; le syst\u00e8me subtil<\/h1>\n<h2>La science ancestrale de notre \u00eatre int\u00e9rieur<\/h2>\n<h4>Un aspect important de la ma\u00eetrise du yoga consiste \u00e0 avoir une connaissance approfondie du syst\u00e8me subtil, qui sert de guide pour faire l&#8217;exp\u00e9rience de l&#8217;\u00e9volution int\u00e9rieure de notre conscience.<\/h4>\n\t<p>Les anciennes \u00e9critures v\u00e9diques indiennes d\u00e9crivent le syst\u00e8me subtil comme \u00e9tant constitu\u00e9 de <a href=\"https:\/\/shrimataji.org\/test\/fr\/les-nadis-et-les-trois-canaux\/\" target=\"_blank\" rel=\"noopener\">nadis<\/a> (qui signifie &#8216;canal&#8217; en sanskrit). \u00c0 l&#8217;instar de l&#8217;eau qui coule dans les rivi\u00e8res, les nadis facilitent la circulation des \u00e9nergies subtiles dans notre \u00eatre. Le syst\u00e8me comprend \u00e9galement des <a href=\"https:\/\/shrimataji.org\/test\/fr\/chakras-et-qualites\/\" target=\"_blank\" rel=\"noopener\">chakras<\/a> (qui signifie en sanskrit &#8216;centre d&#8217;\u00e9nergie subtile tournant comme une roue&#8217;) et la <a href=\"https:\/\/shrimataji.org\/test\/fr\/la-kundalini\/\" target=\"_blank\" rel=\"noopener\">kundalini<\/a> (qui d\u00e9signe l&#8217;\u00e9nergie enroul\u00e9e qui est la puissance r\u00e9siduelle de l&#8217;existence, int\u00e9gr\u00e9e au sacrum). Notre corps subtil est constitu\u00e9 de milliers de nadis et de chakras au sein d&#8217;une structure compos\u00e9e de trois nadis principaux, Ida, Pingala et Sushumna, et de sept chakras : <a href=\"https:\/\/shrimataji.org\/test\/fr\/le-chakra-du-mooladhara\/\" target=\"_blank\" rel=\"noopener\">Mooladhara<\/a>, <a href=\"https:\/\/shrimataji.org\/test\/fr\/le-chakra-du-swadhisthan\/\" target=\"_blank\" rel=\"noopener\">Swadhisthan<\/a>, <a href=\"https:\/\/shrimataji.org\/test\/fr\/le-chakra-du-nabhi\/\" target=\"_blank\" rel=\"noopener\">Nabhi<\/a>, <a href=\"https:\/\/shrimataji.org\/test\/fr\/le-chakra-du-coeur-ou-anahata\/\" target=\"_blank\" rel=\"noopener\">Anahata<\/a>, <a href=\"https:\/\/shrimataji.org\/test\/fr\/le-chakra-du-vishuddhi\/\" target=\"_blank\" rel=\"noopener\">Vishuddhi<\/a>, <a href=\"https:\/\/shrimataji.org\/test\/fr\/le-chakra-de-lagnya\/\" target=\"_blank\" rel=\"noopener\">Agnya <\/a>et <a href=\"https:\/\/shrimataji.org\/test\/fr\/le-chakra-du-sahasrara\/\" target=\"_blank\" rel=\"noopener\">Sahasrara<\/a>.<\/p>\n<p>L&#8217;<a href=\"https:\/\/shrimataji.org\/test\/fr\/l-atma\/\" target=\"_blank\" rel=\"noopener\">Atma<\/a>, l&#8217;Esprit \u00e9ternel, se trouve dans le c\u0153ur.<\/p>\n<figure itemscope itemtype=\"https:\/\/schema.org\/ImageObject\">\n\t\t\t\t<img decoding=\"async\" src=\"https:\/\/shrimataji.org\/test\/wp-content\/uploads\/2025\/11\/FR-Chakras-1-scaled.png\" alt=\"FR-Chakras\" height=\"2560\" width=\"2276\" title=\"FR-Chakras\" onerror=\"this.style.display='none'\" loading=\"lazy\" \/>\n\t<\/figure>\n\t<p>Tout comme nous disposons d&#8217;un r\u00e9seau tr\u00e8s complexe de nerfs et de plexus nerveux qui r\u00e9gissent et contr\u00f4lent nos organes sensoriels et nos r\u00e9ponses motrices, chaque \u00eatre humain poss\u00e8de un syst\u00e8me subtil qui correspond aux syst\u00e8mes nerveux sympathique et parasympathique. L&#8217;interaction complexe de notre syst\u00e8me subtil, qui se compose de canaux (nadis) et de centres \u00e9nerg\u00e9tiques (chakras), avec le r\u00e9seau nerveux de notre corps et notre cerveau, veille sur notre \u00eatre physique, intellectuel, \u00e9motionnel et spirituel. On pourrait comparer le syst\u00e8me subtil au logiciel d&#8217;un ordinateur.<\/p>\n\tLa connaissance du syst\u00e8me subtil humain \u00e9tait d\u00e9j\u00e0 connue il y a des milliers d&#8217;ann\u00e9es. Les \u00e9critures indiennes r\u00e9v\u00e8lent que le Seigneur Shiva fut le premier Adiyogi (yogi primordial) \u00e0 transmettre cette connaissance aux Saptha Rishis (les sept sages). Ces sept sages ont diffus\u00e9 cette science yogique dans diff\u00e9rentes parties du monde. Cependant, c&#8217;est en Inde que le syst\u00e8me yogique a trouv\u00e9 son expression la plus compl\u00e8te.<br \/>\nBien que cette connaissance de notre syst\u00e8me subtil f\u00fbt bien connue dans les traditions yogiques indiennes, c&#8217;est Shri Mataji qui a \u00e9t\u00e9 la premi\u00e8re \u00e0 illustrer le m\u00e9canisme complexe de l&#8217;ensemble du syst\u00e8me subtil et la mani\u00e8re dont il coexiste dans le corps vivant d\u00e8s les premiers stades du d\u00e9veloppement du f\u0153tus dans l&#8217;ut\u00e9rus.\n<div class=\"su-quote su-quote-style-default\"><div class=\"su-quote-inner su-u-clearfix su-u-trim\"> Ainsi, lorsque le b\u00e9b\u00e9 atteint l&#8217;\u00e2ge de deux mois dans le ventre de sa m\u00e8re, cette force vitale p\u00e9n\u00e8tre dans son \u00e2me. C&#8217;est l\u00e0 qu&#8217;elle entre. Elle descend depuis le palais de la t\u00eate, traverse le milieu du cerveau, passe par la moelle \u00e9pini\u00e8re et descend jusqu&#8217;\u00e0 la partie triangulaire (sacrum). Lorsque cette \u00e9nergie Kundalini circule, elle s&#8217;arr\u00eate parfois, ce qui provoque l&#8217;apparition des chakras. Et ces chakras vivent \u00e0 l&#8217;int\u00e9rieur comme des centres et \u00e0 l&#8217;ext\u00e9rieur, ils sont appel\u00e9s par les m\u00e9decins des plexus, c&#8217;est-\u00e0-dire le syst\u00e8me nerveux parasympathique. <\/div><\/div>\n<p>En utilisant la simple analogie de la lumi\u00e8re qui se r\u00e9fracte dans un prisme, Shri Mataji a expliqu\u00e9 comment le cerveau humain, qui a \u00e9volu\u00e9 au cours de millions d&#8217;ann\u00e9es pour passer d&#8217;une structure plate \u00e0 une structure prismatique, facilite une architecture complexe d&#8217;\u00e9nergies subtiles qui se refl\u00e8tent et se m\u00e9langent au sein du syst\u00e8me nerveux humain complexe.<\/p>\n<p>Une personne R\u00e9alis\u00e9e peut souvent sentir la brise fra\u00eeche qui \u00e9mane de la fontanelle des nouveau-n\u00e9s. Shri Mataji a expliqu\u00e9 ce ph\u00e9nom\u00e8ne comme une indication de l&#8217;activit\u00e9 de l&#8217;\u00e9nergie omnipr\u00e9sente de l&#8217;amour de Dieu, qu&#8217;elle a appel\u00e9e <a href=\"https:\/\/shrimataji.org\/test\/fr\/la-paramchaitanya\/\" target=\"_blank\" rel=\"noopener\">Paramchaitanya<\/a>, pendant les premiers stades de notre croissance. Plus tard, \u00e0 travers la calcification des os du cr\u00e2ne et le d\u00e9veloppement de l&#8217;ego humain et du conditionnement, cette conscience subtile s&#8217;estompe et nous devenons plus conscients et identifi\u00e9s au monde mat\u00e9riel qui nous entoure.<\/p>\n<p>Gr\u00e2ce au processus de R\u00e9alisation du Soi et \u00e0 la m\u00e9ditation, nous sommes capables de restaurer cette connexion primordiale dans notre \u00eatre subtil.<\/p>\n<p>&nbsp;<\/p>\n\t\t<img decoding=\"async\" data-spai-excluded=\"true\" loading=\"lazy\"  alt=\"YouTube player\"  src=\"https:\/\/i.ytimg.com\/vi\/PrwmhC45nVc\/maxresdefault.jpg\"  \/><button aria-label=\"Play\"><\/button><meta itemprop=\"embedUrl\" content=\"https:\/\/www.youtube.com\/embed\/PrwmhC45nVc\"\/><meta itemprop=\"name\" content=\"Knowledge of the roots\"\/><meta itemprop=\"description\" content=\"YouTube video\"\/><meta itemprop=\"thumbnailUrl\" content=\"https:\/\/i.ytimg.com\/vi\/PrwmhC45nVc\/0.jpg\"\/><meta itemprop=\"duration\" content=\"PT1M35S\"\/><meta itemprop=\"uploadDate\" content=\"2022-11-12T03:23:30Z\"\/>\t\n\n","protected":false},"excerpt":{"rendered":"<p>La connaissance des racines &#8211; le syst\u00e8me subtil La science ancestrale de notre \u00eatre int\u00e9rieur Un aspect important de la ma\u00eetrise du yoga consiste \u00e0 avoir une connaissance approfondie du syst\u00e8me subtil, qui sert de guide pour faire l&#8217;exp\u00e9rience de l&#8217;\u00e9volution int\u00e9rieure de notre conscience. Les anciennes \u00e9critures v\u00e9diques indiennes d\u00e9crivent le syst\u00e8me subtil comme&hellip; <br \/> <a class=\"read-more\" href=\"https:\/\/shrimataji.org\/test\/fr\/les-racines-ou-le-systeme-subtil\/\">Read more<\/a><\/p>\n","protected":false},"author":7,"featured_media":9242,"parent":0,"menu_order":0,"comment_status":"closed","ping_status":"closed","template":"","meta":{"inline_featured_image":false,"footnotes":""},"class_list":["post-10758","page","type-page","status-publish","has-post-thumbnail","hentry"],"yoast_head":"<!-- This site is optimized with the Yoast SEO plugin v27.4 - https:\/\/yoast.com\/product\/yoast-seo-wordpress\/ -->\n<title>La connaissance des racines \u2013 le syst\u00e8me subtil - TEST - SMND<\/title>\n<meta name=\"robots\" content=\"noindex, follow, max-snippet:-1, max-image-preview:large, max-video-preview:-1\" \/>\n<meta property=\"og:locale\" content=\"en_US\" \/>\n<meta property=\"og:type\" content=\"article\" \/>\n<meta property=\"og:title\" content=\"La connaissance des racines \u2013 le syst\u00e8me subtil - TEST - SMND\" \/>\n<meta property=\"og:description\" content=\"La connaissance des racines &#8211; le syst\u00e8me subtil La science ancestrale de notre \u00eatre int\u00e9rieur Un aspect important de la ma\u00eetrise du yoga consiste \u00e0 avoir une connaissance approfondie du syst\u00e8me subtil, qui sert de guide pour faire l&#8217;exp\u00e9rience de l&#8217;\u00e9volution int\u00e9rieure de notre conscience. Les anciennes \u00e9critures v\u00e9diques indiennes d\u00e9crivent le syst\u00e8me subtil comme&hellip; Read more\" \/>\n<meta property=\"og:url\" content=\"https:\/\/shrimataji.org\/test\/fr\/les-racines-ou-le-systeme-subtil\/\" \/>\n<meta property=\"og:site_name\" content=\"TEST - SMND\" \/>\n<meta property=\"article:publisher\" content=\"https:\/\/www.facebook.com\/shrimataji\" \/>\n<meta property=\"article:modified_time\" content=\"2026-02-15T17:02:56+00:00\" \/>\n<meta property=\"og:image\" content=\"https:\/\/shrimataji.org\/test\/wp-content\/uploads\/2023\/03\/7_Banner-SY-Roots-2-scaled.jpg\" \/>\n\t<meta property=\"og:image:width\" content=\"2560\" \/>\n\t<meta property=\"og:image:height\" content=\"905\" \/>\n\t<meta property=\"og:image:type\" content=\"image\/jpeg\" \/>\n<meta name=\"twitter:card\" content=\"summary_large_image\" \/>\n<meta name=\"twitter:site\" content=\"@shrimataji\" \/>\n<meta name=\"twitter:label1\" content=\"Est. reading time\" \/>\n\t<meta name=\"twitter:data1\" content=\"3 minutes\" \/>\n<script type=\"application\/ld+json\" class=\"yoast-schema-graph\">{\"@context\":\"https:\\\/\\\/schema.org\",\"@graph\":[{\"@type\":\"WebPage\",\"@id\":\"https:\\\/\\\/shrimataji.org\\\/test\\\/fr\\\/les-racines-ou-le-systeme-subtil\\\/\",\"url\":\"https:\\\/\\\/shrimataji.org\\\/test\\\/fr\\\/les-racines-ou-le-systeme-subtil\\\/\",\"name\":\"La connaissance des racines \u2013 le syst\u00e8me subtil - TEST - SMND\",\"isPartOf\":{\"@id\":\"https:\\\/\\\/shrimataji.org\\\/test\\\/#website\"},\"primaryImageOfPage\":{\"@id\":\"https:\\\/\\\/shrimataji.org\\\/test\\\/fr\\\/les-racines-ou-le-systeme-subtil\\\/#primaryimage\"},\"image\":{\"@id\":\"https:\\\/\\\/shrimataji.org\\\/test\\\/fr\\\/les-racines-ou-le-systeme-subtil\\\/#primaryimage\"},\"thumbnailUrl\":\"https:\\\/\\\/shrimataji.org\\\/test\\\/wp-content\\\/uploads\\\/2023\\\/03\\\/7_Banner-SY-Roots-2-scaled.jpg\",\"datePublished\":\"2022-01-29T10:02:47+00:00\",\"dateModified\":\"2026-02-15T17:02:56+00:00\",\"breadcrumb\":{\"@id\":\"https:\\\/\\\/shrimataji.org\\\/test\\\/fr\\\/les-racines-ou-le-systeme-subtil\\\/#breadcrumb\"},\"inLanguage\":\"en-US\",\"potentialAction\":[{\"@type\":\"ReadAction\",\"target\":[\"https:\\\/\\\/shrimataji.org\\\/test\\\/fr\\\/les-racines-ou-le-systeme-subtil\\\/\"]}]},{\"@type\":\"ImageObject\",\"inLanguage\":\"en-US\",\"@id\":\"https:\\\/\\\/shrimataji.org\\\/test\\\/fr\\\/les-racines-ou-le-systeme-subtil\\\/#primaryimage\",\"url\":\"https:\\\/\\\/shrimataji.org\\\/test\\\/wp-content\\\/uploads\\\/2023\\\/03\\\/7_Banner-SY-Roots-2-scaled.jpg\",\"contentUrl\":\"https:\\\/\\\/shrimataji.org\\\/test\\\/wp-content\\\/uploads\\\/2023\\\/03\\\/7_Banner-SY-Roots-2-scaled.jpg\",\"width\":2560,\"height\":905},{\"@type\":\"BreadcrumbList\",\"@id\":\"https:\\\/\\\/shrimataji.org\\\/test\\\/fr\\\/les-racines-ou-le-systeme-subtil\\\/#breadcrumb\",\"itemListElement\":[{\"@type\":\"ListItem\",\"position\":1,\"name\":\"Home\",\"item\":\"https:\\\/\\\/shrimataji.org\\\/test\\\/uk\\\/home-en\\\/\"},{\"@type\":\"ListItem\",\"position\":2,\"name\":\"La connaissance des racines \u2013 le syst\u00e8me subtil\"}]},{\"@type\":\"WebSite\",\"@id\":\"https:\\\/\\\/shrimataji.org\\\/test\\\/#website\",\"url\":\"https:\\\/\\\/shrimataji.org\\\/test\\\/\",\"name\":\"Shri Mataji Nirmala Devi\",\"description\":\"A Life Dedicated to Humanity\",\"publisher\":{\"@id\":\"https:\\\/\\\/shrimataji.org\\\/test\\\/#\\\/schema\\\/person\\\/a1b3419c6585f164aa96da1ff85715d1\"},\"potentialAction\":[{\"@type\":\"SearchAction\",\"target\":{\"@type\":\"EntryPoint\",\"urlTemplate\":\"https:\\\/\\\/shrimataji.org\\\/test\\\/?s={search_term_string}\"},\"query-input\":{\"@type\":\"PropertyValueSpecification\",\"valueRequired\":true,\"valueName\":\"search_term_string\"}}],\"inLanguage\":\"en-US\"},{\"@type\":[\"Person\",\"Organization\"],\"@id\":\"https:\\\/\\\/shrimataji.org\\\/test\\\/#\\\/schema\\\/person\\\/a1b3419c6585f164aa96da1ff85715d1\",\"name\":\"Nirmala Shrivastava\",\"image\":{\"@type\":\"ImageObject\",\"inLanguage\":\"en-US\",\"@id\":\"https:\\\/\\\/shrimataji.org\\\/test\\\/wp-content\\\/uploads\\\/2023\\\/02\\\/SMO_LOGO-03.svg\",\"url\":\"https:\\\/\\\/shrimataji.org\\\/test\\\/wp-content\\\/uploads\\\/2023\\\/02\\\/SMO_LOGO-03.svg\",\"contentUrl\":\"https:\\\/\\\/shrimataji.org\\\/test\\\/wp-content\\\/uploads\\\/2023\\\/02\\\/SMO_LOGO-03.svg\",\"width\":\"1024\",\"height\":\"1024\",\"caption\":\"Nirmala Shrivastava\"},\"logo\":{\"@id\":\"https:\\\/\\\/shrimataji.org\\\/test\\\/wp-content\\\/uploads\\\/2023\\\/02\\\/SMO_LOGO-03.svg\"},\"sameAs\":[\"https:\\\/\\\/shrimataji.org\\\/test\",\"https:\\\/\\\/www.facebook.com\\\/shrimataji\",\"https:\\\/\\\/x.com\\\/shrimataji\",\"https:\\\/\\\/www.youtube.com\\\/@Shri_Mataji_Nirmala_Devi\\\/featured\"]}]}<\/script>\n<!-- \/ Yoast SEO plugin. -->","yoast_head_json":{"title":"La connaissance des racines \u2013 le syst\u00e8me subtil - TEST - SMND","robots":{"index":"noindex","follow":"follow","max-snippet":"max-snippet:-1","max-image-preview":"max-image-preview:large","max-video-preview":"max-video-preview:-1"},"og_locale":"en_US","og_type":"article","og_title":"La connaissance des racines \u2013 le syst\u00e8me subtil - TEST - SMND","og_description":"La connaissance des racines &#8211; le syst\u00e8me subtil La science ancestrale de notre \u00eatre int\u00e9rieur Un aspect important de la ma\u00eetrise du yoga consiste \u00e0 avoir une connaissance approfondie du syst\u00e8me subtil, qui sert de guide pour faire l&#8217;exp\u00e9rience de l&#8217;\u00e9volution int\u00e9rieure de notre conscience. Les anciennes \u00e9critures v\u00e9diques indiennes d\u00e9crivent le syst\u00e8me subtil comme&hellip; Read more","og_url":"https:\/\/shrimataji.org\/test\/fr\/les-racines-ou-le-systeme-subtil\/","og_site_name":"TEST - SMND","article_publisher":"https:\/\/www.facebook.com\/shrimataji","article_modified_time":"2026-02-15T17:02:56+00:00","og_image":[{"width":2560,"height":905,"url":"https:\/\/shrimataji.org\/test\/wp-content\/uploads\/2023\/03\/7_Banner-SY-Roots-2-scaled.jpg","type":"image\/jpeg"}],"twitter_card":"summary_large_image","twitter_site":"@shrimataji","twitter_misc":{"Est. reading time":"3 minutes"},"schema":{"@context":"https:\/\/schema.org","@graph":[{"@type":"WebPage","@id":"https:\/\/shrimataji.org\/test\/fr\/les-racines-ou-le-systeme-subtil\/","url":"https:\/\/shrimataji.org\/test\/fr\/les-racines-ou-le-systeme-subtil\/","name":"La connaissance des racines \u2013 le syst\u00e8me subtil - TEST - SMND","isPartOf":{"@id":"https:\/\/shrimataji.org\/test\/#website"},"primaryImageOfPage":{"@id":"https:\/\/shrimataji.org\/test\/fr\/les-racines-ou-le-systeme-subtil\/#primaryimage"},"image":{"@id":"https:\/\/shrimataji.org\/test\/fr\/les-racines-ou-le-systeme-subtil\/#primaryimage"},"thumbnailUrl":"https:\/\/shrimataji.org\/test\/wp-content\/uploads\/2023\/03\/7_Banner-SY-Roots-2-scaled.jpg","datePublished":"2022-01-29T10:02:47+00:00","dateModified":"2026-02-15T17:02:56+00:00","breadcrumb":{"@id":"https:\/\/shrimataji.org\/test\/fr\/les-racines-ou-le-systeme-subtil\/#breadcrumb"},"inLanguage":"en-US","potentialAction":[{"@type":"ReadAction","target":["https:\/\/shrimataji.org\/test\/fr\/les-racines-ou-le-systeme-subtil\/"]}]},{"@type":"ImageObject","inLanguage":"en-US","@id":"https:\/\/shrimataji.org\/test\/fr\/les-racines-ou-le-systeme-subtil\/#primaryimage","url":"https:\/\/shrimataji.org\/test\/wp-content\/uploads\/2023\/03\/7_Banner-SY-Roots-2-scaled.jpg","contentUrl":"https:\/\/shrimataji.org\/test\/wp-content\/uploads\/2023\/03\/7_Banner-SY-Roots-2-scaled.jpg","width":2560,"height":905},{"@type":"BreadcrumbList","@id":"https:\/\/shrimataji.org\/test\/fr\/les-racines-ou-le-systeme-subtil\/#breadcrumb","itemListElement":[{"@type":"ListItem","position":1,"name":"Home","item":"https:\/\/shrimataji.org\/test\/uk\/home-en\/"},{"@type":"ListItem","position":2,"name":"La connaissance des racines \u2013 le syst\u00e8me subtil"}]},{"@type":"WebSite","@id":"https:\/\/shrimataji.org\/test\/#website","url":"https:\/\/shrimataji.org\/test\/","name":"Shri Mataji Nirmala Devi","description":"A Life Dedicated to Humanity","publisher":{"@id":"https:\/\/shrimataji.org\/test\/#\/schema\/person\/a1b3419c6585f164aa96da1ff85715d1"},"potentialAction":[{"@type":"SearchAction","target":{"@type":"EntryPoint","urlTemplate":"https:\/\/shrimataji.org\/test\/?s={search_term_string}"},"query-input":{"@type":"PropertyValueSpecification","valueRequired":true,"valueName":"search_term_string"}}],"inLanguage":"en-US"},{"@type":["Person","Organization"],"@id":"https:\/\/shrimataji.org\/test\/#\/schema\/person\/a1b3419c6585f164aa96da1ff85715d1","name":"Nirmala Shrivastava","image":{"@type":"ImageObject","inLanguage":"en-US","@id":"https:\/\/shrimataji.org\/test\/wp-content\/uploads\/2023\/02\/SMO_LOGO-03.svg","url":"https:\/\/shrimataji.org\/test\/wp-content\/uploads\/2023\/02\/SMO_LOGO-03.svg","contentUrl":"https:\/\/shrimataji.org\/test\/wp-content\/uploads\/2023\/02\/SMO_LOGO-03.svg","width":"1024","height":"1024","caption":"Nirmala Shrivastava"},"logo":{"@id":"https:\/\/shrimataji.org\/test\/wp-content\/uploads\/2023\/02\/SMO_LOGO-03.svg"},"sameAs":["https:\/\/shrimataji.org\/test","https:\/\/www.facebook.com\/shrimataji","https:\/\/x.com\/shrimataji","https:\/\/www.youtube.com\/@Shri_Mataji_Nirmala_Devi\/featured"]}]}},"lang":"fr","translations":{"fr":10758,"ur":37451,"en":6394,"am":18023,"th":19978,"hu":19503,"sq":18424,"zh":17321,"hi":8288,"tr":10174,"pt":10386,"de":10660,"it":10856,"es":10953,"ja":11250,"ru":11438,"bn":11630,"te":11738,"sw":11861,"he":12009,"el":12301,"sk":12399,"fa":12497,"fi":12595,"bg":13395,"ro":14469,"cs":14662,"nl":16584,"ku":16744,"ar":16920,"be":18631,"kn":18905,"mr":20342,"uk":20634,"ml":20929,"ta":22742,"sv":23014,"gu":28856,"pa":29016,"fil":29460,"da":37764,"pl":37976,"nn":38316},"pll_sync_post":[],"_links":{"self":[{"href":"https:\/\/shrimataji.org\/test\/wp-json\/wp\/v2\/pages\/10758","targetHints":{"allow":["GET"]}}],"collection":[{"href":"https:\/\/shrimataji.org\/test\/wp-json\/wp\/v2\/pages"}],"about":[{"href":"https:\/\/shrimataji.org\/test\/wp-json\/wp\/v2\/types\/page"}],"author":[{"embeddable":true,"href":"https:\/\/shrimataji.org\/test\/wp-json\/wp\/v2\/users\/7"}],"replies":[{"embeddable":true,"href":"https:\/\/shrimataji.org\/test\/wp-json\/wp\/v2\/comments?post=10758"}],"version-history":[{"count":0,"href":"https:\/\/shrimataji.org\/test\/wp-json\/wp\/v2\/pages\/10758\/revisions"}],"wp:featuredmedia":[{"embeddable":true,"href":"https:\/\/shrimataji.org\/test\/wp-json\/wp\/v2\/media\/9242"}],"wp:attachment":[{"href":"https:\/\/shrimataji.org\/test\/wp-json\/wp\/v2\/media?parent=10758"}],"curies":[{"name":"wp","href":"https:\/\/api.w.org\/{rel}","templated":true}]}}