{"id":10768,"date":"2022-02-25T05:44:57","date_gmt":"2022-02-25T05:44:57","guid":{"rendered":"https:\/\/test.shrimataji.org\/?page_id=6480"},"modified":"2026-02-17T13:43:20","modified_gmt":"2026-02-17T13:43:20","slug":"le-chakra-du-mooladhara","status":"publish","type":"page","link":"https:\/\/shrimataji.org\/test\/fr\/le-chakra-du-mooladhara\/","title":{"rendered":"Le chakra du Mooladhara"},"content":{"rendered":"\n\n\t<h1>Le chakra du Mooladhara<\/h1>\n<h2>Innocence et sagesse<\/h2>\n<div class=\"su-quote su-quote-style-default\"><div class=\"su-quote-inner su-u-clearfix su-u-trim\">Le Mooladhara vient de deux mots sanskrits: &#8220;moola&#8221;, qui signifie &#8220;racine&#8221;, et &#8220;adhara&#8221;, qui signifie &#8220;le support&#8221;. Il est le support de la racine de la cr\u00e9ation. <\/div><\/div>\n<h4>La qualit\u00e9 des enfants est un trait de personnalit\u00e9 inn\u00e9. L&#8217;innocence, la spontan\u00e9it\u00e9 et la sagesse sont les manifestations de ce centre \u00e9nerg\u00e9tique. Ce sont des qualit\u00e9s \u00e9ternelles et indestructibles qui sont en nous, qui manifestent \u00e0 leur plein potentiel lorsque notre \u00e9nergie <a href=\"https:\/\/shrimataji.org\/test\/fr\/la-kundalini\/\" target=\"_blank\" rel=\"noopener\">Kundalini<\/a> est activ\u00e9e. Au niveau physique, ce centre gouverne le syst\u00e8me excr\u00e9teur et le syst\u00e8me reproducteur. Sur le plan spirituel, le chakra du Mooladhara constitue la base du canal gauche.<\/h4>\n<p>\u00c0 mesure que nous grandissons gr\u00e2ce \u00e0 la m\u00e9ditation, nous commen\u00e7ons \u00e0 \u00e9prouver un profond sentiment d&#8217;innocence, de respect et d&#8217;amour pour nous-m\u00eames et pour les autres. Notre m\u00e9moire s&#8217;am\u00e9liore et nous d\u00e9veloppons une personnalit\u00e9 magn\u00e9tique.<\/p>\n\t\t<iframe loading=\"lazy\" title=\"Mooladhara Chakra\" width=\"1920\" height=\"1080\" src=\"https:\/\/www.youtube.com\/embed\/k_tSck7QxHQ?feature=oembed\" frameborder=\"0\" allow=\"accelerometer; autoplay; clipboard-write; encrypted-media; gyroscope; picture-in-picture; web-share\" allowfullscreen><\/iframe>\t\n\t<strong>Emplacement<\/strong><br \/>\nLe chakra du Mooladhara est situ\u00e9 dans le plexus pelvien ou (hypogastrique inf\u00e9rieur), en de\u00e7\u00e0 de la colonne vert\u00e9brale. Les vibrations de ce chakra qui soutient la racine peuvent \u00eatre ressenties \u00e0 la base de la paume de la main.\n<strong>Couleur<\/strong><strong><br \/>\n<\/strong>Ce chakra est repr\u00e9sent\u00e9 par la couleur rouge corail. Il est \u00e9troitement li\u00e9 \u00e0 l&#8217;\u00e9l\u00e9ment terre.\n<p><strong>Les qualit\u00e9s subtiles du chakra du Mooladhara<\/strong><\/p>\n\u2022\u00a0Innocence<br \/>\n\u2022\u00a0Puret\u00e9<br \/>\n\u2022\u00a0Simplicit\u00e9<br \/>\n\u2022\u00a0Joie enfantine<br \/>\n\u2022\u00a0Sagesse<br \/>\n\u2022 Dignit\u00e9<br \/>\n\u2022\u00a0\u00c9quilibre<br \/>\n\u2022\u00a0Sens de l&#8217;orientation<br \/>\n\u2022\u00a0Connexion \u00e0 la terre<br \/>\n\u2022\u00a0Harmonie avec la nature\n<figure itemscope itemtype=\"https:\/\/schema.org\/ImageObject\">\n\t\t\t\t<img decoding=\"async\" src=\"https:\/\/shrimataji.org\/test\/wp-content\/uploads\/2023\/02\/1-Mooladhara-01.png\" alt=\"1-Mooladhara-01\" height=\"3426\" width=\"3214\" title=\"1-Mooladhara-01\" onerror=\"this.style.display='none'\" loading=\"lazy\" \/>\n\t<\/figure>\n\t<div class=\"su-quote su-quote-style-default\"><div class=\"su-quote-inner su-u-clearfix su-u-trim\">Le centre le plus bas est celui de notre innocence. Notre innocence ne peut jamais \u00eatre d\u00e9truite car elle est \u00e9ternelle. Elle peut seulement \u00eatre recouverte de quelques nuages. Mais avec l&#8217;\u00e9veil de la Kundalini, l&#8217;innocence se r\u00e9v\u00e8le. Notre attention devient absolument innocente car elle est d\u00e9pourvue de convoitise ni d&#8217;avidit\u00e9.<\/div><\/div>\n\t<strong>eExp\u00e9rience et avantages<br \/>\n<\/strong>Un chakra du Mooladhara \u00e9quilibr\u00e9 vous aidera \u00e0 d\u00e9velopper la sagesse int\u00e9rieure car vous d\u00e9veloppez votre capacit\u00e9 inn\u00e9e \u00e0 faire la distinction entre le bien et le mal. Ainsi, on \u00e9vite les actions (ou inactions) qui nuisent \u00e0 soi-m\u00eame ou aux autres.\n<p>Un chakra du Mooladhara \u00e9quilibr\u00e9 conduit \u00e0 une am\u00e9lioration de la m\u00e9moire, et de la concentration. On prend des d\u00e9cisions de mani\u00e8re efficace tout en conservant un \u00e9quilibre et une stabilit\u00e9 \u00e9motionnels. Le chakra Mooladhara \u00e9tant form\u00e9 \u00e0 partir de l&#8217;\u00e9l\u00e9ment terre, il joue un r\u00f4le important dans la connexion de notre conscience avec la M\u00e8re Nature et nous permet de mener une vie en totale harmonie avec ses bienfaits. Il nous aide \u00e9galement \u00e0 \u00e9viter les modes de vie non naturels ou malsains (ceux qui peuvent \u00eatre consid\u00e9r\u00e9s comme &#8220;pervers&#8221; ou &#8220;contre nature&#8221;).<\/p>\nLorsque le chakra du Mooladhara est perturb\u00e9, cela d\u00e9r\u00e8gle aussi le fonctionnement du canal gauche et ce d\u00e9s\u00e9quilibre peut g\u00e9n\u00e9rer de nombreuses probl\u00e8mes de sant\u00e9.<br \/>\nLes probl\u00e8mes tels que la d\u00e9pression ou la l\u00e9thargie, peuvent \u00e9galement \u00eatre \u00e9vit\u00e9s en \u00e9quilibrant le chakra Mooladhara.\n<strong>Auto-\u00e9valuation<br \/>\n<\/strong>Si votre chakra du Mooladhara est d\u00e9s\u00e9quilibr\u00e9, vous pouvez avoir un mauvais sens de l&#8217;orientation, une mauvaise m\u00e9moire. Parmi les autres sympt\u00f4mes de perturbation de ce chakra, citons les probl\u00e8mes d&#8217;excr\u00e9tion, les troubles sexuels et les difficult\u00e9s de reproduction.\n<p><strong>Raisons du d\u00e9s\u00e9quilibre<\/strong><\/p>\n<ul>\n<li>Une surcharge d&#8217;activit\u00e9 mentale et une d\u00e9pendance excessive au plaisir des sens peuvent cr\u00e9er un blocage dans ce centre.<\/li>\n<\/ul>\n<strong>Comment l&#8217;\u00e9quilibrer<br \/>\n<\/strong>La pratique r\u00e9guli\u00e8re de la m\u00e9diation de Sahaja Yoga aide \u00e0 \u00e9quilibrer le chakra du Mooladhara et \u00e0 renforcer les belles qualit\u00e9s inn\u00e9es de ce centre dans notre conscience. Pour commencer, vous devriez vous asseoir directement sur la terre aussi souvent que possible. Pendant que vous profitez d&#8217;un moment paisible en plein air, vous pouvez nettoyer votre chakra du Mooladhara gauche en vous reposant sur le sol, les jambes crois\u00e9es. Placez vos deux mains sur le sol \u00e0 c\u00f4t\u00e9 de vos hanches, les paumes tourn\u00e9es vers le bas.\n<p>Si vous ne pouvez pas passer du temps \u00e0 l&#8217;ext\u00e9rieur, il existe une autre option. <a href=\"https:\/\/shrimataji.org\/test\/wp-content\/uploads\/2026\/02\/Bain-de-pieds.pdf\" target=\"_blank\" rel=\"noopener\">Prendre un bain de pieds<\/a> dans une bassine d&#8217;eau ti\u00e8de sal\u00e9e permet d&#8217;\u00e9quilibrer le chakra Mooladhara.<\/p>\n\n","protected":false},"excerpt":{"rendered":"<p>Le chakra du Mooladhara Innocence et sagesse La qualit\u00e9 des enfants est un trait de personnalit\u00e9 inn\u00e9. L&#8217;innocence, la spontan\u00e9it\u00e9 et la sagesse sont les manifestations de ce centre \u00e9nerg\u00e9tique. Ce sont des qualit\u00e9s \u00e9ternelles et indestructibles qui sont en nous, qui manifestent \u00e0 leur plein potentiel lorsque notre \u00e9nergie Kundalini est activ\u00e9e. Au niveau&hellip; <br \/> <a class=\"read-more\" href=\"https:\/\/shrimataji.org\/test\/fr\/le-chakra-du-mooladhara\/\">Read more<\/a><\/p>\n","protected":false},"author":7,"featured_media":9251,"parent":0,"menu_order":0,"comment_status":"closed","ping_status":"closed","template":"","meta":{"inline_featured_image":false,"footnotes":""},"class_list":["post-10768","page","type-page","status-publish","has-post-thumbnail","hentry"],"yoast_head":"<!-- This site is optimized with the Yoast SEO plugin v27.4 - https:\/\/yoast.com\/product\/yoast-seo-wordpress\/ -->\n<title>Le chakra du Mooladhara - TEST - SMND<\/title>\n<meta name=\"robots\" content=\"noindex, follow, max-snippet:-1, max-image-preview:large, max-video-preview:-1\" \/>\n<meta property=\"og:locale\" content=\"en_US\" \/>\n<meta property=\"og:type\" content=\"article\" \/>\n<meta property=\"og:title\" content=\"Le chakra du Mooladhara - TEST - SMND\" \/>\n<meta property=\"og:description\" content=\"Le chakra du Mooladhara Innocence et sagesse La qualit\u00e9 des enfants est un trait de personnalit\u00e9 inn\u00e9. L&#8217;innocence, la spontan\u00e9it\u00e9 et la sagesse sont les manifestations de ce centre \u00e9nerg\u00e9tique. Ce sont des qualit\u00e9s \u00e9ternelles et indestructibles qui sont en nous, qui manifestent \u00e0 leur plein potentiel lorsque notre \u00e9nergie Kundalini est activ\u00e9e. Au niveau&hellip; Read more\" \/>\n<meta property=\"og:url\" content=\"https:\/\/shrimataji.org\/test\/fr\/le-chakra-du-mooladhara\/\" \/>\n<meta property=\"og:site_name\" content=\"TEST - SMND\" \/>\n<meta property=\"article:publisher\" content=\"https:\/\/www.facebook.com\/shrimataji\" \/>\n<meta property=\"article:modified_time\" content=\"2026-02-17T13:43:20+00:00\" \/>\n<meta property=\"og:image\" content=\"https:\/\/shrimataji.org\/test\/wp-content\/uploads\/2023\/03\/16_Banner-SY-Chakra-mool-scaled.jpg\" \/>\n\t<meta property=\"og:image:width\" content=\"2560\" \/>\n\t<meta property=\"og:image:height\" content=\"905\" \/>\n\t<meta property=\"og:image:type\" content=\"image\/jpeg\" \/>\n<meta name=\"twitter:card\" content=\"summary_large_image\" \/>\n<meta name=\"twitter:site\" content=\"@shrimataji\" \/>\n<meta name=\"twitter:label1\" content=\"Est. reading time\" \/>\n\t<meta name=\"twitter:data1\" content=\"4 minutes\" \/>\n<script type=\"application\/ld+json\" class=\"yoast-schema-graph\">{\"@context\":\"https:\\\/\\\/schema.org\",\"@graph\":[{\"@type\":\"WebPage\",\"@id\":\"https:\\\/\\\/shrimataji.org\\\/test\\\/fr\\\/le-chakra-du-mooladhara\\\/\",\"url\":\"https:\\\/\\\/shrimataji.org\\\/test\\\/fr\\\/le-chakra-du-mooladhara\\\/\",\"name\":\"Le chakra du Mooladhara - TEST - SMND\",\"isPartOf\":{\"@id\":\"https:\\\/\\\/shrimataji.org\\\/test\\\/#website\"},\"primaryImageOfPage\":{\"@id\":\"https:\\\/\\\/shrimataji.org\\\/test\\\/fr\\\/le-chakra-du-mooladhara\\\/#primaryimage\"},\"image\":{\"@id\":\"https:\\\/\\\/shrimataji.org\\\/test\\\/fr\\\/le-chakra-du-mooladhara\\\/#primaryimage\"},\"thumbnailUrl\":\"https:\\\/\\\/shrimataji.org\\\/test\\\/wp-content\\\/uploads\\\/2023\\\/03\\\/16_Banner-SY-Chakra-mool-scaled.jpg\",\"datePublished\":\"2022-02-25T05:44:57+00:00\",\"dateModified\":\"2026-02-17T13:43:20+00:00\",\"breadcrumb\":{\"@id\":\"https:\\\/\\\/shrimataji.org\\\/test\\\/fr\\\/le-chakra-du-mooladhara\\\/#breadcrumb\"},\"inLanguage\":\"en-US\",\"potentialAction\":[{\"@type\":\"ReadAction\",\"target\":[\"https:\\\/\\\/shrimataji.org\\\/test\\\/fr\\\/le-chakra-du-mooladhara\\\/\"]}]},{\"@type\":\"ImageObject\",\"inLanguage\":\"en-US\",\"@id\":\"https:\\\/\\\/shrimataji.org\\\/test\\\/fr\\\/le-chakra-du-mooladhara\\\/#primaryimage\",\"url\":\"https:\\\/\\\/shrimataji.org\\\/test\\\/wp-content\\\/uploads\\\/2023\\\/03\\\/16_Banner-SY-Chakra-mool-scaled.jpg\",\"contentUrl\":\"https:\\\/\\\/shrimataji.org\\\/test\\\/wp-content\\\/uploads\\\/2023\\\/03\\\/16_Banner-SY-Chakra-mool-scaled.jpg\",\"width\":2560,\"height\":905},{\"@type\":\"BreadcrumbList\",\"@id\":\"https:\\\/\\\/shrimataji.org\\\/test\\\/fr\\\/le-chakra-du-mooladhara\\\/#breadcrumb\",\"itemListElement\":[{\"@type\":\"ListItem\",\"position\":1,\"name\":\"Home\",\"item\":\"https:\\\/\\\/shrimataji.org\\\/test\\\/uk\\\/home-en\\\/\"},{\"@type\":\"ListItem\",\"position\":2,\"name\":\"Le chakra du Mooladhara\"}]},{\"@type\":\"WebSite\",\"@id\":\"https:\\\/\\\/shrimataji.org\\\/test\\\/#website\",\"url\":\"https:\\\/\\\/shrimataji.org\\\/test\\\/\",\"name\":\"Shri Mataji Nirmala Devi\",\"description\":\"A Life Dedicated to Humanity\",\"publisher\":{\"@id\":\"https:\\\/\\\/shrimataji.org\\\/test\\\/#\\\/schema\\\/person\\\/a1b3419c6585f164aa96da1ff85715d1\"},\"potentialAction\":[{\"@type\":\"SearchAction\",\"target\":{\"@type\":\"EntryPoint\",\"urlTemplate\":\"https:\\\/\\\/shrimataji.org\\\/test\\\/?s={search_term_string}\"},\"query-input\":{\"@type\":\"PropertyValueSpecification\",\"valueRequired\":true,\"valueName\":\"search_term_string\"}}],\"inLanguage\":\"en-US\"},{\"@type\":[\"Person\",\"Organization\"],\"@id\":\"https:\\\/\\\/shrimataji.org\\\/test\\\/#\\\/schema\\\/person\\\/a1b3419c6585f164aa96da1ff85715d1\",\"name\":\"Nirmala Shrivastava\",\"image\":{\"@type\":\"ImageObject\",\"inLanguage\":\"en-US\",\"@id\":\"https:\\\/\\\/shrimataji.org\\\/test\\\/wp-content\\\/uploads\\\/2023\\\/02\\\/SMO_LOGO-03.svg\",\"url\":\"https:\\\/\\\/shrimataji.org\\\/test\\\/wp-content\\\/uploads\\\/2023\\\/02\\\/SMO_LOGO-03.svg\",\"contentUrl\":\"https:\\\/\\\/shrimataji.org\\\/test\\\/wp-content\\\/uploads\\\/2023\\\/02\\\/SMO_LOGO-03.svg\",\"width\":\"1024\",\"height\":\"1024\",\"caption\":\"Nirmala Shrivastava\"},\"logo\":{\"@id\":\"https:\\\/\\\/shrimataji.org\\\/test\\\/wp-content\\\/uploads\\\/2023\\\/02\\\/SMO_LOGO-03.svg\"},\"sameAs\":[\"https:\\\/\\\/shrimataji.org\\\/test\",\"https:\\\/\\\/www.facebook.com\\\/shrimataji\",\"https:\\\/\\\/x.com\\\/shrimataji\",\"https:\\\/\\\/www.youtube.com\\\/@Shri_Mataji_Nirmala_Devi\\\/featured\"]}]}<\/script>\n<!-- \/ Yoast SEO plugin. -->","yoast_head_json":{"title":"Le chakra du Mooladhara - TEST - SMND","robots":{"index":"noindex","follow":"follow","max-snippet":"max-snippet:-1","max-image-preview":"max-image-preview:large","max-video-preview":"max-video-preview:-1"},"og_locale":"en_US","og_type":"article","og_title":"Le chakra du Mooladhara - TEST - SMND","og_description":"Le chakra du Mooladhara Innocence et sagesse La qualit\u00e9 des enfants est un trait de personnalit\u00e9 inn\u00e9. L&#8217;innocence, la spontan\u00e9it\u00e9 et la sagesse sont les manifestations de ce centre \u00e9nerg\u00e9tique. Ce sont des qualit\u00e9s \u00e9ternelles et indestructibles qui sont en nous, qui manifestent \u00e0 leur plein potentiel lorsque notre \u00e9nergie Kundalini est activ\u00e9e. Au niveau&hellip; Read more","og_url":"https:\/\/shrimataji.org\/test\/fr\/le-chakra-du-mooladhara\/","og_site_name":"TEST - SMND","article_publisher":"https:\/\/www.facebook.com\/shrimataji","article_modified_time":"2026-02-17T13:43:20+00:00","og_image":[{"width":2560,"height":905,"url":"https:\/\/shrimataji.org\/test\/wp-content\/uploads\/2023\/03\/16_Banner-SY-Chakra-mool-scaled.jpg","type":"image\/jpeg"}],"twitter_card":"summary_large_image","twitter_site":"@shrimataji","twitter_misc":{"Est. reading time":"4 minutes"},"schema":{"@context":"https:\/\/schema.org","@graph":[{"@type":"WebPage","@id":"https:\/\/shrimataji.org\/test\/fr\/le-chakra-du-mooladhara\/","url":"https:\/\/shrimataji.org\/test\/fr\/le-chakra-du-mooladhara\/","name":"Le chakra du Mooladhara - TEST - SMND","isPartOf":{"@id":"https:\/\/shrimataji.org\/test\/#website"},"primaryImageOfPage":{"@id":"https:\/\/shrimataji.org\/test\/fr\/le-chakra-du-mooladhara\/#primaryimage"},"image":{"@id":"https:\/\/shrimataji.org\/test\/fr\/le-chakra-du-mooladhara\/#primaryimage"},"thumbnailUrl":"https:\/\/shrimataji.org\/test\/wp-content\/uploads\/2023\/03\/16_Banner-SY-Chakra-mool-scaled.jpg","datePublished":"2022-02-25T05:44:57+00:00","dateModified":"2026-02-17T13:43:20+00:00","breadcrumb":{"@id":"https:\/\/shrimataji.org\/test\/fr\/le-chakra-du-mooladhara\/#breadcrumb"},"inLanguage":"en-US","potentialAction":[{"@type":"ReadAction","target":["https:\/\/shrimataji.org\/test\/fr\/le-chakra-du-mooladhara\/"]}]},{"@type":"ImageObject","inLanguage":"en-US","@id":"https:\/\/shrimataji.org\/test\/fr\/le-chakra-du-mooladhara\/#primaryimage","url":"https:\/\/shrimataji.org\/test\/wp-content\/uploads\/2023\/03\/16_Banner-SY-Chakra-mool-scaled.jpg","contentUrl":"https:\/\/shrimataji.org\/test\/wp-content\/uploads\/2023\/03\/16_Banner-SY-Chakra-mool-scaled.jpg","width":2560,"height":905},{"@type":"BreadcrumbList","@id":"https:\/\/shrimataji.org\/test\/fr\/le-chakra-du-mooladhara\/#breadcrumb","itemListElement":[{"@type":"ListItem","position":1,"name":"Home","item":"https:\/\/shrimataji.org\/test\/uk\/home-en\/"},{"@type":"ListItem","position":2,"name":"Le chakra du Mooladhara"}]},{"@type":"WebSite","@id":"https:\/\/shrimataji.org\/test\/#website","url":"https:\/\/shrimataji.org\/test\/","name":"Shri Mataji Nirmala Devi","description":"A Life Dedicated to Humanity","publisher":{"@id":"https:\/\/shrimataji.org\/test\/#\/schema\/person\/a1b3419c6585f164aa96da1ff85715d1"},"potentialAction":[{"@type":"SearchAction","target":{"@type":"EntryPoint","urlTemplate":"https:\/\/shrimataji.org\/test\/?s={search_term_string}"},"query-input":{"@type":"PropertyValueSpecification","valueRequired":true,"valueName":"search_term_string"}}],"inLanguage":"en-US"},{"@type":["Person","Organization"],"@id":"https:\/\/shrimataji.org\/test\/#\/schema\/person\/a1b3419c6585f164aa96da1ff85715d1","name":"Nirmala Shrivastava","image":{"@type":"ImageObject","inLanguage":"en-US","@id":"https:\/\/shrimataji.org\/test\/wp-content\/uploads\/2023\/02\/SMO_LOGO-03.svg","url":"https:\/\/shrimataji.org\/test\/wp-content\/uploads\/2023\/02\/SMO_LOGO-03.svg","contentUrl":"https:\/\/shrimataji.org\/test\/wp-content\/uploads\/2023\/02\/SMO_LOGO-03.svg","width":"1024","height":"1024","caption":"Nirmala Shrivastava"},"logo":{"@id":"https:\/\/shrimataji.org\/test\/wp-content\/uploads\/2023\/02\/SMO_LOGO-03.svg"},"sameAs":["https:\/\/shrimataji.org\/test","https:\/\/www.facebook.com\/shrimataji","https:\/\/x.com\/shrimataji","https:\/\/www.youtube.com\/@Shri_Mataji_Nirmala_Devi\/featured"]}]}},"lang":"fr","translations":{"fr":10768,"ur":37466,"en":10186,"am":18038,"th":20000,"hu":19520,"sq":18439,"zh":17336,"ja":11260,"hi":8319,"pt":10396,"de":10670,"it":10866,"es":10963,"ru":11448,"bn":11640,"te":11748,"sw":11871,"he":12019,"el":12311,"sk":12409,"fa":12507,"fi":12605,"bg":13376,"ro":14450,"cs":14643,"nl":16599,"ku":16759,"ar":16935,"be":18646,"kn":18920,"mr":20364,"uk":20658,"ml":20953,"ta":22757,"sv":23028,"gu":28871,"pa":29031,"fil":29476,"da":37778,"pl":37990,"nn":38330},"pll_sync_post":[],"_links":{"self":[{"href":"https:\/\/shrimataji.org\/test\/wp-json\/wp\/v2\/pages\/10768","targetHints":{"allow":["GET"]}}],"collection":[{"href":"https:\/\/shrimataji.org\/test\/wp-json\/wp\/v2\/pages"}],"about":[{"href":"https:\/\/shrimataji.org\/test\/wp-json\/wp\/v2\/types\/page"}],"author":[{"embeddable":true,"href":"https:\/\/shrimataji.org\/test\/wp-json\/wp\/v2\/users\/7"}],"replies":[{"embeddable":true,"href":"https:\/\/shrimataji.org\/test\/wp-json\/wp\/v2\/comments?post=10768"}],"version-history":[{"count":0,"href":"https:\/\/shrimataji.org\/test\/wp-json\/wp\/v2\/pages\/10768\/revisions"}],"wp:featuredmedia":[{"embeddable":true,"href":"https:\/\/shrimataji.org\/test\/wp-json\/wp\/v2\/media\/9251"}],"wp:attachment":[{"href":"https:\/\/shrimataji.org\/test\/wp-json\/wp\/v2\/media?parent=10768"}],"curies":[{"name":"wp","href":"https:\/\/api.w.org\/{rel}","templated":true}]}}