{"id":10769,"date":"2022-03-05T07:37:21","date_gmt":"2022-03-05T07:37:21","guid":{"rendered":"https:\/\/test.shrimataji.org\/?page_id=6487"},"modified":"2026-02-17T13:46:18","modified_gmt":"2026-02-17T13:46:18","slug":"le-chakra-du-nabhi","status":"publish","type":"page","link":"https:\/\/shrimataji.org\/test\/fr\/le-chakra-du-nabhi\/","title":{"rendered":"Le chakra du Nabhi"},"content":{"rendered":"\n\n\t<h1>Le chakra du Nabhi<\/h1>\n<h2>Satisfaction, \u00e9volution, bien-\u00eatre<\/h2>\n<h4>\u00c0 mesure que nous grandissons, nous sommes confront\u00e9s aux d\u00e9fis que nous lance le jeu de la vie. Cependant, nous disposons d&#8217;un ensemble de codes \u00e9thiques qui nous orientent sur la mani\u00e8re de nous comporter et d&#8217;interagir avec la soci\u00e9t\u00e9 dans son ensemble.<\/h4>\n<p>Le troisi\u00e8me centre \u00e9nerg\u00e9tique nous donne un sens inn\u00e9 du comportement moral. Ce code de conduite s&#8217;est exprim\u00e9 au fil des \u00e2ges \u00e0 travers la vie et l&#8217;\u0153uvre de nombreux saints, visionnaires et proph\u00e8tes tels que Mo\u00efse, J\u00e9sus, Mahomet, et bien d&#8217;autres. Ce centre nous aide \u00e0 d\u00e9velopper un sentiment de satisfaction dans la vie, notre g\u00e9n\u00e9rosit\u00e9 et la capacit\u00e9 de savoir ce qui est digne.<\/p>\n<p>Le chakra du Nabhi est le centre d&#8217;un espace appel\u00e9 le Vide. Le Vide symbolise le monde dans lequel nous vivons et repr\u00e9sente le principe de ma\u00eetrise en nous. Avec Sahaja Yoga, nous d\u00e9veloppons la capacit\u00e9 \u00e0 devenir notre propre ma\u00eetre, sur la base de la conscience spirituelle \u00e9clair\u00e9e de notre syst\u00e8me subtil qui s&#8217;exprime par les vibrations de notre corps et sur l&#8217;extr\u00e9mit\u00e9 des doigts.<\/p>\n\t\t<iframe loading=\"lazy\" title=\"Nabhi Chakra\" width=\"1920\" height=\"1080\" src=\"https:\/\/www.youtube.com\/embed\/ZAdSAl2AKEw?feature=oembed\" frameborder=\"0\" allow=\"accelerometer; autoplay; clipboard-write; encrypted-media; gyroscope; picture-in-picture; web-share\" allowfullscreen><\/iframe>\t\n\t\t<iframe loading=\"lazy\" title=\"Void\" width=\"1920\" height=\"1080\" src=\"https:\/\/www.youtube.com\/embed\/Sa5uQpqfOrQ?feature=oembed\" frameborder=\"0\" allow=\"accelerometer; autoplay; clipboard-write; encrypted-media; gyroscope; picture-in-picture; web-share\" allowfullscreen><\/iframe>\t\n\t<strong>Emplacement<br \/>\n<\/strong>Le chakra Nabhi est situ\u00e9 dans notre colonne vert\u00e9brale, \u00e0 peu pr\u00e8s parall\u00e8lement \u00e0 notre nombril. Sur le plan physique, il influence les activit\u00e9s du plexus solaire. Les vibrations du chakra du Nabhi peuvent \u00eatre ressenties sur le majeur. Le fonctionnement de nos organes abdominaux (estomac, foie, reins et intestins) est r\u00e9gul\u00e9 par les chakras du Nabhi et du Swadisthan, ainsi que par le Vide. Ils fonctionnent comme une unit\u00e9 int\u00e9gr\u00e9e qui assure un environnement physiologique harmonieux dans le corps.\n<strong>Couleur<br \/>\n<\/strong>Le chakra du Nabhi est repr\u00e9sent\u00e9 par la couleur verte. Son \u00e9l\u00e9ment essentiel est l&#8217;eau.\n<strong>Les qualit\u00e9s du chakra Nabhi<\/strong><br \/>\n\u2022 G\u00e9n\u00e9rosit\u00e9<br \/>\n\u2022 P\u00e9dagogie<br \/>\n\u2022 Contentement \/ Satisfaction<br \/>\n\u2022 Paix<br \/>\n\u2022 Joie<br \/>\n\u2022 \u00c9quilibre<br \/>\n\u2022 Droiture (ou dharma)<br \/>\n\u2022 Honn\u00eatet\u00e9<br \/>\n\u2022 Attention pure<br \/>\n\u2022 Dignit\u00e9<br \/>\n\u2022 \u00c9volution\n<figure itemscope itemtype=\"https:\/\/schema.org\/ImageObject\">\n\t\t\t\t<img decoding=\"async\" src=\"https:\/\/shrimataji.org\/test\/wp-content\/uploads\/2025\/11\/FR-3-Nabhi-Void-son-scaled.png\" alt=\"FR-3-Nabhi Void son\" height=\"2560\" width=\"2460\" title=\"FR-3-Nabhi Void son\" onerror=\"this.style.display='none'\" loading=\"lazy\" \/>\n\t<\/figure>\n\t<p>Le chakra du Nabhi correspond aux qualit\u00e9s fondamentales, de g\u00e9n\u00e9rosit\u00e9 et \u00e0 la capacit\u00e9 d&#8217;\u00e9volution. C&#8217;est gr\u00e2ce au chakra Nabhi que nous ressentons le d\u00e9sir de grandir, de nous am\u00e9liorer et d&#8217;atteindre nos objectifs. Il influence nos qu\u00eates fondamentales de nourriture et d&#8217;eau jusqu&#8217;\u00e0 notre qu\u00eate de paix et de la spiritualit\u00e9. Par ce chakra, nous avons la capacit\u00e9 d&#8217;\u00e9voluer progressivement vers un stade de vie plus \u00e9lev\u00e9.<\/p>\n<p>Gr\u00e2ce \u00e0 ce chakra du Nabhi, nous avons la capacit\u00e9 d&#8217;\u00e9voluer progressivement vers un stade de vie plus \u00e9lev\u00e9. Une autre qualit\u00e9 cl\u00e9 est le contentement, la satisfaction ou la notion de sati\u00e9t\u00e9. Il faut \u00eatre capable d&#8217;accepter de se limiter or appr\u00e9cier ce qu&#8217;on a Shri Mataji nous a montr\u00e9 que les \u00e9pouses et les m\u00e8res aimantes qui les aident \u00e0 s&#8217;occuper de leur famille, repr\u00e9sentent la cl\u00e9 d&#8217;un bon chakra du Nabhi gauche.<\/p>\n<strong>Exp\u00e9rience et avantages<\/strong><br \/>\nLa fonction physiologique la plus importante du chakra de Nabhi est la r\u00e9gulation de nombreux organes internes de la digestion. Le Nabhi gauche r\u00e9gule le pancr\u00e9as et la rate. Le Nabhi centre r\u00e9gule l&#8217;estomac. Le Nabhi droit r\u00e9gule le foie et la v\u00e9sicule biliaire, et la partie haute des intestins.\n<p>On ne saurait trop insister sur le r\u00f4le du foie dans la m\u00e9ditation. Il est essentiel pour atteindre un \u00e9tat de conscience sans pens\u00e9e et pour avoir une attention soutenue. Comme nous avons tendance \u00e0 mener une vie stressante, notre foie est sujet \u00e0 la surchauffe et \u00e0 l&#8217;\u00e9puisement. La pratique du Sahaja Yoga vous aidera \u00e0 \u00e9quilibrer et \u00e0 prot\u00e9ger cet organe essentiel.<\/p>\n<p>Le chakra du Nabhi joue un r\u00f4le important dans la digestion et le m\u00e9tabolisme. L&#8217;abus de nourriture affecte ce chakra. Une alimentation saine et \u00e9quilibr\u00e9e, consomm\u00e9e \u00e0 intervalles r\u00e9guliers, contribue \u00e0 maintenir l&#8217;\u00e9quilibre du chakra du Nabhi.<\/p>\n<p>Le chakra Nabhi est sensible \u00e0 l&#8217;\u00e9tat d&#8217;harmonie qui r\u00e8gne au sein de la famille. En le dynamisant et en l&#8217;\u00e9quilibrant par la m\u00e9ditation, vous pouvez retrouver la force de faire face \u00e0 vos responsabilit\u00e9s familiales.<\/p>\n<p>Il faut avoir satisfait nos besoins et d\u00e9sirs essentiels, avant de pouvoir penser \u00e0 notre \u00e9volution spirituelle. L&#8217;\u00e9quilibre du chakra du Nabhi est au c\u0153ur de notre bien-\u00eatre financier. Un chakra du Nabhi satisfait nous am\u00e8ne \u00e0 se concentrer sur notre propre prosp\u00e9rit\u00e9 spirituelle.<\/p>\n<strong>Auto-\u00e9valuation<\/strong><br \/>\nSi votre Nabhi gauche est bloqu\u00e9 ou d\u00e9s\u00e9quilibr\u00e9, vous pouvez constater des difficult\u00e9s li\u00e9es \u00e0 votre famille et \u00e0 votre foyer. Si votre Nabhi centre est bloqu\u00e9, vous pouvez rencontrer des d\u00e9s\u00e9quilibres au niveau de votre digestion ou de votre m\u00e9tabolisme. En cas de d\u00e9s\u00e9quilibre du Nabhi droit, vous pouvez \u00eatre sujet \u00e0 l&#8217;inqui\u00e9tude et \u00e0 l&#8217;anxi\u00e9t\u00e9. Vous pouvez \u00e9galement \u00eatre pr\u00e9occup\u00e9 par des questions d&#8217;argent. Heureusement, la pratique du Sahaja Yoga vous aidera \u00e0 \u00e9quilibrer et \u00e0 restaurer l&#8217;\u00e9nergie de ce chakra.\n<p><strong>Raisons des d\u00e9s\u00e9quilibres<\/strong><\/p>\n<ul>\n<li>Inqui\u00e9tude excessive, stress et relations familiales d\u00e9s\u00e9quilibr\u00e9es<\/li>\n<li>Obsession du travail, abus de drogues et d&#8217;alcool, fanatisme en tout genre<\/li>\n<\/ul>\n<strong>Comment l&#8217;\u00e9quilibrer<br \/>\n<\/strong>Pour \u00e9quilibrer votre chakra du Nabhi, vous pouvez simplement tenir votre main droite, paume tourn\u00e9e vers l&#8217;int\u00e9rieur, \u00e0 quelques centim\u00e8tres devant l&#8217;emplacement de votre nombril. Lorsque vous sentez l&#8217;\u00e9nergie circuler dans votre main, faites-la tourner dans le sens des aiguilles d&#8217;une montre autour du chakra. R\u00e9p\u00e9tez l&#8217;op\u00e9ration plusieurs fois.<br \/>\nPour \u00e9quilibrer le chakra du Nabhi, <a href=\"https:\/\/shrimataji.org\/test\/wp-content\/uploads\/2026\/02\/Bain-de-pieds.pdf\" target=\"_blank\" rel=\"noopener\">mettez les pieds dans une bassine d&#8217;eau sal\u00e9e <\/a> tout en pratiquant votre m\u00e9ditation habituelle. Pour \u00e9quilibrer le chakra du Nabhi droit, prenez de l&#8217;eau froide. Vous pouvez \u00e9galement \u00e9quilibrer votre Nabhi droit en pla\u00e7ant une poche de glace sur votre c\u00f4t\u00e9 droit, au-dessus de votre foie. Pour \u00e9quilibrer le Nabhi gauche, prenez de l&#8217;eau chaude, et pour le Nabhi centre, prenez de l&#8217;eau ti\u00e8de.\n\n","protected":false},"excerpt":{"rendered":"<p>Le chakra du Nabhi Satisfaction, \u00e9volution, bien-\u00eatre \u00c0 mesure que nous grandissons, nous sommes confront\u00e9s aux d\u00e9fis que nous lance le jeu de la vie. Cependant, nous disposons d&#8217;un ensemble de codes \u00e9thiques qui nous orientent sur la mani\u00e8re de nous comporter et d&#8217;interagir avec la soci\u00e9t\u00e9 dans son ensemble. Le troisi\u00e8me centre \u00e9nerg\u00e9tique nous&hellip; <br \/> <a class=\"read-more\" href=\"https:\/\/shrimataji.org\/test\/fr\/le-chakra-du-nabhi\/\">Read more<\/a><\/p>\n","protected":false},"author":7,"featured_media":9253,"parent":0,"menu_order":0,"comment_status":"closed","ping_status":"closed","template":"","meta":{"inline_featured_image":false,"footnotes":""},"class_list":["post-10769","page","type-page","status-publish","has-post-thumbnail","hentry"],"yoast_head":"<!-- This site is optimized with the Yoast SEO plugin v27.4 - https:\/\/yoast.com\/product\/yoast-seo-wordpress\/ -->\n<title>Le chakra du Nabhi - TEST - SMND<\/title>\n<meta name=\"robots\" content=\"noindex, follow, max-snippet:-1, max-image-preview:large, max-video-preview:-1\" \/>\n<meta property=\"og:locale\" content=\"en_US\" \/>\n<meta property=\"og:type\" content=\"article\" \/>\n<meta property=\"og:title\" content=\"Le chakra du Nabhi - TEST - SMND\" \/>\n<meta property=\"og:description\" content=\"Le chakra du Nabhi Satisfaction, \u00e9volution, bien-\u00eatre \u00c0 mesure que nous grandissons, nous sommes confront\u00e9s aux d\u00e9fis que nous lance le jeu de la vie. Cependant, nous disposons d&#8217;un ensemble de codes \u00e9thiques qui nous orientent sur la mani\u00e8re de nous comporter et d&#8217;interagir avec la soci\u00e9t\u00e9 dans son ensemble. Le troisi\u00e8me centre \u00e9nerg\u00e9tique nous&hellip; Read more\" \/>\n<meta property=\"og:url\" content=\"https:\/\/shrimataji.org\/test\/fr\/le-chakra-du-nabhi\/\" \/>\n<meta property=\"og:site_name\" content=\"TEST - SMND\" \/>\n<meta property=\"article:publisher\" content=\"https:\/\/www.facebook.com\/shrimataji\" \/>\n<meta property=\"article:modified_time\" content=\"2026-02-17T13:46:18+00:00\" \/>\n<meta property=\"og:image\" content=\"https:\/\/shrimataji.org\/test\/wp-content\/uploads\/2023\/03\/18_Banner-SY-Chakra-nabhi-scaled.jpg\" \/>\n\t<meta property=\"og:image:width\" content=\"2560\" \/>\n\t<meta property=\"og:image:height\" content=\"905\" \/>\n\t<meta property=\"og:image:type\" content=\"image\/jpeg\" \/>\n<meta name=\"twitter:card\" content=\"summary_large_image\" \/>\n<meta name=\"twitter:site\" content=\"@shrimataji\" \/>\n<script type=\"application\/ld+json\" class=\"yoast-schema-graph\">{\"@context\":\"https:\\\/\\\/schema.org\",\"@graph\":[{\"@type\":\"WebPage\",\"@id\":\"https:\\\/\\\/shrimataji.org\\\/test\\\/fr\\\/le-chakra-du-nabhi\\\/\",\"url\":\"https:\\\/\\\/shrimataji.org\\\/test\\\/fr\\\/le-chakra-du-nabhi\\\/\",\"name\":\"Le chakra du Nabhi - TEST - SMND\",\"isPartOf\":{\"@id\":\"https:\\\/\\\/shrimataji.org\\\/test\\\/#website\"},\"primaryImageOfPage\":{\"@id\":\"https:\\\/\\\/shrimataji.org\\\/test\\\/fr\\\/le-chakra-du-nabhi\\\/#primaryimage\"},\"image\":{\"@id\":\"https:\\\/\\\/shrimataji.org\\\/test\\\/fr\\\/le-chakra-du-nabhi\\\/#primaryimage\"},\"thumbnailUrl\":\"https:\\\/\\\/shrimataji.org\\\/test\\\/wp-content\\\/uploads\\\/2023\\\/03\\\/18_Banner-SY-Chakra-nabhi-scaled.jpg\",\"datePublished\":\"2022-03-05T07:37:21+00:00\",\"dateModified\":\"2026-02-17T13:46:18+00:00\",\"breadcrumb\":{\"@id\":\"https:\\\/\\\/shrimataji.org\\\/test\\\/fr\\\/le-chakra-du-nabhi\\\/#breadcrumb\"},\"inLanguage\":\"en-US\",\"potentialAction\":[{\"@type\":\"ReadAction\",\"target\":[\"https:\\\/\\\/shrimataji.org\\\/test\\\/fr\\\/le-chakra-du-nabhi\\\/\"]}]},{\"@type\":\"ImageObject\",\"inLanguage\":\"en-US\",\"@id\":\"https:\\\/\\\/shrimataji.org\\\/test\\\/fr\\\/le-chakra-du-nabhi\\\/#primaryimage\",\"url\":\"https:\\\/\\\/shrimataji.org\\\/test\\\/wp-content\\\/uploads\\\/2023\\\/03\\\/18_Banner-SY-Chakra-nabhi-scaled.jpg\",\"contentUrl\":\"https:\\\/\\\/shrimataji.org\\\/test\\\/wp-content\\\/uploads\\\/2023\\\/03\\\/18_Banner-SY-Chakra-nabhi-scaled.jpg\",\"width\":2560,\"height\":905},{\"@type\":\"BreadcrumbList\",\"@id\":\"https:\\\/\\\/shrimataji.org\\\/test\\\/fr\\\/le-chakra-du-nabhi\\\/#breadcrumb\",\"itemListElement\":[{\"@type\":\"ListItem\",\"position\":1,\"name\":\"Home\",\"item\":\"https:\\\/\\\/shrimataji.org\\\/test\\\/uk\\\/home-en\\\/\"},{\"@type\":\"ListItem\",\"position\":2,\"name\":\"Le chakra du Nabhi\"}]},{\"@type\":\"WebSite\",\"@id\":\"https:\\\/\\\/shrimataji.org\\\/test\\\/#website\",\"url\":\"https:\\\/\\\/shrimataji.org\\\/test\\\/\",\"name\":\"Shri Mataji Nirmala Devi\",\"description\":\"A Life Dedicated to Humanity\",\"publisher\":{\"@id\":\"https:\\\/\\\/shrimataji.org\\\/test\\\/#\\\/schema\\\/person\\\/a1b3419c6585f164aa96da1ff85715d1\"},\"potentialAction\":[{\"@type\":\"SearchAction\",\"target\":{\"@type\":\"EntryPoint\",\"urlTemplate\":\"https:\\\/\\\/shrimataji.org\\\/test\\\/?s={search_term_string}\"},\"query-input\":{\"@type\":\"PropertyValueSpecification\",\"valueRequired\":true,\"valueName\":\"search_term_string\"}}],\"inLanguage\":\"en-US\"},{\"@type\":[\"Person\",\"Organization\"],\"@id\":\"https:\\\/\\\/shrimataji.org\\\/test\\\/#\\\/schema\\\/person\\\/a1b3419c6585f164aa96da1ff85715d1\",\"name\":\"Nirmala Shrivastava\",\"image\":{\"@type\":\"ImageObject\",\"inLanguage\":\"en-US\",\"@id\":\"https:\\\/\\\/shrimataji.org\\\/test\\\/wp-content\\\/uploads\\\/2023\\\/02\\\/SMO_LOGO-03.svg\",\"url\":\"https:\\\/\\\/shrimataji.org\\\/test\\\/wp-content\\\/uploads\\\/2023\\\/02\\\/SMO_LOGO-03.svg\",\"contentUrl\":\"https:\\\/\\\/shrimataji.org\\\/test\\\/wp-content\\\/uploads\\\/2023\\\/02\\\/SMO_LOGO-03.svg\",\"width\":\"1024\",\"height\":\"1024\",\"caption\":\"Nirmala Shrivastava\"},\"logo\":{\"@id\":\"https:\\\/\\\/shrimataji.org\\\/test\\\/wp-content\\\/uploads\\\/2023\\\/02\\\/SMO_LOGO-03.svg\"},\"sameAs\":[\"https:\\\/\\\/shrimataji.org\\\/test\",\"https:\\\/\\\/www.facebook.com\\\/shrimataji\",\"https:\\\/\\\/x.com\\\/shrimataji\",\"https:\\\/\\\/www.youtube.com\\\/@Shri_Mataji_Nirmala_Devi\\\/featured\"]}]}<\/script>\n<!-- \/ Yoast SEO plugin. -->","yoast_head_json":{"title":"Le chakra du Nabhi - TEST - SMND","robots":{"index":"noindex","follow":"follow","max-snippet":"max-snippet:-1","max-image-preview":"max-image-preview:large","max-video-preview":"max-video-preview:-1"},"og_locale":"en_US","og_type":"article","og_title":"Le chakra du Nabhi - TEST - SMND","og_description":"Le chakra du Nabhi Satisfaction, \u00e9volution, bien-\u00eatre \u00c0 mesure que nous grandissons, nous sommes confront\u00e9s aux d\u00e9fis que nous lance le jeu de la vie. Cependant, nous disposons d&#8217;un ensemble de codes \u00e9thiques qui nous orientent sur la mani\u00e8re de nous comporter et d&#8217;interagir avec la soci\u00e9t\u00e9 dans son ensemble. Le troisi\u00e8me centre \u00e9nerg\u00e9tique nous&hellip; Read more","og_url":"https:\/\/shrimataji.org\/test\/fr\/le-chakra-du-nabhi\/","og_site_name":"TEST - SMND","article_publisher":"https:\/\/www.facebook.com\/shrimataji","article_modified_time":"2026-02-17T13:46:18+00:00","og_image":[{"width":2560,"height":905,"url":"https:\/\/shrimataji.org\/test\/wp-content\/uploads\/2023\/03\/18_Banner-SY-Chakra-nabhi-scaled.jpg","type":"image\/jpeg"}],"twitter_card":"summary_large_image","twitter_site":"@shrimataji","schema":{"@context":"https:\/\/schema.org","@graph":[{"@type":"WebPage","@id":"https:\/\/shrimataji.org\/test\/fr\/le-chakra-du-nabhi\/","url":"https:\/\/shrimataji.org\/test\/fr\/le-chakra-du-nabhi\/","name":"Le chakra du Nabhi - TEST - SMND","isPartOf":{"@id":"https:\/\/shrimataji.org\/test\/#website"},"primaryImageOfPage":{"@id":"https:\/\/shrimataji.org\/test\/fr\/le-chakra-du-nabhi\/#primaryimage"},"image":{"@id":"https:\/\/shrimataji.org\/test\/fr\/le-chakra-du-nabhi\/#primaryimage"},"thumbnailUrl":"https:\/\/shrimataji.org\/test\/wp-content\/uploads\/2023\/03\/18_Banner-SY-Chakra-nabhi-scaled.jpg","datePublished":"2022-03-05T07:37:21+00:00","dateModified":"2026-02-17T13:46:18+00:00","breadcrumb":{"@id":"https:\/\/shrimataji.org\/test\/fr\/le-chakra-du-nabhi\/#breadcrumb"},"inLanguage":"en-US","potentialAction":[{"@type":"ReadAction","target":["https:\/\/shrimataji.org\/test\/fr\/le-chakra-du-nabhi\/"]}]},{"@type":"ImageObject","inLanguage":"en-US","@id":"https:\/\/shrimataji.org\/test\/fr\/le-chakra-du-nabhi\/#primaryimage","url":"https:\/\/shrimataji.org\/test\/wp-content\/uploads\/2023\/03\/18_Banner-SY-Chakra-nabhi-scaled.jpg","contentUrl":"https:\/\/shrimataji.org\/test\/wp-content\/uploads\/2023\/03\/18_Banner-SY-Chakra-nabhi-scaled.jpg","width":2560,"height":905},{"@type":"BreadcrumbList","@id":"https:\/\/shrimataji.org\/test\/fr\/le-chakra-du-nabhi\/#breadcrumb","itemListElement":[{"@type":"ListItem","position":1,"name":"Home","item":"https:\/\/shrimataji.org\/test\/uk\/home-en\/"},{"@type":"ListItem","position":2,"name":"Le chakra du Nabhi"}]},{"@type":"WebSite","@id":"https:\/\/shrimataji.org\/test\/#website","url":"https:\/\/shrimataji.org\/test\/","name":"Shri Mataji Nirmala Devi","description":"A Life Dedicated to Humanity","publisher":{"@id":"https:\/\/shrimataji.org\/test\/#\/schema\/person\/a1b3419c6585f164aa96da1ff85715d1"},"potentialAction":[{"@type":"SearchAction","target":{"@type":"EntryPoint","urlTemplate":"https:\/\/shrimataji.org\/test\/?s={search_term_string}"},"query-input":{"@type":"PropertyValueSpecification","valueRequired":true,"valueName":"search_term_string"}}],"inLanguage":"en-US"},{"@type":["Person","Organization"],"@id":"https:\/\/shrimataji.org\/test\/#\/schema\/person\/a1b3419c6585f164aa96da1ff85715d1","name":"Nirmala Shrivastava","image":{"@type":"ImageObject","inLanguage":"en-US","@id":"https:\/\/shrimataji.org\/test\/wp-content\/uploads\/2023\/02\/SMO_LOGO-03.svg","url":"https:\/\/shrimataji.org\/test\/wp-content\/uploads\/2023\/02\/SMO_LOGO-03.svg","contentUrl":"https:\/\/shrimataji.org\/test\/wp-content\/uploads\/2023\/02\/SMO_LOGO-03.svg","width":"1024","height":"1024","caption":"Nirmala Shrivastava"},"logo":{"@id":"https:\/\/shrimataji.org\/test\/wp-content\/uploads\/2023\/02\/SMO_LOGO-03.svg"},"sameAs":["https:\/\/shrimataji.org\/test","https:\/\/www.facebook.com\/shrimataji","https:\/\/x.com\/shrimataji","https:\/\/www.youtube.com\/@Shri_Mataji_Nirmala_Devi\/featured"]}]}},"lang":"fr","translations":{"fr":10769,"ur":37468,"en":6487,"am":18040,"th":20003,"hu":19522,"sq":18441,"zh":17338,"hi":8327,"tr":10187,"pt":10397,"de":10671,"it":10867,"es":10964,"ja":11261,"ru":11449,"bn":11641,"te":11749,"sw":11872,"he":12020,"el":12312,"sk":12410,"fa":12508,"fi":12606,"bg":13372,"ro":14446,"cs":14639,"nl":16601,"ku":16761,"ar":16937,"be":18648,"kn":18922,"mr":20367,"uk":20661,"ml":20956,"ta":22759,"sv":23030,"gu":28873,"pa":29033,"fil":29478,"da":37780,"pl":37992,"nn":38332},"pll_sync_post":[],"_links":{"self":[{"href":"https:\/\/shrimataji.org\/test\/wp-json\/wp\/v2\/pages\/10769","targetHints":{"allow":["GET"]}}],"collection":[{"href":"https:\/\/shrimataji.org\/test\/wp-json\/wp\/v2\/pages"}],"about":[{"href":"https:\/\/shrimataji.org\/test\/wp-json\/wp\/v2\/types\/page"}],"author":[{"embeddable":true,"href":"https:\/\/shrimataji.org\/test\/wp-json\/wp\/v2\/users\/7"}],"replies":[{"embeddable":true,"href":"https:\/\/shrimataji.org\/test\/wp-json\/wp\/v2\/comments?post=10769"}],"version-history":[{"count":0,"href":"https:\/\/shrimataji.org\/test\/wp-json\/wp\/v2\/pages\/10769\/revisions"}],"wp:featuredmedia":[{"embeddable":true,"href":"https:\/\/shrimataji.org\/test\/wp-json\/wp\/v2\/media\/9253"}],"wp:attachment":[{"href":"https:\/\/shrimataji.org\/test\/wp-json\/wp\/v2\/media?parent=10769"}],"curies":[{"name":"wp","href":"https:\/\/api.w.org\/{rel}","templated":true}]}}