{"id":10770,"date":"2022-01-29T10:25:21","date_gmt":"2022-01-29T10:25:21","guid":{"rendered":"https:\/\/test.shrimataji.org\/?page_id=6406"},"modified":"2026-02-15T14:56:54","modified_gmt":"2026-02-15T14:56:54","slug":"les-nadis-et-les-trois-canaux","status":"publish","type":"page","link":"https:\/\/shrimataji.org\/test\/fr\/les-nadis-et-les-trois-canaux\/","title":{"rendered":"Les nadis et les trois canaux"},"content":{"rendered":"\n\n\t<h1>Les nadis et les trois canaux<\/h1>\n<h2>Atteindre l&#8217;\u00e9quilibre<\/h2>\n<div class=\"su-quote su-quote-style-default\"><div class=\"su-quote-inner su-u-clearfix su-u-trim\"> Ces nadis subtils, vous ne pouvez pas les voir. Ils ne peuvent se manifester qu&#8217;\u00e0 travers Sahaja Yoga. <\/div><\/div>\n<h4>Le syst\u00e8me subtil humain est extr\u00eamement complexe, compos\u00e9 de milliers de canaux qui permettent \u00e0 l&#8217;\u00e9nergie subtile de circuler dans tout le corps. Les manifestations des \u00e9nergies subtiles qui circulent \u00e0 travers ces canaux \u00e0 des endroits sp\u00e9cifiques du syst\u00e8me subtil sont appel\u00e9es <a href=\"https:\/\/shrimataji.org\/test\/fr\/chakras-et-qualites\" target=\"_blank\" rel=\"noopener\">chakras<\/a> (qui signifie &#8216;roues&#8217; en sanskrit). L&#8217;ensemble de notre syst\u00e8me subtil est r\u00e9gi par trois canaux \u00e9nerg\u00e9tiques principaux appel\u00e9s nadis en sanskrit, qui interagissent \u00e0 travers les sept chakras principaux.<\/h4>\n<p>Ce n&#8217;est que par la R\u00e9alisation du Soi que notre syst\u00e8me subtil s&#8217;active suite \u00e0 l&#8217;\u00e9veil de la <a href=\"https:\/\/shrimataji.org\/test\/fr\/la-kundalini\/\" target=\"_blank\" rel=\"noopener\">Kundalini<\/a>, qui purifie et \u00e9quilibre ensuite l&#8217;ensemble du syst\u00e8me subtil et illumine les qualit\u00e9s pures des chakras en nous.<\/p>\n<figure itemscope itemtype=\"https:\/\/schema.org\/ImageObject\">\n\t\t\t\t<img decoding=\"async\" src=\"https:\/\/shrimataji.org\/test\/wp-content\/uploads\/2025\/11\/FR-0-3-canauxnadis-scaled.png\" alt=\"FR-0-3 canauxnadis\" height=\"2560\" width=\"2472\" title=\"FR-0-3 canauxnadis\" onerror=\"this.style.display='none'\" loading=\"lazy\" \/>\n\t<\/figure>\n\t<p>Chacun des canaux \u00e9nerg\u00e9tiques est li\u00e9 \u00e0 certaines humeurs ou qualit\u00e9s de notre psychisme et favorise le d\u00e9veloppement complet d&#8217;une personnalit\u00e9 mature. Au cours de quotidien, nous avons tendance \u00e0 utiliser soit le canal gauche (appel\u00e9 Ida Nadi en sanskrit), qui r\u00e9git nos d\u00e9sirs et nos sentiments, soit le canal droit (appel\u00e9 Pingala Nadi en sanskrit), qui r\u00e9git nos pens\u00e9es et nos actions. Les exc\u00e8s de notre mode de vie perturbent souvent l&#8217;\u00e9quilibre naturel de nos canaux et nous causent des probl\u00e8mes physiques, mentaux et \u00e9motionnels. Le troisi\u00e8me canal \u00e9nerg\u00e9tique, Sushumna, situ\u00e9 entre les canaux gauche et droit, n&#8217;est activ\u00e9 que par la R\u00e9alisation du Soi lorsque la Kundalini s&#8217;\u00e9l\u00e8ve et illumine tous nos nadis et chakras, nous conduisant \u00e0 un \u00e9tat d&#8217;\u00e9quilibre int\u00e9rieur.<\/p>\n<p>Ces canaux subtils ne sont cartographi\u00e9s dans notre moelle \u00e9pini\u00e8re, et s&#8217;expriment sous la forme du syst\u00e8me nerveux sympathique gauche et droit et du parasympathique au niveau physique. Ils correspondent \u00e9galement \u00e0 des endroits sp\u00e9cifiques sur le corps.<\/p>\n<figure itemscope itemtype=\"https:\/\/schema.org\/ImageObject\">\n\t\t\t\t<img decoding=\"async\" src=\"https:\/\/shrimataji.org\/test\/wp-content\/uploads\/2026\/01\/Fr_Nadi_Handsketch.jpg\" alt=\"Dessin original de Shri Mataji \" height=\"511\" width=\"1246\" title=\"Fr_Nadi_Handsketch\" onerror=\"this.style.display='none'\" loading=\"lazy\" \/>\n\t\t<figcaption>Dessin original de Shri Mataji <\/figcaption>\n\t<\/figure>\n\t<p>Apr\u00e8s la R\u00e9alisation du Soi, nous prenons clairement conscience des d\u00e9s\u00e9quilibres au sein de nos nadis et chakras, que nous ressentons sous forme de chaleur, de froid extr\u00eame ou d&#8217;engourdissement.<\/p>\n<p>Shri Mataji a d\u00e9crit en d\u00e9tail diverses techniques de nettoyage, utilisant souvent l&#8217;un ou l&#8217;autre \u00e9l\u00e9ment tel que la terre, l&#8217;eau, le feu, l&#8217;air et l&#8217;\u00e9ther pour \u00e9liminer certains blocages sur les nadis et les chakras et les ramener \u00e0 leur \u00e9tat d&#8217;\u00e9quilibre naturel.<\/p>\n\t\t<img decoding=\"async\" data-spai-excluded=\"true\" loading=\"lazy\"  alt=\"YouTube player\"  src=\"https:\/\/i.ytimg.com\/vi\/9phkP0MMMEI\/maxresdefault.jpg\"  \/><button aria-label=\"Play\"><\/button><meta itemprop=\"embedUrl\" content=\"https:\/\/www.youtube.com\/embed\/9phkP0MMMEI\"\/><meta itemprop=\"name\" content=\"The importance of a balanced life\"\/><meta itemprop=\"description\" content=\"YouTube video\"\/><meta itemprop=\"thumbnailUrl\" content=\"https:\/\/i.ytimg.com\/vi\/9phkP0MMMEI\/0.jpg\"\/><meta itemprop=\"duration\" content=\"PT2M5S\"\/><meta itemprop=\"uploadDate\" content=\"2022-11-12T03:31:03Z\"\/>\t\n\n","protected":false},"excerpt":{"rendered":"<p>Les nadis et les trois canaux Atteindre l&#8217;\u00e9quilibre Le syst\u00e8me subtil humain est extr\u00eamement complexe, compos\u00e9 de milliers de canaux qui permettent \u00e0 l&#8217;\u00e9nergie subtile de circuler dans tout le corps. Les manifestations des \u00e9nergies subtiles qui circulent \u00e0 travers ces canaux \u00e0 des endroits sp\u00e9cifiques du syst\u00e8me subtil sont appel\u00e9es chakras (qui signifie &#8216;roues&#8217;&hellip; <br \/> <a class=\"read-more\" href=\"https:\/\/shrimataji.org\/test\/fr\/les-nadis-et-les-trois-canaux\/\">Read more<\/a><\/p>\n","protected":false},"author":7,"featured_media":9246,"parent":0,"menu_order":0,"comment_status":"closed","ping_status":"closed","template":"","meta":{"inline_featured_image":false,"footnotes":""},"class_list":["post-10770","page","type-page","status-publish","has-post-thumbnail","hentry"],"yoast_head":"<!-- This site is optimized with the Yoast SEO plugin v27.4 - https:\/\/yoast.com\/product\/yoast-seo-wordpress\/ -->\n<title>Les nadis et les trois canaux - TEST - SMND<\/title>\n<meta name=\"robots\" content=\"noindex, follow, max-snippet:-1, max-image-preview:large, max-video-preview:-1\" \/>\n<meta property=\"og:locale\" content=\"en_US\" \/>\n<meta property=\"og:type\" content=\"article\" \/>\n<meta property=\"og:title\" content=\"Les nadis et les trois canaux - TEST - SMND\" \/>\n<meta property=\"og:description\" content=\"Les nadis et les trois canaux Atteindre l&#8217;\u00e9quilibre Le syst\u00e8me subtil humain est extr\u00eamement complexe, compos\u00e9 de milliers de canaux qui permettent \u00e0 l&#8217;\u00e9nergie subtile de circuler dans tout le corps. Les manifestations des \u00e9nergies subtiles qui circulent \u00e0 travers ces canaux \u00e0 des endroits sp\u00e9cifiques du syst\u00e8me subtil sont appel\u00e9es chakras (qui signifie &#8216;roues&#8217;&hellip; Read more\" \/>\n<meta property=\"og:url\" content=\"https:\/\/shrimataji.org\/test\/fr\/les-nadis-et-les-trois-canaux\/\" \/>\n<meta property=\"og:site_name\" content=\"TEST - SMND\" \/>\n<meta property=\"article:publisher\" content=\"https:\/\/www.facebook.com\/shrimataji\" \/>\n<meta property=\"article:modified_time\" content=\"2026-02-15T14:56:54+00:00\" \/>\n<meta property=\"og:image\" content=\"https:\/\/shrimataji.org\/test\/wp-content\/uploads\/2023\/03\/11_Banner-SY-Nadis-2-scaled.jpg\" \/>\n\t<meta property=\"og:image:width\" content=\"2560\" \/>\n\t<meta property=\"og:image:height\" content=\"905\" \/>\n\t<meta property=\"og:image:type\" content=\"image\/jpeg\" \/>\n<meta name=\"twitter:card\" content=\"summary_large_image\" \/>\n<meta name=\"twitter:site\" content=\"@shrimataji\" \/>\n<script type=\"application\/ld+json\" class=\"yoast-schema-graph\">{\"@context\":\"https:\\\/\\\/schema.org\",\"@graph\":[{\"@type\":\"WebPage\",\"@id\":\"https:\\\/\\\/shrimataji.org\\\/test\\\/fr\\\/les-nadis-et-les-trois-canaux\\\/\",\"url\":\"https:\\\/\\\/shrimataji.org\\\/test\\\/fr\\\/les-nadis-et-les-trois-canaux\\\/\",\"name\":\"Les nadis et les trois canaux - TEST - SMND\",\"isPartOf\":{\"@id\":\"https:\\\/\\\/shrimataji.org\\\/test\\\/#website\"},\"primaryImageOfPage\":{\"@id\":\"https:\\\/\\\/shrimataji.org\\\/test\\\/fr\\\/les-nadis-et-les-trois-canaux\\\/#primaryimage\"},\"image\":{\"@id\":\"https:\\\/\\\/shrimataji.org\\\/test\\\/fr\\\/les-nadis-et-les-trois-canaux\\\/#primaryimage\"},\"thumbnailUrl\":\"https:\\\/\\\/shrimataji.org\\\/test\\\/wp-content\\\/uploads\\\/2023\\\/03\\\/11_Banner-SY-Nadis-2-scaled.jpg\",\"datePublished\":\"2022-01-29T10:25:21+00:00\",\"dateModified\":\"2026-02-15T14:56:54+00:00\",\"breadcrumb\":{\"@id\":\"https:\\\/\\\/shrimataji.org\\\/test\\\/fr\\\/les-nadis-et-les-trois-canaux\\\/#breadcrumb\"},\"inLanguage\":\"en-US\",\"potentialAction\":[{\"@type\":\"ReadAction\",\"target\":[\"https:\\\/\\\/shrimataji.org\\\/test\\\/fr\\\/les-nadis-et-les-trois-canaux\\\/\"]}]},{\"@type\":\"ImageObject\",\"inLanguage\":\"en-US\",\"@id\":\"https:\\\/\\\/shrimataji.org\\\/test\\\/fr\\\/les-nadis-et-les-trois-canaux\\\/#primaryimage\",\"url\":\"https:\\\/\\\/shrimataji.org\\\/test\\\/wp-content\\\/uploads\\\/2023\\\/03\\\/11_Banner-SY-Nadis-2-scaled.jpg\",\"contentUrl\":\"https:\\\/\\\/shrimataji.org\\\/test\\\/wp-content\\\/uploads\\\/2023\\\/03\\\/11_Banner-SY-Nadis-2-scaled.jpg\",\"width\":2560,\"height\":905},{\"@type\":\"BreadcrumbList\",\"@id\":\"https:\\\/\\\/shrimataji.org\\\/test\\\/fr\\\/les-nadis-et-les-trois-canaux\\\/#breadcrumb\",\"itemListElement\":[{\"@type\":\"ListItem\",\"position\":1,\"name\":\"Home\",\"item\":\"https:\\\/\\\/shrimataji.org\\\/test\\\/uk\\\/home-en\\\/\"},{\"@type\":\"ListItem\",\"position\":2,\"name\":\"Les nadis et les trois canaux\"}]},{\"@type\":\"WebSite\",\"@id\":\"https:\\\/\\\/shrimataji.org\\\/test\\\/#website\",\"url\":\"https:\\\/\\\/shrimataji.org\\\/test\\\/\",\"name\":\"Shri Mataji Nirmala Devi\",\"description\":\"A Life Dedicated to Humanity\",\"publisher\":{\"@id\":\"https:\\\/\\\/shrimataji.org\\\/test\\\/#\\\/schema\\\/person\\\/a1b3419c6585f164aa96da1ff85715d1\"},\"potentialAction\":[{\"@type\":\"SearchAction\",\"target\":{\"@type\":\"EntryPoint\",\"urlTemplate\":\"https:\\\/\\\/shrimataji.org\\\/test\\\/?s={search_term_string}\"},\"query-input\":{\"@type\":\"PropertyValueSpecification\",\"valueRequired\":true,\"valueName\":\"search_term_string\"}}],\"inLanguage\":\"en-US\"},{\"@type\":[\"Person\",\"Organization\"],\"@id\":\"https:\\\/\\\/shrimataji.org\\\/test\\\/#\\\/schema\\\/person\\\/a1b3419c6585f164aa96da1ff85715d1\",\"name\":\"Nirmala Shrivastava\",\"image\":{\"@type\":\"ImageObject\",\"inLanguage\":\"en-US\",\"@id\":\"https:\\\/\\\/shrimataji.org\\\/test\\\/wp-content\\\/uploads\\\/2023\\\/02\\\/SMO_LOGO-03.svg\",\"url\":\"https:\\\/\\\/shrimataji.org\\\/test\\\/wp-content\\\/uploads\\\/2023\\\/02\\\/SMO_LOGO-03.svg\",\"contentUrl\":\"https:\\\/\\\/shrimataji.org\\\/test\\\/wp-content\\\/uploads\\\/2023\\\/02\\\/SMO_LOGO-03.svg\",\"width\":\"1024\",\"height\":\"1024\",\"caption\":\"Nirmala Shrivastava\"},\"logo\":{\"@id\":\"https:\\\/\\\/shrimataji.org\\\/test\\\/wp-content\\\/uploads\\\/2023\\\/02\\\/SMO_LOGO-03.svg\"},\"sameAs\":[\"https:\\\/\\\/shrimataji.org\\\/test\",\"https:\\\/\\\/www.facebook.com\\\/shrimataji\",\"https:\\\/\\\/x.com\\\/shrimataji\",\"https:\\\/\\\/www.youtube.com\\\/@Shri_Mataji_Nirmala_Devi\\\/featured\"]}]}<\/script>\n<!-- \/ Yoast SEO plugin. -->","yoast_head_json":{"title":"Les nadis et les trois canaux - TEST - SMND","robots":{"index":"noindex","follow":"follow","max-snippet":"max-snippet:-1","max-image-preview":"max-image-preview:large","max-video-preview":"max-video-preview:-1"},"og_locale":"en_US","og_type":"article","og_title":"Les nadis et les trois canaux - TEST - SMND","og_description":"Les nadis et les trois canaux Atteindre l&#8217;\u00e9quilibre Le syst\u00e8me subtil humain est extr\u00eamement complexe, compos\u00e9 de milliers de canaux qui permettent \u00e0 l&#8217;\u00e9nergie subtile de circuler dans tout le corps. Les manifestations des \u00e9nergies subtiles qui circulent \u00e0 travers ces canaux \u00e0 des endroits sp\u00e9cifiques du syst\u00e8me subtil sont appel\u00e9es chakras (qui signifie &#8216;roues&#8217;&hellip; Read more","og_url":"https:\/\/shrimataji.org\/test\/fr\/les-nadis-et-les-trois-canaux\/","og_site_name":"TEST - SMND","article_publisher":"https:\/\/www.facebook.com\/shrimataji","article_modified_time":"2026-02-15T14:56:54+00:00","og_image":[{"width":2560,"height":905,"url":"https:\/\/shrimataji.org\/test\/wp-content\/uploads\/2023\/03\/11_Banner-SY-Nadis-2-scaled.jpg","type":"image\/jpeg"}],"twitter_card":"summary_large_image","twitter_site":"@shrimataji","schema":{"@context":"https:\/\/schema.org","@graph":[{"@type":"WebPage","@id":"https:\/\/shrimataji.org\/test\/fr\/les-nadis-et-les-trois-canaux\/","url":"https:\/\/shrimataji.org\/test\/fr\/les-nadis-et-les-trois-canaux\/","name":"Les nadis et les trois canaux - TEST - SMND","isPartOf":{"@id":"https:\/\/shrimataji.org\/test\/#website"},"primaryImageOfPage":{"@id":"https:\/\/shrimataji.org\/test\/fr\/les-nadis-et-les-trois-canaux\/#primaryimage"},"image":{"@id":"https:\/\/shrimataji.org\/test\/fr\/les-nadis-et-les-trois-canaux\/#primaryimage"},"thumbnailUrl":"https:\/\/shrimataji.org\/test\/wp-content\/uploads\/2023\/03\/11_Banner-SY-Nadis-2-scaled.jpg","datePublished":"2022-01-29T10:25:21+00:00","dateModified":"2026-02-15T14:56:54+00:00","breadcrumb":{"@id":"https:\/\/shrimataji.org\/test\/fr\/les-nadis-et-les-trois-canaux\/#breadcrumb"},"inLanguage":"en-US","potentialAction":[{"@type":"ReadAction","target":["https:\/\/shrimataji.org\/test\/fr\/les-nadis-et-les-trois-canaux\/"]}]},{"@type":"ImageObject","inLanguage":"en-US","@id":"https:\/\/shrimataji.org\/test\/fr\/les-nadis-et-les-trois-canaux\/#primaryimage","url":"https:\/\/shrimataji.org\/test\/wp-content\/uploads\/2023\/03\/11_Banner-SY-Nadis-2-scaled.jpg","contentUrl":"https:\/\/shrimataji.org\/test\/wp-content\/uploads\/2023\/03\/11_Banner-SY-Nadis-2-scaled.jpg","width":2560,"height":905},{"@type":"BreadcrumbList","@id":"https:\/\/shrimataji.org\/test\/fr\/les-nadis-et-les-trois-canaux\/#breadcrumb","itemListElement":[{"@type":"ListItem","position":1,"name":"Home","item":"https:\/\/shrimataji.org\/test\/uk\/home-en\/"},{"@type":"ListItem","position":2,"name":"Les nadis et les trois canaux"}]},{"@type":"WebSite","@id":"https:\/\/shrimataji.org\/test\/#website","url":"https:\/\/shrimataji.org\/test\/","name":"Shri Mataji Nirmala Devi","description":"A Life Dedicated to Humanity","publisher":{"@id":"https:\/\/shrimataji.org\/test\/#\/schema\/person\/a1b3419c6585f164aa96da1ff85715d1"},"potentialAction":[{"@type":"SearchAction","target":{"@type":"EntryPoint","urlTemplate":"https:\/\/shrimataji.org\/test\/?s={search_term_string}"},"query-input":{"@type":"PropertyValueSpecification","valueRequired":true,"valueName":"search_term_string"}}],"inLanguage":"en-US"},{"@type":["Person","Organization"],"@id":"https:\/\/shrimataji.org\/test\/#\/schema\/person\/a1b3419c6585f164aa96da1ff85715d1","name":"Nirmala Shrivastava","image":{"@type":"ImageObject","inLanguage":"en-US","@id":"https:\/\/shrimataji.org\/test\/wp-content\/uploads\/2023\/02\/SMO_LOGO-03.svg","url":"https:\/\/shrimataji.org\/test\/wp-content\/uploads\/2023\/02\/SMO_LOGO-03.svg","contentUrl":"https:\/\/shrimataji.org\/test\/wp-content\/uploads\/2023\/02\/SMO_LOGO-03.svg","width":"1024","height":"1024","caption":"Nirmala Shrivastava"},"logo":{"@id":"https:\/\/shrimataji.org\/test\/wp-content\/uploads\/2023\/02\/SMO_LOGO-03.svg"},"sameAs":["https:\/\/shrimataji.org\/test","https:\/\/www.facebook.com\/shrimataji","https:\/\/x.com\/shrimataji","https:\/\/www.youtube.com\/@Shri_Mataji_Nirmala_Devi\/featured"]}]}},"lang":"fr","translations":{"fr":10770,"ur":37470,"en":6406,"am":18042,"th":20006,"hu":19524,"sq":18443,"zh":17340,"hi":8302,"tr":10188,"pt":10398,"de":10672,"it":10868,"es":10965,"ja":11262,"ru":11450,"bn":11642,"te":11750,"sw":11873,"he":12021,"el":12313,"sk":12411,"fa":12509,"fi":12607,"bg":13386,"ro":14460,"cs":14653,"nl":16603,"ku":16763,"ar":16939,"be":18650,"kn":18924,"mr":20370,"uk":20664,"ml":20959,"ta":22761,"sv":23032,"gu":28875,"pa":29035,"fil":29480,"da":37782,"pl":37994,"nn":38334},"pll_sync_post":[],"_links":{"self":[{"href":"https:\/\/shrimataji.org\/test\/wp-json\/wp\/v2\/pages\/10770","targetHints":{"allow":["GET"]}}],"collection":[{"href":"https:\/\/shrimataji.org\/test\/wp-json\/wp\/v2\/pages"}],"about":[{"href":"https:\/\/shrimataji.org\/test\/wp-json\/wp\/v2\/types\/page"}],"author":[{"embeddable":true,"href":"https:\/\/shrimataji.org\/test\/wp-json\/wp\/v2\/users\/7"}],"replies":[{"embeddable":true,"href":"https:\/\/shrimataji.org\/test\/wp-json\/wp\/v2\/comments?post=10770"}],"version-history":[{"count":0,"href":"https:\/\/shrimataji.org\/test\/wp-json\/wp\/v2\/pages\/10770\/revisions"}],"wp:featuredmedia":[{"embeddable":true,"href":"https:\/\/shrimataji.org\/test\/wp-json\/wp\/v2\/media\/9246"}],"wp:attachment":[{"href":"https:\/\/shrimataji.org\/test\/wp-json\/wp\/v2\/media?parent=10770"}],"curies":[{"name":"wp","href":"https:\/\/api.w.org\/{rel}","templated":true}]}}