{"id":10772,"date":"2023-03-18T21:15:49","date_gmt":"2023-03-18T21:15:49","guid":{"rendered":"https:\/\/shrimataji.org\/test\/?page_id=9878"},"modified":"2025-11-12T17:50:16","modified_gmt":"2025-11-12T17:50:16","slug":"evenements-en-ligne","status":"publish","type":"page","link":"https:\/\/shrimataji.org\/test\/fr\/evenements-en-ligne\/","title":{"rendered":"\u00c9v\u00e9nements en ligne"},"content":{"rendered":"\n\n\t<h1>\u00c9v\u00e9nements en ligne<\/h1>\n\t<h4>Dhyananjali &#8211; une offrande m\u00e9ditative des chansons de Tagore<\/h4>\n<p>Le 6 mai \u00e0 18:30 CET<\/p>\n\t\t<iframe loading=\"lazy\" title=\"Dhyananjali - a meditative offering of Tagore&#039;s songs\" width=\"1920\" height=\"1080\" src=\"https:\/\/www.youtube.com\/embed\/FpPeU9KGojo?feature=oembed\" frameborder=\"0\" allow=\"accelerometer; autoplay; clipboard-write; encrypted-media; gyroscope; picture-in-picture; web-share\" allowfullscreen><\/iframe>\t\n\tLes chansons du laur\u00e9at du prix Nobel Tagore ont inspir\u00e9 des g\u00e9n\u00e9rations de m\u00e9lomanes tant en Occident qu&#8217;en Orient.<br \/>\n\u00c9couter ses chansons dans un \u00e9tat m\u00e9ditatif renforce l&#8217;exp\u00e9rience subtile des sentiments profonds qui touchent les fibres de notre c\u0153ur.\n<p>\u00c0 l&#8217;occasion du centenaire de la naissance de Shri Mataji Nirmala Devi, qui vouait une grande admiration au po\u00e8te Tagore, les Sahaja Yogis du monde entier pr\u00e9sentent une humble s\u00e9lection de ses chansons afin de c\u00e9l\u00e9brer cet homme universel, vision qui \u00e9tait tr\u00e8s ch\u00e8re \u00e0 Tagore et \u00e0 Shri Mataji.<\/p>\n<p>Dhyananjali est une offrande artistique m\u00e9ditative qui combine toutes les formes d&#8217;art que sont la musique, la peinture et la danse pour donner une expression aux po\u00e8mes et aux chants paradisiaques compos\u00e9s par Rabindranath Tagore.<\/p>\n<p>Dans l&#8217;univers infini de ses compositions, un bouquet de chansons a \u00e9t\u00e9 s\u00e9lectionn\u00e9 pour emmener l&#8217;auditeur dans un voyage int\u00e9rieur \u00e0 la d\u00e9couverte du Soi inconnu qui habite tous les \u00eatres&#8230;<\/p>\n\t\n<h4>Le 5 mai &#8211; Un mouvement d\u00e9cisif, c\u00e9l\u00e9brant la Journ\u00e9e mondiale de la R\u00e9alisation du Soi<\/h4>\n<p>Le 5 mai \u00e0 19h00 CET<\/p>\n\t\t<iframe loading=\"lazy\" title=\"5th May - A Pivotal Movement, Celebrating World Self-Realisation Day\" width=\"1920\" height=\"1080\" src=\"https:\/\/www.youtube.com\/embed\/NDo4xiEKImg?feature=oembed\" frameborder=\"0\" allow=\"accelerometer; autoplay; clipboard-write; encrypted-media; gyroscope; picture-in-picture; web-share\" allowfullscreen><\/iframe>\t\n\t<p>Au petit matin du 5 mai 1970, un nouveau chapitre s&#8217;est ouvert dans l&#8217;\u00e9volution de la conscience humaine. Un \u00e9v\u00e9nement sans pr\u00e9c\u00e9dent qui a conduit \u00e0 une avanc\u00e9e r\u00e9volutionnaire dans l&#8217;acc\u00e8s massif \u00e0 la transformation spirituelle, et tout a commenc\u00e9 sur une plage isol\u00e9e de Nargol, en Inde.<\/p>\n<p>Aujourd&#8217;hui, apr\u00e8s cinq d\u00e9cennies, la R\u00e9alisation du Soi et la pratique durable de la m\u00e9ditation connue sous le nom de Sahaja Yoga se sont r\u00e9pandues sur tous les continents, offrant \u00e0 chaque individu une occasion unique de vivre une transformation int\u00e9rieure qui m\u00e8ne \u00e0 un mode de vie \u00e9quilibr\u00e9. Des millions de personnes qui ont b\u00e9n\u00e9fici\u00e9 de la R\u00e9alisation du Soi et de la m\u00e9ditation Sahaja Yoga offertes gratuitement dans le monde entier c\u00e9l\u00e8brent cette journ\u00e9e comme la Journ\u00e9e mondiale de la R\u00e9alisation du Soi.<\/p>\n<p>\u00c0 l&#8217;occasion du centenaire de la naissance de Shri Mataji Nirmala Devi, participez \u00e0 l&#8217;\u00e9v\u00e9nement en ligne pour revivre ce mouvement historique et d\u00e9couvrir comment la r\u00e9alisation du Soi d\u00e9clenche une transformation fondamentale de notre \u00eatre physiologique qui nous permet de mener une vie paisible, \u00e9panouie et holistique. La R\u00e9alisation du Soi n&#8217;est pas seulement la cl\u00e9 de notre capacit\u00e9 inn\u00e9e \u00e0 atteindre le plein potentiel de notre personnalit\u00e9, mais aussi un moyen unique de vivre en harmonie avec la nature gr\u00e2ce \u00e0 une conscience spirituelle sup\u00e9rieure, ce qui est un besoin urgent de notre \u00e9poque, compte tenu de la situation mondiale actuelle.<\/p>\n<p>D\u00e9couvrez l&#8217;h\u00e9ritage spirituel unique et le travail mondial sans pr\u00e9c\u00e9dent de Shri Mataji, comme on l&#8217;appelle affectueusement.<\/p>\n\t<h4><strong>21 mars 2023 I Le parcours d&#8217;une m\u00e8re<\/strong><\/h4>\n<p><i>De <\/i><b>la combattante pour la libert\u00e9<\/b> <i>\u00e0<\/i> <b>la gourou bien-aim\u00e9e<\/b><\/p>\n\t\t<iframe loading=\"lazy\" title=\"Shri Mataji 100th Anniversary - International Presentation\" width=\"1920\" height=\"1080\" src=\"https:\/\/www.youtube.com\/embed\/Yn58GFFaFdc?feature=oembed\" frameborder=\"0\" allow=\"accelerometer; autoplay; clipboard-write; encrypted-media; gyroscope; picture-in-picture; web-share\" allowfullscreen><\/iframe>\t\n\t<h4>Liens utiles<\/h4>\n<p><strong>Shri Mataji<\/strong><\/p>\n<ol>\n<li><a href=\"https:\/\/shrimataji.org\/test\/shrimataji\/\" target=\"_blank\" rel=\"noopener\">Sa vie et son h\u00e9ritage<\/a><\/li>\n<li><a href=\"https:\/\/shrimataji.org\/test\/public-programs\/\" target=\"_blank\" rel=\"noopener\">Ses programmes publics dans le monde<\/a><\/li>\n<li><a href=\"https:\/\/shrimataji.org\/test\/societal-transformation\/\" target=\"_blank\" rel=\"noopener\">Transformation soci\u00e9tale et ONG initi\u00e9s par Shri Mataji<\/a><\/li>\n<\/ol>\n<p><strong>M\u00e9ditation<\/strong><\/p>\n<ol>\n<li>M\u00e9ditation guid\u00e9e pour la R\u00e9alisation du Soi par Shri Mataji &#8211; <a href=\"https:\/\/shrimataji.org\/test\/experience-your-self-realization\/\" target=\"_blank\" rel=\"noopener\">Faites l&#8217;exp\u00e9rience ici<\/a><\/li>\n<li>En savoir plus sur la m\u00e9ditation Sahaja Yoga &#8211;\n<ul>\n<li><a href=\"https:\/\/shrimataji.org\/test\/sahaja-yoga-meditation-2\/\" target=\"_blank\" rel=\"noopener\">Le pouvoir du silence int\u00e9rieur<\/a><\/li>\n<li><a href=\"https:\/\/shrimataji.org\/test\/knowledge-of-the-roots-subtle-system\/\" target=\"_blank\" rel=\"noopener\">La connaissance des racines-le syst\u00e8me subtil<\/a><\/li>\n<li><a href=\"https:\/\/shrimataji.org\/test\/the-art-of-inner-growth\/\" target=\"_blank\" rel=\"noopener\">L&#8217;art de notre croissance int\u00e9rieure<\/a><\/li>\n<\/ul>\n<\/li>\n<\/ol>\n<p><strong>Centres internationaux et gratuits de m\u00e9ditation<\/strong><\/p>\n<ol>\n<li><a href=\"\/worldwide-centers\/\" target=\"_blank\" rel=\"noopener\">Centres de m\u00e9ditation Sahaja Yoga<\/a> &#8211; (actuellement, seuls certains emplacements dans l&#8217;UE et aux \u00c9tats-Unis sont disponibles).<\/li>\n<li><a href=\"\/international-websites\/\" target=\"_blank\" rel=\"noopener\">Liste des sites de Sahaja Yoga dans le monde<\/a><\/li>\n<\/ol>\n<p><b>Recherches scientifiques sur la m\u00e9ditation<\/b><\/p>\n<ol>\n<li><a href=\"https:\/\/researchingmeditation.org\/\" target=\"_blank\" rel=\"noopener\">Recherche sur la m\u00e9ditation &#8211; L&#8217;\u00e9tude scientifique de la m\u00e9ditation<\/a><\/li>\n<li><a href=\"https:\/\/vimeo.com\/showcase\/7053569\" target=\"_blank\" rel=\"noopener\">Recherches m\u00e9dicales sur les bienfaits de la m\u00e9ditation Sahaja Yoga<\/a><\/li>\n<\/ol>\n<p><strong>Presse et Media <\/strong><\/p>\n<ul>\n<li><a href=\"https:\/\/shrimataji.org\/test\/press\/\" target=\"_blank\" rel=\"noopener\">Presse et media<\/a><\/li>\n<\/ul>\n\n","protected":false},"excerpt":{"rendered":"<p>\u00c9v\u00e9nements en ligne Dhyananjali &#8211; une offrande m\u00e9ditative des chansons de Tagore Le 6 mai \u00e0 18:30 CET Les chansons du laur\u00e9at du prix Nobel Tagore ont inspir\u00e9 des g\u00e9n\u00e9rations de m\u00e9lomanes tant en Occident qu&#8217;en Orient. \u00c9couter ses chansons dans un \u00e9tat m\u00e9ditatif renforce l&#8217;exp\u00e9rience subtile des sentiments profonds qui touchent les fibres de&hellip; <br \/> <a class=\"read-more\" href=\"https:\/\/shrimataji.org\/test\/fr\/evenements-en-ligne\/\">Read more<\/a><\/p>\n","protected":false},"author":7,"featured_media":9552,"parent":0,"menu_order":0,"comment_status":"closed","ping_status":"closed","template":"","meta":{"inline_featured_image":false,"footnotes":""},"class_list":["post-10772","page","type-page","status-publish","has-post-thumbnail","hentry"],"yoast_head":"<!-- This site is optimized with the Yoast SEO plugin v27.4 - https:\/\/yoast.com\/product\/yoast-seo-wordpress\/ -->\n<title>\u00c9v\u00e9nements en ligne - TEST - SMND<\/title>\n<meta name=\"robots\" content=\"noindex, follow, max-snippet:-1, max-image-preview:large, max-video-preview:-1\" \/>\n<meta property=\"og:locale\" content=\"en_US\" \/>\n<meta property=\"og:type\" content=\"article\" \/>\n<meta property=\"og:title\" content=\"\u00c9v\u00e9nements en ligne - TEST - SMND\" \/>\n<meta property=\"og:description\" content=\"\u00c9v\u00e9nements en ligne Dhyananjali &#8211; une offrande m\u00e9ditative des chansons de Tagore Le 6 mai \u00e0 18:30 CET Les chansons du laur\u00e9at du prix Nobel Tagore ont inspir\u00e9 des g\u00e9n\u00e9rations de m\u00e9lomanes tant en Occident qu&#8217;en Orient. \u00c9couter ses chansons dans un \u00e9tat m\u00e9ditatif renforce l&#8217;exp\u00e9rience subtile des sentiments profonds qui touchent les fibres de&hellip; Read more\" \/>\n<meta property=\"og:url\" content=\"https:\/\/shrimataji.org\/test\/fr\/evenements-en-ligne\/\" \/>\n<meta property=\"og:site_name\" content=\"TEST - SMND\" \/>\n<meta property=\"article:publisher\" content=\"https:\/\/www.facebook.com\/shrimataji\" \/>\n<meta property=\"article:modified_time\" content=\"2025-11-12T17:50:16+00:00\" \/>\n<meta property=\"og:image\" content=\"https:\/\/shrimataji.org\/test\/wp-content\/uploads\/2023\/03\/Banner-Footer-Castle-1-scaled.jpg\" \/>\n\t<meta property=\"og:image:width\" content=\"2560\" \/>\n\t<meta property=\"og:image:height\" content=\"905\" \/>\n\t<meta property=\"og:image:type\" content=\"image\/jpeg\" \/>\n<meta name=\"twitter:card\" content=\"summary_large_image\" \/>\n<meta name=\"twitter:site\" content=\"@shrimataji\" \/>\n<meta name=\"twitter:label1\" content=\"Est. reading time\" \/>\n\t<meta name=\"twitter:data1\" content=\"3 minutes\" \/>\n<script type=\"application\/ld+json\" class=\"yoast-schema-graph\">{\"@context\":\"https:\\\/\\\/schema.org\",\"@graph\":[{\"@type\":\"WebPage\",\"@id\":\"https:\\\/\\\/shrimataji.org\\\/test\\\/fr\\\/evenements-en-ligne\\\/\",\"url\":\"https:\\\/\\\/shrimataji.org\\\/test\\\/fr\\\/evenements-en-ligne\\\/\",\"name\":\"\u00c9v\u00e9nements en ligne - TEST - SMND\",\"isPartOf\":{\"@id\":\"https:\\\/\\\/shrimataji.org\\\/test\\\/#website\"},\"primaryImageOfPage\":{\"@id\":\"https:\\\/\\\/shrimataji.org\\\/test\\\/fr\\\/evenements-en-ligne\\\/#primaryimage\"},\"image\":{\"@id\":\"https:\\\/\\\/shrimataji.org\\\/test\\\/fr\\\/evenements-en-ligne\\\/#primaryimage\"},\"thumbnailUrl\":\"https:\\\/\\\/shrimataji.org\\\/test\\\/wp-content\\\/uploads\\\/2023\\\/03\\\/Banner-Footer-Castle-1-scaled.jpg\",\"datePublished\":\"2023-03-18T21:15:49+00:00\",\"dateModified\":\"2025-11-12T17:50:16+00:00\",\"breadcrumb\":{\"@id\":\"https:\\\/\\\/shrimataji.org\\\/test\\\/fr\\\/evenements-en-ligne\\\/#breadcrumb\"},\"inLanguage\":\"en-US\",\"potentialAction\":[{\"@type\":\"ReadAction\",\"target\":[\"https:\\\/\\\/shrimataji.org\\\/test\\\/fr\\\/evenements-en-ligne\\\/\"]}]},{\"@type\":\"ImageObject\",\"inLanguage\":\"en-US\",\"@id\":\"https:\\\/\\\/shrimataji.org\\\/test\\\/fr\\\/evenements-en-ligne\\\/#primaryimage\",\"url\":\"https:\\\/\\\/shrimataji.org\\\/test\\\/wp-content\\\/uploads\\\/2023\\\/03\\\/Banner-Footer-Castle-1-scaled.jpg\",\"contentUrl\":\"https:\\\/\\\/shrimataji.org\\\/test\\\/wp-content\\\/uploads\\\/2023\\\/03\\\/Banner-Footer-Castle-1-scaled.jpg\",\"width\":2560,\"height\":905},{\"@type\":\"BreadcrumbList\",\"@id\":\"https:\\\/\\\/shrimataji.org\\\/test\\\/fr\\\/evenements-en-ligne\\\/#breadcrumb\",\"itemListElement\":[{\"@type\":\"ListItem\",\"position\":1,\"name\":\"Home\",\"item\":\"https:\\\/\\\/shrimataji.org\\\/test\\\/uk\\\/home-en\\\/\"},{\"@type\":\"ListItem\",\"position\":2,\"name\":\"\u00c9v\u00e9nements en ligne\"}]},{\"@type\":\"WebSite\",\"@id\":\"https:\\\/\\\/shrimataji.org\\\/test\\\/#website\",\"url\":\"https:\\\/\\\/shrimataji.org\\\/test\\\/\",\"name\":\"Shri Mataji Nirmala Devi\",\"description\":\"A Life Dedicated to Humanity\",\"publisher\":{\"@id\":\"https:\\\/\\\/shrimataji.org\\\/test\\\/#\\\/schema\\\/person\\\/a1b3419c6585f164aa96da1ff85715d1\"},\"potentialAction\":[{\"@type\":\"SearchAction\",\"target\":{\"@type\":\"EntryPoint\",\"urlTemplate\":\"https:\\\/\\\/shrimataji.org\\\/test\\\/?s={search_term_string}\"},\"query-input\":{\"@type\":\"PropertyValueSpecification\",\"valueRequired\":true,\"valueName\":\"search_term_string\"}}],\"inLanguage\":\"en-US\"},{\"@type\":[\"Person\",\"Organization\"],\"@id\":\"https:\\\/\\\/shrimataji.org\\\/test\\\/#\\\/schema\\\/person\\\/a1b3419c6585f164aa96da1ff85715d1\",\"name\":\"Nirmala Shrivastava\",\"image\":{\"@type\":\"ImageObject\",\"inLanguage\":\"en-US\",\"@id\":\"https:\\\/\\\/shrimataji.org\\\/test\\\/wp-content\\\/uploads\\\/2023\\\/02\\\/SMO_LOGO-03.svg\",\"url\":\"https:\\\/\\\/shrimataji.org\\\/test\\\/wp-content\\\/uploads\\\/2023\\\/02\\\/SMO_LOGO-03.svg\",\"contentUrl\":\"https:\\\/\\\/shrimataji.org\\\/test\\\/wp-content\\\/uploads\\\/2023\\\/02\\\/SMO_LOGO-03.svg\",\"width\":\"1024\",\"height\":\"1024\",\"caption\":\"Nirmala Shrivastava\"},\"logo\":{\"@id\":\"https:\\\/\\\/shrimataji.org\\\/test\\\/wp-content\\\/uploads\\\/2023\\\/02\\\/SMO_LOGO-03.svg\"},\"sameAs\":[\"https:\\\/\\\/shrimataji.org\\\/test\",\"https:\\\/\\\/www.facebook.com\\\/shrimataji\",\"https:\\\/\\\/x.com\\\/shrimataji\",\"https:\\\/\\\/www.youtube.com\\\/@Shri_Mataji_Nirmala_Devi\\\/featured\"]}]}<\/script>\n<!-- \/ Yoast SEO plugin. -->","yoast_head_json":{"title":"\u00c9v\u00e9nements en ligne - TEST - SMND","robots":{"index":"noindex","follow":"follow","max-snippet":"max-snippet:-1","max-image-preview":"max-image-preview:large","max-video-preview":"max-video-preview:-1"},"og_locale":"en_US","og_type":"article","og_title":"\u00c9v\u00e9nements en ligne - TEST - SMND","og_description":"\u00c9v\u00e9nements en ligne Dhyananjali &#8211; une offrande m\u00e9ditative des chansons de Tagore Le 6 mai \u00e0 18:30 CET Les chansons du laur\u00e9at du prix Nobel Tagore ont inspir\u00e9 des g\u00e9n\u00e9rations de m\u00e9lomanes tant en Occident qu&#8217;en Orient. \u00c9couter ses chansons dans un \u00e9tat m\u00e9ditatif renforce l&#8217;exp\u00e9rience subtile des sentiments profonds qui touchent les fibres de&hellip; Read more","og_url":"https:\/\/shrimataji.org\/test\/fr\/evenements-en-ligne\/","og_site_name":"TEST - SMND","article_publisher":"https:\/\/www.facebook.com\/shrimataji","article_modified_time":"2025-11-12T17:50:16+00:00","og_image":[{"width":2560,"height":905,"url":"https:\/\/shrimataji.org\/test\/wp-content\/uploads\/2023\/03\/Banner-Footer-Castle-1-scaled.jpg","type":"image\/jpeg"}],"twitter_card":"summary_large_image","twitter_site":"@shrimataji","twitter_misc":{"Est. reading time":"3 minutes"},"schema":{"@context":"https:\/\/schema.org","@graph":[{"@type":"WebPage","@id":"https:\/\/shrimataji.org\/test\/fr\/evenements-en-ligne\/","url":"https:\/\/shrimataji.org\/test\/fr\/evenements-en-ligne\/","name":"\u00c9v\u00e9nements en ligne - TEST - SMND","isPartOf":{"@id":"https:\/\/shrimataji.org\/test\/#website"},"primaryImageOfPage":{"@id":"https:\/\/shrimataji.org\/test\/fr\/evenements-en-ligne\/#primaryimage"},"image":{"@id":"https:\/\/shrimataji.org\/test\/fr\/evenements-en-ligne\/#primaryimage"},"thumbnailUrl":"https:\/\/shrimataji.org\/test\/wp-content\/uploads\/2023\/03\/Banner-Footer-Castle-1-scaled.jpg","datePublished":"2023-03-18T21:15:49+00:00","dateModified":"2025-11-12T17:50:16+00:00","breadcrumb":{"@id":"https:\/\/shrimataji.org\/test\/fr\/evenements-en-ligne\/#breadcrumb"},"inLanguage":"en-US","potentialAction":[{"@type":"ReadAction","target":["https:\/\/shrimataji.org\/test\/fr\/evenements-en-ligne\/"]}]},{"@type":"ImageObject","inLanguage":"en-US","@id":"https:\/\/shrimataji.org\/test\/fr\/evenements-en-ligne\/#primaryimage","url":"https:\/\/shrimataji.org\/test\/wp-content\/uploads\/2023\/03\/Banner-Footer-Castle-1-scaled.jpg","contentUrl":"https:\/\/shrimataji.org\/test\/wp-content\/uploads\/2023\/03\/Banner-Footer-Castle-1-scaled.jpg","width":2560,"height":905},{"@type":"BreadcrumbList","@id":"https:\/\/shrimataji.org\/test\/fr\/evenements-en-ligne\/#breadcrumb","itemListElement":[{"@type":"ListItem","position":1,"name":"Home","item":"https:\/\/shrimataji.org\/test\/uk\/home-en\/"},{"@type":"ListItem","position":2,"name":"\u00c9v\u00e9nements en ligne"}]},{"@type":"WebSite","@id":"https:\/\/shrimataji.org\/test\/#website","url":"https:\/\/shrimataji.org\/test\/","name":"Shri Mataji Nirmala Devi","description":"A Life Dedicated to Humanity","publisher":{"@id":"https:\/\/shrimataji.org\/test\/#\/schema\/person\/a1b3419c6585f164aa96da1ff85715d1"},"potentialAction":[{"@type":"SearchAction","target":{"@type":"EntryPoint","urlTemplate":"https:\/\/shrimataji.org\/test\/?s={search_term_string}"},"query-input":{"@type":"PropertyValueSpecification","valueRequired":true,"valueName":"search_term_string"}}],"inLanguage":"en-US"},{"@type":["Person","Organization"],"@id":"https:\/\/shrimataji.org\/test\/#\/schema\/person\/a1b3419c6585f164aa96da1ff85715d1","name":"Nirmala Shrivastava","image":{"@type":"ImageObject","inLanguage":"en-US","@id":"https:\/\/shrimataji.org\/test\/wp-content\/uploads\/2023\/02\/SMO_LOGO-03.svg","url":"https:\/\/shrimataji.org\/test\/wp-content\/uploads\/2023\/02\/SMO_LOGO-03.svg","contentUrl":"https:\/\/shrimataji.org\/test\/wp-content\/uploads\/2023\/02\/SMO_LOGO-03.svg","width":"1024","height":"1024","caption":"Nirmala Shrivastava"},"logo":{"@id":"https:\/\/shrimataji.org\/test\/wp-content\/uploads\/2023\/02\/SMO_LOGO-03.svg"},"sameAs":["https:\/\/shrimataji.org\/test","https:\/\/www.facebook.com\/shrimataji","https:\/\/x.com\/shrimataji","https:\/\/www.youtube.com\/@Shri_Mataji_Nirmala_Devi\/featured"]}]}},"lang":"fr","translations":{"fr":10772,"am":18045,"th":20011,"hu":19528,"en":9878,"sq":18446,"zh":17343,"tr":10190,"pt":10400,"de":10674,"it":10870,"es":10967,"ja":11264,"ru":11452,"bn":11644,"te":11752,"sw":11875,"he":12023,"el":12315,"sk":12413,"fa":12511,"fi":12609,"bg":13359,"ro":14433,"cs":14626,"nl":16606,"ku":16766,"ar":16942,"be":18653,"kn":18927,"uk":20669,"ml":20964,"gu":28878,"pa":29038},"pll_sync_post":[],"_links":{"self":[{"href":"https:\/\/shrimataji.org\/test\/wp-json\/wp\/v2\/pages\/10772","targetHints":{"allow":["GET"]}}],"collection":[{"href":"https:\/\/shrimataji.org\/test\/wp-json\/wp\/v2\/pages"}],"about":[{"href":"https:\/\/shrimataji.org\/test\/wp-json\/wp\/v2\/types\/page"}],"author":[{"embeddable":true,"href":"https:\/\/shrimataji.org\/test\/wp-json\/wp\/v2\/users\/7"}],"replies":[{"embeddable":true,"href":"https:\/\/shrimataji.org\/test\/wp-json\/wp\/v2\/comments?post=10772"}],"version-history":[{"count":0,"href":"https:\/\/shrimataji.org\/test\/wp-json\/wp\/v2\/pages\/10772\/revisions"}],"wp:featuredmedia":[{"embeddable":true,"href":"https:\/\/shrimataji.org\/test\/wp-json\/wp\/v2\/media\/9552"}],"wp:attachment":[{"href":"https:\/\/shrimataji.org\/test\/wp-json\/wp\/v2\/media?parent=10772"}],"curies":[{"name":"wp","href":"https:\/\/api.w.org\/{rel}","templated":true}]}}