{"id":10773,"date":"2012-09-02T10:00:00","date_gmt":"2012-09-02T10:00:00","guid":{"rendered":"http:\/\/testwordpress.nirmalnagari.org\/smnd\/index.php\/our-spiritual-ascent\/"},"modified":"2026-01-12T10:43:32","modified_gmt":"2026-01-12T10:43:32","slug":"notre-elevation-spirituelle","status":"publish","type":"page","link":"https:\/\/shrimataji.org\/test\/fr\/notre-elevation-spirituelle\/","title":{"rendered":"Notre \u00e9l\u00e9vation spirituelle"},"content":{"rendered":"\n\n\t<h1>Notre \u00e9l\u00e9vation spirituelle<\/h1>\n<h2>Extrait d&#8217;un discours donn\u00e9 lors du s\u00e9minaire de Chianciano Terme, en Italie, le 16 f\u00e9vrier 1991<\/h2>\n\t<p>L&#8217;autre jour, je lisais quelques livres sur la mani\u00e8re dont cela avait \u00e9t\u00e9 fait, cette R\u00e9alisation du Soi, pour connaitre l&#8217;Esprit, et \u00e0 quel point les gens avaient \u00e9t\u00e9 tortur\u00e9s.<\/p>\n\t<p>L&#8217;autre jour, je lisais des livres sur la fa\u00e7on dont on obtenait cette R\u00e9alisation du Soi, dont on d\u00e9couvrait l&#8217;Esprit, et dont on torturait les gens.<\/p>\n<p>Tout d&#8217;abord, on leur demandait d&#8217;une mani\u00e8re ou d&#8217;une autre de nier, de mettre au d\u00e9fi et de condamner leur corps. Si le corps avait une envie de confort, on leur demandait d&#8217;abord d&#8217;essayer de dormir sur le tapis, non pas sur le lit. Mais cela ne suffisait pas. Alors du tapis, on allait sur une natte. Ce n&#8217;\u00e9tait pas encore assez. De l\u00e0, il vous fallait peut-\u00eatre dormir \u00e0 m\u00eame le sol, au contact direct de la Terre M\u00e8re. Puis, si le corps n&#8217;\u00e9tait toujours pas endurci, vous dormiez sur des pierres. Mais l\u00e0 encore, les Himalayas \u00e9taient loin, car Shiva r\u00e9side au mont Kailash. Alors vous vous rendiez dans les Himalaya pour dormir sur la glace. C&#8217;\u00e9tait le minimum requis.<\/p>\nEnsuite, on leur disait que &#8220;si vous aimez la bonne chair, que vous voulez une nourriture somptueuse, que vous mangez beaucoup, d&#8217;accord, pour commencer, vous devez vous priver de tout ce que vous aimez, de tout ce que vous aimez&#8221;. Par exemple, les Italiens ne pourraient plus manger de p\u00e2tes. Rires<br \/>\nMais se priver n&#8217;\u00e9tait pas suffisant. Apr\u00e8s, il fallait commencer \u00e0 manger des choses tr\u00e8s am\u00e8res. C&#8217;est comme dans le Zen o\u00f9 l&#8217;on vous donne \u00e0 manger quelque chose qui ressemble \u00e0 du vinaigre \u00e9lev\u00e9 \u00e0 la puissance cent huit, tr\u00e8s aigre, ou bien quelque chose de tr\u00e8s sucr\u00e9, comme pour mettre votre langue \u00e0 l&#8217;\u00e9preuve.\n<p>Mais il y avait toujours l&#8217;estomac. Donc, si vous mangiez trop, vous je\u00fbniez pendant une journ\u00e9e. Si ce n&#8217;\u00e9tait pas suffisant, alors, pendant sept jours, puis quarante jours. Je veux dire, un mois n&#8217;a que trente jours; je\u00fbner pendant 40 jours signifie que vous \u00eates fini. C&#8217;est ainsi que si vous deviez faire des aust\u00e9rit\u00e9s pour atteindre le Nirvana. Au vu de la situation, vous atteignez le Nirvana parce que vous \u00e9tiez mort, voyez-vous, il ne restait rien d&#8217;autre de vous que des os, et ce sont ces os qui recevaient le Nirvana. Comme la mort s&#8217;ensuivait fatalement, vous n&#8217;\u00e9tiez plus vivant et vous \u00e9tiez au Nirvana, aucun doute \u00e0 ce sujet !<\/p>\n\t\t\t\t<img decoding=\"async\" src=\"https:\/\/shrimataji.org\/test\/wp-content\/uploads\/2018\/07\/media_originals\/images\/shri-mataji-portraits\/shri-mataji-explaining-742x1024.jpg\" alt=\"shri-mataji-explaining\" itemprop=\"image\" height=\"1024\" width=\"742\" title=\"shri-mataji-explaining\" onerror=\"this.style.display='none'\" loading=\"lazy\" \/>\n\t<p>Puis vous ne viviez plus dans une maison, parce qu&#8217;une maison, c&#8217;est confortable. Vous abandonniez votre \u00e9pouse, vos enfants, vous renonciez \u00e0 tout le monde. Il ne fallait porter qu&#8217;une seule chose, comme un chiffon nou\u00e9 autour de la taille, puis partir demander l&#8217;aum\u00f4ne. Mais ce v\u00eatement aussi, posait encore un probl\u00e8me, parce qu&#8217;on peut s&#8217;attacher \u00e0 son v\u00eatement. Alors, vous alliez dans l&#8217;Himalaya, o\u00f9 personne ne peut vous voir, vous enleviez vos v\u00eatements et avec ce froid, vous restiez l\u00e0, \u00e0 grelotter des pieds \u00e0 la t\u00eate. Ensuite, vous aviez votre Nirvana, vous obteniez votre Nirvana. Toutes ces conditions \u00e9taient r\u00e9unies afin de d\u00e9truire les exigences du corps, pour commencer, afin de dire au corps, &#8220;Non, rien \u00e0 faire, tu ferais mieux de r\u00e9ussir \u00e0 atteindre le Nirvana.&#8221;<\/p>\n\t<div class=\"su-quote su-quote-style-default\"><div class=\"su-quote-inner su-u-clearfix su-u-trim\">Cela vient du votre c\u0153ur et va jusqu&#8217;au cerveau, c&#8217;est quelque chose qui vient de votre exp\u00e9rience de la joie et qui envahit votre cerveau.<br \/>\nAinsi, votre cerveau ne peut plus le nier. Il est donc important, en particulier pour les Occidentaux, d&#8217;ouvrir son c\u0153ur, car cela vient du c\u0153ur, et non du cerveau.<\/div><\/div>\n\tLa deuxi\u00e8me chose consistait \u00e0 d\u00e9truire votre mental qui vous emmenait vers les sens, vers des choses joyeuses.<br \/>\nSupposons que vous teniez beaucoup \u00e0 avoir quelque chose, donc, il fallait le nier, nier cela. Tout ce que votre mental vous disait, il fallait y r\u00e9pondre simplement par &#8220;Non, non, non&#8221;. En sanskrit le &#8220;sloka&#8221; (le vers) est celui-ci: &#8220;Ya neti neti vacanair nigama avocam&#8221; que vous continuer \u00e0 r\u00e9citer : &#8220;neti, neti&#8221;, &#8220;Non, pas ceci, pas ceci, pas ceci, pas ceci.&#8221;\n<p>Puis vous pouviez discuter du Nirvana, en discuter seulement. Avant cela, vous n&#8217;\u00e9tiez m\u00eame pas digne de parler de Nirvana. Quand j&#8217;ai lu ce livre, J&#8217;ai dit, &#8220;Baba, j&#8217;abandonne. C&#8217;est trop.&#8221;<\/p>\n\t<p>Mais avec Sahaja Yoga, c&#8217;est l&#8217;inverse, c&#8217;est comme construire d&#8217;abord le sommet de l&#8217;\u00e9difice, puis les fondations. L&#8217;ouverture de votre Sahasrara est la premi\u00e8re chose que vous obtenez.<\/p>\n<p>Et puis, \u00e0 la lumi\u00e8re du Sahasrara, vous devez vous observer et voir par vous-m\u00eame. Peu \u00e0 peu, l&#8217;introspection devient meilleure. Avec les vibrations, on voit pourquoi on veut cela, pourquoi on est attentif au confort, pourquoi l&#8217;attention se porte sur la nourriture, sur sa famille, sur ses enfants, alors qu&#8217;on doit r\u00e9aliser ce qu&#8217;il y a de plus \u00e9lev\u00e9. Donc, vous commencez \u00e0 faire votre introspection. Puis vous savez, par vos vibrations aussi, ce qui ne va pas chez vous. Ensuite, vous n&#8217;essayez pas de voir ce qui ne va pas chez autrui. Vous commencez \u00e0 vous voir en vous-m\u00eame, car c&#8217;est votre \u00e9volution personnelle que vous devez atteindre.<\/p>\n\t<p>Dans les temps anciens, la recherche du Niravana se faisait individuellement. Par exemple, celui qui entamait le chemin du Nirvana, avait l&#8217;habitude d&#8217;\u00eatre &#8220;ekat&#8221;, ce qui signifie \u00eatre dans des lieux solitaires, rester \u00e0 l&#8217;\u00e9cart des gens, les \u00e9viter, n&#8217;avoir rien \u00e0 voir avec eux et r\u00e9aliser cette ascension, cette R\u00e9alisation du Soi, seulement pour lui-m\u00eame. Ce n&#8217;\u00e9tait pas pour les autres.<\/p>\n<p>Puis ce monsieur devenait absolument tr\u00e8s ferm\u00e9, il ne voulait parler \u00e0 personne. Il ne voulait rencontrer personne et s&#8217;asseyait quelque part, sur une montagne lointaine. Quiconque essayait de le rencontrer, il lui jetait des pierres ou disait toutes sortes de choses horribles, et ne rencontrait jamais cette personne.<\/p>\n<p>Mais Sahaja Yoga est diff\u00e9rent. Sahaja Yoga est l&#8217;ascension de l&#8217;ensemble. Ce genre de R\u00e9alisation singuli\u00e8re a men\u00e9 les gens nulle part. Bien s\u00fbr, les Saints ont essay\u00e9 de parler aux gens, de leur parler de la R\u00e9alisation du Soi, de Dieu, de la justice, du syst\u00e8me de valeur, mais eux aussi ont \u00e9t\u00e9 consid\u00e9r\u00e9s comme \u00e9tranges et ont \u00e9t\u00e9 tortur\u00e9s et ennuy\u00e9s.<\/p>\nAinsi, au niveau d&#8217;une ascension individuelle, on ne pouvait rien faire pour les autres sauf en parler, discuter de ce sujet, jusqu&#8217;\u00e0 ce que Sahaja Yoga advienne. M\u00eame converser \u00e0 ce sujet \u00e9tait interdit (pour les pr\u00e9tendants \u00e0 la R\u00e9alisation). Jusqu&#8217;au XIIe si\u00e8cle, en Inde, personne n&#8217;en parlait publiquement. Tout \u00e9tait \u00e9crit en sanscrit, dans des livres tr\u00e8s difficiles, qui n&#8217;\u00e9taient disponibles que pour peu d&#8217;aspirants.<br \/>\nOn l&#8217;expliquait m\u00eame \u00e0 tr\u00e8s peu d&#8217;entre eux, \u00e0 un nombre restreint de personnes. Mais on refusait de donner la R\u00e9alisation.\n\t\t\t\t<img decoding=\"async\" src=\"https:\/\/shrimataji.org\/test\/wp-content\/uploads\/2026\/01\/Fr_william-blake-jakobs-ladder.jpg\" alt=\"L&#039;\u00e9chelle de Jacob, par William Blake, symbole de l&#039;ascension spirituelle \" itemprop=\"image\" height=\"1000\" width=\"787\" title=\"Fr_william-blake-jakobs-ladder\" onerror=\"this.style.display='none'\" loading=\"lazy\" \/>\n\t\tL&#8217;\u00e9chelle de Jacob, par William Blake, symbole de l&#8217;ascension spirituelle \n\t<p>Un seul ma\u00eetre avait un seul disciple car l&#8217;ascension \u00e9tait individuelle, c&#8217;\u00e9tait une r\u00e9ussite personnelle. Un tel disciple \u00e9tait mis \u00e0 l&#8217;\u00e9cart des autres et maintenu au secret, le ma\u00eetre travaillait sur lui. Il pouvait chanter ou \u00e9crire des po\u00e8mes, parler de ce qu&#8217;est la joie, mais il n&#8217;avait pas le droit de donner la R\u00e9alisation \u00e0 quiconque, il ne savait pas non plus comment la donner.<\/p>\n<p>Alors maintenant, vous voyez jusqu&#8217;o\u00f9 vous \u00eates all\u00e9s! Vous avez obtenu votre R\u00e9alisation sans pour autant renoncer \u00e0 beaucoup. Vous pouvez travailler \u00e0 une \u00e9chelle beaucoup plus vaste, vous pouvez donner la R\u00e9alisation aux autres. Vous poss\u00e9dez toute la connaissance subtile de Sahaja Yoga &#8230;<\/p>\n<p>Disons, par exemple, Shankaracharya a \u00e9crit un beau trait\u00e9 appel\u00e9 &#8220;Viveka Chudamani&#8221; o\u00f9 il d\u00e9crit ce qu&#8217;est Dieu, ceci, cela; et &#8220;viveka&#8221; signifie la perception et la conscience, et il d\u00e9crit tout cela, abondamment. Mais il y avait un personnage horrible, appel\u00e9 Sarma, qui a commenc\u00e9 \u00e0 le remettre en question et Shankaracharya en a eu assez. Il a dit : &#8220;Cela ne sert \u00e0 rien de leur parler.&#8221;<\/p>\nAlors, il a juste \u00e9crit le &#8220;Soundarya Lahari&#8221; (un recueil po\u00e9tique).<br \/>\nSoundarya Lahari n&#8217;est rien d&#8217;autre que des mantras louant la M\u00e8re. Il a dit: &#8221; Je connais la M\u00e8re, maintenant laissez-moi la louer. A quoi sert-il de parler \u00e0 ces gens? Ce sont des gens stupides, comment pourraient-ils comprendre?&#8221; Il a pris conscience que: &#8220;Ces gens n&#8217;ont pas la capacit\u00e9, la sensibilit\u00e9 pour comprendre ce que je sais.&#8221;\n<p>&nbsp;<\/p>\n\t\t\t\t<img decoding=\"async\" src=\"https:\/\/shrimataji.org\/test\/wp-content\/uploads\/2026\/01\/Fr_shri-mataji-speaking-about-spirituality-and-sahaja-yoga.jpg\" alt=\"Shri Mataji parlant de spiritualit\u00e9 et de Sahaja Yoga\" itemprop=\"image\" height=\"2310\" width=\"1500\" title=\"Fr_shri-mataji-speaking-about-spirituality-and-sahaja-yoga\" onerror=\"this.style.display='none'\" loading=\"lazy\" \/>\n\t\tShri Mataji parlant de spiritualit\u00e9 et de Sahaja Yoga\n\t<p>La vraie connaissance, c&#8217;est savoir qui est Dieu. Et si c&#8217;est Dieu, alors comment pouvez-vous suspecter quoi que ce soit, comment pouvez-vous essayer d&#8217;analyser quoi que ce soit? C&#8217;est Dieu, c&#8217;est Dieu Tout-puissant, qui sait tout, qui fait tout, qui appr\u00e9cie tout.<\/p>\n<p>C&#8217;est ce qu&#8217;on doit appeler la connaissance, &#8220;dnyana&#8221; (ou gyana), c&#8217;est la v\u00e9ritable connaissance, la pure connaissance. Ce n&#8217;est pas la connaissance des chakras, ce n&#8217;est pas la connaissance des vibrations, pas celle de la Kundalini, mais la connaissance de Dieu Tout-puissant. Et la connaissance de Dieu Tout-puissant n&#8217;est pas mentale.<\/p>\n<p>Je vous le dis encore, cela commence dans le c\u0153ur et va ensuite au cerveau. C&#8217;est quelque chose qui vient de votre exp\u00e9rience de la joie et qui recouvre votre cerveau. Alors, votre cerveau ne peut plus le nier.<\/p>\n<p>Par exemple, parfois, vous pensez \u00e0 votre m\u00e8re, vous connaissez son amour, mais vous ne pouvez pas l&#8217;expliquer, cela vient du c\u0153ur et vous vous dites: &#8220;Non, ma m\u00e8re, elle, ne le ferait pas comme \u00e7a. Je connais tr\u00e8s bien ma m\u00e8re.&#8221; La connaissance de votre m\u00e8re, de celle qui vous a donn\u00e9 votre naissance &#8211; il se peut que votre m\u00e8re n&#8217;ait pas \u00e9t\u00e9 tr\u00e8s bonne ou quoi que ce soit &#8211; mais la connaissance de Dieu, du fait qu&#8217;il soit amour, qu&#8217;il soit la v\u00e9rit\u00e9, qu&#8217;il sache tout, cette connaissance devient une partie int\u00e9grante de votre \u00eatre, compl\u00e8tement. Et c&#8217;est dans ce cas que nous parlons de nirvana.<\/p>\n<p>Alors il est important, surtout pour les Occidentaux, d&#8217;ouvrir maintenant leur c\u0153ur, car cela part du c\u0153ur, pas du cerveau.<\/p>\n\n","protected":false},"excerpt":{"rendered":"<p>Notre \u00e9l\u00e9vation spirituelle Extrait d&#8217;un discours donn\u00e9 lors du s\u00e9minaire de Chianciano Terme, en Italie, le 16 f\u00e9vrier 1991 L&#8217;autre jour, je lisais quelques livres sur la mani\u00e8re dont cela avait \u00e9t\u00e9 fait, cette R\u00e9alisation du Soi, pour connaitre l&#8217;Esprit, et \u00e0 quel point les gens avaient \u00e9t\u00e9 tortur\u00e9s. L&#8217;autre jour, je lisais des livres&hellip; <br \/> <a class=\"read-more\" href=\"https:\/\/shrimataji.org\/test\/fr\/notre-elevation-spirituelle\/\">Read more<\/a><\/p>\n","protected":false},"author":7,"featured_media":140,"parent":0,"menu_order":0,"comment_status":"closed","ping_status":"closed","template":"","meta":{"inline_featured_image":false,"footnotes":""},"class_list":["post-10773","page","type-page","status-publish","has-post-thumbnail","hentry"],"yoast_head":"<!-- This site is optimized with the Yoast SEO plugin v27.4 - https:\/\/yoast.com\/product\/yoast-seo-wordpress\/ -->\n<title>Notre \u00e9l\u00e9vation spirituelle - TEST - SMND<\/title>\n<meta name=\"robots\" content=\"noindex, follow, max-snippet:-1, max-image-preview:large, max-video-preview:-1\" \/>\n<meta property=\"og:locale\" content=\"en_US\" \/>\n<meta property=\"og:type\" content=\"article\" \/>\n<meta property=\"og:title\" content=\"Notre \u00e9l\u00e9vation spirituelle - TEST - SMND\" \/>\n<meta property=\"og:description\" content=\"Notre \u00e9l\u00e9vation spirituelle Extrait d&#8217;un discours donn\u00e9 lors du s\u00e9minaire de Chianciano Terme, en Italie, le 16 f\u00e9vrier 1991 L&#8217;autre jour, je lisais quelques livres sur la mani\u00e8re dont cela avait \u00e9t\u00e9 fait, cette R\u00e9alisation du Soi, pour connaitre l&#8217;Esprit, et \u00e0 quel point les gens avaient \u00e9t\u00e9 tortur\u00e9s. L&#8217;autre jour, je lisais des livres&hellip; Read more\" \/>\n<meta property=\"og:url\" content=\"https:\/\/shrimataji.org\/test\/fr\/notre-elevation-spirituelle\/\" \/>\n<meta property=\"og:site_name\" content=\"TEST - SMND\" \/>\n<meta property=\"article:publisher\" content=\"https:\/\/www.facebook.com\/shrimataji\" \/>\n<meta property=\"article:modified_time\" content=\"2026-01-12T10:43:32+00:00\" \/>\n<meta property=\"og:image\" content=\"https:\/\/shrimataji.org\/test\/wp-content\/uploads\/2018\/07\/media_originals\/images\/headers-general\/jacobs-ladder-by-william-blake-spiritual-ascent.jpg\" \/>\n\t<meta property=\"og:image:width\" content=\"990\" \/>\n\t<meta property=\"og:image:height\" content=\"350\" \/>\n\t<meta property=\"og:image:type\" content=\"image\/jpeg\" \/>\n<meta name=\"twitter:card\" content=\"summary_large_image\" \/>\n<meta name=\"twitter:site\" content=\"@shrimataji\" \/>\n<meta name=\"twitter:label1\" content=\"Est. reading time\" \/>\n\t<meta name=\"twitter:data1\" content=\"8 minutes\" \/>\n<script type=\"application\/ld+json\" class=\"yoast-schema-graph\">{\"@context\":\"https:\\\/\\\/schema.org\",\"@graph\":[{\"@type\":\"WebPage\",\"@id\":\"https:\\\/\\\/shrimataji.org\\\/test\\\/fr\\\/notre-elevation-spirituelle\\\/\",\"url\":\"https:\\\/\\\/shrimataji.org\\\/test\\\/fr\\\/notre-elevation-spirituelle\\\/\",\"name\":\"Notre \u00e9l\u00e9vation spirituelle - TEST - SMND\",\"isPartOf\":{\"@id\":\"https:\\\/\\\/shrimataji.org\\\/test\\\/#website\"},\"primaryImageOfPage\":{\"@id\":\"https:\\\/\\\/shrimataji.org\\\/test\\\/fr\\\/notre-elevation-spirituelle\\\/#primaryimage\"},\"image\":{\"@id\":\"https:\\\/\\\/shrimataji.org\\\/test\\\/fr\\\/notre-elevation-spirituelle\\\/#primaryimage\"},\"thumbnailUrl\":\"https:\\\/\\\/shrimataji.org\\\/test\\\/wp-content\\\/uploads\\\/2018\\\/07\\\/media_originals\\\/images\\\/headers-general\\\/jacobs-ladder-by-william-blake-spiritual-ascent.jpg\",\"datePublished\":\"2012-09-02T10:00:00+00:00\",\"dateModified\":\"2026-01-12T10:43:32+00:00\",\"breadcrumb\":{\"@id\":\"https:\\\/\\\/shrimataji.org\\\/test\\\/fr\\\/notre-elevation-spirituelle\\\/#breadcrumb\"},\"inLanguage\":\"en-US\",\"potentialAction\":[{\"@type\":\"ReadAction\",\"target\":[\"https:\\\/\\\/shrimataji.org\\\/test\\\/fr\\\/notre-elevation-spirituelle\\\/\"]}]},{\"@type\":\"ImageObject\",\"inLanguage\":\"en-US\",\"@id\":\"https:\\\/\\\/shrimataji.org\\\/test\\\/fr\\\/notre-elevation-spirituelle\\\/#primaryimage\",\"url\":\"https:\\\/\\\/shrimataji.org\\\/test\\\/wp-content\\\/uploads\\\/2018\\\/07\\\/media_originals\\\/images\\\/headers-general\\\/jacobs-ladder-by-william-blake-spiritual-ascent.jpg\",\"contentUrl\":\"https:\\\/\\\/shrimataji.org\\\/test\\\/wp-content\\\/uploads\\\/2018\\\/07\\\/media_originals\\\/images\\\/headers-general\\\/jacobs-ladder-by-william-blake-spiritual-ascent.jpg\",\"width\":990,\"height\":350},{\"@type\":\"BreadcrumbList\",\"@id\":\"https:\\\/\\\/shrimataji.org\\\/test\\\/fr\\\/notre-elevation-spirituelle\\\/#breadcrumb\",\"itemListElement\":[{\"@type\":\"ListItem\",\"position\":1,\"name\":\"Home\",\"item\":\"https:\\\/\\\/shrimataji.org\\\/test\\\/uk\\\/home-en\\\/\"},{\"@type\":\"ListItem\",\"position\":2,\"name\":\"Notre \u00e9l\u00e9vation spirituelle\"}]},{\"@type\":\"WebSite\",\"@id\":\"https:\\\/\\\/shrimataji.org\\\/test\\\/#website\",\"url\":\"https:\\\/\\\/shrimataji.org\\\/test\\\/\",\"name\":\"Shri Mataji Nirmala Devi\",\"description\":\"A Life Dedicated to Humanity\",\"publisher\":{\"@id\":\"https:\\\/\\\/shrimataji.org\\\/test\\\/#\\\/schema\\\/person\\\/a1b3419c6585f164aa96da1ff85715d1\"},\"potentialAction\":[{\"@type\":\"SearchAction\",\"target\":{\"@type\":\"EntryPoint\",\"urlTemplate\":\"https:\\\/\\\/shrimataji.org\\\/test\\\/?s={search_term_string}\"},\"query-input\":{\"@type\":\"PropertyValueSpecification\",\"valueRequired\":true,\"valueName\":\"search_term_string\"}}],\"inLanguage\":\"en-US\"},{\"@type\":[\"Person\",\"Organization\"],\"@id\":\"https:\\\/\\\/shrimataji.org\\\/test\\\/#\\\/schema\\\/person\\\/a1b3419c6585f164aa96da1ff85715d1\",\"name\":\"Nirmala Shrivastava\",\"image\":{\"@type\":\"ImageObject\",\"inLanguage\":\"en-US\",\"@id\":\"https:\\\/\\\/shrimataji.org\\\/test\\\/wp-content\\\/uploads\\\/2023\\\/02\\\/SMO_LOGO-03.svg\",\"url\":\"https:\\\/\\\/shrimataji.org\\\/test\\\/wp-content\\\/uploads\\\/2023\\\/02\\\/SMO_LOGO-03.svg\",\"contentUrl\":\"https:\\\/\\\/shrimataji.org\\\/test\\\/wp-content\\\/uploads\\\/2023\\\/02\\\/SMO_LOGO-03.svg\",\"width\":\"1024\",\"height\":\"1024\",\"caption\":\"Nirmala Shrivastava\"},\"logo\":{\"@id\":\"https:\\\/\\\/shrimataji.org\\\/test\\\/wp-content\\\/uploads\\\/2023\\\/02\\\/SMO_LOGO-03.svg\"},\"sameAs\":[\"https:\\\/\\\/shrimataji.org\\\/test\",\"https:\\\/\\\/www.facebook.com\\\/shrimataji\",\"https:\\\/\\\/x.com\\\/shrimataji\",\"https:\\\/\\\/www.youtube.com\\\/@Shri_Mataji_Nirmala_Devi\\\/featured\"]}]}<\/script>\n<!-- \/ Yoast SEO plugin. -->","yoast_head_json":{"title":"Notre \u00e9l\u00e9vation spirituelle - TEST - SMND","robots":{"index":"noindex","follow":"follow","max-snippet":"max-snippet:-1","max-image-preview":"max-image-preview:large","max-video-preview":"max-video-preview:-1"},"og_locale":"en_US","og_type":"article","og_title":"Notre \u00e9l\u00e9vation spirituelle - TEST - SMND","og_description":"Notre \u00e9l\u00e9vation spirituelle Extrait d&#8217;un discours donn\u00e9 lors du s\u00e9minaire de Chianciano Terme, en Italie, le 16 f\u00e9vrier 1991 L&#8217;autre jour, je lisais quelques livres sur la mani\u00e8re dont cela avait \u00e9t\u00e9 fait, cette R\u00e9alisation du Soi, pour connaitre l&#8217;Esprit, et \u00e0 quel point les gens avaient \u00e9t\u00e9 tortur\u00e9s. L&#8217;autre jour, je lisais des livres&hellip; Read more","og_url":"https:\/\/shrimataji.org\/test\/fr\/notre-elevation-spirituelle\/","og_site_name":"TEST - SMND","article_publisher":"https:\/\/www.facebook.com\/shrimataji","article_modified_time":"2026-01-12T10:43:32+00:00","og_image":[{"width":990,"height":350,"url":"https:\/\/shrimataji.org\/test\/wp-content\/uploads\/2018\/07\/media_originals\/images\/headers-general\/jacobs-ladder-by-william-blake-spiritual-ascent.jpg","type":"image\/jpeg"}],"twitter_card":"summary_large_image","twitter_site":"@shrimataji","twitter_misc":{"Est. reading time":"8 minutes"},"schema":{"@context":"https:\/\/schema.org","@graph":[{"@type":"WebPage","@id":"https:\/\/shrimataji.org\/test\/fr\/notre-elevation-spirituelle\/","url":"https:\/\/shrimataji.org\/test\/fr\/notre-elevation-spirituelle\/","name":"Notre \u00e9l\u00e9vation spirituelle - TEST - SMND","isPartOf":{"@id":"https:\/\/shrimataji.org\/test\/#website"},"primaryImageOfPage":{"@id":"https:\/\/shrimataji.org\/test\/fr\/notre-elevation-spirituelle\/#primaryimage"},"image":{"@id":"https:\/\/shrimataji.org\/test\/fr\/notre-elevation-spirituelle\/#primaryimage"},"thumbnailUrl":"https:\/\/shrimataji.org\/test\/wp-content\/uploads\/2018\/07\/media_originals\/images\/headers-general\/jacobs-ladder-by-william-blake-spiritual-ascent.jpg","datePublished":"2012-09-02T10:00:00+00:00","dateModified":"2026-01-12T10:43:32+00:00","breadcrumb":{"@id":"https:\/\/shrimataji.org\/test\/fr\/notre-elevation-spirituelle\/#breadcrumb"},"inLanguage":"en-US","potentialAction":[{"@type":"ReadAction","target":["https:\/\/shrimataji.org\/test\/fr\/notre-elevation-spirituelle\/"]}]},{"@type":"ImageObject","inLanguage":"en-US","@id":"https:\/\/shrimataji.org\/test\/fr\/notre-elevation-spirituelle\/#primaryimage","url":"https:\/\/shrimataji.org\/test\/wp-content\/uploads\/2018\/07\/media_originals\/images\/headers-general\/jacobs-ladder-by-william-blake-spiritual-ascent.jpg","contentUrl":"https:\/\/shrimataji.org\/test\/wp-content\/uploads\/2018\/07\/media_originals\/images\/headers-general\/jacobs-ladder-by-william-blake-spiritual-ascent.jpg","width":990,"height":350},{"@type":"BreadcrumbList","@id":"https:\/\/shrimataji.org\/test\/fr\/notre-elevation-spirituelle\/#breadcrumb","itemListElement":[{"@type":"ListItem","position":1,"name":"Home","item":"https:\/\/shrimataji.org\/test\/uk\/home-en\/"},{"@type":"ListItem","position":2,"name":"Notre \u00e9l\u00e9vation spirituelle"}]},{"@type":"WebSite","@id":"https:\/\/shrimataji.org\/test\/#website","url":"https:\/\/shrimataji.org\/test\/","name":"Shri Mataji Nirmala Devi","description":"A Life Dedicated to Humanity","publisher":{"@id":"https:\/\/shrimataji.org\/test\/#\/schema\/person\/a1b3419c6585f164aa96da1ff85715d1"},"potentialAction":[{"@type":"SearchAction","target":{"@type":"EntryPoint","urlTemplate":"https:\/\/shrimataji.org\/test\/?s={search_term_string}"},"query-input":{"@type":"PropertyValueSpecification","valueRequired":true,"valueName":"search_term_string"}}],"inLanguage":"en-US"},{"@type":["Person","Organization"],"@id":"https:\/\/shrimataji.org\/test\/#\/schema\/person\/a1b3419c6585f164aa96da1ff85715d1","name":"Nirmala Shrivastava","image":{"@type":"ImageObject","inLanguage":"en-US","@id":"https:\/\/shrimataji.org\/test\/wp-content\/uploads\/2023\/02\/SMO_LOGO-03.svg","url":"https:\/\/shrimataji.org\/test\/wp-content\/uploads\/2023\/02\/SMO_LOGO-03.svg","contentUrl":"https:\/\/shrimataji.org\/test\/wp-content\/uploads\/2023\/02\/SMO_LOGO-03.svg","width":"1024","height":"1024","caption":"Nirmala Shrivastava"},"logo":{"@id":"https:\/\/shrimataji.org\/test\/wp-content\/uploads\/2023\/02\/SMO_LOGO-03.svg"},"sameAs":["https:\/\/shrimataji.org\/test","https:\/\/www.facebook.com\/shrimataji","https:\/\/x.com\/shrimataji","https:\/\/www.youtube.com\/@Shri_Mataji_Nirmala_Devi\/featured"]}]}},"lang":"fr","translations":{"fr":10773,"ur":37473,"en":429,"am":18046,"th":20013,"hu":19530,"sq":18447,"zh":17344,"tr":10191,"pt":10401,"de":10675,"it":10871,"es":10968,"ja":11265,"ru":11453,"bn":11645,"te":11753,"sw":11876,"he":12024,"el":12316,"sk":12414,"fa":12512,"fi":12610,"bg":13500,"ro":14575,"cs":14768,"nl":16607,"ku":16767,"ar":16943,"be":18654,"kn":18928,"mr":20377,"uk":20671,"ml":20966,"ta":22765,"sv":23035,"gu":28879,"pa":29039,"fil":29483,"da":37784,"pl":37996,"nn":38336},"pll_sync_post":[],"_links":{"self":[{"href":"https:\/\/shrimataji.org\/test\/wp-json\/wp\/v2\/pages\/10773","targetHints":{"allow":["GET"]}}],"collection":[{"href":"https:\/\/shrimataji.org\/test\/wp-json\/wp\/v2\/pages"}],"about":[{"href":"https:\/\/shrimataji.org\/test\/wp-json\/wp\/v2\/types\/page"}],"author":[{"embeddable":true,"href":"https:\/\/shrimataji.org\/test\/wp-json\/wp\/v2\/users\/7"}],"replies":[{"embeddable":true,"href":"https:\/\/shrimataji.org\/test\/wp-json\/wp\/v2\/comments?post=10773"}],"version-history":[{"count":0,"href":"https:\/\/shrimataji.org\/test\/wp-json\/wp\/v2\/pages\/10773\/revisions"}],"wp:featuredmedia":[{"embeddable":true,"href":"https:\/\/shrimataji.org\/test\/wp-json\/wp\/v2\/media\/140"}],"wp:attachment":[{"href":"https:\/\/shrimataji.org\/test\/wp-json\/wp\/v2\/media?parent=10773"}],"curies":[{"name":"wp","href":"https:\/\/api.w.org\/{rel}","templated":true}]}}