{"id":10804,"date":"2018-07-10T06:54:50","date_gmt":"2018-07-10T06:54:50","guid":{"rendered":"http:\/\/testwordpress.nirmalnagari.org\/smnd\/index.php\/the-widening-circle\/"},"modified":"2026-03-04T15:11:33","modified_gmt":"2026-03-04T15:11:33","slug":"un-cercle-grandissant","status":"publish","type":"page","link":"https:\/\/shrimataji.org\/test\/fr\/un-cercle-grandissant\/","title":{"rendered":"Un cercle grandissant"},"content":{"rendered":"\n\n\t<h1>Un cercle grandissant<\/h1>\n<h2>Le vent du changement<\/h2>\n\t<h4>Le 27 mai 1964, le Premier ministre de l&#8217;Inde, Jawaharlal Nehru, est d\u00e9c\u00e9d\u00e9. <a href=\"https:\/\/shrimataji.org\/test\/fr\/sir-c-p-srivastava-3\/\" target=\"_blank\" rel=\"noopener\">Sir C.P.<\/a> se trouvait au Royaume Uni pour assister \u00e0 une conf\u00e9rence maritime. Le mardi suivant, le 2 juin, on apprenait que Lal Bahadur Shastri avait \u00e9t\u00e9 \u00e9lu en tant que nouveau leader du Parti du Congr\u00e8s et qu&#8217;il serait bient\u00f4t le deuxi\u00e8me Premier ministre dans l&#8217;histoire de l&#8217;Inde ind\u00e9pendante.<\/h4>\n\t<p>Lorsque Sir C.P. est revenu \u00e0 Mumbai depuis le Royaume Uni, il a appris par les journaux que M. Shastri \u00e9tait tomb\u00e9 malade. Shri Mataji a press\u00e9 son mari de se rendre imm\u00e9diatement \u00e0 New Delhi pour offrir ses services \u00e0 M. Shastri, qu&#8217;il connaissait d\u00e9j\u00e0 pour avoir travaill\u00e9 sous ses ordres. Elle avait l&#8217;impression que, comme M. Shastri avait confiance en son mari, c&#8217;\u00e9tait son devoir de l&#8217;assister comme il le pouvait.<\/p>\n<p>Quelques jours plus tard, alors qu&#8217;il participait \u00e0 un meeting \u00e0 New Delhi, Sir C.P. est all\u00e9 rendre visite \u00e0 M. Shastri qui r\u00e9cup\u00e9rait de sa maladie.<\/p>\n<p>C&#8217;est au cours de cette entrevue impr\u00e9vue que Lal Bahadur Shastri lui a demand\u00e9 de devenir Secr\u00e9taire particulier du Premier ministre, et donc de travailler \u00e0 ses c\u00f4t\u00e9s au service de la nation indienne.<\/p>\n<figure itemscope itemtype=\"https:\/\/schema.org\/ImageObject\">\n\t\t\t\t<img decoding=\"async\" src=\"https:\/\/shrimataji.org\/test\/wp-content\/uploads\/2026\/01\/Fr_shri-mataji-introducing-guests-to-lal-bahadur-shastri-in-mumbai.jpg\" alt=\"Shri Mataji pr\u00e9sentant des invit\u00e9s \u00e0 Lal Bahadur Shastri \u00e0 Mumbai en Inde\" height=\"452\" width=\"674\" title=\"Fr_shri-mataji-introducing-guests-to-lal-bahadur-shastri-in-mumbai\" onerror=\"this.style.display='none'\" loading=\"lazy\" \/>\n\t\t<figcaption>Shri Mataji introduit ses invit\u00e9s aupr\u00e8s de Lal Bahadur Shastri \u00e0 Mumbai en Inde<\/figcaption>\n\t<\/figure>\n\t<p>Dans sa biographie &#8216;Lal Bahadur Shastri, une vie de v\u00e9rit\u00e9 en politique&#8217;, Sir C.P. \u00e9crit: &#8220;Lorsque nous rendions tous les deux visites au Premier Ministre Shastri, il parlait souvent avec Shri Mataji des saints et des sages, de la religion et de la spiritualit\u00e9, domaines dans lesquels elle avait une grande connaissance. Il a m\u00eame encourag\u00e9 Nirmala \u00e0 rejoindre le Parti du Congr\u00e8s de l&#8217;Inde. Cependant, Nirmala \u00e9tait plus port\u00e9e sur la spiritualit\u00e9 que sur la politique.&#8221;<\/p>\n<p>Au fil des ann\u00e9es, alors que son mari \u00e9tait occup\u00e9 aux affaires de l&#8217;Etat, Shri Mataji travaillait en toute discr\u00e9tion, collectant des fonds pour un sanatorium pr\u00e8s de Chandrapur dans le Maharashtra, ou devenant pr\u00e9sidente d&#8217;une association nomm\u00e9e &#8216;Les Amis des Aveugles&#8217;. A Meerut, elle a fond\u00e9 un abri pour les r\u00e9fugi\u00e9s, un refuge pour les invalides et a assist\u00e9 une maison pour l\u00e9preux.<\/p>\n\t<p>En octobre 1969, la premi\u00e8re fille de Shri Mataji, Kalpana, a \u00e9pous\u00e9 Prabhat Shrivastav, \u00e0 Mumbai.<\/p>\n<figure itemscope itemtype=\"https:\/\/schema.org\/ImageObject\">\n\t\t\t\t<img decoding=\"async\" src=\"https:\/\/shrimataji.org\/test\/wp-content\/uploads\/2026\/01\/Fr_shri-mataji-with-daughter-kalpana-upon-her-marriage.jpg\" alt=\"Shri Mataji au mariage de sa fille Kalpana \" height=\"1440\" width=\"1085\" title=\"Fr_shri-mataji-with-daughter-kalpana-upon-her-marriage\" onerror=\"this.style.display='none'\" loading=\"lazy\" \/>\n\t\t<figcaption>Shri Mataji au mariage de sa fille Kalpana <\/figcaption>\n\t<\/figure>\n<figure itemscope itemtype=\"https:\/\/schema.org\/ImageObject\">\n\t\t\t\t<img decoding=\"async\" src=\"https:\/\/shrimataji.org\/test\/wp-content\/uploads\/2026\/01\/Fr_shri-mataji-with-sir-cp-and-prabhat-at-daughter-kalpanas-wedding.jpg\" alt=\"Shri Mataji et Sir CP avec leur gendre Prabhat lors de son mariage avec Kalpana\" height=\"817\" width=\"1105\" title=\"Fr_shri-mataji-with-sir-cp-and-prabhat-at-daughter-kalpanas-wedding\" onerror=\"this.style.display='none'\" loading=\"lazy\" \/>\n\t\t<figcaption>Shri Mataji et Sir CP avec leur gendre Prabhat lors de son mariage avec Kalpana<\/figcaption>\n\t<\/figure>\n\t<p>Au d\u00e9but du mois d&#8217;octobre 1970, la m\u00e8re de Shri Mataji est tomb\u00e9e gravement malade. Shri Mataji est revenue de l&#8217;\u00e9tranger pour voir sa m\u00e8re et a \u00e9t\u00e9 surprise de la trouver d&#8217;une humeur tr\u00e8s joyeuse. Sa m\u00e8re lui a demand\u00e9 si elle avait d\u00e9couvert ce que son p\u00e8re lui avait demand\u00e9 de trouver. Alors Shri Mataji lui a dit qu&#8217;elle avait trouv\u00e9 la m\u00e9thode pour donner la R\u00e9alisation en masse. Le dimanche 11 octobre 1970, sa m\u00e8re Cornelia Karuna Salve est d\u00e9c\u00e9d\u00e9e \u00e0 Nagpur.<\/p>\n<p>Peu de temps apr\u00e8s, Shri Mataji a \u00e9t\u00e9 invit\u00e9e \u00e0 l&#8217;inauguration d&#8217;un vol Air India pour Paris. Ensuite, elle est all\u00e9e rendre visite \u00e0 son plus jeune fr\u00e8re H.P. Salve, en poste \u00e0 T\u00e9h\u00e9ran pour la compagnie a\u00e9rienne.\u00a0<a href=\"#citation-ref-1\">[1]<\/a><\/p>\n<p>En passant du temps avec elle, H. P. s&#8217;est graduellement rendu compte que quelque chose avait chang\u00e9 chez sa s\u0153ur a\u00een\u00e9e. En fait, \u00e0 ce moment-l\u00e0, il y avait environ douze personnes en Inde qui s&#8217;int\u00e9ressaient \u00e0 elle comme enseignante et gourou.<\/p>\n<p>Elle a r\u00e9v\u00e9l\u00e9 \u00e0 son fr\u00e8re que le mardi 5 mai 1970, elle avait effectivement v\u00e9cu une tr\u00e8s puissante transformation, puis a exprim\u00e9 le d\u00e9sir de donner la R\u00e9alisation du Soi \u00e0 quelques-uns de ses amis qui seraient port\u00e9s sur la spiritualit\u00e9. H.P. Salve a alors appel\u00e9 quelques amis et a organis\u00e9 un d\u00eener \u00e0 th\u00e8me autour de la spiritualit\u00e9, en pr\u00e9sence de Shri Mataji. Le jour dit, une vingtaine d&#8217;amis, dont certains de la presse, sont venus chez lui pour le d\u00eener, et d&#8217;une mani\u00e8re plus significative, pour leur \u00e9veil spirituel.<\/p>\n<p>H.P. Salve se rem\u00e9more ce moment\u00a0o\u00f9 un certain Dr. Divan, apr\u00e8s avoir re\u00e7u la R\u00e9alisation du Soi, semblait \u00e9mettre un parfum de santal depuis le sommet de la t\u00eate. Il s&#8217;est demand\u00e9 avec surprise comment Shri Mataji pouvait transmettre un tel parfum dans le corps de quelqu&#8217;un en \u00e9tant assise \u00e0 distance. Pendant ce temps, une dame de religion Parsi, qui \u00e9tait arriv\u00e9e avec des b\u00e9quilles car elle souffrait d&#8217;une douloureuse arthrite, est repartie sans b\u00e9quille apr\u00e8s avoir re\u00e7u la R\u00e9alisation du Soi. Le lendemain, on l&#8217;a vue au volant de sa voiture.<\/p>\n<p>Le jour suivant \u00e0 T\u00e9h\u00e9ran, tous les principaux journaux de langue anglaise ont publi\u00e9 cet \u00e9v\u00e9nement. Les journalistes ont \u00e9crit qu&#8217;ils avaient \u00e9t\u00e9 t\u00e9moins de ce qu&#8217;ils mentionnaient dans leurs colonnes. Suite \u00e0 cela, beaucoup de gens ont afflu\u00e9 pour voir Shri Mataji. Comme son fr\u00e8re l&#8217;a \u00e9crit: &#8220;Lorsqu&#8217;elle est venue la premi\u00e8re fois \u00e0 T\u00e9h\u00e9ran, je l&#8217;avais pr\u00e9sent\u00e9e comme ma s\u0153ur. Mais sa popularit\u00e9 \u00e9tait devenue telle, que quand elle est repartie, c&#8217;\u00e9tait moi que l&#8217;on pr\u00e9sentait comme son fr\u00e8re.&#8221; Bient\u00f4t, on allait appeler H.P. Salve &#8216;Babamama&#8217;, un terme affectueux signifiant &#8216;oncle maternel&#8217;.<\/p>\n<p>r.&#8221;<\/p>\n\t<h5>&#8220;La plus belle chose que l&#8217;on puisse exp\u00e9rimenter, c&#8217;est la mystique. Elle est la source de tout art v\u00e9ritable et de la science.&#8221;<\/h5>\n<h5>Albert Einstein<\/h5>\n\t<h3>1. <a href=\"#citation-ref-1\">^ <\/a><a name=\"citation-note-1\"><\/a>H. P. Salve, &#8216;Mes M\u00e9moires&#8217; New Delhi: Life Eternal Trust, 2000.<\/h3>\n\n","protected":false},"excerpt":{"rendered":"<p>Un cercle grandissant Le vent du changement Le 27 mai 1964, le Premier ministre de l&#8217;Inde, Jawaharlal Nehru, est d\u00e9c\u00e9d\u00e9. Sir C.P. se trouvait au Royaume Uni pour assister \u00e0 une conf\u00e9rence maritime. Le mardi suivant, le 2 juin, on apprenait que Lal Bahadur Shastri avait \u00e9t\u00e9 \u00e9lu en tant que nouveau leader du Parti&hellip; <br \/> <a class=\"read-more\" href=\"https:\/\/shrimataji.org\/test\/fr\/un-cercle-grandissant\/\">Read more<\/a><\/p>\n","protected":false},"author":7,"featured_media":9515,"parent":0,"menu_order":0,"comment_status":"closed","ping_status":"closed","template":"","meta":{"inline_featured_image":false,"footnotes":""},"class_list":["post-10804","page","type-page","status-publish","has-post-thumbnail","hentry"],"yoast_head":"<!-- This site is optimized with the Yoast SEO plugin v27.4 - https:\/\/yoast.com\/product\/yoast-seo-wordpress\/ -->\n<title>Un cercle grandissant - TEST - SMND<\/title>\n<meta name=\"robots\" content=\"noindex, follow, max-snippet:-1, max-image-preview:large, max-video-preview:-1\" \/>\n<meta property=\"og:locale\" content=\"en_US\" \/>\n<meta property=\"og:type\" content=\"article\" \/>\n<meta property=\"og:title\" content=\"Un cercle grandissant - TEST - SMND\" \/>\n<meta property=\"og:description\" content=\"Un cercle grandissant Le vent du changement Le 27 mai 1964, le Premier ministre de l&#8217;Inde, Jawaharlal Nehru, est d\u00e9c\u00e9d\u00e9. Sir C.P. se trouvait au Royaume Uni pour assister \u00e0 une conf\u00e9rence maritime. Le mardi suivant, le 2 juin, on apprenait que Lal Bahadur Shastri avait \u00e9t\u00e9 \u00e9lu en tant que nouveau leader du Parti&hellip; Read more\" \/>\n<meta property=\"og:url\" content=\"https:\/\/shrimataji.org\/test\/fr\/un-cercle-grandissant\/\" \/>\n<meta property=\"og:site_name\" content=\"TEST - SMND\" \/>\n<meta property=\"article:publisher\" content=\"https:\/\/www.facebook.com\/shrimataji\" \/>\n<meta property=\"article:modified_time\" content=\"2026-03-04T15:11:33+00:00\" \/>\n<meta property=\"og:image\" content=\"https:\/\/shrimataji.org\/test\/wp-content\/uploads\/2023\/03\/10_Banner-PublicLife-WideningCircle_2-scaled.jpg\" \/>\n\t<meta property=\"og:image:width\" content=\"2560\" \/>\n\t<meta property=\"og:image:height\" content=\"905\" \/>\n\t<meta property=\"og:image:type\" content=\"image\/jpeg\" \/>\n<meta name=\"twitter:card\" content=\"summary_large_image\" \/>\n<meta name=\"twitter:site\" content=\"@shrimataji\" \/>\n<meta name=\"twitter:label1\" content=\"Est. reading time\" \/>\n\t<meta name=\"twitter:data1\" content=\"5 minutes\" \/>\n<script type=\"application\/ld+json\" class=\"yoast-schema-graph\">{\"@context\":\"https:\\\/\\\/schema.org\",\"@graph\":[{\"@type\":\"WebPage\",\"@id\":\"https:\\\/\\\/shrimataji.org\\\/test\\\/fr\\\/un-cercle-grandissant\\\/\",\"url\":\"https:\\\/\\\/shrimataji.org\\\/test\\\/fr\\\/un-cercle-grandissant\\\/\",\"name\":\"Un cercle grandissant - TEST - SMND\",\"isPartOf\":{\"@id\":\"https:\\\/\\\/shrimataji.org\\\/test\\\/#website\"},\"primaryImageOfPage\":{\"@id\":\"https:\\\/\\\/shrimataji.org\\\/test\\\/fr\\\/un-cercle-grandissant\\\/#primaryimage\"},\"image\":{\"@id\":\"https:\\\/\\\/shrimataji.org\\\/test\\\/fr\\\/un-cercle-grandissant\\\/#primaryimage\"},\"thumbnailUrl\":\"https:\\\/\\\/shrimataji.org\\\/test\\\/wp-content\\\/uploads\\\/2023\\\/03\\\/10_Banner-PublicLife-WideningCircle_2-scaled.jpg\",\"datePublished\":\"2018-07-10T06:54:50+00:00\",\"dateModified\":\"2026-03-04T15:11:33+00:00\",\"breadcrumb\":{\"@id\":\"https:\\\/\\\/shrimataji.org\\\/test\\\/fr\\\/un-cercle-grandissant\\\/#breadcrumb\"},\"inLanguage\":\"en-US\",\"potentialAction\":[{\"@type\":\"ReadAction\",\"target\":[\"https:\\\/\\\/shrimataji.org\\\/test\\\/fr\\\/un-cercle-grandissant\\\/\"]}]},{\"@type\":\"ImageObject\",\"inLanguage\":\"en-US\",\"@id\":\"https:\\\/\\\/shrimataji.org\\\/test\\\/fr\\\/un-cercle-grandissant\\\/#primaryimage\",\"url\":\"https:\\\/\\\/shrimataji.org\\\/test\\\/wp-content\\\/uploads\\\/2023\\\/03\\\/10_Banner-PublicLife-WideningCircle_2-scaled.jpg\",\"contentUrl\":\"https:\\\/\\\/shrimataji.org\\\/test\\\/wp-content\\\/uploads\\\/2023\\\/03\\\/10_Banner-PublicLife-WideningCircle_2-scaled.jpg\",\"width\":2560,\"height\":905},{\"@type\":\"BreadcrumbList\",\"@id\":\"https:\\\/\\\/shrimataji.org\\\/test\\\/fr\\\/un-cercle-grandissant\\\/#breadcrumb\",\"itemListElement\":[{\"@type\":\"ListItem\",\"position\":1,\"name\":\"Home\",\"item\":\"https:\\\/\\\/shrimataji.org\\\/test\\\/uk\\\/home-en\\\/\"},{\"@type\":\"ListItem\",\"position\":2,\"name\":\"Un cercle grandissant\"}]},{\"@type\":\"WebSite\",\"@id\":\"https:\\\/\\\/shrimataji.org\\\/test\\\/#website\",\"url\":\"https:\\\/\\\/shrimataji.org\\\/test\\\/\",\"name\":\"Shri Mataji Nirmala Devi\",\"description\":\"A Life Dedicated to Humanity\",\"publisher\":{\"@id\":\"https:\\\/\\\/shrimataji.org\\\/test\\\/#\\\/schema\\\/person\\\/a1b3419c6585f164aa96da1ff85715d1\"},\"potentialAction\":[{\"@type\":\"SearchAction\",\"target\":{\"@type\":\"EntryPoint\",\"urlTemplate\":\"https:\\\/\\\/shrimataji.org\\\/test\\\/?s={search_term_string}\"},\"query-input\":{\"@type\":\"PropertyValueSpecification\",\"valueRequired\":true,\"valueName\":\"search_term_string\"}}],\"inLanguage\":\"en-US\"},{\"@type\":[\"Person\",\"Organization\"],\"@id\":\"https:\\\/\\\/shrimataji.org\\\/test\\\/#\\\/schema\\\/person\\\/a1b3419c6585f164aa96da1ff85715d1\",\"name\":\"Nirmala Shrivastava\",\"image\":{\"@type\":\"ImageObject\",\"inLanguage\":\"en-US\",\"@id\":\"https:\\\/\\\/shrimataji.org\\\/test\\\/wp-content\\\/uploads\\\/2023\\\/02\\\/SMO_LOGO-03.svg\",\"url\":\"https:\\\/\\\/shrimataji.org\\\/test\\\/wp-content\\\/uploads\\\/2023\\\/02\\\/SMO_LOGO-03.svg\",\"contentUrl\":\"https:\\\/\\\/shrimataji.org\\\/test\\\/wp-content\\\/uploads\\\/2023\\\/02\\\/SMO_LOGO-03.svg\",\"width\":\"1024\",\"height\":\"1024\",\"caption\":\"Nirmala Shrivastava\"},\"logo\":{\"@id\":\"https:\\\/\\\/shrimataji.org\\\/test\\\/wp-content\\\/uploads\\\/2023\\\/02\\\/SMO_LOGO-03.svg\"},\"sameAs\":[\"https:\\\/\\\/shrimataji.org\\\/test\",\"https:\\\/\\\/www.facebook.com\\\/shrimataji\",\"https:\\\/\\\/x.com\\\/shrimataji\",\"https:\\\/\\\/www.youtube.com\\\/@Shri_Mataji_Nirmala_Devi\\\/featured\"]}]}<\/script>\n<!-- \/ Yoast SEO plugin. -->","yoast_head_json":{"title":"Un cercle grandissant - TEST - SMND","robots":{"index":"noindex","follow":"follow","max-snippet":"max-snippet:-1","max-image-preview":"max-image-preview:large","max-video-preview":"max-video-preview:-1"},"og_locale":"en_US","og_type":"article","og_title":"Un cercle grandissant - TEST - SMND","og_description":"Un cercle grandissant Le vent du changement Le 27 mai 1964, le Premier ministre de l&#8217;Inde, Jawaharlal Nehru, est d\u00e9c\u00e9d\u00e9. Sir C.P. se trouvait au Royaume Uni pour assister \u00e0 une conf\u00e9rence maritime. Le mardi suivant, le 2 juin, on apprenait que Lal Bahadur Shastri avait \u00e9t\u00e9 \u00e9lu en tant que nouveau leader du Parti&hellip; Read more","og_url":"https:\/\/shrimataji.org\/test\/fr\/un-cercle-grandissant\/","og_site_name":"TEST - SMND","article_publisher":"https:\/\/www.facebook.com\/shrimataji","article_modified_time":"2026-03-04T15:11:33+00:00","og_image":[{"width":2560,"height":905,"url":"https:\/\/shrimataji.org\/test\/wp-content\/uploads\/2023\/03\/10_Banner-PublicLife-WideningCircle_2-scaled.jpg","type":"image\/jpeg"}],"twitter_card":"summary_large_image","twitter_site":"@shrimataji","twitter_misc":{"Est. reading time":"5 minutes"},"schema":{"@context":"https:\/\/schema.org","@graph":[{"@type":"WebPage","@id":"https:\/\/shrimataji.org\/test\/fr\/un-cercle-grandissant\/","url":"https:\/\/shrimataji.org\/test\/fr\/un-cercle-grandissant\/","name":"Un cercle grandissant - TEST - SMND","isPartOf":{"@id":"https:\/\/shrimataji.org\/test\/#website"},"primaryImageOfPage":{"@id":"https:\/\/shrimataji.org\/test\/fr\/un-cercle-grandissant\/#primaryimage"},"image":{"@id":"https:\/\/shrimataji.org\/test\/fr\/un-cercle-grandissant\/#primaryimage"},"thumbnailUrl":"https:\/\/shrimataji.org\/test\/wp-content\/uploads\/2023\/03\/10_Banner-PublicLife-WideningCircle_2-scaled.jpg","datePublished":"2018-07-10T06:54:50+00:00","dateModified":"2026-03-04T15:11:33+00:00","breadcrumb":{"@id":"https:\/\/shrimataji.org\/test\/fr\/un-cercle-grandissant\/#breadcrumb"},"inLanguage":"en-US","potentialAction":[{"@type":"ReadAction","target":["https:\/\/shrimataji.org\/test\/fr\/un-cercle-grandissant\/"]}]},{"@type":"ImageObject","inLanguage":"en-US","@id":"https:\/\/shrimataji.org\/test\/fr\/un-cercle-grandissant\/#primaryimage","url":"https:\/\/shrimataji.org\/test\/wp-content\/uploads\/2023\/03\/10_Banner-PublicLife-WideningCircle_2-scaled.jpg","contentUrl":"https:\/\/shrimataji.org\/test\/wp-content\/uploads\/2023\/03\/10_Banner-PublicLife-WideningCircle_2-scaled.jpg","width":2560,"height":905},{"@type":"BreadcrumbList","@id":"https:\/\/shrimataji.org\/test\/fr\/un-cercle-grandissant\/#breadcrumb","itemListElement":[{"@type":"ListItem","position":1,"name":"Home","item":"https:\/\/shrimataji.org\/test\/uk\/home-en\/"},{"@type":"ListItem","position":2,"name":"Un cercle grandissant"}]},{"@type":"WebSite","@id":"https:\/\/shrimataji.org\/test\/#website","url":"https:\/\/shrimataji.org\/test\/","name":"Shri Mataji Nirmala Devi","description":"A Life Dedicated to Humanity","publisher":{"@id":"https:\/\/shrimataji.org\/test\/#\/schema\/person\/a1b3419c6585f164aa96da1ff85715d1"},"potentialAction":[{"@type":"SearchAction","target":{"@type":"EntryPoint","urlTemplate":"https:\/\/shrimataji.org\/test\/?s={search_term_string}"},"query-input":{"@type":"PropertyValueSpecification","valueRequired":true,"valueName":"search_term_string"}}],"inLanguage":"en-US"},{"@type":["Person","Organization"],"@id":"https:\/\/shrimataji.org\/test\/#\/schema\/person\/a1b3419c6585f164aa96da1ff85715d1","name":"Nirmala Shrivastava","image":{"@type":"ImageObject","inLanguage":"en-US","@id":"https:\/\/shrimataji.org\/test\/wp-content\/uploads\/2023\/02\/SMO_LOGO-03.svg","url":"https:\/\/shrimataji.org\/test\/wp-content\/uploads\/2023\/02\/SMO_LOGO-03.svg","contentUrl":"https:\/\/shrimataji.org\/test\/wp-content\/uploads\/2023\/02\/SMO_LOGO-03.svg","width":"1024","height":"1024","caption":"Nirmala Shrivastava"},"logo":{"@id":"https:\/\/shrimataji.org\/test\/wp-content\/uploads\/2023\/02\/SMO_LOGO-03.svg"},"sameAs":["https:\/\/shrimataji.org\/test","https:\/\/www.facebook.com\/shrimataji","https:\/\/x.com\/shrimataji","https:\/\/www.youtube.com\/@Shri_Mataji_Nirmala_Devi\/featured"]}]}},"lang":"fr","translations":{"fr":10804,"ur":37524,"en":37234,"hu":19593,"am":18099,"th":20095,"ar":16995,"sq":18500,"zh":17397,"hi":8269,"tr":10224,"pt":10432,"de":10706,"it":10902,"es":10999,"ja":11297,"ru":11485,"bn":11676,"te":11784,"sw":11907,"he":12055,"el":12347,"sk":12445,"fa":12543,"fi":12641,"bg":13447,"ro":14521,"cs":14714,"nl":16659,"ku":16819,"be":18707,"kn":18981,"mr":20459,"uk":20752,"ml":21047,"ta":22818,"sv":23087,"gu":28922,"pa":29082,"fil":29536,"da":37831,"pl":38041,"nn":38383},"pll_sync_post":[],"_links":{"self":[{"href":"https:\/\/shrimataji.org\/test\/wp-json\/wp\/v2\/pages\/10804","targetHints":{"allow":["GET"]}}],"collection":[{"href":"https:\/\/shrimataji.org\/test\/wp-json\/wp\/v2\/pages"}],"about":[{"href":"https:\/\/shrimataji.org\/test\/wp-json\/wp\/v2\/types\/page"}],"author":[{"embeddable":true,"href":"https:\/\/shrimataji.org\/test\/wp-json\/wp\/v2\/users\/7"}],"replies":[{"embeddable":true,"href":"https:\/\/shrimataji.org\/test\/wp-json\/wp\/v2\/comments?post=10804"}],"version-history":[{"count":0,"href":"https:\/\/shrimataji.org\/test\/wp-json\/wp\/v2\/pages\/10804\/revisions"}],"wp:featuredmedia":[{"embeddable":true,"href":"https:\/\/shrimataji.org\/test\/wp-json\/wp\/v2\/media\/9515"}],"wp:attachment":[{"href":"https:\/\/shrimataji.org\/test\/wp-json\/wp\/v2\/media?parent=10804"}],"curies":[{"name":"wp","href":"https:\/\/api.w.org\/{rel}","templated":true}]}}