{"id":10927,"date":"2018-07-10T06:54:42","date_gmt":"2018-07-10T06:54:42","guid":{"rendered":"http:\/\/testwordpress.nirmalnagari.org\/smnd\/index.php\/cultural-integration\/"},"modified":"2026-03-11T23:49:03","modified_gmt":"2026-03-11T23:49:03","slug":"integracion-cultural","status":"publish","type":"page","link":"https:\/\/shrimataji.org\/test\/es\/integracion-cultural\/","title":{"rendered":"Integraci\u00f3n Cultural"},"content":{"rendered":"\n\n\t<h1><b>Integraci\u00f3n cultural<\/b><\/h1>\n<h2><b>Hacia una civilizaci\u00f3n sostenible<\/b><\/h2>\n\t<h4>En seminarios, conferencias de prensa y en conferencias informales, Shri Mataji a menudo dijo que a lo largo de la historia profetas y santos hablaron de la necesidad de conocerse a uno mismo, de conocer su Esp\u00edritu. &#8220;Eso es lo que tenemos que hacer. Es desarrollar la religion de nuestro Esp\u00edritu&#8221;. Compar\u00f3 el crecimiento de las religiones con el de un gran \u00e1rbol, que es \u00fanico, pero con muchas flores. En la ignorancia, la gente arranca las flores y las usa para luchar entre ellas, olvidando que estas flores provienen del mismo \u00e1rbol.<\/h4>\n\t<div class=\"su-quote su-quote-style-default\"><div class=\"su-quote-inner su-u-clearfix su-u-trim\"> POR LO TANTO, DEBEMOS RESPETAR A TODAS LAS PERSONAS, A TODOS LOS SERES HUMANOS, DE CUALQUIER NACI\u00d3N DE DONDE VENGAN, DE CUALQUIER PA\u00cdS AL QUE PERTENEZCAN, DE CUALQUIER COLOR QUE TENGAN, PORQUE TODOS TIENEN SU KUNDALINI. <\/div><\/div>\n\t<p>Durante un programa p\u00fablico, un oyente preocupado le pregunt\u00f3 a Shri Mataji, &#8220;Madre, \u00bfc\u00f3mo entender\u00e1n otras personas tu mensaje?&#8221; Shri Mataji sonri\u00f3, &#8220;Todos entienden el amor, \u00bfno?&#8221; Y con la meditaci\u00f3n Sahaja Yoga, revel\u00f3 un m\u00e9todo para lograr la integraci\u00f3n entre los individuos de diversas culturas y religiones: un estado de consciencia, que cuando la mente est\u00e1 completamente quieta, se convierte en la fuerza integradora conocida como consciencia colectiva.<\/p>\n<figure itemscope itemtype=\"https:\/\/schema.org\/ImageObject\">\n\t\t\t\t<img decoding=\"async\" src=\"https:\/\/shrimataji.org\/test\/wp-content\/uploads\/2025\/07\/Spa_shri-mataji-meets-sufis-in-delhi-india-1.jpg\" alt=\"Shri Mataji visita el Santuario Nizamuddin, Delhi, India 1993\" height=\"350\" width=\"990\" title=\"Spa_shri-mataji-meets-sufis-in-delhi-india\" onerror=\"this.style.display='none'\" loading=\"lazy\" \/>\n\t\t<figcaption>Shri Mataji visita el Santuario Nizamuddin, Delhi, India 1993<\/figcaption>\n\t<\/figure>\n\t<p>Carl Jung describi\u00f3 la consciencia colectiva de esta manera: &#8220;Adem\u00e1s de nuestra inmediata consciencia, que es de naturaleza completamente personal y que creemos que es la \u00fanica psique emp\u00edrica, existe un segundo sistema ps\u00edquico de una naturaleza colectiva, universal e impersonal la cual es id\u00e9ntica en todos los individuos.&#8221; <a href=\"#citation-note-1\">[1]<\/a><\/p>\n<p>La meditaci\u00f3n Sahaja Yoga activa la consciencia de uno mismo en un nivel m\u00e1s profundo, en las ra\u00edces del sistema nervioso aut\u00f3nomo. Con el parloteo de la mente que nos distrae y los condicionamientos profundos, uno es capaz de reconocer que las diferencias culturales ocurren en un nivel superficial. La &#8220;naturaleza universal e impersonal&#8221; es una.<\/p>\n\t<p>&#8220;Y as\u00ed es como tenemos que darnos cuenta de que todos estamos regidos por un principio de vida en com\u00fan&#8221; Shri Mataji explic\u00f3, &#8220;que todos tenemos nuestra Kundalini dentro de nosotros, por lo que tenemos que respetar a todas las personas, a todos los seres humanos, de cualquier naci\u00f3n de donde vengan, de cualquier pa\u00eds al que pertenezcan, de cualquier color que tengan, porque todos tienen su Kundalini.&#8221;<\/p>\n\t<p>Durante sus viajes, Shri Mataji se interes\u00f3 mucho por el arte y la artesan\u00eda de cada pa\u00eds, observando c\u00f3mo reflejaban la Cultura del Esp\u00edritu. &#8220;En esta cultura, no nos rendimos ante nada porque sea caro o porque sea ostentoso y exhibisionista o por la publicidad.&#8221; dec\u00eda. &#8220;Lo que vemos en esta cultura es qu\u00e9 tanto gozo puede dar.&#8221;<\/p>\n\t<p>A lo largo de los a\u00f1os, Shri Mataji invit\u00f3 artistas de diferentes pa\u00edses, or\u00edgenes, y religiones para actuar en festivales culturales. Para beneficio de aquellos que no estaban familiarizados con estas artes, Shri Mataji explicar\u00eda el significado de un qawwali, un raga, un concierto de Vivaldi o una danza india cl\u00e1sica. Organiz\u00f3 estas actuaciones no s\u00f3lo para apoyar el sustento de los artistas y para mantener vivas las tradiciones art\u00edsticas, sino tambi\u00e9n para mostrar que el arte y la m\u00fasica de diferentes culturas y or\u00edgenes podr\u00edan manifestar lo universal, lo universalmente gozoso, la Cultura del Esp\u00edritu.<\/p>\n\t<hr \/>\n<h3>\n<a name=\"citation-note-1\">1. ^<\/a> C. G. Jung, &#8216;Arquetipos y el inconsciente colectivo&#8217;, en Obras colectivas de C. G. Jung, vol. 9, parte 1, Londres, 1969.<br \/>\n<\/h3>\n\n","protected":false},"excerpt":{"rendered":"<p>Integraci\u00f3n cultural Hacia una civilizaci\u00f3n sostenible En seminarios, conferencias de prensa y en conferencias informales, Shri Mataji a menudo dijo que a lo largo de la historia profetas y santos hablaron de la necesidad de conocerse a uno mismo, de conocer su Esp\u00edritu. &#8220;Eso es lo que tenemos que hacer. Es desarrollar la religion de&hellip; <br \/> <a class=\"read-more\" href=\"https:\/\/shrimataji.org\/test\/es\/integracion-cultural\/\">Read more<\/a><\/p>\n","protected":false},"author":63,"featured_media":138,"parent":0,"menu_order":0,"comment_status":"closed","ping_status":"closed","template":"","meta":{"inline_featured_image":false,"footnotes":"","advanced-sidebar-menu\/link-title":"","advanced-sidebar-menu\/exclude-page":false},"class_list":["post-10927","page","type-page","status-publish","has-post-thumbnail","hentry"],"yoast_head":"<!-- This site is optimized with the Yoast SEO plugin v27.6 - https:\/\/yoast.com\/product\/yoast-seo-wordpress\/ -->\n<title>Integraci\u00f3n Cultural - TEST - SMND<\/title>\n<meta name=\"robots\" content=\"noindex, follow, max-snippet:-1, max-image-preview:large, max-video-preview:-1\" \/>\n<meta property=\"og:locale\" content=\"en_US\" \/>\n<meta property=\"og:type\" content=\"article\" \/>\n<meta property=\"og:title\" content=\"Integraci\u00f3n Cultural - TEST - SMND\" \/>\n<meta property=\"og:description\" content=\"Integraci\u00f3n cultural Hacia una civilizaci\u00f3n sostenible En seminarios, conferencias de prensa y en conferencias informales, Shri Mataji a menudo dijo que a lo largo de la historia profetas y santos hablaron de la necesidad de conocerse a uno mismo, de conocer su Esp\u00edritu. &#8220;Eso es lo que tenemos que hacer. Es desarrollar la religion de&hellip; Read more\" \/>\n<meta property=\"og:url\" content=\"https:\/\/shrimataji.org\/test\/es\/integracion-cultural\/\" \/>\n<meta property=\"og:site_name\" content=\"TEST - SMND\" \/>\n<meta property=\"article:publisher\" content=\"https:\/\/www.facebook.com\/shrimataji\" \/>\n<meta property=\"article:modified_time\" content=\"2026-03-11T23:49:03+00:00\" \/>\n<meta property=\"og:image\" content=\"https:\/\/shrimataji.org\/test\/wp-content\/uploads\/2018\/07\/media_originals\/images\/headers-general\/mauli-art-by-graham-brown.jpg\" \/>\n\t<meta property=\"og:image:width\" content=\"990\" \/>\n\t<meta property=\"og:image:height\" content=\"350\" \/>\n\t<meta property=\"og:image:type\" content=\"image\/jpeg\" \/>\n<meta name=\"twitter:card\" content=\"summary_large_image\" \/>\n<meta name=\"twitter:site\" content=\"@shrimataji\" \/>\n<meta name=\"twitter:label1\" content=\"Est. reading time\" \/>\n\t<meta name=\"twitter:data1\" content=\"3 minutes\" \/>\n<script type=\"application\/ld+json\" class=\"yoast-schema-graph\">{\"@context\":\"https:\\\/\\\/schema.org\",\"@graph\":[{\"@type\":\"WebPage\",\"@id\":\"https:\\\/\\\/shrimataji.org\\\/test\\\/es\\\/integracion-cultural\\\/\",\"url\":\"https:\\\/\\\/shrimataji.org\\\/test\\\/es\\\/integracion-cultural\\\/\",\"name\":\"Integraci\u00f3n Cultural - TEST - SMND\",\"isPartOf\":{\"@id\":\"https:\\\/\\\/shrimataji.org\\\/test\\\/#website\"},\"primaryImageOfPage\":{\"@id\":\"https:\\\/\\\/shrimataji.org\\\/test\\\/es\\\/integracion-cultural\\\/#primaryimage\"},\"image\":{\"@id\":\"https:\\\/\\\/shrimataji.org\\\/test\\\/es\\\/integracion-cultural\\\/#primaryimage\"},\"thumbnailUrl\":\"https:\\\/\\\/shrimataji.org\\\/test\\\/wp-content\\\/uploads\\\/2018\\\/07\\\/media_originals\\\/images\\\/headers-general\\\/mauli-art-by-graham-brown.jpg\",\"datePublished\":\"2018-07-10T06:54:42+00:00\",\"dateModified\":\"2026-03-11T23:49:03+00:00\",\"breadcrumb\":{\"@id\":\"https:\\\/\\\/shrimataji.org\\\/test\\\/es\\\/integracion-cultural\\\/#breadcrumb\"},\"inLanguage\":\"en-US\",\"potentialAction\":[{\"@type\":\"ReadAction\",\"target\":[\"https:\\\/\\\/shrimataji.org\\\/test\\\/es\\\/integracion-cultural\\\/\"]}]},{\"@type\":\"ImageObject\",\"inLanguage\":\"en-US\",\"@id\":\"https:\\\/\\\/shrimataji.org\\\/test\\\/es\\\/integracion-cultural\\\/#primaryimage\",\"url\":\"https:\\\/\\\/shrimataji.org\\\/test\\\/wp-content\\\/uploads\\\/2018\\\/07\\\/media_originals\\\/images\\\/headers-general\\\/mauli-art-by-graham-brown.jpg\",\"contentUrl\":\"https:\\\/\\\/shrimataji.org\\\/test\\\/wp-content\\\/uploads\\\/2018\\\/07\\\/media_originals\\\/images\\\/headers-general\\\/mauli-art-by-graham-brown.jpg\",\"width\":990,\"height\":350},{\"@type\":\"BreadcrumbList\",\"@id\":\"https:\\\/\\\/shrimataji.org\\\/test\\\/es\\\/integracion-cultural\\\/#breadcrumb\",\"itemListElement\":[{\"@type\":\"ListItem\",\"position\":1,\"name\":\"Home\",\"item\":\"https:\\\/\\\/shrimataji.org\\\/test\\\/uk\\\/home-en\\\/\"},{\"@type\":\"ListItem\",\"position\":2,\"name\":\"Integraci\u00f3n Cultural\"}]},{\"@type\":\"WebSite\",\"@id\":\"https:\\\/\\\/shrimataji.org\\\/test\\\/#website\",\"url\":\"https:\\\/\\\/shrimataji.org\\\/test\\\/\",\"name\":\"Shri Mataji Nirmala Devi\",\"description\":\"A Life Dedicated to Humanity\",\"publisher\":{\"@id\":\"https:\\\/\\\/shrimataji.org\\\/test\\\/#\\\/schema\\\/person\\\/a1b3419c6585f164aa96da1ff85715d1\"},\"potentialAction\":[{\"@type\":\"SearchAction\",\"target\":{\"@type\":\"EntryPoint\",\"urlTemplate\":\"https:\\\/\\\/shrimataji.org\\\/test\\\/?s={search_term_string}\"},\"query-input\":{\"@type\":\"PropertyValueSpecification\",\"valueRequired\":true,\"valueName\":\"search_term_string\"}}],\"inLanguage\":\"en-US\"},{\"@type\":[\"Person\",\"Organization\"],\"@id\":\"https:\\\/\\\/shrimataji.org\\\/test\\\/#\\\/schema\\\/person\\\/a1b3419c6585f164aa96da1ff85715d1\",\"name\":\"Nirmala Shrivastava\",\"image\":{\"@type\":\"ImageObject\",\"inLanguage\":\"en-US\",\"@id\":\"https:\\\/\\\/shrimataji.org\\\/test\\\/wp-content\\\/uploads\\\/2023\\\/02\\\/SMO_LOGO-03.svg\",\"url\":\"https:\\\/\\\/shrimataji.org\\\/test\\\/wp-content\\\/uploads\\\/2023\\\/02\\\/SMO_LOGO-03.svg\",\"contentUrl\":\"https:\\\/\\\/shrimataji.org\\\/test\\\/wp-content\\\/uploads\\\/2023\\\/02\\\/SMO_LOGO-03.svg\",\"width\":\"1024\",\"height\":\"1024\",\"caption\":\"Nirmala Shrivastava\"},\"logo\":{\"@id\":\"https:\\\/\\\/shrimataji.org\\\/test\\\/wp-content\\\/uploads\\\/2023\\\/02\\\/SMO_LOGO-03.svg\"},\"sameAs\":[\"https:\\\/\\\/shrimataji.org\\\/test\",\"https:\\\/\\\/www.facebook.com\\\/shrimataji\",\"https:\\\/\\\/x.com\\\/shrimataji\",\"https:\\\/\\\/www.youtube.com\\\/@Shri_Mataji_Nirmala_Devi\\\/featured\"]}]}<\/script>\n<!-- \/ Yoast SEO plugin. -->","yoast_head_json":{"title":"Integraci\u00f3n Cultural - TEST - SMND","robots":{"index":"noindex","follow":"follow","max-snippet":"max-snippet:-1","max-image-preview":"max-image-preview:large","max-video-preview":"max-video-preview:-1"},"og_locale":"en_US","og_type":"article","og_title":"Integraci\u00f3n Cultural - TEST - SMND","og_description":"Integraci\u00f3n cultural Hacia una civilizaci\u00f3n sostenible En seminarios, conferencias de prensa y en conferencias informales, Shri Mataji a menudo dijo que a lo largo de la historia profetas y santos hablaron de la necesidad de conocerse a uno mismo, de conocer su Esp\u00edritu. &#8220;Eso es lo que tenemos que hacer. Es desarrollar la religion de&hellip; Read more","og_url":"https:\/\/shrimataji.org\/test\/es\/integracion-cultural\/","og_site_name":"TEST - SMND","article_publisher":"https:\/\/www.facebook.com\/shrimataji","article_modified_time":"2026-03-11T23:49:03+00:00","og_image":[{"width":990,"height":350,"url":"https:\/\/shrimataji.org\/test\/wp-content\/uploads\/2018\/07\/media_originals\/images\/headers-general\/mauli-art-by-graham-brown.jpg","type":"image\/jpeg"}],"twitter_card":"summary_large_image","twitter_site":"@shrimataji","twitter_misc":{"Est. reading time":"3 minutes"},"schema":{"@context":"https:\/\/schema.org","@graph":[{"@type":"WebPage","@id":"https:\/\/shrimataji.org\/test\/es\/integracion-cultural\/","url":"https:\/\/shrimataji.org\/test\/es\/integracion-cultural\/","name":"Integraci\u00f3n Cultural - TEST - SMND","isPartOf":{"@id":"https:\/\/shrimataji.org\/test\/#website"},"primaryImageOfPage":{"@id":"https:\/\/shrimataji.org\/test\/es\/integracion-cultural\/#primaryimage"},"image":{"@id":"https:\/\/shrimataji.org\/test\/es\/integracion-cultural\/#primaryimage"},"thumbnailUrl":"https:\/\/shrimataji.org\/test\/wp-content\/uploads\/2018\/07\/media_originals\/images\/headers-general\/mauli-art-by-graham-brown.jpg","datePublished":"2018-07-10T06:54:42+00:00","dateModified":"2026-03-11T23:49:03+00:00","breadcrumb":{"@id":"https:\/\/shrimataji.org\/test\/es\/integracion-cultural\/#breadcrumb"},"inLanguage":"en-US","potentialAction":[{"@type":"ReadAction","target":["https:\/\/shrimataji.org\/test\/es\/integracion-cultural\/"]}]},{"@type":"ImageObject","inLanguage":"en-US","@id":"https:\/\/shrimataji.org\/test\/es\/integracion-cultural\/#primaryimage","url":"https:\/\/shrimataji.org\/test\/wp-content\/uploads\/2018\/07\/media_originals\/images\/headers-general\/mauli-art-by-graham-brown.jpg","contentUrl":"https:\/\/shrimataji.org\/test\/wp-content\/uploads\/2018\/07\/media_originals\/images\/headers-general\/mauli-art-by-graham-brown.jpg","width":990,"height":350},{"@type":"BreadcrumbList","@id":"https:\/\/shrimataji.org\/test\/es\/integracion-cultural\/#breadcrumb","itemListElement":[{"@type":"ListItem","position":1,"name":"Home","item":"https:\/\/shrimataji.org\/test\/uk\/home-en\/"},{"@type":"ListItem","position":2,"name":"Integraci\u00f3n Cultural"}]},{"@type":"WebSite","@id":"https:\/\/shrimataji.org\/test\/#website","url":"https:\/\/shrimataji.org\/test\/","name":"Shri Mataji Nirmala Devi","description":"A Life Dedicated to Humanity","publisher":{"@id":"https:\/\/shrimataji.org\/test\/#\/schema\/person\/a1b3419c6585f164aa96da1ff85715d1"},"potentialAction":[{"@type":"SearchAction","target":{"@type":"EntryPoint","urlTemplate":"https:\/\/shrimataji.org\/test\/?s={search_term_string}"},"query-input":{"@type":"PropertyValueSpecification","valueRequired":true,"valueName":"search_term_string"}}],"inLanguage":"en-US"},{"@type":["Person","Organization"],"@id":"https:\/\/shrimataji.org\/test\/#\/schema\/person\/a1b3419c6585f164aa96da1ff85715d1","name":"Nirmala Shrivastava","image":{"@type":"ImageObject","inLanguage":"en-US","@id":"https:\/\/shrimataji.org\/test\/wp-content\/uploads\/2023\/02\/SMO_LOGO-03.svg","url":"https:\/\/shrimataji.org\/test\/wp-content\/uploads\/2023\/02\/SMO_LOGO-03.svg","contentUrl":"https:\/\/shrimataji.org\/test\/wp-content\/uploads\/2023\/02\/SMO_LOGO-03.svg","width":"1024","height":"1024","caption":"Nirmala Shrivastava"},"logo":{"@id":"https:\/\/shrimataji.org\/test\/wp-content\/uploads\/2023\/02\/SMO_LOGO-03.svg"},"sameAs":["https:\/\/shrimataji.org\/test","https:\/\/www.facebook.com\/shrimataji","https:\/\/x.com\/shrimataji","https:\/\/www.youtube.com\/@Shri_Mataji_Nirmala_Devi\/featured"]}]}},"lang":"es","translations":{"es":10927,"ur":37409,"en":405,"am":17980,"th":19914,"hu":19455,"sq":18381,"zh":17278,"tr":10147,"pt":10360,"de":10634,"fr":10732,"it":10830,"ja":11224,"ru":11412,"bn":11604,"te":11712,"sw":11835,"he":11983,"el":12274,"sk":12372,"fa":12470,"fi":12568,"bg":13481,"ro":14553,"cs":14746,"nl":16541,"ku":16701,"ar":16877,"be":18588,"kn":18862,"mr":20278,"uk":20570,"ml":20869,"ta":22696,"sv":22969,"gu":28817,"pa":28975,"fil":29415,"da":37723,"pl":37940,"nn":38275},"pll_sync_post":{},"_links":{"self":[{"href":"https:\/\/shrimataji.org\/test\/wp-json\/wp\/v2\/pages\/10927","targetHints":{"allow":["GET"]}}],"collection":[{"href":"https:\/\/shrimataji.org\/test\/wp-json\/wp\/v2\/pages"}],"about":[{"href":"https:\/\/shrimataji.org\/test\/wp-json\/wp\/v2\/types\/page"}],"author":[{"embeddable":true,"href":"https:\/\/shrimataji.org\/test\/wp-json\/wp\/v2\/users\/63"}],"replies":[{"embeddable":true,"href":"https:\/\/shrimataji.org\/test\/wp-json\/wp\/v2\/comments?post=10927"}],"version-history":[{"count":0,"href":"https:\/\/shrimataji.org\/test\/wp-json\/wp\/v2\/pages\/10927\/revisions"}],"wp:featuredmedia":[{"embeddable":true,"href":"https:\/\/shrimataji.org\/test\/wp-json\/wp\/v2\/media\/138"}],"wp:attachment":[{"href":"https:\/\/shrimataji.org\/test\/wp-json\/wp\/v2\/media?parent=10927"}],"curies":[{"name":"wp","href":"https:\/\/api.w.org\/{rel}","templated":true}]}}