{"id":10928,"date":"2023-02-20T03:40:29","date_gmt":"2023-02-20T03:40:29","guid":{"rendered":"https:\/\/shrimataji.org\/test\/?page_id=8414"},"modified":"2026-03-11T23:49:03","modified_gmt":"2026-03-11T23:49:03","slug":"infancia","status":"publish","type":"page","link":"https:\/\/shrimataji.org\/test\/es\/infancia\/","title":{"rendered":"Infancia"},"content":{"rendered":"\n\n\t<h1>Infancia<\/h1>\n<h2><b>Del movimiento masivo de liberaci\u00f3n de Gandhi a la era de la realizaci\u00f3n del ser en masa<\/b><\/h2>\n\t<p>Mahatma Gandhi dej\u00f3 una impresi\u00f3n duradera en todos los que lo conocieron, incluida una ni\u00f1a que sol\u00eda quedarse en su ashram. Esta peque\u00f1a ni\u00f1a era Shri Mataji, a quien \u00e9l apod\u00f3 como &#8220;Nepali&#8221; debido a sus rasgos nepaleses.<\/p>\n<p>Desde los siete a\u00f1os, Shri Mataji pas\u00f3 largo tiempo con Gandhi en su ashram. &#8220;Se sentaba conmigo, muy serio, me hac\u00eda preguntas de una manera muy dulce&#8221;, recordaba Shri Mataji, quien a menudo lo acompa\u00f1aba durante los paseos matutinos antes de las oraciones colectivas.<\/p>\n\t\t\t\t<img decoding=\"async\" src=\"https:\/\/shrimataji.org\/test\/wp-content\/uploads\/2018\/07\/media_originals\/images\/shri-mataji-and-family\/shri-mataji-as-a-young-child.jpg\" alt=\"shri-mataji-as-a-young-child\" itemprop=\"image\" height=\"407\" width=\"640\" title=\"shri-mataji-as-a-young-child\" onerror=\"this.style.display='none'\" loading='lazy' \/>\n\t<p>&#8220;Era un maestro tremendamente estricto, pero tambi\u00e9n una persona extremadamente amorosa y compasiva&#8221;,\u00a0 contaba Shri Mataji. &#8220;Siempre sol\u00eda hablarme de una forma como si yo fuera una abuela y sol\u00eda discutir cosas conmigo, de una manera, como si yo fuera m\u00e1s sabia que todos, sorprendiendo a los dem\u00e1s. \u00c9l dec\u00eda que los consejos pueden ser mejores cuando vienen de algunos ni\u00f1os, en lugar de las personas mayores&#8221;.<\/p>\n<p>Posteriormente, Shri Mataji elogiar\u00eda a Gandhi por establecer la base para el dharma, la religi\u00f3n interna o la rectitud, en su pa\u00eds. \u00c9l animaba a las personas a explorar la Biblia, a entender el Bhagavad Gita, a conocer todas las grandes escrituras, las grandes personalidades del mundo y a comprenderlos de una manera integrada.<\/p>\n<p>Durante sus conversaciones con Gandhi, no s\u00f3lo explor\u00f3 la naturaleza inherente de la personalidad humana, sino tambi\u00e9n las formas y los medios para lograr la liberaci\u00f3n social y espiritual. Cuando se le pregunt\u00f3 sobre la experiencia con Gandhi, Shri Mataji relat\u00f3 una de sus charlas, Gandhi era estricto con su rutina y ten\u00eda a las personas despiertas a las 4 a.m., ayunaba, y Shri Mataji le dijo: &#8216;Eres muy estricto&#8230;, \u00bfno es demasiado?&#8221;<\/p>\n<p>Gandhi explic\u00f3 que era necesario tener una disciplina estricta durante los tiempos de emergencia, cuando el impulso del pa\u00eds por la libertad estaba ganando velocidad.<\/p>\n<p>A esto Shri Mataji sugiri\u00f3, &#8220;Bapu, si quieres disciplinar a las personas, \u00bfpor qu\u00e9 no darles una disciplina interior?&#8221;<\/p>\n<p>Gandhi pregunt\u00f3 c\u00f3mo ser\u00eda posible. Ella le asegur\u00f3 que la transformaci\u00f3n interior era la respuesta. Pero \u00e9l coment\u00f3, &#8220;en primer lugar, debemos liberarnos (del dominio brit\u00e1nico). Si no somos libres, \u00bfqu\u00e9 podremos disfrutar? A\u00fan no podemos hablar de esto. Las personas dir\u00e1n que no somos libres, \u00bfc\u00f3mo podemos hablar de la libertad del Esp\u00edritu? Primero debemos ser libres de la dominaci\u00f3n extranjera.&#8221;<\/p>\n<p>En los a\u00f1os siguientes, el mensaje de Gandhi se extendi\u00f3 masivamente, desde agricultores analfabetos hasta las clases m\u00e1s privilegiadas y los miembros m\u00e1s educados de la sociedad. Shri Mataji tambi\u00e9n tom\u00f3 parte en la lucha por la libertad, estableciendo un ejemplo a seguir para otros estudiantes universitarios.<\/p>\n<p>En 1947, India finalmente se convirti\u00f3 en una naci\u00f3n libre. Hab\u00edan pasado muchos a\u00f1os desde las discusiones de la infancia de Shri Mataji con Gandhi, pero poco antes de sus \u00faltimos d\u00edas, \u00e9l pidi\u00f3 verla. &#8220;Lo conoc\u00ed, e inmediatamente me reconoci\u00f3&#8221;, recordaba Shri Mataji. Me dijo: &#8220;encu\u00e9ntrame despu\u00e9s de la oraci\u00f3n&#8221;. Cuando lo encontr\u00e9, dijo: &#8220;Ahora ded\u00edcate al trabajo constructivo&#8230;, ded\u00edcate al trabajo constructivo&#8230;&#8221;.<\/p>\n<p>Shri Mataji continu\u00f3 estudiando los diversos problemas que enfrentan los seres humanos as\u00ed como sus posibles soluciones. Pasar\u00edan muchos a\u00f1os antes de que iniciara su trabajo transformativo a trav\u00e9s de Sahaja Yoga. As\u00ed como Gandhi hab\u00eda movido a las masas y guiado a su pa\u00eds hacia la libertad, el trabajo de Shri Mataji transformar\u00eda no s\u00f3lo a pocas personas sino a cientos de miles alrededor del mundo. El tiempo para la libertad interior hab\u00eda llegado.<\/p>\n\t\t<img decoding=\"async\" data-spai-excluded=\"true\" loading=\"lazy\"  alt=\"YouTube player\"  src=\"https:\/\/i.ytimg.com\/vi\/R3BuPaDgo4c\/maxresdefault.jpg\"  \/><button aria-label=\"Play\"><\/button><meta itemprop=\"embedUrl\" content=\"https:\/\/www.youtube.com\/embed\/R3BuPaDgo4c\"\/><meta itemprop=\"name\" content=\"Her Studies, Indian Independence, Gandhi\"\/><meta itemprop=\"description\" content=\"Shri Mataji describes her childhood and remarkable father who took her, aged 7, to meet Mahatma Gandhi. Recognizing her spiritual depths he asked the little girl to stay at his ashram and often consulted her on profound matters. She and her family were deeply committed to the freedom movement and endured great hardships. After Independence her father was the only Christian to be elected to the Central Assembly. Shri Mataji studied medicine and married Sir C.P. Srivastava. More videos at: http:\/\/ShriMataji.org ~ A Life Dedicated to Humanity ~\"\/><meta itemprop=\"thumbnailUrl\" content=\"https:\/\/i.ytimg.com\/vi\/R3BuPaDgo4c\/0.jpg\"\/><meta itemprop=\"duration\" content=\"PT6M33S\"\/><meta itemprop=\"uploadDate\" content=\"2020-07-19T23:59:15Z\"\/>\t\n\t<div class=\"su-quote su-quote-style-default\"><div class=\"su-quote-inner su-u-clearfix su-u-trim\">&#8220;Un l\u00edder pol\u00edtico no necesita preocuparse por el Esp\u00edritu y la religi\u00f3n, pero \u00e9l consideraba a nuestro pa\u00eds como la tierra del yoga. La principal contribuci\u00f3n de Gandhi fue establecer un equilibrio en la gente y hacerla m\u00e1s india, eliminando la mentalidad servil que se hab\u00eda infiltrado en todos nosotros.&#8221;<\/div><\/div>\n\t\t\t\t<img decoding=\"async\" src=\"https:\/\/shrimataji.org\/test\/wp-content\/uploads\/2025\/07\/Spa_Chhindwara_Final-1920x516-1.jpg\" alt=\"Santuario del lugar de nacimiento de Su Santidad Shri Mataji Nirmala Devi, Chhindwara, India.\" itemprop=\"image\" height=\"516\" width=\"1920\" title=\"Spa_Chhindwara_Final-1920x516-1\" onerror=\"this.style.display='none'\" loading='lazy' \/>\n\t\tSantuario del lugar de nacimiento de Su Santidad Shri Mataji Nirmala Devi, Chhindwara, India.\n\n","protected":false},"excerpt":{"rendered":"<p>Infancia Del movimiento masivo de liberaci\u00f3n de Gandhi a la era de la realizaci\u00f3n del ser en masa Mahatma Gandhi dej\u00f3 una impresi\u00f3n duradera en todos los que lo conocieron, incluida una ni\u00f1a que sol\u00eda quedarse en su ashram. Esta peque\u00f1a ni\u00f1a era Shri Mataji, a quien \u00e9l apod\u00f3 como &#8220;Nepali&#8221; debido a sus rasgos&hellip; <br \/> <a class=\"read-more\" href=\"https:\/\/shrimataji.org\/test\/es\/infancia\/\">Read more<\/a><\/p>\n","protected":false},"author":63,"featured_media":9507,"parent":0,"menu_order":0,"comment_status":"closed","ping_status":"closed","template":"","meta":{"inline_featured_image":false,"footnotes":""},"class_list":["post-10928","page","type-page","status-publish","has-post-thumbnail","hentry"],"yoast_head":"<!-- This site is optimized with the Yoast SEO plugin v27.4 - https:\/\/yoast.com\/product\/yoast-seo-wordpress\/ -->\n<title>Infancia - TEST - SMND<\/title>\n<meta name=\"robots\" content=\"noindex, follow, max-snippet:-1, max-image-preview:large, max-video-preview:-1\" \/>\n<meta property=\"og:locale\" content=\"en_US\" \/>\n<meta property=\"og:type\" content=\"article\" \/>\n<meta property=\"og:title\" content=\"Infancia - TEST - SMND\" \/>\n<meta property=\"og:description\" content=\"Infancia Del movimiento masivo de liberaci\u00f3n de Gandhi a la era de la realizaci\u00f3n del ser en masa Mahatma Gandhi dej\u00f3 una impresi\u00f3n duradera en todos los que lo conocieron, incluida una ni\u00f1a que sol\u00eda quedarse en su ashram. Esta peque\u00f1a ni\u00f1a era Shri Mataji, a quien \u00e9l apod\u00f3 como &#8220;Nepali&#8221; debido a sus rasgos&hellip; Read more\" \/>\n<meta property=\"og:url\" content=\"https:\/\/shrimataji.org\/test\/es\/infancia\/\" \/>\n<meta property=\"og:site_name\" content=\"TEST - SMND\" \/>\n<meta property=\"article:publisher\" content=\"https:\/\/www.facebook.com\/shrimataji\" \/>\n<meta property=\"article:modified_time\" content=\"2026-03-11T23:49:03+00:00\" \/>\n<meta property=\"og:image\" content=\"https:\/\/shrimataji.org\/test\/wp-content\/uploads\/2023\/03\/1_Banner_EarlyLife-scaled.jpg\" \/>\n\t<meta property=\"og:image:width\" content=\"2560\" \/>\n\t<meta property=\"og:image:height\" content=\"905\" \/>\n\t<meta property=\"og:image:type\" content=\"image\/jpeg\" \/>\n<meta name=\"twitter:card\" content=\"summary_large_image\" \/>\n<meta name=\"twitter:site\" content=\"@shrimataji\" \/>\n<meta name=\"twitter:label1\" content=\"Est. reading time\" \/>\n\t<meta name=\"twitter:data1\" content=\"4 minutes\" \/>\n<script type=\"application\/ld+json\" class=\"yoast-schema-graph\">{\"@context\":\"https:\\\/\\\/schema.org\",\"@graph\":[{\"@type\":\"WebPage\",\"@id\":\"https:\\\/\\\/shrimataji.org\\\/test\\\/es\\\/infancia\\\/\",\"url\":\"https:\\\/\\\/shrimataji.org\\\/test\\\/es\\\/infancia\\\/\",\"name\":\"Infancia - TEST - SMND\",\"isPartOf\":{\"@id\":\"https:\\\/\\\/shrimataji.org\\\/test\\\/#website\"},\"primaryImageOfPage\":{\"@id\":\"https:\\\/\\\/shrimataji.org\\\/test\\\/es\\\/infancia\\\/#primaryimage\"},\"image\":{\"@id\":\"https:\\\/\\\/shrimataji.org\\\/test\\\/es\\\/infancia\\\/#primaryimage\"},\"thumbnailUrl\":\"https:\\\/\\\/shrimataji.org\\\/test\\\/wp-content\\\/uploads\\\/2023\\\/03\\\/1_Banner_EarlyLife-scaled.jpg\",\"datePublished\":\"2023-02-20T03:40:29+00:00\",\"dateModified\":\"2026-03-11T23:49:03+00:00\",\"breadcrumb\":{\"@id\":\"https:\\\/\\\/shrimataji.org\\\/test\\\/es\\\/infancia\\\/#breadcrumb\"},\"inLanguage\":\"en-US\",\"potentialAction\":[{\"@type\":\"ReadAction\",\"target\":[\"https:\\\/\\\/shrimataji.org\\\/test\\\/es\\\/infancia\\\/\"]}]},{\"@type\":\"ImageObject\",\"inLanguage\":\"en-US\",\"@id\":\"https:\\\/\\\/shrimataji.org\\\/test\\\/es\\\/infancia\\\/#primaryimage\",\"url\":\"https:\\\/\\\/shrimataji.org\\\/test\\\/wp-content\\\/uploads\\\/2023\\\/03\\\/1_Banner_EarlyLife-scaled.jpg\",\"contentUrl\":\"https:\\\/\\\/shrimataji.org\\\/test\\\/wp-content\\\/uploads\\\/2023\\\/03\\\/1_Banner_EarlyLife-scaled.jpg\",\"width\":2560,\"height\":905},{\"@type\":\"BreadcrumbList\",\"@id\":\"https:\\\/\\\/shrimataji.org\\\/test\\\/es\\\/infancia\\\/#breadcrumb\",\"itemListElement\":[{\"@type\":\"ListItem\",\"position\":1,\"name\":\"Home\",\"item\":\"https:\\\/\\\/shrimataji.org\\\/test\\\/uk\\\/home-en\\\/\"},{\"@type\":\"ListItem\",\"position\":2,\"name\":\"Infancia\"}]},{\"@type\":\"WebSite\",\"@id\":\"https:\\\/\\\/shrimataji.org\\\/test\\\/#website\",\"url\":\"https:\\\/\\\/shrimataji.org\\\/test\\\/\",\"name\":\"Shri Mataji Nirmala Devi\",\"description\":\"A Life Dedicated to Humanity\",\"publisher\":{\"@id\":\"https:\\\/\\\/shrimataji.org\\\/test\\\/#\\\/schema\\\/person\\\/a1b3419c6585f164aa96da1ff85715d1\"},\"potentialAction\":[{\"@type\":\"SearchAction\",\"target\":{\"@type\":\"EntryPoint\",\"urlTemplate\":\"https:\\\/\\\/shrimataji.org\\\/test\\\/?s={search_term_string}\"},\"query-input\":{\"@type\":\"PropertyValueSpecification\",\"valueRequired\":true,\"valueName\":\"search_term_string\"}}],\"inLanguage\":\"en-US\"},{\"@type\":[\"Person\",\"Organization\"],\"@id\":\"https:\\\/\\\/shrimataji.org\\\/test\\\/#\\\/schema\\\/person\\\/a1b3419c6585f164aa96da1ff85715d1\",\"name\":\"Nirmala Shrivastava\",\"image\":{\"@type\":\"ImageObject\",\"inLanguage\":\"en-US\",\"@id\":\"https:\\\/\\\/shrimataji.org\\\/test\\\/wp-content\\\/uploads\\\/2023\\\/02\\\/SMO_LOGO-03.svg\",\"url\":\"https:\\\/\\\/shrimataji.org\\\/test\\\/wp-content\\\/uploads\\\/2023\\\/02\\\/SMO_LOGO-03.svg\",\"contentUrl\":\"https:\\\/\\\/shrimataji.org\\\/test\\\/wp-content\\\/uploads\\\/2023\\\/02\\\/SMO_LOGO-03.svg\",\"width\":\"1024\",\"height\":\"1024\",\"caption\":\"Nirmala Shrivastava\"},\"logo\":{\"@id\":\"https:\\\/\\\/shrimataji.org\\\/test\\\/wp-content\\\/uploads\\\/2023\\\/02\\\/SMO_LOGO-03.svg\"},\"sameAs\":[\"https:\\\/\\\/shrimataji.org\\\/test\",\"https:\\\/\\\/www.facebook.com\\\/shrimataji\",\"https:\\\/\\\/x.com\\\/shrimataji\",\"https:\\\/\\\/www.youtube.com\\\/@Shri_Mataji_Nirmala_Devi\\\/featured\"]}]}<\/script>\n<!-- \/ Yoast SEO plugin. -->","yoast_head_json":{"title":"Infancia - TEST - SMND","robots":{"index":"noindex","follow":"follow","max-snippet":"max-snippet:-1","max-image-preview":"max-image-preview:large","max-video-preview":"max-video-preview:-1"},"og_locale":"en_US","og_type":"article","og_title":"Infancia - TEST - SMND","og_description":"Infancia Del movimiento masivo de liberaci\u00f3n de Gandhi a la era de la realizaci\u00f3n del ser en masa Mahatma Gandhi dej\u00f3 una impresi\u00f3n duradera en todos los que lo conocieron, incluida una ni\u00f1a que sol\u00eda quedarse en su ashram. Esta peque\u00f1a ni\u00f1a era Shri Mataji, a quien \u00e9l apod\u00f3 como &#8220;Nepali&#8221; debido a sus rasgos&hellip; Read more","og_url":"https:\/\/shrimataji.org\/test\/es\/infancia\/","og_site_name":"TEST - SMND","article_publisher":"https:\/\/www.facebook.com\/shrimataji","article_modified_time":"2026-03-11T23:49:03+00:00","og_image":[{"width":2560,"height":905,"url":"https:\/\/shrimataji.org\/test\/wp-content\/uploads\/2023\/03\/1_Banner_EarlyLife-scaled.jpg","type":"image\/jpeg"}],"twitter_card":"summary_large_image","twitter_site":"@shrimataji","twitter_misc":{"Est. reading time":"4 minutes"},"schema":{"@context":"https:\/\/schema.org","@graph":[{"@type":"WebPage","@id":"https:\/\/shrimataji.org\/test\/es\/infancia\/","url":"https:\/\/shrimataji.org\/test\/es\/infancia\/","name":"Infancia - TEST - SMND","isPartOf":{"@id":"https:\/\/shrimataji.org\/test\/#website"},"primaryImageOfPage":{"@id":"https:\/\/shrimataji.org\/test\/es\/infancia\/#primaryimage"},"image":{"@id":"https:\/\/shrimataji.org\/test\/es\/infancia\/#primaryimage"},"thumbnailUrl":"https:\/\/shrimataji.org\/test\/wp-content\/uploads\/2023\/03\/1_Banner_EarlyLife-scaled.jpg","datePublished":"2023-02-20T03:40:29+00:00","dateModified":"2026-03-11T23:49:03+00:00","breadcrumb":{"@id":"https:\/\/shrimataji.org\/test\/es\/infancia\/#breadcrumb"},"inLanguage":"en-US","potentialAction":[{"@type":"ReadAction","target":["https:\/\/shrimataji.org\/test\/es\/infancia\/"]}]},{"@type":"ImageObject","inLanguage":"en-US","@id":"https:\/\/shrimataji.org\/test\/es\/infancia\/#primaryimage","url":"https:\/\/shrimataji.org\/test\/wp-content\/uploads\/2023\/03\/1_Banner_EarlyLife-scaled.jpg","contentUrl":"https:\/\/shrimataji.org\/test\/wp-content\/uploads\/2023\/03\/1_Banner_EarlyLife-scaled.jpg","width":2560,"height":905},{"@type":"BreadcrumbList","@id":"https:\/\/shrimataji.org\/test\/es\/infancia\/#breadcrumb","itemListElement":[{"@type":"ListItem","position":1,"name":"Home","item":"https:\/\/shrimataji.org\/test\/uk\/home-en\/"},{"@type":"ListItem","position":2,"name":"Infancia"}]},{"@type":"WebSite","@id":"https:\/\/shrimataji.org\/test\/#website","url":"https:\/\/shrimataji.org\/test\/","name":"Shri Mataji Nirmala Devi","description":"A Life Dedicated to Humanity","publisher":{"@id":"https:\/\/shrimataji.org\/test\/#\/schema\/person\/a1b3419c6585f164aa96da1ff85715d1"},"potentialAction":[{"@type":"SearchAction","target":{"@type":"EntryPoint","urlTemplate":"https:\/\/shrimataji.org\/test\/?s={search_term_string}"},"query-input":{"@type":"PropertyValueSpecification","valueRequired":true,"valueName":"search_term_string"}}],"inLanguage":"en-US"},{"@type":["Person","Organization"],"@id":"https:\/\/shrimataji.org\/test\/#\/schema\/person\/a1b3419c6585f164aa96da1ff85715d1","name":"Nirmala Shrivastava","image":{"@type":"ImageObject","inLanguage":"en-US","@id":"https:\/\/shrimataji.org\/test\/wp-content\/uploads\/2023\/02\/SMO_LOGO-03.svg","url":"https:\/\/shrimataji.org\/test\/wp-content\/uploads\/2023\/02\/SMO_LOGO-03.svg","contentUrl":"https:\/\/shrimataji.org\/test\/wp-content\/uploads\/2023\/02\/SMO_LOGO-03.svg","width":"1024","height":"1024","caption":"Nirmala Shrivastava"},"logo":{"@id":"https:\/\/shrimataji.org\/test\/wp-content\/uploads\/2023\/02\/SMO_LOGO-03.svg"},"sameAs":["https:\/\/shrimataji.org\/test","https:\/\/www.facebook.com\/shrimataji","https:\/\/x.com\/shrimataji","https:\/\/www.youtube.com\/@Shri_Mataji_Nirmala_Devi\/featured"]}]}},"lang":"es","translations":{"es":10928,"ur":37411,"en":8414,"am":18348,"th":19917,"hu":19457,"sq":18383,"zh":17280,"hi":8389,"tr":10148,"pt":10361,"de":10635,"fr":10733,"it":10831,"ja":11225,"ru":11413,"bn":11605,"te":11713,"sw":11836,"he":11984,"el":12275,"sk":12373,"fa":12471,"fi":12569,"bg":13361,"ro":14435,"cs":14628,"nl":16543,"ku":16703,"ar":16879,"be":18590,"kn":18864,"mr":20281,"uk":20573,"ml":20872,"ta":22698,"sv":22971,"gu":28819,"pa":28977,"fil":29417,"da":37725,"pl":37942,"nn":38277},"pll_sync_post":[],"_links":{"self":[{"href":"https:\/\/shrimataji.org\/test\/wp-json\/wp\/v2\/pages\/10928","targetHints":{"allow":["GET"]}}],"collection":[{"href":"https:\/\/shrimataji.org\/test\/wp-json\/wp\/v2\/pages"}],"about":[{"href":"https:\/\/shrimataji.org\/test\/wp-json\/wp\/v2\/types\/page"}],"author":[{"embeddable":true,"href":"https:\/\/shrimataji.org\/test\/wp-json\/wp\/v2\/users\/63"}],"replies":[{"embeddable":true,"href":"https:\/\/shrimataji.org\/test\/wp-json\/wp\/v2\/comments?post=10928"}],"version-history":[{"count":0,"href":"https:\/\/shrimataji.org\/test\/wp-json\/wp\/v2\/pages\/10928\/revisions"}],"wp:featuredmedia":[{"embeddable":true,"href":"https:\/\/shrimataji.org\/test\/wp-json\/wp\/v2\/media\/9507"}],"wp:attachment":[{"href":"https:\/\/shrimataji.org\/test\/wp-json\/wp\/v2\/media?parent=10928"}],"curies":[{"name":"wp","href":"https:\/\/api.w.org\/{rel}","templated":true}]}}