{"id":10932,"date":"2017-09-02T04:00:00","date_gmt":"2017-09-02T04:00:00","guid":{"rendered":"http:\/\/testwordpress.nirmalnagari.org\/smnd\/index.php\/enlightening-encounters\/"},"modified":"2026-03-11T23:49:02","modified_gmt":"2026-03-11T23:49:02","slug":"encuentros-reveladores","status":"publish","type":"page","link":"https:\/\/shrimataji.org\/test\/es\/encuentros-reveladores\/","title":{"rendered":"Encuentros Reveladores"},"content":{"rendered":"\n\n\t<h1>Encuentros Reveladores<\/h1>\n<h2>Su inmensurable empat\u00eda y amor por la humanidad<\/h2>\n\t<h4>Cuando un periodista en Inglaterra le pregunt\u00f3 una vez: &#8220;\u00bfHa tenido alguna desilusi\u00f3n?&#8221;, Shri Mataji respondi\u00f3: &#8220;\u00a1Ni ilusiones ni desilusiones!&#8221;. Las risas que siguieron caracterizaron muchas conversaciones con Shri Mataji, que pod\u00edan ser divertidas, originales y, a menudo, sorprendentes.<\/h4>\n<p>Shri Mataji ten\u00eda la capacidad de desvelar conexiones entre temas que la mayor\u00eda de la gente no habr\u00eda visto, y esto hac\u00eda que sus charlas e historias fueran cautivadoras, fascinantes e inolvidables. Shri Mataji imparti\u00f3 miles de charlas de este tipo, siempre instructivas y esclarecedoras. Su pasaporte med\u00eda casi dos cent\u00edmetros y medio de grosor y llevaba el sello de los numerosos lugares que visit\u00f3 mientras recorr\u00eda el mundo con una \u00fanica intenci\u00f3n: llegar al mayor n\u00famero posible de personas y dar la autorrealizaci\u00f3n.<\/p>\n<p>En efecto, conoci\u00f3 a miles de personas, pero no en una sucesi\u00f3n de breves saludos y despedidas. Al conectar con la persona que ten\u00eda delante, ya fuera una persona experimentada y exitosa o un humilde aldeano, Shri Mataji profundizaba en su ser interior, porque para ella todos importaban, todos ten\u00edan ese potencial.<\/p>\n<p>Fue este potencial lo que inspir\u00f3 a Shri Mataji a realizar su trabajo. La capacidad de cada persona para convertirse en el Esp\u00edritu, para conectarse, para alcanzar la Autorrealizaci\u00f3n. Algunos reconocieron a Shri Mataji, otros simplemente no. Depend\u00eda del estado de cada individuo y de la condici\u00f3n de su ser interior, m\u00e1s que de qui\u00e9n era ella. Algunos la vieron, la percibieron, se acercaron, otros se alejaron&#8230;<\/p>\n\t<p>\u00bfY qui\u00e9n era Shri Mataji? \u00bfQu\u00e9 era Shri Mataji?<\/p>\n<p>Shri Mataji era un gur\u00fa. \u00bfY qu\u00e9 es un gur\u00fa? La palabra gur\u00fa tiene un significado muy espec\u00edfico: Gu = ignorancia. Ru = disipador. Por lo tanto, un gur\u00fa deber\u00eda ser capaz de eliminar la ignorancia espiritual y la ilusi\u00f3n que envuelven la condici\u00f3n humana.<\/p>\n<p>Entre quienes se acercaron, muchos sintieron que Shri Mataji era lo aut\u00e9ntico, la soluci\u00f3n completa, el <em>axis mundi<\/em> (el eje del mundo). Una Madre Divina. De alguna manera, ten\u00eda una habilidad, una capacidad innata para ayudar a las personas a resolver sus propios problemas. Su magia era como la de un amoroso jardinero que germina las semillas que dar\u00e1n lugar al florecimiento y la maduraci\u00f3n de una persona.<\/p>\n\t<h5>&#8220;La sabidur\u00eda es radiante y no se marchita,\n<p>f\u00e1cilmente la reconocen quienes la aman,<\/p>\n<p>y la encuentran quienes la buscan.<\/p>\n<p>Se apresura a darse a conocer a quienes la desean.<\/p>\n<p>&#8230;va buscando a quienes la merecen,<\/p>\ny se les aparece con gracia en su camino.&#8221;<\/h5>\n<h5>La sabidur\u00eda de Salom\u00f3n, cap. 6, vers\u00edculos 12-17<\/h5>\n\t<p>Sin embargo, su mensaje era firme: \u00abConvi\u00e9rtete en tu propio Gur\u00fa, convi\u00e9rtete en el Esp\u00edritu\u00bb, y eso a veces result\u00f3 un poco m\u00e1s dif\u00edcil. Requer\u00eda determinaci\u00f3n y disciplina.<\/p>\n<p>Una atenci\u00f3n d\u00e9bil y dispersa, la confusi\u00f3n, la pereza, la baja autoestima y un sinn\u00famero de otros problemas obstaculizar\u00edan la capacidad y la determinaci\u00f3n de cada individuo para trabajar en s\u00ed mismo, para cuidarse y para desarrollar plenamente su potencial.<\/p>\n<p>En este proceso, Shri Mataji, como Gur\u00fa, pod\u00eda parecer feroz como un tigre, imponente de contemplar, y, sin embargo, como madre, pod\u00eda ser gentil, paciente y consoladora. Con una actitud maternal, se esforzaba por inspirar y elevar a las personas; incluso cuando las ve\u00eda tambalearse, estaba dispuesta a extenderles la mano y guiarlas de nuevo hacia su camino.<\/p>\n<p>Cuando estabas bajo su atenci\u00f3n, te sent\u00edas como si estuvieras en manos de la evoluci\u00f3n misma. Su sonrisa serv\u00eda de consuelo y redenci\u00f3n. Su voz ofrec\u00eda protecci\u00f3n y consejo. La decisi\u00f3n de escuchar o no sus palabras resid\u00eda solamente en el coraz\u00f3n de cada uno. Con distintos niveles de percepci\u00f3n, cada persona experimentaba a Shri Mataji de forma \u00fanica.<\/p>\n\t<p>Su delicadeza en el trato con la gente era inmensa. Con una precisi\u00f3n milim\u00e9trica, pod\u00eda captar r\u00e1pidamente la situaci\u00f3n, penetrando con su atenci\u00f3n, para escuchar lo que se dec\u00eda y tambi\u00e9n lo que no.<\/p>\n\t<p>Su risa era contagiosa, su capacidad de observar simplemente (ser testigo) era impresionante, y su disfrute de los altibajos de la vida, liberador. Todos los recuerdos que la gente tiene de Shri Mataji reflejan el mismo sentimiento: una sensaci\u00f3n de privilegio, buena fortuna o suerte divina por haberla conocido a Ella y sus ense\u00f1anzas.<\/p>\n<p>El mensaje de conocimiento y sabidur\u00eda de Shri Mataji sigue siendo el mismo e inalterado, como ella dijo:<\/p>\n&#8220;Me inclino ante todos los buscadores de la verdad&#8221;<br \/>\n&#8220;T\u00fa eres el Esp\u00edritu&#8221;<br \/>\n&#8220;Dentro de ti reside un poder&#8221;<br \/>\n&#8220;Convi\u00e9rtete en tu propio gur\u00fa&#8221;<br \/>\n&#8220;\u00a1Disfrutar!&#8221;<br \/>\n&#8220;Puedes alcanzar la Realizaci\u00f3n del Ser. Puedes sentir una brisa fresca en las palmas de las manos y sobre la cabeza&#8221;.\n<p>El mensaje esencial nunca ha cambiado. La \u00fanica pregunta es: \u00bfcu\u00e1ntos lo escuchar\u00e1n y aprovechar\u00e1n la oportunidad de descubrir su verdadero yo?<\/p>\n<p>El legado de Shri Mataji permanece en aquellos que escucharon su mensaje, tomaron en serio su don y disfrutaron y difundieron Sahaja Yoga.<\/p>\n<p>Su esencia se siente en la brisa fresca que nos recorre las manos y la cabeza. Su gracia nos ablanda el coraz\u00f3n y el amor divino resuena en nuestro ser.<\/p>\n\n","protected":false},"excerpt":{"rendered":"<p>Encuentros Reveladores Su inmensurable empat\u00eda y amor por la humanidad Cuando un periodista en Inglaterra le pregunt\u00f3 una vez: &#8220;\u00bfHa tenido alguna desilusi\u00f3n?&#8221;, Shri Mataji respondi\u00f3: &#8220;\u00a1Ni ilusiones ni desilusiones!&#8221;. Las risas que siguieron caracterizaron muchas conversaciones con Shri Mataji, que pod\u00edan ser divertidas, originales y, a menudo, sorprendentes. Shri Mataji ten\u00eda la capacidad de&hellip; <br \/> <a class=\"read-more\" href=\"https:\/\/shrimataji.org\/test\/es\/encuentros-reveladores\/\">Read more<\/a><\/p>\n","protected":false},"author":63,"featured_media":159,"parent":0,"menu_order":0,"comment_status":"closed","ping_status":"closed","template":"","meta":{"inline_featured_image":false,"footnotes":""},"class_list":["post-10932","page","type-page","status-publish","has-post-thumbnail","hentry"],"yoast_head":"<!-- This site is optimized with the Yoast SEO plugin v27.4 - https:\/\/yoast.com\/product\/yoast-seo-wordpress\/ -->\n<title>Encuentros Reveladores - TEST - SMND<\/title>\n<meta name=\"robots\" content=\"noindex, follow, max-snippet:-1, max-image-preview:large, max-video-preview:-1\" \/>\n<meta property=\"og:locale\" content=\"en_US\" \/>\n<meta property=\"og:type\" content=\"article\" \/>\n<meta property=\"og:title\" content=\"Encuentros Reveladores - TEST - SMND\" \/>\n<meta property=\"og:description\" content=\"Encuentros Reveladores Su inmensurable empat\u00eda y amor por la humanidad Cuando un periodista en Inglaterra le pregunt\u00f3 una vez: &#8220;\u00bfHa tenido alguna desilusi\u00f3n?&#8221;, Shri Mataji respondi\u00f3: &#8220;\u00a1Ni ilusiones ni desilusiones!&#8221;. Las risas que siguieron caracterizaron muchas conversaciones con Shri Mataji, que pod\u00edan ser divertidas, originales y, a menudo, sorprendentes. Shri Mataji ten\u00eda la capacidad de&hellip; Read more\" \/>\n<meta property=\"og:url\" content=\"https:\/\/shrimataji.org\/test\/es\/encuentros-reveladores\/\" \/>\n<meta property=\"og:site_name\" content=\"TEST - SMND\" \/>\n<meta property=\"article:publisher\" content=\"https:\/\/www.facebook.com\/shrimataji\" \/>\n<meta property=\"article:modified_time\" content=\"2026-03-11T23:49:02+00:00\" \/>\n<meta property=\"og:image\" content=\"https:\/\/shrimataji.org\/test\/wp-content\/uploads\/2018\/07\/media_originals\/images\/headers-people\/shri-mataji-nirmala-devi-with-village-people-in-india.jpg\" \/>\n\t<meta property=\"og:image:width\" content=\"990\" \/>\n\t<meta property=\"og:image:height\" content=\"350\" \/>\n\t<meta property=\"og:image:type\" content=\"image\/jpeg\" \/>\n<meta name=\"twitter:card\" content=\"summary_large_image\" \/>\n<meta name=\"twitter:site\" content=\"@shrimataji\" \/>\n<meta name=\"twitter:label1\" content=\"Est. reading time\" \/>\n\t<meta name=\"twitter:data1\" content=\"4 minutes\" \/>\n<script type=\"application\/ld+json\" class=\"yoast-schema-graph\">{\"@context\":\"https:\\\/\\\/schema.org\",\"@graph\":[{\"@type\":\"WebPage\",\"@id\":\"https:\\\/\\\/shrimataji.org\\\/test\\\/es\\\/encuentros-reveladores\\\/\",\"url\":\"https:\\\/\\\/shrimataji.org\\\/test\\\/es\\\/encuentros-reveladores\\\/\",\"name\":\"Encuentros Reveladores - TEST - SMND\",\"isPartOf\":{\"@id\":\"https:\\\/\\\/shrimataji.org\\\/test\\\/#website\"},\"primaryImageOfPage\":{\"@id\":\"https:\\\/\\\/shrimataji.org\\\/test\\\/es\\\/encuentros-reveladores\\\/#primaryimage\"},\"image\":{\"@id\":\"https:\\\/\\\/shrimataji.org\\\/test\\\/es\\\/encuentros-reveladores\\\/#primaryimage\"},\"thumbnailUrl\":\"https:\\\/\\\/shrimataji.org\\\/test\\\/wp-content\\\/uploads\\\/2018\\\/07\\\/media_originals\\\/images\\\/headers-people\\\/shri-mataji-nirmala-devi-with-village-people-in-india.jpg\",\"datePublished\":\"2017-09-02T04:00:00+00:00\",\"dateModified\":\"2026-03-11T23:49:02+00:00\",\"breadcrumb\":{\"@id\":\"https:\\\/\\\/shrimataji.org\\\/test\\\/es\\\/encuentros-reveladores\\\/#breadcrumb\"},\"inLanguage\":\"en-US\",\"potentialAction\":[{\"@type\":\"ReadAction\",\"target\":[\"https:\\\/\\\/shrimataji.org\\\/test\\\/es\\\/encuentros-reveladores\\\/\"]}]},{\"@type\":\"ImageObject\",\"inLanguage\":\"en-US\",\"@id\":\"https:\\\/\\\/shrimataji.org\\\/test\\\/es\\\/encuentros-reveladores\\\/#primaryimage\",\"url\":\"https:\\\/\\\/shrimataji.org\\\/test\\\/wp-content\\\/uploads\\\/2018\\\/07\\\/media_originals\\\/images\\\/headers-people\\\/shri-mataji-nirmala-devi-with-village-people-in-india.jpg\",\"contentUrl\":\"https:\\\/\\\/shrimataji.org\\\/test\\\/wp-content\\\/uploads\\\/2018\\\/07\\\/media_originals\\\/images\\\/headers-people\\\/shri-mataji-nirmala-devi-with-village-people-in-india.jpg\",\"width\":990,\"height\":350},{\"@type\":\"BreadcrumbList\",\"@id\":\"https:\\\/\\\/shrimataji.org\\\/test\\\/es\\\/encuentros-reveladores\\\/#breadcrumb\",\"itemListElement\":[{\"@type\":\"ListItem\",\"position\":1,\"name\":\"Home\",\"item\":\"https:\\\/\\\/shrimataji.org\\\/test\\\/uk\\\/home-en\\\/\"},{\"@type\":\"ListItem\",\"position\":2,\"name\":\"Encuentros Reveladores\"}]},{\"@type\":\"WebSite\",\"@id\":\"https:\\\/\\\/shrimataji.org\\\/test\\\/#website\",\"url\":\"https:\\\/\\\/shrimataji.org\\\/test\\\/\",\"name\":\"Shri Mataji Nirmala Devi\",\"description\":\"A Life Dedicated to Humanity\",\"publisher\":{\"@id\":\"https:\\\/\\\/shrimataji.org\\\/test\\\/#\\\/schema\\\/person\\\/a1b3419c6585f164aa96da1ff85715d1\"},\"potentialAction\":[{\"@type\":\"SearchAction\",\"target\":{\"@type\":\"EntryPoint\",\"urlTemplate\":\"https:\\\/\\\/shrimataji.org\\\/test\\\/?s={search_term_string}\"},\"query-input\":{\"@type\":\"PropertyValueSpecification\",\"valueRequired\":true,\"valueName\":\"search_term_string\"}}],\"inLanguage\":\"en-US\"},{\"@type\":[\"Person\",\"Organization\"],\"@id\":\"https:\\\/\\\/shrimataji.org\\\/test\\\/#\\\/schema\\\/person\\\/a1b3419c6585f164aa96da1ff85715d1\",\"name\":\"Nirmala Shrivastava\",\"image\":{\"@type\":\"ImageObject\",\"inLanguage\":\"en-US\",\"@id\":\"https:\\\/\\\/shrimataji.org\\\/test\\\/wp-content\\\/uploads\\\/2023\\\/02\\\/SMO_LOGO-03.svg\",\"url\":\"https:\\\/\\\/shrimataji.org\\\/test\\\/wp-content\\\/uploads\\\/2023\\\/02\\\/SMO_LOGO-03.svg\",\"contentUrl\":\"https:\\\/\\\/shrimataji.org\\\/test\\\/wp-content\\\/uploads\\\/2023\\\/02\\\/SMO_LOGO-03.svg\",\"width\":\"1024\",\"height\":\"1024\",\"caption\":\"Nirmala Shrivastava\"},\"logo\":{\"@id\":\"https:\\\/\\\/shrimataji.org\\\/test\\\/wp-content\\\/uploads\\\/2023\\\/02\\\/SMO_LOGO-03.svg\"},\"sameAs\":[\"https:\\\/\\\/shrimataji.org\\\/test\",\"https:\\\/\\\/www.facebook.com\\\/shrimataji\",\"https:\\\/\\\/x.com\\\/shrimataji\",\"https:\\\/\\\/www.youtube.com\\\/@Shri_Mataji_Nirmala_Devi\\\/featured\"]}]}<\/script>\n<!-- \/ Yoast SEO plugin. -->","yoast_head_json":{"title":"Encuentros Reveladores - TEST - SMND","robots":{"index":"noindex","follow":"follow","max-snippet":"max-snippet:-1","max-image-preview":"max-image-preview:large","max-video-preview":"max-video-preview:-1"},"og_locale":"en_US","og_type":"article","og_title":"Encuentros Reveladores - TEST - SMND","og_description":"Encuentros Reveladores Su inmensurable empat\u00eda y amor por la humanidad Cuando un periodista en Inglaterra le pregunt\u00f3 una vez: &#8220;\u00bfHa tenido alguna desilusi\u00f3n?&#8221;, Shri Mataji respondi\u00f3: &#8220;\u00a1Ni ilusiones ni desilusiones!&#8221;. Las risas que siguieron caracterizaron muchas conversaciones con Shri Mataji, que pod\u00edan ser divertidas, originales y, a menudo, sorprendentes. Shri Mataji ten\u00eda la capacidad de&hellip; Read more","og_url":"https:\/\/shrimataji.org\/test\/es\/encuentros-reveladores\/","og_site_name":"TEST - SMND","article_publisher":"https:\/\/www.facebook.com\/shrimataji","article_modified_time":"2026-03-11T23:49:02+00:00","og_image":[{"width":990,"height":350,"url":"https:\/\/shrimataji.org\/test\/wp-content\/uploads\/2018\/07\/media_originals\/images\/headers-people\/shri-mataji-nirmala-devi-with-village-people-in-india.jpg","type":"image\/jpeg"}],"twitter_card":"summary_large_image","twitter_site":"@shrimataji","twitter_misc":{"Est. reading time":"4 minutes"},"schema":{"@context":"https:\/\/schema.org","@graph":[{"@type":"WebPage","@id":"https:\/\/shrimataji.org\/test\/es\/encuentros-reveladores\/","url":"https:\/\/shrimataji.org\/test\/es\/encuentros-reveladores\/","name":"Encuentros Reveladores - TEST - SMND","isPartOf":{"@id":"https:\/\/shrimataji.org\/test\/#website"},"primaryImageOfPage":{"@id":"https:\/\/shrimataji.org\/test\/es\/encuentros-reveladores\/#primaryimage"},"image":{"@id":"https:\/\/shrimataji.org\/test\/es\/encuentros-reveladores\/#primaryimage"},"thumbnailUrl":"https:\/\/shrimataji.org\/test\/wp-content\/uploads\/2018\/07\/media_originals\/images\/headers-people\/shri-mataji-nirmala-devi-with-village-people-in-india.jpg","datePublished":"2017-09-02T04:00:00+00:00","dateModified":"2026-03-11T23:49:02+00:00","breadcrumb":{"@id":"https:\/\/shrimataji.org\/test\/es\/encuentros-reveladores\/#breadcrumb"},"inLanguage":"en-US","potentialAction":[{"@type":"ReadAction","target":["https:\/\/shrimataji.org\/test\/es\/encuentros-reveladores\/"]}]},{"@type":"ImageObject","inLanguage":"en-US","@id":"https:\/\/shrimataji.org\/test\/es\/encuentros-reveladores\/#primaryimage","url":"https:\/\/shrimataji.org\/test\/wp-content\/uploads\/2018\/07\/media_originals\/images\/headers-people\/shri-mataji-nirmala-devi-with-village-people-in-india.jpg","contentUrl":"https:\/\/shrimataji.org\/test\/wp-content\/uploads\/2018\/07\/media_originals\/images\/headers-people\/shri-mataji-nirmala-devi-with-village-people-in-india.jpg","width":990,"height":350},{"@type":"BreadcrumbList","@id":"https:\/\/shrimataji.org\/test\/es\/encuentros-reveladores\/#breadcrumb","itemListElement":[{"@type":"ListItem","position":1,"name":"Home","item":"https:\/\/shrimataji.org\/test\/uk\/home-en\/"},{"@type":"ListItem","position":2,"name":"Encuentros Reveladores"}]},{"@type":"WebSite","@id":"https:\/\/shrimataji.org\/test\/#website","url":"https:\/\/shrimataji.org\/test\/","name":"Shri Mataji Nirmala Devi","description":"A Life Dedicated to Humanity","publisher":{"@id":"https:\/\/shrimataji.org\/test\/#\/schema\/person\/a1b3419c6585f164aa96da1ff85715d1"},"potentialAction":[{"@type":"SearchAction","target":{"@type":"EntryPoint","urlTemplate":"https:\/\/shrimataji.org\/test\/?s={search_term_string}"},"query-input":{"@type":"PropertyValueSpecification","valueRequired":true,"valueName":"search_term_string"}}],"inLanguage":"en-US"},{"@type":["Person","Organization"],"@id":"https:\/\/shrimataji.org\/test\/#\/schema\/person\/a1b3419c6585f164aa96da1ff85715d1","name":"Nirmala Shrivastava","image":{"@type":"ImageObject","inLanguage":"en-US","@id":"https:\/\/shrimataji.org\/test\/wp-content\/uploads\/2023\/02\/SMO_LOGO-03.svg","url":"https:\/\/shrimataji.org\/test\/wp-content\/uploads\/2023\/02\/SMO_LOGO-03.svg","contentUrl":"https:\/\/shrimataji.org\/test\/wp-content\/uploads\/2023\/02\/SMO_LOGO-03.svg","width":"1024","height":"1024","caption":"Nirmala Shrivastava"},"logo":{"@id":"https:\/\/shrimataji.org\/test\/wp-content\/uploads\/2023\/02\/SMO_LOGO-03.svg"},"sameAs":["https:\/\/shrimataji.org\/test","https:\/\/www.facebook.com\/shrimataji","https:\/\/x.com\/shrimataji","https:\/\/www.youtube.com\/@Shri_Mataji_Nirmala_Devi\/featured"]}]}},"lang":"es","translations":{"es":10932,"ur":37419,"en":435,"am":17990,"th":19929,"hu":19465,"sq":18391,"zh":17288,"tr":10152,"pt":10365,"de":10639,"fr":10737,"it":10835,"ja":11229,"ru":11417,"bn":11609,"te":11717,"sw":11840,"he":11988,"el":12279,"sk":12377,"fa":12475,"fi":12573,"bg":13485,"ro":14560,"cs":14753,"nl":16551,"ku":16711,"ar":16887,"be":18598,"kn":18872,"mr":20293,"uk":20585,"ml":20884,"ta":22706,"sv":22979,"gu":28827,"pa":28985,"fil":29425,"da":37733,"pl":37950,"nn":38285},"pll_sync_post":[],"_links":{"self":[{"href":"https:\/\/shrimataji.org\/test\/wp-json\/wp\/v2\/pages\/10932","targetHints":{"allow":["GET"]}}],"collection":[{"href":"https:\/\/shrimataji.org\/test\/wp-json\/wp\/v2\/pages"}],"about":[{"href":"https:\/\/shrimataji.org\/test\/wp-json\/wp\/v2\/types\/page"}],"author":[{"embeddable":true,"href":"https:\/\/shrimataji.org\/test\/wp-json\/wp\/v2\/users\/63"}],"replies":[{"embeddable":true,"href":"https:\/\/shrimataji.org\/test\/wp-json\/wp\/v2\/comments?post=10932"}],"version-history":[{"count":0,"href":"https:\/\/shrimataji.org\/test\/wp-json\/wp\/v2\/pages\/10932\/revisions"}],"wp:featuredmedia":[{"embeddable":true,"href":"https:\/\/shrimataji.org\/test\/wp-json\/wp\/v2\/media\/159"}],"wp:attachment":[{"href":"https:\/\/shrimataji.org\/test\/wp-json\/wp\/v2\/media?parent=10932"}],"curies":[{"name":"wp","href":"https:\/\/api.w.org\/{rel}","templated":true}]}}