{"id":10953,"date":"2022-01-29T10:02:47","date_gmt":"2022-01-29T10:02:47","guid":{"rendered":"https:\/\/test.shrimataji.org\/?page_id=6394"},"modified":"2026-03-11T23:49:02","modified_gmt":"2026-03-11T23:49:02","slug":"el-conocimiento-de-las-raices","status":"publish","type":"page","link":"https:\/\/shrimataji.org\/test\/es\/el-conocimiento-de-las-raices\/","title":{"rendered":"El Conocimiento de las Ra\u00edces"},"content":{"rendered":"\n\n\t<h1>El conocimiento de las ra\u00edces &#8211; El Sistema Sutil<\/h1>\n<h2>La antigua ciencia de nuestro ser interior<\/h2>\n<h4>Para dominar la t\u00e9cnica del yoga, un aspecto muy importante es conocer plenamente nuestro sistema sutil, que es como la hoja de ruta que lleva a experimentar la evoluci\u00f3n de nuestra conciencia.<\/h4>\n\t<p>Las antiguas escrituras v\u00e9dicas indias describen el sistema sutil como un sistema compuesto de <a href=\"https:\/\/shrimataji.org\/test\/es\/nadis-y-los-estados-de-animo\/\" target=\"_blank\" rel=\"noopener\">Nadis<\/a> (que significa canal en s\u00e1nscrito). Al igual que el agua que fluye por los r\u00edos, los nadis facilitan el flujo de energ\u00edas sutiles en nuestro ser. El sistema tambi\u00e9n contiene <a href=\"https:\/\/shrimataji.org\/test\/es\/chakras-y-cualidades\/\" target=\"_blank\" rel=\"noopener\">Chakras<\/a> (que en s\u00e1nscrito significa centro de energ\u00eda que gira como una rueda) y la <a href=\"https:\/\/shrimataji.org\/test\/es\/kundalini-es\/\" target=\"_blank\" rel=\"noopener\">Kundalini<\/a> (que significa la energ\u00eda en espiral, el poder latente de la evoluci\u00f3n, una parte del cual est\u00e1 en nuestro hueso sacro). Nuestro cuerpo sutil consta de miles de nadis y algunos chakras, en el marco de tres nadis principales: ida, pingala y sushumna, y siete chakras: <a href=\"https:\/\/shrimataji.org\/test\/es\/chakra-muladhara-es\/\" target=\"_blank\" rel=\"noopener\">Mooladhara<\/a>, <a href=\"https:\/\/shrimataji.org\/test\/es\/chakra-swadhisthan-es\/\" target=\"_blank\" rel=\"noopener\">Swadhisthan<\/a>, <a href=\"https:\/\/shrimataji.org\/test\/es\/chakra-nabhi-es\/\" target=\"_blank\" rel=\"noopener\">Nabhi<\/a>, <a href=\"https:\/\/shrimataji.org\/test\/es\/chakra-anahata-es\/\" target=\"_blank\" rel=\"noopener\">Anahata<\/a>, <a href=\"https:\/\/shrimataji.org\/test\/es\/chakra-vishuddhi-es\/\" target=\"_blank\" rel=\"noopener\">Vishuddhi<\/a>, <a href=\"https:\/\/shrimataji.org\/test\/es\/chakra-agnya-es\/\" target=\"_blank\" rel=\"noopener\">Agnya <\/a>\u00a0y<a href=\"https:\/\/shrimataji.org\/test\/es\/chakra-sahasrara-es\/\" target=\"_blank\" rel=\"noopener\"> Sahasrara<\/a>.<\/p>\n<p>El <a href=\"https:\/\/shrimataji.org\/test\/es\/atma-es\/\" target=\"_blank\" rel=\"noopener\">Atma<\/a>, el esp\u00edritu eterno, se manifiesta en nuestro coraz\u00f3n.<\/p>\n<figure itemscope itemtype=\"https:\/\/schema.org\/ImageObject\">\n\t\t\t\t<img decoding=\"async\" src=\"https:\/\/shrimataji.org\/test\/wp-content\/uploads\/2026\/02\/ES-Chakras-scaled.png\" alt=\"ES-Chakras\" height=\"2560\" width=\"2276\" title=\"ES-Chakras\" onerror=\"this.style.display='none'\" loading=\"lazy\" \/>\n\t<\/figure>\n\t<p>As\u00ed como poseemos una intrincada red de nervios y plexos neuronales que gobiernan y controlan nuestros \u00f3rganos sensoriales y respuestas motoras, cada ser humano posee un sistema sutil innato que se integra perfectamente en los sistemas nerviosos simp\u00e1tico y parasimp\u00e1tico. Esta compleja interacci\u00f3n de nuestro sistema sutil, compuesto por canales (nadis) y centros de energ\u00eda (chakras), con la red neuronal de nuestro cuerpo y cerebro, regula nuestro bienestar f\u00edsico, intelectual, emocional y espiritual. El sistema sutil podr\u00eda compararse con el software de un ordenador. <\/p>\n\t<p>La existencia del sistema sutil humano ya se conoc\u00eda hace miles de a\u00f1os. Las escrituras indias revelan que el Se\u00f1or Shiva fue el primer Adiyogi (yogui primordial) que transmiti\u00f3 este conocimiento a los Saptha Rishis (los siete sabios). Estos siete sabios llevaron esta ciencia y\u00f3guica a diferentes partes del mundo. Sin embargo, fue en la India donde el sistema y\u00f3guico alcanz\u00f3 su m\u00e1xima expresi\u00f3n.<\/p>\n<p>Aunque este conocimiento sobre nuestro sistema sutil era bien conocido en las tradiciones del yoga indio, fue Shri Mataji quien primero ilustr\u00f3 el complejo mecanismo de todo el sistema sutil y c\u00f3mo coexiste en el cuerpo vivo desde las primeras etapas del desarrollo del feto en el \u00fatero.<\/p>\n<div class=\"su-quote su-quote-style-default\"><div class=\"su-quote-inner su-u-clearfix su-u-trim\"> As\u00ed, en el vientre materno, cuando el beb\u00e9 tiene dos meses de vida, esta fuerza vital entra en el alma. As\u00ed es como entra. Desde la parte alta de la cabeza, desciende hasta la parte media del cerebro, baja por la m\u00e9dula espinal y llega hasta el hueso sacro. En este proceso, la energ\u00eda kundalini se detiene en algunos puntos y crea los chakras. Estos chakras son centros energ\u00e9ticos en nuestro interior. A nivel exterior, los m\u00e9dicos los llaman plexos, es decir, el sistema nervioso parasimp\u00e1tico.\u00a0<\/div><\/div>\n<p>Utilizando la simple analog\u00eda de la luz que se curva en un prisma, Shri Mataji explic\u00f3 c\u00f3mo el cerebro humano, que ha evolucionado durante millones de a\u00f1os desde una estructura plana a una prism\u00e1tica, facilita una arquitectura compleja de energ\u00edas sutiles que se reflejan y se mezclan dentro del complejo sistema nervioso humano.<\/p>\n<p>Una persona realizada a menudo puede sentir la brisa fresca que emana de la fontanela de los reci\u00e9n nacidos. Shri Mataji explic\u00f3 este fen\u00f3meno como el indicativo de la actividad de la energ\u00eda omnipresente del amor de Dios, a la que llam\u00f3 <a href=\"https:\/\/shrimataji.org\/test\/es\/paramchaitanya-es\/\" target=\"_blank\" rel=\"noopener\">Paramchaitanya<\/a>, durante las primeras etapas de nuestro crecimiento. A menudo se ve a los beb\u00e9s chup\u00e1ndose un dedo en particular, lo cual las almas realizadas descifran f\u00e1cilmente como relacionado con un bloqueo en un chakra espec\u00edfico. M\u00e1s tarde, mediante la calcificaci\u00f3n de los huesos craneales y el desarrollo del ego y el condicionamiento humano, esta conciencia sutil se repliega y nos volvemos m\u00e1s conscientes e identificados con el mundo material que nos rodea.<\/p>\n<p>A trav\u00e9s de la Realizaci\u00f3n del Ser y de la meditaci\u00f3n, podemos restablecer esta conexi\u00f3n primordial en nuestro ser sutil.<\/p>\n\t\t<img decoding=\"async\" data-spai-excluded=\"true\" loading=\"lazy\"  alt=\"YouTube player\"  src=\"https:\/\/i.ytimg.com\/vi\/PrwmhC45nVc\/maxresdefault.jpg\"  \/><button aria-label=\"Play\"><\/button><meta itemprop=\"embedUrl\" content=\"https:\/\/www.youtube.com\/embed\/PrwmhC45nVc\"\/><meta itemprop=\"name\" content=\"Knowledge of the roots\"\/><meta itemprop=\"description\" content=\"YouTube video\"\/><meta itemprop=\"thumbnailUrl\" content=\"https:\/\/i.ytimg.com\/vi\/PrwmhC45nVc\/0.jpg\"\/><meta itemprop=\"duration\" content=\"PT1M35S\"\/><meta itemprop=\"uploadDate\" content=\"2022-11-12T03:23:30Z\"\/>\t\n\n","protected":false},"excerpt":{"rendered":"<p>El conocimiento de las ra\u00edces &#8211; El Sistema Sutil La antigua ciencia de nuestro ser interior Para dominar la t\u00e9cnica del yoga, un aspecto muy importante es conocer plenamente nuestro sistema sutil, que es como la hoja de ruta que lleva a experimentar la evoluci\u00f3n de nuestra conciencia. Las antiguas escrituras v\u00e9dicas indias describen el&hellip; <br \/> <a class=\"read-more\" href=\"https:\/\/shrimataji.org\/test\/es\/el-conocimiento-de-las-raices\/\">Read more<\/a><\/p>\n","protected":false},"author":63,"featured_media":9242,"parent":0,"menu_order":0,"comment_status":"closed","ping_status":"closed","template":"","meta":{"inline_featured_image":false,"footnotes":""},"class_list":["post-10953","page","type-page","status-publish","has-post-thumbnail","hentry"],"yoast_head":"<!-- This site is optimized with the Yoast SEO plugin v27.4 - https:\/\/yoast.com\/product\/yoast-seo-wordpress\/ -->\n<title>El Conocimiento de las Ra\u00edces - TEST - SMND<\/title>\n<meta name=\"robots\" content=\"noindex, follow, max-snippet:-1, max-image-preview:large, max-video-preview:-1\" \/>\n<meta property=\"og:locale\" content=\"en_US\" \/>\n<meta property=\"og:type\" content=\"article\" \/>\n<meta property=\"og:title\" content=\"El Conocimiento de las Ra\u00edces - TEST - SMND\" \/>\n<meta property=\"og:description\" content=\"El conocimiento de las ra\u00edces &#8211; El Sistema Sutil La antigua ciencia de nuestro ser interior Para dominar la t\u00e9cnica del yoga, un aspecto muy importante es conocer plenamente nuestro sistema sutil, que es como la hoja de ruta que lleva a experimentar la evoluci\u00f3n de nuestra conciencia. Las antiguas escrituras v\u00e9dicas indias describen el&hellip; Read more\" \/>\n<meta property=\"og:url\" content=\"https:\/\/shrimataji.org\/test\/es\/el-conocimiento-de-las-raices\/\" \/>\n<meta property=\"og:site_name\" content=\"TEST - SMND\" \/>\n<meta property=\"article:publisher\" content=\"https:\/\/www.facebook.com\/shrimataji\" \/>\n<meta property=\"article:modified_time\" content=\"2026-03-11T23:49:02+00:00\" \/>\n<meta property=\"og:image\" content=\"https:\/\/shrimataji.org\/test\/wp-content\/uploads\/2023\/03\/7_Banner-SY-Roots-2-scaled.jpg\" \/>\n\t<meta property=\"og:image:width\" content=\"2560\" \/>\n\t<meta property=\"og:image:height\" content=\"905\" \/>\n\t<meta property=\"og:image:type\" content=\"image\/jpeg\" \/>\n<meta name=\"twitter:card\" content=\"summary_large_image\" \/>\n<meta name=\"twitter:site\" content=\"@shrimataji\" \/>\n<meta name=\"twitter:label1\" content=\"Est. reading time\" \/>\n\t<meta name=\"twitter:data1\" content=\"3 minutes\" \/>\n<script type=\"application\/ld+json\" class=\"yoast-schema-graph\">{\"@context\":\"https:\\\/\\\/schema.org\",\"@graph\":[{\"@type\":\"WebPage\",\"@id\":\"https:\\\/\\\/shrimataji.org\\\/test\\\/es\\\/el-conocimiento-de-las-raices\\\/\",\"url\":\"https:\\\/\\\/shrimataji.org\\\/test\\\/es\\\/el-conocimiento-de-las-raices\\\/\",\"name\":\"El Conocimiento de las Ra\u00edces - TEST - SMND\",\"isPartOf\":{\"@id\":\"https:\\\/\\\/shrimataji.org\\\/test\\\/#website\"},\"primaryImageOfPage\":{\"@id\":\"https:\\\/\\\/shrimataji.org\\\/test\\\/es\\\/el-conocimiento-de-las-raices\\\/#primaryimage\"},\"image\":{\"@id\":\"https:\\\/\\\/shrimataji.org\\\/test\\\/es\\\/el-conocimiento-de-las-raices\\\/#primaryimage\"},\"thumbnailUrl\":\"https:\\\/\\\/shrimataji.org\\\/test\\\/wp-content\\\/uploads\\\/2023\\\/03\\\/7_Banner-SY-Roots-2-scaled.jpg\",\"datePublished\":\"2022-01-29T10:02:47+00:00\",\"dateModified\":\"2026-03-11T23:49:02+00:00\",\"breadcrumb\":{\"@id\":\"https:\\\/\\\/shrimataji.org\\\/test\\\/es\\\/el-conocimiento-de-las-raices\\\/#breadcrumb\"},\"inLanguage\":\"en-US\",\"potentialAction\":[{\"@type\":\"ReadAction\",\"target\":[\"https:\\\/\\\/shrimataji.org\\\/test\\\/es\\\/el-conocimiento-de-las-raices\\\/\"]}]},{\"@type\":\"ImageObject\",\"inLanguage\":\"en-US\",\"@id\":\"https:\\\/\\\/shrimataji.org\\\/test\\\/es\\\/el-conocimiento-de-las-raices\\\/#primaryimage\",\"url\":\"https:\\\/\\\/shrimataji.org\\\/test\\\/wp-content\\\/uploads\\\/2023\\\/03\\\/7_Banner-SY-Roots-2-scaled.jpg\",\"contentUrl\":\"https:\\\/\\\/shrimataji.org\\\/test\\\/wp-content\\\/uploads\\\/2023\\\/03\\\/7_Banner-SY-Roots-2-scaled.jpg\",\"width\":2560,\"height\":905},{\"@type\":\"BreadcrumbList\",\"@id\":\"https:\\\/\\\/shrimataji.org\\\/test\\\/es\\\/el-conocimiento-de-las-raices\\\/#breadcrumb\",\"itemListElement\":[{\"@type\":\"ListItem\",\"position\":1,\"name\":\"Home\",\"item\":\"https:\\\/\\\/shrimataji.org\\\/test\\\/uk\\\/home-en\\\/\"},{\"@type\":\"ListItem\",\"position\":2,\"name\":\"El Conocimiento de las Ra\u00edces\"}]},{\"@type\":\"WebSite\",\"@id\":\"https:\\\/\\\/shrimataji.org\\\/test\\\/#website\",\"url\":\"https:\\\/\\\/shrimataji.org\\\/test\\\/\",\"name\":\"Shri Mataji Nirmala Devi\",\"description\":\"A Life Dedicated to Humanity\",\"publisher\":{\"@id\":\"https:\\\/\\\/shrimataji.org\\\/test\\\/#\\\/schema\\\/person\\\/a1b3419c6585f164aa96da1ff85715d1\"},\"potentialAction\":[{\"@type\":\"SearchAction\",\"target\":{\"@type\":\"EntryPoint\",\"urlTemplate\":\"https:\\\/\\\/shrimataji.org\\\/test\\\/?s={search_term_string}\"},\"query-input\":{\"@type\":\"PropertyValueSpecification\",\"valueRequired\":true,\"valueName\":\"search_term_string\"}}],\"inLanguage\":\"en-US\"},{\"@type\":[\"Person\",\"Organization\"],\"@id\":\"https:\\\/\\\/shrimataji.org\\\/test\\\/#\\\/schema\\\/person\\\/a1b3419c6585f164aa96da1ff85715d1\",\"name\":\"Nirmala Shrivastava\",\"image\":{\"@type\":\"ImageObject\",\"inLanguage\":\"en-US\",\"@id\":\"https:\\\/\\\/shrimataji.org\\\/test\\\/wp-content\\\/uploads\\\/2023\\\/02\\\/SMO_LOGO-03.svg\",\"url\":\"https:\\\/\\\/shrimataji.org\\\/test\\\/wp-content\\\/uploads\\\/2023\\\/02\\\/SMO_LOGO-03.svg\",\"contentUrl\":\"https:\\\/\\\/shrimataji.org\\\/test\\\/wp-content\\\/uploads\\\/2023\\\/02\\\/SMO_LOGO-03.svg\",\"width\":\"1024\",\"height\":\"1024\",\"caption\":\"Nirmala Shrivastava\"},\"logo\":{\"@id\":\"https:\\\/\\\/shrimataji.org\\\/test\\\/wp-content\\\/uploads\\\/2023\\\/02\\\/SMO_LOGO-03.svg\"},\"sameAs\":[\"https:\\\/\\\/shrimataji.org\\\/test\",\"https:\\\/\\\/www.facebook.com\\\/shrimataji\",\"https:\\\/\\\/x.com\\\/shrimataji\",\"https:\\\/\\\/www.youtube.com\\\/@Shri_Mataji_Nirmala_Devi\\\/featured\"]}]}<\/script>\n<!-- \/ Yoast SEO plugin. -->","yoast_head_json":{"title":"El Conocimiento de las Ra\u00edces - TEST - SMND","robots":{"index":"noindex","follow":"follow","max-snippet":"max-snippet:-1","max-image-preview":"max-image-preview:large","max-video-preview":"max-video-preview:-1"},"og_locale":"en_US","og_type":"article","og_title":"El Conocimiento de las Ra\u00edces - TEST - SMND","og_description":"El conocimiento de las ra\u00edces &#8211; El Sistema Sutil La antigua ciencia de nuestro ser interior Para dominar la t\u00e9cnica del yoga, un aspecto muy importante es conocer plenamente nuestro sistema sutil, que es como la hoja de ruta que lleva a experimentar la evoluci\u00f3n de nuestra conciencia. Las antiguas escrituras v\u00e9dicas indias describen el&hellip; Read more","og_url":"https:\/\/shrimataji.org\/test\/es\/el-conocimiento-de-las-raices\/","og_site_name":"TEST - SMND","article_publisher":"https:\/\/www.facebook.com\/shrimataji","article_modified_time":"2026-03-11T23:49:02+00:00","og_image":[{"width":2560,"height":905,"url":"https:\/\/shrimataji.org\/test\/wp-content\/uploads\/2023\/03\/7_Banner-SY-Roots-2-scaled.jpg","type":"image\/jpeg"}],"twitter_card":"summary_large_image","twitter_site":"@shrimataji","twitter_misc":{"Est. reading time":"3 minutes"},"schema":{"@context":"https:\/\/schema.org","@graph":[{"@type":"WebPage","@id":"https:\/\/shrimataji.org\/test\/es\/el-conocimiento-de-las-raices\/","url":"https:\/\/shrimataji.org\/test\/es\/el-conocimiento-de-las-raices\/","name":"El Conocimiento de las Ra\u00edces - TEST - SMND","isPartOf":{"@id":"https:\/\/shrimataji.org\/test\/#website"},"primaryImageOfPage":{"@id":"https:\/\/shrimataji.org\/test\/es\/el-conocimiento-de-las-raices\/#primaryimage"},"image":{"@id":"https:\/\/shrimataji.org\/test\/es\/el-conocimiento-de-las-raices\/#primaryimage"},"thumbnailUrl":"https:\/\/shrimataji.org\/test\/wp-content\/uploads\/2023\/03\/7_Banner-SY-Roots-2-scaled.jpg","datePublished":"2022-01-29T10:02:47+00:00","dateModified":"2026-03-11T23:49:02+00:00","breadcrumb":{"@id":"https:\/\/shrimataji.org\/test\/es\/el-conocimiento-de-las-raices\/#breadcrumb"},"inLanguage":"en-US","potentialAction":[{"@type":"ReadAction","target":["https:\/\/shrimataji.org\/test\/es\/el-conocimiento-de-las-raices\/"]}]},{"@type":"ImageObject","inLanguage":"en-US","@id":"https:\/\/shrimataji.org\/test\/es\/el-conocimiento-de-las-raices\/#primaryimage","url":"https:\/\/shrimataji.org\/test\/wp-content\/uploads\/2023\/03\/7_Banner-SY-Roots-2-scaled.jpg","contentUrl":"https:\/\/shrimataji.org\/test\/wp-content\/uploads\/2023\/03\/7_Banner-SY-Roots-2-scaled.jpg","width":2560,"height":905},{"@type":"BreadcrumbList","@id":"https:\/\/shrimataji.org\/test\/es\/el-conocimiento-de-las-raices\/#breadcrumb","itemListElement":[{"@type":"ListItem","position":1,"name":"Home","item":"https:\/\/shrimataji.org\/test\/uk\/home-en\/"},{"@type":"ListItem","position":2,"name":"El Conocimiento de las Ra\u00edces"}]},{"@type":"WebSite","@id":"https:\/\/shrimataji.org\/test\/#website","url":"https:\/\/shrimataji.org\/test\/","name":"Shri Mataji Nirmala Devi","description":"A Life Dedicated to Humanity","publisher":{"@id":"https:\/\/shrimataji.org\/test\/#\/schema\/person\/a1b3419c6585f164aa96da1ff85715d1"},"potentialAction":[{"@type":"SearchAction","target":{"@type":"EntryPoint","urlTemplate":"https:\/\/shrimataji.org\/test\/?s={search_term_string}"},"query-input":{"@type":"PropertyValueSpecification","valueRequired":true,"valueName":"search_term_string"}}],"inLanguage":"en-US"},{"@type":["Person","Organization"],"@id":"https:\/\/shrimataji.org\/test\/#\/schema\/person\/a1b3419c6585f164aa96da1ff85715d1","name":"Nirmala Shrivastava","image":{"@type":"ImageObject","inLanguage":"en-US","@id":"https:\/\/shrimataji.org\/test\/wp-content\/uploads\/2023\/02\/SMO_LOGO-03.svg","url":"https:\/\/shrimataji.org\/test\/wp-content\/uploads\/2023\/02\/SMO_LOGO-03.svg","contentUrl":"https:\/\/shrimataji.org\/test\/wp-content\/uploads\/2023\/02\/SMO_LOGO-03.svg","width":"1024","height":"1024","caption":"Nirmala Shrivastava"},"logo":{"@id":"https:\/\/shrimataji.org\/test\/wp-content\/uploads\/2023\/02\/SMO_LOGO-03.svg"},"sameAs":["https:\/\/shrimataji.org\/test","https:\/\/www.facebook.com\/shrimataji","https:\/\/x.com\/shrimataji","https:\/\/www.youtube.com\/@Shri_Mataji_Nirmala_Devi\/featured"]}]}},"lang":"es","translations":{"es":10953,"ur":37451,"en":6394,"am":18023,"th":19978,"hu":19503,"sq":18424,"zh":17321,"hi":8288,"tr":10174,"pt":10386,"de":10660,"fr":10758,"it":10856,"ja":11250,"ru":11438,"bn":11630,"te":11738,"sw":11861,"he":12009,"el":12301,"sk":12399,"fa":12497,"fi":12595,"bg":13395,"ro":14469,"cs":14662,"nl":16584,"ku":16744,"ar":16920,"be":18631,"kn":18905,"mr":20342,"uk":20634,"ml":20929,"ta":22742,"sv":23014,"gu":28856,"pa":29016,"fil":29460,"da":37764,"pl":37976,"nn":38316},"pll_sync_post":[],"_links":{"self":[{"href":"https:\/\/shrimataji.org\/test\/wp-json\/wp\/v2\/pages\/10953","targetHints":{"allow":["GET"]}}],"collection":[{"href":"https:\/\/shrimataji.org\/test\/wp-json\/wp\/v2\/pages"}],"about":[{"href":"https:\/\/shrimataji.org\/test\/wp-json\/wp\/v2\/types\/page"}],"author":[{"embeddable":true,"href":"https:\/\/shrimataji.org\/test\/wp-json\/wp\/v2\/users\/63"}],"replies":[{"embeddable":true,"href":"https:\/\/shrimataji.org\/test\/wp-json\/wp\/v2\/comments?post=10953"}],"version-history":[{"count":0,"href":"https:\/\/shrimataji.org\/test\/wp-json\/wp\/v2\/pages\/10953\/revisions"}],"wp:featuredmedia":[{"embeddable":true,"href":"https:\/\/shrimataji.org\/test\/wp-json\/wp\/v2\/media\/9242"}],"wp:attachment":[{"href":"https:\/\/shrimataji.org\/test\/wp-json\/wp\/v2\/media?parent=10953"}],"curies":[{"name":"wp","href":"https:\/\/api.w.org\/{rel}","templated":true}]}}