{"id":10972,"date":"2015-11-02T21:00:00","date_gmt":"2015-11-02T21:00:00","guid":{"rendered":"http:\/\/testwordpress.nirmalnagari.org\/smnd\/index.php\/press\/"},"modified":"2026-03-11T23:50:14","modified_gmt":"2026-03-11T23:50:14","slug":"prensa-y-medios","status":"publish","type":"page","link":"https:\/\/shrimataji.org\/test\/es\/prensa-y-medios\/","title":{"rendered":"Prensa y Medios"},"content":{"rendered":"\n\n\t<h1>Prensa y Medios<\/h1>\n<h2>Contacto<\/h2>\n<p>Se invita a los miembros acreditados de la prensa y los medios de comunicaci\u00f3n a escribir <a href=\"mailto:press@shrimataji.org?subject=Contact%20from%20ShriMataji.org%20Press%20Page\">press@shrimataji.org<\/a><\/p>\n<h2>Documentos<\/h2>\n<p>Seleccione un documento para descargar:<\/p>\n<ul>\n<li><a href=\"https:\/\/shrimataji.org\/test\/wp-content\/uploads\/2018\/07\/media\/documents\/press-downloads\/shri-mataji-nirmala-devi-short-biography-and-awards.pdf\" target=\"_blank\" rel=\"noopener\">Shri Mataji Shri Mataji Nirmala Devi: breve biograf\u00eda y lista de premios<\/a><\/li>\n<li><a href=\"https:\/\/shrimataji.org\/test\/wp-content\/uploads\/2018\/07\/media\/documents\/press-downloads\/sahaja-yoga-meditation-the-enduring-legacy-of-shri-mataji-nirmala-devi.pdf\" target=\"_blank\" rel=\"noopener\">Sahaja Yoga Meditation: descripci\u00f3n general<\/a><\/li>\n<li><a href=\"https:\/\/shrimataji.org\/test\/wp-content\/uploads\/2020\/06\/A-Brochure-on-H-H-Shri-Mataji-Nirmala-Devi.pdf\" target=\"_blank\" rel=\"noopener\">Un folleto sobre SS Shri Mataji Nirmala Devi<\/a><\/li>\n<\/ul>\n\t<h2>Articles<\/h2>\n<p><a href=\"https:\/\/shrimataji.org\/test\/wp-content\/uploads\/2023\/03\/Shri-Mataji-100-Anniversary-Press-Release.pdf\" target=\"_blank\" rel=\"noopener\">Shri Mataji Nirmala Devi 100th Birthday<\/a><\/p>\n<p><a href=\"https:\/\/shrimataji.org\/test\/wp-content\/uploads\/2020\/05\/5th-May_50-years-Sahaja-Yoga_press-release.pdf\" target=\"_blank\" rel=\"noopener\">Sahaja Yoga 50th Anniversary<\/a><\/p>\n<a href=\"\/the-international-day-of-yoga\/\" target=\"_blank\" rel=\"noopener\">The International Day of Yoga, 21st June 2015<br \/>\n<\/a>\n<p><a href=\"\/may-5th-world-realization-day\/\" target=\"_blank\" rel=\"noopener\">5th May is World Realization Day in Honour of Shri Mataji Nirmala Devi<\/a><\/p>\n<p><a href=\"\/obituary-for-sir-c-p-srivastava\/\" target=\"_blank\" rel=\"noopener\">Obituary for Sir C.P. Srivastava<\/a><\/p>\n\t<h2>Fotograf\u00eda<\/h2>\n<p>Revise el acuerdo de uso antes de descargar cualquiera de las fotos de prensa. Las Fotos est\u00e1n en formato TIFF y comprimidas con ZIP para su descarga.<\/p>\n\t\t\t\t<img decoding=\"async\" src=\"https:\/\/shrimataji.org\/test\/wp-content\/uploads\/2023\/03\/Home_1440x775_100_2-scaled.jpg\" alt=\"Home_1440x775_100_2\" itemprop=\"image\" height=\"1378\" width=\"2560\" title=\"Home_1440x775_100_2\" onerror=\"this.style.display='none'\" loading=\"lazy\" \/>\n\t\t\t\t<img decoding=\"async\" src=\"https:\/\/shrimataji.org\/test\/wp-content\/uploads\/2020\/04\/Image-50-years-1920x1080-1.jpg\" alt=\"Image-50-years-1920x1080\" itemprop=\"image\" height=\"1080\" width=\"1920\" title=\"Image-50-years-1920x1080\" onerror=\"this.style.display='none'\" loading=\"lazy\" \/>\n\t<p><img loading=\"lazy\" decoding=\"async\" src=\"https:\/\/shrimataji.org\/test\/wp-content\/uploads\/2018\/07\/media_originals\/images\/shri-mataji-portraits\/shri-mataji-nirmala-devi-lane-cove-sydney-australia-722x1024.jpg\" alt=\"\" width=\"722\" height=\"1024\" \/><\/p>\n\t<p><img loading=\"lazy\" decoding=\"async\" src=\"https:\/\/shrimataji.org\/test\/wp-content\/uploads\/2018\/07\/media_originals\/images\/press\/shri-mataji-nirmala-devi-press-portrait-2-1024x681.jpg\" alt=\"\" width=\"1024\" height=\"681\" \/><\/p>\n<p>&nbsp;<\/p>\n<p><img loading=\"lazy\" decoding=\"async\" src=\"https:\/\/shrimataji.org\/test\/wp-content\/uploads\/2018\/07\/media_originals\/images\/press\/shri-mataji-nirmala-devi-press-portrait-3-1024x726.jpg\" alt=\"\" width=\"1024\" height=\"726\" \/><\/p>\n\t<h4>T\u00e9rminos de Uso<\/h4>\n<p>Informaci\u00f3n importante sobre el uso de Documentos, Logotipos y Fotos:<\/p>\nAl copiar o hacer uso de las fotos de arriba, usted reconoce que ha le\u00eddo y acepta el Acuerdo de uso de im\u00e1genes reportado a continuaci\u00f3n que rige el uso de cualquier foto obtenida de la p\u00e1gina web.<br \/>\n\n<p>Si no est\u00e1 de acuerdo con los t\u00e9rminos del Acuerdo, no copie ni use la foto de ninguna manera. Si tiene alguna pregunta, no dude en escribirnos a\u00a0<a href=\"mailto:press@shrimataji.org?subject=Contact%20from%20ShriMataji.org%20Press%20Page\">press@shrimataji.org<\/a>.<\/p>\n<h4>Acuerdo de uso<\/h4>\n<p>En base a los t\u00e9rminos de este Acuerdo, es posible utilizar la imagen exclusivamente para fines editoriales en prensa y otros medios. Este derecho de uso es personal y no es transferible a terceros. La foto no se puede utilizar para promocionar o vender productos o tecnolog\u00eda (como en publicidad, folletos, portadas de libros, fotos de archivo, camisetas u otros art\u00edculos promocionales). No puede ni alterar o modificar la imagen, en su totalidad o en parte, por ning\u00fan motivo.<\/p>\n<p>La Fondazione Mondiale Shri Mataji Nirmala Devi es y seguir\u00e1 siendo el \u00fanico y exclusivo propietario de la foto, excepto en algunos casos seleccionados donde la propiedad est\u00e1 atribuida a terceros. No eliminar\u00e1, ni alterar\u00e1 u ocultar\u00e1 ninguna leyenda privada relacionada con la foto, cada uso ir\u00e1 acompa\u00f1ado de una asignaci\u00f3n v\u00e1lida de propiedad visible al lado de la imagen.<\/p>\n<p>Todas las fotos, documentos de texto y logotipos en esta p\u00e1gina son propiedad de la Fondazione Mondiale Shri Mataji Nirmala Devi o de terceros seleccionados.<\/p>\n\t<hr \/>\n<h3>\u00a9 Fondazione Mondiale Shri Mataji Nirmala Devi Sahaja una organizaci\u00f3n sin fines de lucro inscrita en el Registro de Entidades Judiciales de la Regi\u00f3n Piamonte (prot. n\u00fam. 747)<\/h3>\n<p>&nbsp;<\/p>\n\n","protected":false},"excerpt":{"rendered":"<p>Prensa y Medios Contacto Se invita a los miembros acreditados de la prensa y los medios de comunicaci\u00f3n a escribir press@shrimataji.org Documentos Seleccione un documento para descargar: Shri Mataji Shri Mataji Nirmala Devi: breve biograf\u00eda y lista de premios Sahaja Yoga Meditation: descripci\u00f3n general Un folleto sobre SS Shri Mataji Nirmala Devi Articles Shri Mataji&hellip; <br \/> <a class=\"read-more\" href=\"https:\/\/shrimataji.org\/test\/es\/prensa-y-medios\/\">Read more<\/a><\/p>\n","protected":false},"author":63,"featured_media":9552,"parent":0,"menu_order":0,"comment_status":"closed","ping_status":"closed","template":"","meta":{"inline_featured_image":false,"footnotes":""},"class_list":["post-10972","page","type-page","status-publish","has-post-thumbnail","hentry"],"yoast_head":"<!-- This site is optimized with the Yoast SEO plugin v27.4 - https:\/\/yoast.com\/product\/yoast-seo-wordpress\/ -->\n<title>Prensa y Medios - TEST - SMND<\/title>\n<meta name=\"robots\" content=\"noindex, follow, max-snippet:-1, max-image-preview:large, max-video-preview:-1\" \/>\n<meta property=\"og:locale\" content=\"en_US\" \/>\n<meta property=\"og:type\" content=\"article\" \/>\n<meta property=\"og:title\" content=\"Prensa y Medios - TEST - SMND\" \/>\n<meta property=\"og:description\" content=\"Prensa y Medios Contacto Se invita a los miembros acreditados de la prensa y los medios de comunicaci\u00f3n a escribir press@shrimataji.org Documentos Seleccione un documento para descargar: Shri Mataji Shri Mataji Nirmala Devi: breve biograf\u00eda y lista de premios Sahaja Yoga Meditation: descripci\u00f3n general Un folleto sobre SS Shri Mataji Nirmala Devi Articles Shri Mataji&hellip; Read more\" \/>\n<meta property=\"og:url\" content=\"https:\/\/shrimataji.org\/test\/es\/prensa-y-medios\/\" \/>\n<meta property=\"og:site_name\" content=\"TEST - SMND\" \/>\n<meta property=\"article:publisher\" content=\"https:\/\/www.facebook.com\/shrimataji\" \/>\n<meta property=\"article:modified_time\" content=\"2026-03-11T23:50:14+00:00\" \/>\n<meta property=\"og:image\" content=\"https:\/\/shrimataji.org\/test\/wp-content\/uploads\/2023\/03\/Banner-Footer-Castle-1-scaled.jpg\" \/>\n\t<meta property=\"og:image:width\" content=\"2560\" \/>\n\t<meta property=\"og:image:height\" content=\"905\" \/>\n\t<meta property=\"og:image:type\" content=\"image\/jpeg\" \/>\n<meta name=\"twitter:card\" content=\"summary_large_image\" \/>\n<meta name=\"twitter:site\" content=\"@shrimataji\" \/>\n<meta name=\"twitter:label1\" content=\"Est. reading time\" \/>\n\t<meta name=\"twitter:data1\" content=\"3 minutes\" \/>\n<script type=\"application\/ld+json\" class=\"yoast-schema-graph\">{\"@context\":\"https:\\\/\\\/schema.org\",\"@graph\":[{\"@type\":\"WebPage\",\"@id\":\"https:\\\/\\\/shrimataji.org\\\/test\\\/es\\\/prensa-y-medios\\\/\",\"url\":\"https:\\\/\\\/shrimataji.org\\\/test\\\/es\\\/prensa-y-medios\\\/\",\"name\":\"Prensa y Medios - TEST - SMND\",\"isPartOf\":{\"@id\":\"https:\\\/\\\/shrimataji.org\\\/test\\\/#website\"},\"primaryImageOfPage\":{\"@id\":\"https:\\\/\\\/shrimataji.org\\\/test\\\/es\\\/prensa-y-medios\\\/#primaryimage\"},\"image\":{\"@id\":\"https:\\\/\\\/shrimataji.org\\\/test\\\/es\\\/prensa-y-medios\\\/#primaryimage\"},\"thumbnailUrl\":\"https:\\\/\\\/shrimataji.org\\\/test\\\/wp-content\\\/uploads\\\/2023\\\/03\\\/Banner-Footer-Castle-1-scaled.jpg\",\"datePublished\":\"2015-11-02T21:00:00+00:00\",\"dateModified\":\"2026-03-11T23:50:14+00:00\",\"breadcrumb\":{\"@id\":\"https:\\\/\\\/shrimataji.org\\\/test\\\/es\\\/prensa-y-medios\\\/#breadcrumb\"},\"inLanguage\":\"en-US\",\"potentialAction\":[{\"@type\":\"ReadAction\",\"target\":[\"https:\\\/\\\/shrimataji.org\\\/test\\\/es\\\/prensa-y-medios\\\/\"]}]},{\"@type\":\"ImageObject\",\"inLanguage\":\"en-US\",\"@id\":\"https:\\\/\\\/shrimataji.org\\\/test\\\/es\\\/prensa-y-medios\\\/#primaryimage\",\"url\":\"https:\\\/\\\/shrimataji.org\\\/test\\\/wp-content\\\/uploads\\\/2023\\\/03\\\/Banner-Footer-Castle-1-scaled.jpg\",\"contentUrl\":\"https:\\\/\\\/shrimataji.org\\\/test\\\/wp-content\\\/uploads\\\/2023\\\/03\\\/Banner-Footer-Castle-1-scaled.jpg\",\"width\":2560,\"height\":905},{\"@type\":\"BreadcrumbList\",\"@id\":\"https:\\\/\\\/shrimataji.org\\\/test\\\/es\\\/prensa-y-medios\\\/#breadcrumb\",\"itemListElement\":[{\"@type\":\"ListItem\",\"position\":1,\"name\":\"Home\",\"item\":\"https:\\\/\\\/shrimataji.org\\\/test\\\/uk\\\/home-en\\\/\"},{\"@type\":\"ListItem\",\"position\":2,\"name\":\"Prensa y Medios\"}]},{\"@type\":\"WebSite\",\"@id\":\"https:\\\/\\\/shrimataji.org\\\/test\\\/#website\",\"url\":\"https:\\\/\\\/shrimataji.org\\\/test\\\/\",\"name\":\"Shri Mataji Nirmala Devi\",\"description\":\"A Life Dedicated to Humanity\",\"publisher\":{\"@id\":\"https:\\\/\\\/shrimataji.org\\\/test\\\/#\\\/schema\\\/person\\\/a1b3419c6585f164aa96da1ff85715d1\"},\"potentialAction\":[{\"@type\":\"SearchAction\",\"target\":{\"@type\":\"EntryPoint\",\"urlTemplate\":\"https:\\\/\\\/shrimataji.org\\\/test\\\/?s={search_term_string}\"},\"query-input\":{\"@type\":\"PropertyValueSpecification\",\"valueRequired\":true,\"valueName\":\"search_term_string\"}}],\"inLanguage\":\"en-US\"},{\"@type\":[\"Person\",\"Organization\"],\"@id\":\"https:\\\/\\\/shrimataji.org\\\/test\\\/#\\\/schema\\\/person\\\/a1b3419c6585f164aa96da1ff85715d1\",\"name\":\"Nirmala Shrivastava\",\"image\":{\"@type\":\"ImageObject\",\"inLanguage\":\"en-US\",\"@id\":\"https:\\\/\\\/shrimataji.org\\\/test\\\/wp-content\\\/uploads\\\/2023\\\/02\\\/SMO_LOGO-03.svg\",\"url\":\"https:\\\/\\\/shrimataji.org\\\/test\\\/wp-content\\\/uploads\\\/2023\\\/02\\\/SMO_LOGO-03.svg\",\"contentUrl\":\"https:\\\/\\\/shrimataji.org\\\/test\\\/wp-content\\\/uploads\\\/2023\\\/02\\\/SMO_LOGO-03.svg\",\"width\":\"1024\",\"height\":\"1024\",\"caption\":\"Nirmala Shrivastava\"},\"logo\":{\"@id\":\"https:\\\/\\\/shrimataji.org\\\/test\\\/wp-content\\\/uploads\\\/2023\\\/02\\\/SMO_LOGO-03.svg\"},\"sameAs\":[\"https:\\\/\\\/shrimataji.org\\\/test\",\"https:\\\/\\\/www.facebook.com\\\/shrimataji\",\"https:\\\/\\\/x.com\\\/shrimataji\",\"https:\\\/\\\/www.youtube.com\\\/@Shri_Mataji_Nirmala_Devi\\\/featured\"]}]}<\/script>\n<!-- \/ Yoast SEO plugin. -->","yoast_head_json":{"title":"Prensa y Medios - TEST - SMND","robots":{"index":"noindex","follow":"follow","max-snippet":"max-snippet:-1","max-image-preview":"max-image-preview:large","max-video-preview":"max-video-preview:-1"},"og_locale":"en_US","og_type":"article","og_title":"Prensa y Medios - TEST - SMND","og_description":"Prensa y Medios Contacto Se invita a los miembros acreditados de la prensa y los medios de comunicaci\u00f3n a escribir press@shrimataji.org Documentos Seleccione un documento para descargar: Shri Mataji Shri Mataji Nirmala Devi: breve biograf\u00eda y lista de premios Sahaja Yoga Meditation: descripci\u00f3n general Un folleto sobre SS Shri Mataji Nirmala Devi Articles Shri Mataji&hellip; Read more","og_url":"https:\/\/shrimataji.org\/test\/es\/prensa-y-medios\/","og_site_name":"TEST - SMND","article_publisher":"https:\/\/www.facebook.com\/shrimataji","article_modified_time":"2026-03-11T23:50:14+00:00","og_image":[{"width":2560,"height":905,"url":"https:\/\/shrimataji.org\/test\/wp-content\/uploads\/2023\/03\/Banner-Footer-Castle-1-scaled.jpg","type":"image\/jpeg"}],"twitter_card":"summary_large_image","twitter_site":"@shrimataji","twitter_misc":{"Est. reading time":"3 minutes"},"schema":{"@context":"https:\/\/schema.org","@graph":[{"@type":"WebPage","@id":"https:\/\/shrimataji.org\/test\/es\/prensa-y-medios\/","url":"https:\/\/shrimataji.org\/test\/es\/prensa-y-medios\/","name":"Prensa y Medios - TEST - SMND","isPartOf":{"@id":"https:\/\/shrimataji.org\/test\/#website"},"primaryImageOfPage":{"@id":"https:\/\/shrimataji.org\/test\/es\/prensa-y-medios\/#primaryimage"},"image":{"@id":"https:\/\/shrimataji.org\/test\/es\/prensa-y-medios\/#primaryimage"},"thumbnailUrl":"https:\/\/shrimataji.org\/test\/wp-content\/uploads\/2023\/03\/Banner-Footer-Castle-1-scaled.jpg","datePublished":"2015-11-02T21:00:00+00:00","dateModified":"2026-03-11T23:50:14+00:00","breadcrumb":{"@id":"https:\/\/shrimataji.org\/test\/es\/prensa-y-medios\/#breadcrumb"},"inLanguage":"en-US","potentialAction":[{"@type":"ReadAction","target":["https:\/\/shrimataji.org\/test\/es\/prensa-y-medios\/"]}]},{"@type":"ImageObject","inLanguage":"en-US","@id":"https:\/\/shrimataji.org\/test\/es\/prensa-y-medios\/#primaryimage","url":"https:\/\/shrimataji.org\/test\/wp-content\/uploads\/2023\/03\/Banner-Footer-Castle-1-scaled.jpg","contentUrl":"https:\/\/shrimataji.org\/test\/wp-content\/uploads\/2023\/03\/Banner-Footer-Castle-1-scaled.jpg","width":2560,"height":905},{"@type":"BreadcrumbList","@id":"https:\/\/shrimataji.org\/test\/es\/prensa-y-medios\/#breadcrumb","itemListElement":[{"@type":"ListItem","position":1,"name":"Home","item":"https:\/\/shrimataji.org\/test\/uk\/home-en\/"},{"@type":"ListItem","position":2,"name":"Prensa y Medios"}]},{"@type":"WebSite","@id":"https:\/\/shrimataji.org\/test\/#website","url":"https:\/\/shrimataji.org\/test\/","name":"Shri Mataji Nirmala Devi","description":"A Life Dedicated to Humanity","publisher":{"@id":"https:\/\/shrimataji.org\/test\/#\/schema\/person\/a1b3419c6585f164aa96da1ff85715d1"},"potentialAction":[{"@type":"SearchAction","target":{"@type":"EntryPoint","urlTemplate":"https:\/\/shrimataji.org\/test\/?s={search_term_string}"},"query-input":{"@type":"PropertyValueSpecification","valueRequired":true,"valueName":"search_term_string"}}],"inLanguage":"en-US"},{"@type":["Person","Organization"],"@id":"https:\/\/shrimataji.org\/test\/#\/schema\/person\/a1b3419c6585f164aa96da1ff85715d1","name":"Nirmala Shrivastava","image":{"@type":"ImageObject","inLanguage":"en-US","@id":"https:\/\/shrimataji.org\/test\/wp-content\/uploads\/2023\/02\/SMO_LOGO-03.svg","url":"https:\/\/shrimataji.org\/test\/wp-content\/uploads\/2023\/02\/SMO_LOGO-03.svg","contentUrl":"https:\/\/shrimataji.org\/test\/wp-content\/uploads\/2023\/02\/SMO_LOGO-03.svg","width":"1024","height":"1024","caption":"Nirmala Shrivastava"},"logo":{"@id":"https:\/\/shrimataji.org\/test\/wp-content\/uploads\/2023\/02\/SMO_LOGO-03.svg"},"sameAs":["https:\/\/shrimataji.org\/test","https:\/\/www.facebook.com\/shrimataji","https:\/\/x.com\/shrimataji","https:\/\/www.youtube.com\/@Shri_Mataji_Nirmala_Devi\/featured"]}]}},"lang":"es","translations":{"es":10972,"en":426,"am":18054,"th":20025,"hu":19538,"sq":18455,"zh":17352,"hi":8501,"tr":10195,"pt":10405,"de":10679,"fr":10777,"it":10875,"ja":11269,"ru":11457,"bn":11649,"te":11757,"sw":11880,"he":12028,"el":12320,"fa":12516,"fi":12614,"bg":13488,"ro":14563,"cs":14756,"nl":16615,"ku":16775,"ar":16951,"be":18662,"kn":18936,"mr":20389,"uk":20683,"ml":20978,"ta":22773,"sv":23043,"pa":29047,"fil":29491},"pll_sync_post":[],"_links":{"self":[{"href":"https:\/\/shrimataji.org\/test\/wp-json\/wp\/v2\/pages\/10972","targetHints":{"allow":["GET"]}}],"collection":[{"href":"https:\/\/shrimataji.org\/test\/wp-json\/wp\/v2\/pages"}],"about":[{"href":"https:\/\/shrimataji.org\/test\/wp-json\/wp\/v2\/types\/page"}],"author":[{"embeddable":true,"href":"https:\/\/shrimataji.org\/test\/wp-json\/wp\/v2\/users\/63"}],"replies":[{"embeddable":true,"href":"https:\/\/shrimataji.org\/test\/wp-json\/wp\/v2\/comments?post=10972"}],"version-history":[{"count":0,"href":"https:\/\/shrimataji.org\/test\/wp-json\/wp\/v2\/pages\/10972\/revisions"}],"wp:featuredmedia":[{"embeddable":true,"href":"https:\/\/shrimataji.org\/test\/wp-json\/wp\/v2\/media\/9552"}],"wp:attachment":[{"href":"https:\/\/shrimataji.org\/test\/wp-json\/wp\/v2\/media?parent=10972"}],"curies":[{"name":"wp","href":"https:\/\/api.w.org\/{rel}","templated":true}]}}