{"id":10990,"date":"2020-04-13T17:41:10","date_gmt":"2020-04-13T17:41:10","guid":{"rendered":"https:\/\/testwordpress.nirmalnagari.org\/smnd\/?page_id=3082"},"modified":"2026-03-11T23:49:01","modified_gmt":"2026-03-11T23:49:01","slug":"despertar-espiritual","status":"publish","type":"page","link":"https:\/\/shrimataji.org\/test\/es\/despertar-espiritual\/","title":{"rendered":"Despertar Espiritual"},"content":{"rendered":"\n\n\t<h1>Un Despertar Espiritual de Masas<\/h1>\n<h2>Un cambio revolucionario hacia la iluminaci\u00f3n global<\/h2>\n\t<h4>Shri Mataji naci\u00f3 en el seno de una familia cristiana que profesaba un profundo respeto por todas las religiones. Su padre, Prasad K. Salve, era un apasionado de la teolog\u00eda y animaba a sus hijos a comprender los principios de las principales confesiones. Comprend\u00eda que la unidad definitiva de la humanidad depend\u00eda de la iluminaci\u00f3n espiritual colectiva, la cual pondr\u00eda fin a los conflictos basados \u200b\u200ben la fe que hab\u00edan asolado el mundo durante milenios.<\/h4>\n<p>Los padres de Shri Mataji se inspiraron en la filosof\u00eda de no cooperaci\u00f3n pac\u00edfica de Mahatma Gandhi y participaron activamente en su movimiento \u00abQuit India\u00bb.[<a href=\"#citation-note-1\">1<\/a>] De ni\u00f1a, viviendo en el ashram de Gandhi, Shri Mataji convivi\u00f3 con hind\u00faes, sijs, cristianos y musulmanes, todos unidos por el objetivo com\u00fan de la libertad e independencia nacional. M\u00e1s tarde, durante la partici\u00f3n de la India, con el pa\u00eds desgarrado por la violencia sectaria, Shri Mataji y su familia dieron refugio a quienes hu\u00edan del conflicto, sin importar su religi\u00f3n.<\/p>\n<p>Tras haber vivido aquellos tiempos intensos y dif\u00edciles, Shri Mataji comprendi\u00f3 que la libertad pol\u00edtica no era la soluci\u00f3n definitiva. Decidi\u00f3 que su verdadera misi\u00f3n en la vida era contribuir a la transformaci\u00f3n espiritual de la humanidad. Sin embargo, se tom\u00f3 su tiempo; al casarse con C.P. Srivastava, Shri Mataji le comunic\u00f3 que solo se dedicar\u00eda a su verdadera vocaci\u00f3n una vez que sus hijos fueran mayores y estuvieran establecidos.<\/p>\n<p>No fue hasta 1970 que Shri Mataji sinti\u00f3 que hab\u00eda llegado el momento de comenzar su verdadera misi\u00f3n en la Tierra. Ya hab\u00eda estudiado a los seres humanos y sus problemas, y sab\u00eda que las verdaderas respuestas resid\u00edan en su despertar espiritual, un potencial latente. Era consciente de que las religiones, aunque basadas en las ense\u00f1anzas de verdaderos profetas, eran incapaces de generar este despertar espiritual en la conciencia humana. Una tarde, disgustada por los falsos gur\u00fas en la India que estafaban a la gente con promesas de verdadera espiritualidad, decidi\u00f3 no esperar m\u00e1s. Mientras meditaba en una playa solitaria, en la madrugada del 5 de mayo de 1970, en v\u00edsperas de la luna nueva, sinti\u00f3 el despertar del poder primordial de la creaci\u00f3n en su propio ser sutil. Esta profunda experiencia espiritual le brind\u00f3 todas las respuestas que buscaba en su vida sobre c\u00f3mo despertar la conciencia del Esp\u00edritu eterno en los seres humanos que buscaban la verdad. <a href=\"https:\/\/shrimataji.org\/test\/es\/un-momento-crucial\/\" target=\"_blank\" rel=\"noopener\">Este acontecimiento<\/a> hist\u00f3rico marc\u00f3 un punto de inflexi\u00f3n en su vida: el descubrimiento \u00fanico del despertar espiritual colectivo. Posteriormente fund\u00f3 una t\u00e9cnica que denomin\u00f3 <a href=\"https:\/\/shrimataji.org\/test\/es\/sahaja-yoga-es\/\" target=\"_blank\" rel=\"noopener\">Sahaja Yoga<\/a>, que literalmente significa la uni\u00f3n con el poder divino eterno con el que nace todo ser humano pero del que no es consciente.<\/p>\n\t<p>Sahaja Yoga es una forma sencilla de meditaci\u00f3n que despierta la sutil pero poderosa energ\u00eda espiritual que reside en cada ser humano. Este momento de verdad se conoce como <a href=\"https:\/\/shrimataji.org\/test\/es\/realizacion-del-ser\/\" target=\"_blank\" rel=\"noopener\">Realizaci\u00f3n del Ser<\/a>: la meta anhelada de los m\u00edsticos religiosos de todo el mundo desde tiempos inmemoriales.<\/p>\n\t<div class=\"su-quote su-quote-style-default\"><div class=\"su-quote-inner su-u-clearfix su-u-trim\">Existe un poder vital sutil, que es el amor divino, el cual realiza toda la labor viviente.<\/div><\/div>\n\t<p>Shri Mataji declar\u00f3 que la Realizaci\u00f3n del Ser es algo que se puede alcanzar aqu\u00ed y ahora, a diferencia de una meta lejana que solo se alcanza mediante una vida de penitencia y sacrificio. En sus programas p\u00fablicos siempre dec\u00eda: \u00abT\u00fa eres tu propio maestro\u00bb, recalcando que cada uno de nosotros debe ser su propio gu\u00eda, confiando en nuestra propia experiencia directa con la Verdad y sin depender de un intermediario para alcanzar la iluminaci\u00f3n. Adem\u00e1s, Shri Mataji siempre aclar\u00f3 que lo que dec\u00eda era una hip\u00f3tesis que las personas deb\u00edan comprobar por s\u00ed mismas, y que la fe ciega no lleva a ninguna parte.<\/p>\n<p>Shri Mataji sosten\u00eda que la verdadera religi\u00f3n no se basa en dogmas ni jerarqu\u00edas, sino en el conocimiento absoluto del Ser como esp\u00edritu. Como ella misma lo expres\u00f3: \u00abTodas las religiones provienen del mismo \u00e1rbol de la vida: la espiritualidad&#8230; La religi\u00f3n existe para brindarte paz, alegr\u00eda y felicidad&#8230; No hay diferencia alguna entre ellas; pero si no te conoces a ti mismo, \u00bfc\u00f3mo podr\u00e1s comprender la religi\u00f3n? Por lo tanto, es fundamental que, ante todo, te conozcas a ti mismo\u00bb. Cuando te reconoces como un ser espiritual, \u00ab&#8230;comprender\u00e1s la religi\u00f3n que sigues&#8230; (y)&#8230; la grandeza de todos estos profetas y gur\u00fas&#8230;\u00bb.<\/p>\n<p>M\u00e1s que una gur\u00fa o una maestra, Shri Mataji podr\u00eda describirse como una \u00abMadre Espiritual\u00bb, impulsada por la compasi\u00f3n y el amor, y profundamente preocupada por el bienestar y la evoluci\u00f3n de toda la humanidad. Gracias a su visi\u00f3n y a sus incansables esfuerzos, el Sahaja Yoga se ha establecido en m\u00e1s de cien pa\u00edses y millones de personas han alcanzado el equilibrio y la plenitud en sus vidas, algunas incluso superando graves discapacidades mentales y f\u00edsicas mediante la experiencia de la autorrealizaci\u00f3n y la pr\u00e1ctica regular de la <a href=\"https:\/\/shrimataji.org\/test\/es\/sahaja-yoga-meditacion\/\" target=\"_blank\" rel=\"noopener\">meditaci\u00f3n Sahaja Yoga<\/a>.<\/p>\n<p>&nbsp;<\/p>\n\t<hr \/>\n<h3>\n<a id=citation-note-1><br \/>\n1. ^ <\/a>Un movimiento de desobediencia civil lanzado por MK Gandhi y el Congreso Nacional Indio en agosto de 1942, que ped\u00eda una resistencia decidida pero pasiva al dominio brit\u00e1nico y una &#8220;retirada brit\u00e1nica ordenada&#8221; de la India (wikipedia, la enciclopedia libre).<br \/>\n<\/h3>\n\n","protected":false},"excerpt":{"rendered":"<p>Un Despertar Espiritual de Masas Un cambio revolucionario hacia la iluminaci\u00f3n global Shri Mataji naci\u00f3 en el seno de una familia cristiana que profesaba un profundo respeto por todas las religiones. Su padre, Prasad K. Salve, era un apasionado de la teolog\u00eda y animaba a sus hijos a comprender los principios de las principales confesiones.&hellip; <br \/> <a class=\"read-more\" href=\"https:\/\/shrimataji.org\/test\/es\/despertar-espiritual\/\">Read more<\/a><\/p>\n","protected":false},"author":63,"featured_media":37315,"parent":0,"menu_order":0,"comment_status":"closed","ping_status":"closed","template":"","meta":{"inline_featured_image":false,"footnotes":"","advanced-sidebar-menu\/link-title":"","advanced-sidebar-menu\/exclude-page":false},"class_list":["post-10990","page","type-page","status-publish","has-post-thumbnail","hentry"],"yoast_head":"<!-- This site is optimized with the Yoast SEO plugin v27.6 - https:\/\/yoast.com\/product\/yoast-seo-wordpress\/ -->\n<title>Despertar Espiritual - TEST - SMND<\/title>\n<meta name=\"robots\" content=\"noindex, follow, max-snippet:-1, max-image-preview:large, max-video-preview:-1\" \/>\n<meta property=\"og:locale\" content=\"en_US\" \/>\n<meta property=\"og:type\" content=\"article\" \/>\n<meta property=\"og:title\" content=\"Despertar Espiritual - TEST - SMND\" \/>\n<meta property=\"og:description\" content=\"Un Despertar Espiritual de Masas Un cambio revolucionario hacia la iluminaci\u00f3n global Shri Mataji naci\u00f3 en el seno de una familia cristiana que profesaba un profundo respeto por todas las religiones. Su padre, Prasad K. Salve, era un apasionado de la teolog\u00eda y animaba a sus hijos a comprender los principios de las principales confesiones.&hellip; Read more\" \/>\n<meta property=\"og:url\" content=\"https:\/\/shrimataji.org\/test\/es\/despertar-espiritual\/\" \/>\n<meta property=\"og:site_name\" content=\"TEST - SMND\" \/>\n<meta property=\"article:publisher\" content=\"https:\/\/www.facebook.com\/shrimataji\" \/>\n<meta property=\"article:modified_time\" content=\"2026-03-11T23:49:01+00:00\" \/>\n<meta property=\"og:image\" content=\"https:\/\/shrimataji.org\/test\/wp-content\/uploads\/2018\/07\/fp11-e1588597806347.jpg\" \/>\n\t<meta property=\"og:image:width\" content=\"707\" \/>\n\t<meta property=\"og:image:height\" content=\"700\" \/>\n\t<meta property=\"og:image:type\" content=\"image\/jpeg\" \/>\n<meta name=\"twitter:card\" content=\"summary_large_image\" \/>\n<meta name=\"twitter:site\" content=\"@shrimataji\" \/>\n<meta name=\"twitter:label1\" content=\"Est. reading time\" \/>\n\t<meta name=\"twitter:data1\" content=\"4 minutes\" \/>\n<script type=\"application\/ld+json\" class=\"yoast-schema-graph\">{\"@context\":\"https:\\\/\\\/schema.org\",\"@graph\":[{\"@type\":\"WebPage\",\"@id\":\"https:\\\/\\\/shrimataji.org\\\/test\\\/es\\\/despertar-espiritual\\\/\",\"url\":\"https:\\\/\\\/shrimataji.org\\\/test\\\/es\\\/despertar-espiritual\\\/\",\"name\":\"Despertar Espiritual - TEST - SMND\",\"isPartOf\":{\"@id\":\"https:\\\/\\\/shrimataji.org\\\/test\\\/#website\"},\"primaryImageOfPage\":{\"@id\":\"https:\\\/\\\/shrimataji.org\\\/test\\\/es\\\/despertar-espiritual\\\/#primaryimage\"},\"image\":{\"@id\":\"https:\\\/\\\/shrimataji.org\\\/test\\\/es\\\/despertar-espiritual\\\/#primaryimage\"},\"thumbnailUrl\":\"https:\\\/\\\/shrimataji.org\\\/test\\\/wp-content\\\/uploads\\\/2026\\\/03\\\/shri-mataji-nirmala-devi-with-village-people-in-india.avif\",\"datePublished\":\"2020-04-13T17:41:10+00:00\",\"dateModified\":\"2026-03-11T23:49:01+00:00\",\"breadcrumb\":{\"@id\":\"https:\\\/\\\/shrimataji.org\\\/test\\\/es\\\/despertar-espiritual\\\/#breadcrumb\"},\"inLanguage\":\"en-US\",\"potentialAction\":[{\"@type\":\"ReadAction\",\"target\":[\"https:\\\/\\\/shrimataji.org\\\/test\\\/es\\\/despertar-espiritual\\\/\"]}]},{\"@type\":\"ImageObject\",\"inLanguage\":\"en-US\",\"@id\":\"https:\\\/\\\/shrimataji.org\\\/test\\\/es\\\/despertar-espiritual\\\/#primaryimage\",\"url\":\"https:\\\/\\\/shrimataji.org\\\/test\\\/wp-content\\\/uploads\\\/2026\\\/03\\\/shri-mataji-nirmala-devi-with-village-people-in-india.avif\",\"contentUrl\":\"https:\\\/\\\/shrimataji.org\\\/test\\\/wp-content\\\/uploads\\\/2026\\\/03\\\/shri-mataji-nirmala-devi-with-village-people-in-india.avif\",\"width\":990,\"height\":350},{\"@type\":\"BreadcrumbList\",\"@id\":\"https:\\\/\\\/shrimataji.org\\\/test\\\/es\\\/despertar-espiritual\\\/#breadcrumb\",\"itemListElement\":[{\"@type\":\"ListItem\",\"position\":1,\"name\":\"Home\",\"item\":\"https:\\\/\\\/shrimataji.org\\\/test\\\/uk\\\/home-en\\\/\"},{\"@type\":\"ListItem\",\"position\":2,\"name\":\"Despertar Espiritual\"}]},{\"@type\":\"WebSite\",\"@id\":\"https:\\\/\\\/shrimataji.org\\\/test\\\/#website\",\"url\":\"https:\\\/\\\/shrimataji.org\\\/test\\\/\",\"name\":\"Shri Mataji Nirmala Devi\",\"description\":\"A Life Dedicated to Humanity\",\"publisher\":{\"@id\":\"https:\\\/\\\/shrimataji.org\\\/test\\\/#\\\/schema\\\/person\\\/a1b3419c6585f164aa96da1ff85715d1\"},\"potentialAction\":[{\"@type\":\"SearchAction\",\"target\":{\"@type\":\"EntryPoint\",\"urlTemplate\":\"https:\\\/\\\/shrimataji.org\\\/test\\\/?s={search_term_string}\"},\"query-input\":{\"@type\":\"PropertyValueSpecification\",\"valueRequired\":true,\"valueName\":\"search_term_string\"}}],\"inLanguage\":\"en-US\"},{\"@type\":[\"Person\",\"Organization\"],\"@id\":\"https:\\\/\\\/shrimataji.org\\\/test\\\/#\\\/schema\\\/person\\\/a1b3419c6585f164aa96da1ff85715d1\",\"name\":\"Nirmala Shrivastava\",\"image\":{\"@type\":\"ImageObject\",\"inLanguage\":\"en-US\",\"@id\":\"https:\\\/\\\/shrimataji.org\\\/test\\\/wp-content\\\/uploads\\\/2023\\\/02\\\/SMO_LOGO-03.svg\",\"url\":\"https:\\\/\\\/shrimataji.org\\\/test\\\/wp-content\\\/uploads\\\/2023\\\/02\\\/SMO_LOGO-03.svg\",\"contentUrl\":\"https:\\\/\\\/shrimataji.org\\\/test\\\/wp-content\\\/uploads\\\/2023\\\/02\\\/SMO_LOGO-03.svg\",\"width\":\"1024\",\"height\":\"1024\",\"caption\":\"Nirmala Shrivastava\"},\"logo\":{\"@id\":\"https:\\\/\\\/shrimataji.org\\\/test\\\/wp-content\\\/uploads\\\/2023\\\/02\\\/SMO_LOGO-03.svg\"},\"sameAs\":[\"https:\\\/\\\/shrimataji.org\\\/test\",\"https:\\\/\\\/www.facebook.com\\\/shrimataji\",\"https:\\\/\\\/x.com\\\/shrimataji\",\"https:\\\/\\\/www.youtube.com\\\/@Shri_Mataji_Nirmala_Devi\\\/featured\"]}]}<\/script>\n<!-- \/ Yoast SEO plugin. -->","yoast_head_json":{"title":"Despertar Espiritual - TEST - SMND","robots":{"index":"noindex","follow":"follow","max-snippet":"max-snippet:-1","max-image-preview":"max-image-preview:large","max-video-preview":"max-video-preview:-1"},"og_locale":"en_US","og_type":"article","og_title":"Despertar Espiritual - TEST - SMND","og_description":"Un Despertar Espiritual de Masas Un cambio revolucionario hacia la iluminaci\u00f3n global Shri Mataji naci\u00f3 en el seno de una familia cristiana que profesaba un profundo respeto por todas las religiones. Su padre, Prasad K. Salve, era un apasionado de la teolog\u00eda y animaba a sus hijos a comprender los principios de las principales confesiones.&hellip; Read more","og_url":"https:\/\/shrimataji.org\/test\/es\/despertar-espiritual\/","og_site_name":"TEST - SMND","article_publisher":"https:\/\/www.facebook.com\/shrimataji","article_modified_time":"2026-03-11T23:49:01+00:00","og_image":[{"width":707,"height":700,"url":"https:\/\/shrimataji.org\/test\/wp-content\/uploads\/2018\/07\/fp11-e1588597806347.jpg","type":"image\/jpeg"}],"twitter_card":"summary_large_image","twitter_site":"@shrimataji","twitter_misc":{"Est. reading time":"4 minutes"},"schema":{"@context":"https:\/\/schema.org","@graph":[{"@type":"WebPage","@id":"https:\/\/shrimataji.org\/test\/es\/despertar-espiritual\/","url":"https:\/\/shrimataji.org\/test\/es\/despertar-espiritual\/","name":"Despertar Espiritual - TEST - SMND","isPartOf":{"@id":"https:\/\/shrimataji.org\/test\/#website"},"primaryImageOfPage":{"@id":"https:\/\/shrimataji.org\/test\/es\/despertar-espiritual\/#primaryimage"},"image":{"@id":"https:\/\/shrimataji.org\/test\/es\/despertar-espiritual\/#primaryimage"},"thumbnailUrl":"https:\/\/shrimataji.org\/test\/wp-content\/uploads\/2026\/03\/shri-mataji-nirmala-devi-with-village-people-in-india.avif","datePublished":"2020-04-13T17:41:10+00:00","dateModified":"2026-03-11T23:49:01+00:00","breadcrumb":{"@id":"https:\/\/shrimataji.org\/test\/es\/despertar-espiritual\/#breadcrumb"},"inLanguage":"en-US","potentialAction":[{"@type":"ReadAction","target":["https:\/\/shrimataji.org\/test\/es\/despertar-espiritual\/"]}]},{"@type":"ImageObject","inLanguage":"en-US","@id":"https:\/\/shrimataji.org\/test\/es\/despertar-espiritual\/#primaryimage","url":"https:\/\/shrimataji.org\/test\/wp-content\/uploads\/2026\/03\/shri-mataji-nirmala-devi-with-village-people-in-india.avif","contentUrl":"https:\/\/shrimataji.org\/test\/wp-content\/uploads\/2026\/03\/shri-mataji-nirmala-devi-with-village-people-in-india.avif","width":990,"height":350},{"@type":"BreadcrumbList","@id":"https:\/\/shrimataji.org\/test\/es\/despertar-espiritual\/#breadcrumb","itemListElement":[{"@type":"ListItem","position":1,"name":"Home","item":"https:\/\/shrimataji.org\/test\/uk\/home-en\/"},{"@type":"ListItem","position":2,"name":"Despertar Espiritual"}]},{"@type":"WebSite","@id":"https:\/\/shrimataji.org\/test\/#website","url":"https:\/\/shrimataji.org\/test\/","name":"Shri Mataji Nirmala Devi","description":"A Life Dedicated to Humanity","publisher":{"@id":"https:\/\/shrimataji.org\/test\/#\/schema\/person\/a1b3419c6585f164aa96da1ff85715d1"},"potentialAction":[{"@type":"SearchAction","target":{"@type":"EntryPoint","urlTemplate":"https:\/\/shrimataji.org\/test\/?s={search_term_string}"},"query-input":{"@type":"PropertyValueSpecification","valueRequired":true,"valueName":"search_term_string"}}],"inLanguage":"en-US"},{"@type":["Person","Organization"],"@id":"https:\/\/shrimataji.org\/test\/#\/schema\/person\/a1b3419c6585f164aa96da1ff85715d1","name":"Nirmala Shrivastava","image":{"@type":"ImageObject","inLanguage":"en-US","@id":"https:\/\/shrimataji.org\/test\/wp-content\/uploads\/2023\/02\/SMO_LOGO-03.svg","url":"https:\/\/shrimataji.org\/test\/wp-content\/uploads\/2023\/02\/SMO_LOGO-03.svg","contentUrl":"https:\/\/shrimataji.org\/test\/wp-content\/uploads\/2023\/02\/SMO_LOGO-03.svg","width":"1024","height":"1024","caption":"Nirmala Shrivastava"},"logo":{"@id":"https:\/\/shrimataji.org\/test\/wp-content\/uploads\/2023\/02\/SMO_LOGO-03.svg"},"sameAs":["https:\/\/shrimataji.org\/test","https:\/\/www.facebook.com\/shrimataji","https:\/\/x.com\/shrimataji","https:\/\/www.youtube.com\/@Shri_Mataji_Nirmala_Devi\/featured"]}]}},"lang":"es","translations":{"es":10990,"ur":37510,"en":3082,"am":18083,"th":20070,"hu":19572,"sq":18484,"zh":17381,"tr":10215,"pt":10423,"de":10697,"fr":10795,"it":10893,"ja":11288,"ru":11476,"bn":11667,"te":11775,"sw":11898,"he":12046,"el":12338,"sk":12436,"fa":12534,"fi":12632,"bg":13430,"ro":14504,"cs":14697,"nl":16644,"ku":16804,"ar":16980,"be":18691,"kn":18965,"mr":20434,"uk":20728,"ml":21023,"ta":22803,"sv":23072,"gu":28906,"pa":29066,"fil":29521,"da":37818,"pl":38028,"nn":38370},"pll_sync_post":{},"_links":{"self":[{"href":"https:\/\/shrimataji.org\/test\/wp-json\/wp\/v2\/pages\/10990","targetHints":{"allow":["GET"]}}],"collection":[{"href":"https:\/\/shrimataji.org\/test\/wp-json\/wp\/v2\/pages"}],"about":[{"href":"https:\/\/shrimataji.org\/test\/wp-json\/wp\/v2\/types\/page"}],"author":[{"embeddable":true,"href":"https:\/\/shrimataji.org\/test\/wp-json\/wp\/v2\/users\/63"}],"replies":[{"embeddable":true,"href":"https:\/\/shrimataji.org\/test\/wp-json\/wp\/v2\/comments?post=10990"}],"version-history":[{"count":0,"href":"https:\/\/shrimataji.org\/test\/wp-json\/wp\/v2\/pages\/10990\/revisions"}],"wp:featuredmedia":[{"embeddable":true,"href":"https:\/\/shrimataji.org\/test\/wp-json\/wp\/v2\/media\/37315"}],"wp:attachment":[{"href":"https:\/\/shrimataji.org\/test\/wp-json\/wp\/v2\/media?parent=10990"}],"curies":[{"name":"wp","href":"https:\/\/api.w.org\/{rel}","templated":true}]}}