{"id":10994,"date":"2012-10-02T12:00:00","date_gmt":"2012-10-02T12:00:00","guid":{"rendered":"http:\/\/testwordpress.nirmalnagari.org\/smnd\/index.php\/that-absolute-truth\/"},"modified":"2026-03-11T23:49:04","modified_gmt":"2026-03-11T23:49:04","slug":"la-verdad-absoluta","status":"publish","type":"page","link":"https:\/\/shrimataji.org\/test\/es\/la-verdad-absoluta\/","title":{"rendered":"La Verdad Absoluta"},"content":{"rendered":"\n\n\t<h1>La Verdad Absoluta<\/h1>\n<h2>Extracto del Programa P\u00fablico en el Departamento de Estudios Religiosos, Universidad de Sydney, Australia, 15 de Marzo, 1990<\/h2>\n\t<p>Desde el principio tenemos que saber una cosa, la verdad es lo que es. No podemos organizarla, no podemos ordenarla, no la podemos conceptualizar con nuestra comprensi\u00f3n humana. Lo es, lo fue y lo ser\u00e1. La esencia de todas las religiones, si la llevas a la esencia en una sola l\u00ednea, es \u00e9sta, que busca lo eterno, y trata lo transitorio con toda comprensi\u00f3n al respecto.<\/p>\n\t\t\t\t<img decoding=\"async\" src=\"https:\/\/shrimataji.org\/test\/wp-content\/uploads\/2018\/07\/media_originals\/images\/shri-mataji-portraits\/shri-mataji-while-touring-india-1981-to-1982-1024x728.jpg\" alt=\"shri-mataji-while-touring-india-1981-to-1982\" itemprop=\"image\" height=\"728\" width=\"1024\" height=\"728\" width=\"1024\" title=\"shri-mataji-while-touring-india-1981-to-1982\" onerror=\"this.style.display='none'\" loading=\"lazy\" \/>\n\t<p>La primera parte es la dif\u00edcil: busca lo eterno. Lo eterno es la verdad, \u00bfy cu\u00e1l es la verdad? Ahora, cuando estoy hablando con ustedes, todos ustedes son gente muy bien versada y muy bien educada. Tengo que pedirles que tengan una mente abierta, una perspectiva cient\u00edfica para ver por ustedes mismos si lo que digo es la verdad o no, experimentarlo, y tratar toda esta charla como una hip\u00f3tesis. Y si resulta ser la verdad, entonces con toda honestidad tenemos que aceptarlo.<\/p>\n<p>Hay dos cosas que tal vez no aceptemos, pero existen. Una de ellas es que todo este universo, toda esta creaci\u00f3n est\u00e1 impregnada, alimentada, cuidada por el poder omnipresente del Amor de Dios. En estos tiempos modernos, incluso tomar el nombre de Dios es demasiado. Esto es llamado Paramachaitanya en el lenguaje s\u00e1nscrito, en el Cor\u00e1n se llama Ruh, en la Biblia, el poder omnipresente del Amor de Dios, o el Poder omnipresente de lo Divino. Lo que llamamos espiritualidad, divinidad es la esencia de esto. Esta es la primera verdad.<\/p>\n\t<p>Y la segunda verdad es que no somos este cuerpo, ni esta mente, ni las emociones, ni el ego, ni estos pensamientos. M\u00e1s all\u00e1 de eso somos el esp\u00edritu, somos el esp\u00edritu puro. Estas son las dos cosas que se dicen en todas las religiones, de cualquier forma que hayan hablado acerca de esto.<\/p>\n<p>En los viejos tiempos, la b\u00fasqueda comenz\u00f3 en la India -India tiene ciertos privilegios en comparaci\u00f3n con otros pa\u00edses. En primer lugar, el clima es tan bueno que se puede vivir en la selva sin muchos problemas. Mientras que en Occidente dir\u00edamos que la gente comenz\u00f3 a salir como un \u00e1rbol, hacia afuera, los indios comenzaron a ir hacia abajo, hacia sus ra\u00edces. Y encontraron, hace mucho tiempo, Sahaja Yoga.<\/p>\n<p>No es una cosa moderna, es un antiguo m\u00e9todo aceptado para conseguir la uni\u00f3n con lo Divino, que es el yoga. Sahaja significa &#8220;nacido contigo&#8221; &#8211; saha es &#8220;con&#8221;, ja &#8220;nacido&#8221;. Nacido contigo, es el derecho de conseguir esa uni\u00f3n con el Poder Divino.<\/p>\n\t<p>Pero sahaja tambi\u00e9n significa &#8220;espont\u00e1neo&#8221;, porque este es el poder viviente que lo hace funcionar. Hay un poder viviente dentro de nosotros que nos ha hecho seres humanos desde la etapa de la ameba. Y ahora hay otro poder residual que tiene que conectarnos con lo Divino. Este es el verdadero significado de la palabra yoga. Y todo ser humano tiene derecho a unirse a ese poder omnipresente. As\u00ed que este es el \u00faltimo avance de nuestra evoluci\u00f3n.<\/p>\n<p>A nivel humano, como saben, vivimos en un mundo relativo. Algunas personas dicen que es bueno, algunas personas dicen que esto es bueno. Hay toda una lucha en marcha. Pero si es la verdad absoluta no deber\u00eda haber dos opiniones al respecto. As\u00ed que debemos aceptar con mucha humildad que a\u00fan no hemos alcanzado esa verdad absoluta que demuestra la existencia de Dios, que demuestra la existencia de este poder omnipresente, que demuestra la exactitud de lo que los grandes profetas, las grandes encarnaciones nos han ense\u00f1ado.<\/p>\n\t<p><img loading=\"lazy\" decoding=\"async\" src=\"https:\/\/shrimataji.org\/test\/wp-content\/uploads\/2018\/07\/media_originals\/images\/shri-mataji-portraits\/shri-mataji-nirmala-devi-portrait.jpg\" alt=\"\" width=\"906\" height=\"598\" \/><\/p>\n\t<p>Por supuesto, las religiones han ca\u00eddo en desviaciones y divergencias debido al esfuerzo humano, y aparentemente podr\u00edan haber estado buscando ser diferentes, pero eran como flores en el \u00e1rbol de la vida en diferentes momentos, de acuerdo con los tiempos &#8211; la palabra para eso en s\u00e1nscrito es samayachaa. Seg\u00fan el tiempo en que la manifestaci\u00f3n estaba all\u00ed, pero todas fueron creadas en un \u00e1rbol de la vida. Pero la gente lo arranc\u00f3, empez\u00f3 a decir: &#8220;Esto es m\u00edo. Esto es m\u00edo&#8221;, y con las flores muertas empezaron a luchar. As\u00ed es como vemos que surge el problema hoy en d\u00eda.<\/p>\n\t<div class=\"su-quote su-quote-style-default\"><div class=\"su-quote-inner su-u-clearfix su-u-trim\"> NO TIENES QUE TENER FE CIEGA POR NADA. LA FE CIEGA CONDUCE AL FANATISMO. NO DEBER\u00cdAS TENER FE CIEGA. TIENES QUE EXPERIMENTAR.<\/div><\/div>\n\tNo hab\u00eda nada malo con estos santos, nada malo con los profetas, y nada malo con las encarnaciones. Todos ellos han hecho lo mejor para nosotros, y han tratado de decirnos de vez en cuando, en el momento de nuestra evoluci\u00f3n, lo que tenemos que hacer. Pero sobre todo han estado lidiando con las cosas transitorias, c\u00f3mo no ser indulgente con los placeres transitorios de la vida, sino buscar lo eterno&#8230;<br \/>\n&#8230; Pero no tienes que tener fe ciega por nada. La fe ciega conduce al fanatismo. No deber\u00edas tener fe ciega. Tienes que experimentar&#8230;\n\n","protected":false},"excerpt":{"rendered":"<p>La Verdad Absoluta Extracto del Programa P\u00fablico en el Departamento de Estudios Religiosos, Universidad de Sydney, Australia, 15 de Marzo, 1990 Desde el principio tenemos que saber una cosa, la verdad es lo que es. No podemos organizarla, no podemos ordenarla, no la podemos conceptualizar con nuestra comprensi\u00f3n humana. Lo es, lo fue y lo&hellip; <br \/> <a class=\"read-more\" href=\"https:\/\/shrimataji.org\/test\/es\/la-verdad-absoluta\/\">Read more<\/a><\/p>\n","protected":false},"author":63,"featured_media":133,"parent":0,"menu_order":0,"comment_status":"closed","ping_status":"closed","template":"","meta":{"inline_featured_image":false,"footnotes":""},"class_list":["post-10994","page","type-page","status-publish","has-post-thumbnail","hentry"],"yoast_head":"<!-- This site is optimized with the Yoast SEO plugin v27.4 - https:\/\/yoast.com\/product\/yoast-seo-wordpress\/ -->\n<title>La Verdad Absoluta - TEST - SMND<\/title>\n<meta name=\"robots\" content=\"noindex, follow, max-snippet:-1, max-image-preview:large, max-video-preview:-1\" \/>\n<meta property=\"og:locale\" content=\"en_US\" \/>\n<meta property=\"og:type\" content=\"article\" \/>\n<meta property=\"og:title\" content=\"La Verdad Absoluta - TEST - SMND\" \/>\n<meta property=\"og:description\" content=\"La Verdad Absoluta Extracto del Programa P\u00fablico en el Departamento de Estudios Religiosos, Universidad de Sydney, Australia, 15 de Marzo, 1990 Desde el principio tenemos que saber una cosa, la verdad es lo que es. No podemos organizarla, no podemos ordenarla, no la podemos conceptualizar con nuestra comprensi\u00f3n humana. Lo es, lo fue y lo&hellip; Read more\" \/>\n<meta property=\"og:url\" content=\"https:\/\/shrimataji.org\/test\/es\/la-verdad-absoluta\/\" \/>\n<meta property=\"og:site_name\" content=\"TEST - SMND\" \/>\n<meta property=\"article:publisher\" content=\"https:\/\/www.facebook.com\/shrimataji\" \/>\n<meta property=\"article:modified_time\" content=\"2026-03-11T23:49:04+00:00\" \/>\n<meta property=\"og:image\" content=\"https:\/\/shrimataji.org\/test\/wp-content\/uploads\/2018\/07\/media_originals\/images\/headers-general\/pink-flower-soft.jpg\" \/>\n\t<meta property=\"og:image:width\" content=\"990\" \/>\n\t<meta property=\"og:image:height\" content=\"350\" \/>\n\t<meta property=\"og:image:type\" content=\"image\/jpeg\" \/>\n<meta name=\"twitter:card\" content=\"summary_large_image\" \/>\n<meta name=\"twitter:site\" content=\"@shrimataji\" \/>\n<meta name=\"twitter:label1\" content=\"Est. reading time\" \/>\n\t<meta name=\"twitter:data1\" content=\"4 minutes\" \/>\n<script type=\"application\/ld+json\" class=\"yoast-schema-graph\">{\"@context\":\"https:\\\/\\\/schema.org\",\"@graph\":[{\"@type\":\"WebPage\",\"@id\":\"https:\\\/\\\/shrimataji.org\\\/test\\\/es\\\/la-verdad-absoluta\\\/\",\"url\":\"https:\\\/\\\/shrimataji.org\\\/test\\\/es\\\/la-verdad-absoluta\\\/\",\"name\":\"La Verdad Absoluta - TEST - SMND\",\"isPartOf\":{\"@id\":\"https:\\\/\\\/shrimataji.org\\\/test\\\/#website\"},\"primaryImageOfPage\":{\"@id\":\"https:\\\/\\\/shrimataji.org\\\/test\\\/es\\\/la-verdad-absoluta\\\/#primaryimage\"},\"image\":{\"@id\":\"https:\\\/\\\/shrimataji.org\\\/test\\\/es\\\/la-verdad-absoluta\\\/#primaryimage\"},\"thumbnailUrl\":\"https:\\\/\\\/shrimataji.org\\\/test\\\/wp-content\\\/uploads\\\/2018\\\/07\\\/media_originals\\\/images\\\/headers-general\\\/pink-flower-soft.jpg\",\"datePublished\":\"2012-10-02T12:00:00+00:00\",\"dateModified\":\"2026-03-11T23:49:04+00:00\",\"breadcrumb\":{\"@id\":\"https:\\\/\\\/shrimataji.org\\\/test\\\/es\\\/la-verdad-absoluta\\\/#breadcrumb\"},\"inLanguage\":\"en-US\",\"potentialAction\":[{\"@type\":\"ReadAction\",\"target\":[\"https:\\\/\\\/shrimataji.org\\\/test\\\/es\\\/la-verdad-absoluta\\\/\"]}]},{\"@type\":\"ImageObject\",\"inLanguage\":\"en-US\",\"@id\":\"https:\\\/\\\/shrimataji.org\\\/test\\\/es\\\/la-verdad-absoluta\\\/#primaryimage\",\"url\":\"https:\\\/\\\/shrimataji.org\\\/test\\\/wp-content\\\/uploads\\\/2018\\\/07\\\/media_originals\\\/images\\\/headers-general\\\/pink-flower-soft.jpg\",\"contentUrl\":\"https:\\\/\\\/shrimataji.org\\\/test\\\/wp-content\\\/uploads\\\/2018\\\/07\\\/media_originals\\\/images\\\/headers-general\\\/pink-flower-soft.jpg\",\"width\":990,\"height\":350},{\"@type\":\"BreadcrumbList\",\"@id\":\"https:\\\/\\\/shrimataji.org\\\/test\\\/es\\\/la-verdad-absoluta\\\/#breadcrumb\",\"itemListElement\":[{\"@type\":\"ListItem\",\"position\":1,\"name\":\"Home\",\"item\":\"https:\\\/\\\/shrimataji.org\\\/test\\\/uk\\\/home-en\\\/\"},{\"@type\":\"ListItem\",\"position\":2,\"name\":\"La Verdad Absoluta\"}]},{\"@type\":\"WebSite\",\"@id\":\"https:\\\/\\\/shrimataji.org\\\/test\\\/#website\",\"url\":\"https:\\\/\\\/shrimataji.org\\\/test\\\/\",\"name\":\"Shri Mataji Nirmala Devi\",\"description\":\"A Life Dedicated to Humanity\",\"publisher\":{\"@id\":\"https:\\\/\\\/shrimataji.org\\\/test\\\/#\\\/schema\\\/person\\\/a1b3419c6585f164aa96da1ff85715d1\"},\"potentialAction\":[{\"@type\":\"SearchAction\",\"target\":{\"@type\":\"EntryPoint\",\"urlTemplate\":\"https:\\\/\\\/shrimataji.org\\\/test\\\/?s={search_term_string}\"},\"query-input\":{\"@type\":\"PropertyValueSpecification\",\"valueRequired\":true,\"valueName\":\"search_term_string\"}}],\"inLanguage\":\"en-US\"},{\"@type\":[\"Person\",\"Organization\"],\"@id\":\"https:\\\/\\\/shrimataji.org\\\/test\\\/#\\\/schema\\\/person\\\/a1b3419c6585f164aa96da1ff85715d1\",\"name\":\"Nirmala Shrivastava\",\"image\":{\"@type\":\"ImageObject\",\"inLanguage\":\"en-US\",\"@id\":\"https:\\\/\\\/shrimataji.org\\\/test\\\/wp-content\\\/uploads\\\/2023\\\/02\\\/SMO_LOGO-03.svg\",\"url\":\"https:\\\/\\\/shrimataji.org\\\/test\\\/wp-content\\\/uploads\\\/2023\\\/02\\\/SMO_LOGO-03.svg\",\"contentUrl\":\"https:\\\/\\\/shrimataji.org\\\/test\\\/wp-content\\\/uploads\\\/2023\\\/02\\\/SMO_LOGO-03.svg\",\"width\":\"1024\",\"height\":\"1024\",\"caption\":\"Nirmala Shrivastava\"},\"logo\":{\"@id\":\"https:\\\/\\\/shrimataji.org\\\/test\\\/wp-content\\\/uploads\\\/2023\\\/02\\\/SMO_LOGO-03.svg\"},\"sameAs\":[\"https:\\\/\\\/shrimataji.org\\\/test\",\"https:\\\/\\\/www.facebook.com\\\/shrimataji\",\"https:\\\/\\\/x.com\\\/shrimataji\",\"https:\\\/\\\/www.youtube.com\\\/@Shri_Mataji_Nirmala_Devi\\\/featured\"]}]}<\/script>\n<!-- \/ Yoast SEO plugin. -->","yoast_head_json":{"title":"La Verdad Absoluta - TEST - SMND","robots":{"index":"noindex","follow":"follow","max-snippet":"max-snippet:-1","max-image-preview":"max-image-preview:large","max-video-preview":"max-video-preview:-1"},"og_locale":"en_US","og_type":"article","og_title":"La Verdad Absoluta - TEST - SMND","og_description":"La Verdad Absoluta Extracto del Programa P\u00fablico en el Departamento de Estudios Religiosos, Universidad de Sydney, Australia, 15 de Marzo, 1990 Desde el principio tenemos que saber una cosa, la verdad es lo que es. No podemos organizarla, no podemos ordenarla, no la podemos conceptualizar con nuestra comprensi\u00f3n humana. Lo es, lo fue y lo&hellip; Read more","og_url":"https:\/\/shrimataji.org\/test\/es\/la-verdad-absoluta\/","og_site_name":"TEST - SMND","article_publisher":"https:\/\/www.facebook.com\/shrimataji","article_modified_time":"2026-03-11T23:49:04+00:00","og_image":[{"width":990,"height":350,"url":"https:\/\/shrimataji.org\/test\/wp-content\/uploads\/2018\/07\/media_originals\/images\/headers-general\/pink-flower-soft.jpg","type":"image\/jpeg"}],"twitter_card":"summary_large_image","twitter_site":"@shrimataji","twitter_misc":{"Est. reading time":"4 minutes"},"schema":{"@context":"https:\/\/schema.org","@graph":[{"@type":"WebPage","@id":"https:\/\/shrimataji.org\/test\/es\/la-verdad-absoluta\/","url":"https:\/\/shrimataji.org\/test\/es\/la-verdad-absoluta\/","name":"La Verdad Absoluta - TEST - SMND","isPartOf":{"@id":"https:\/\/shrimataji.org\/test\/#website"},"primaryImageOfPage":{"@id":"https:\/\/shrimataji.org\/test\/es\/la-verdad-absoluta\/#primaryimage"},"image":{"@id":"https:\/\/shrimataji.org\/test\/es\/la-verdad-absoluta\/#primaryimage"},"thumbnailUrl":"https:\/\/shrimataji.org\/test\/wp-content\/uploads\/2018\/07\/media_originals\/images\/headers-general\/pink-flower-soft.jpg","datePublished":"2012-10-02T12:00:00+00:00","dateModified":"2026-03-11T23:49:04+00:00","breadcrumb":{"@id":"https:\/\/shrimataji.org\/test\/es\/la-verdad-absoluta\/#breadcrumb"},"inLanguage":"en-US","potentialAction":[{"@type":"ReadAction","target":["https:\/\/shrimataji.org\/test\/es\/la-verdad-absoluta\/"]}]},{"@type":"ImageObject","inLanguage":"en-US","@id":"https:\/\/shrimataji.org\/test\/es\/la-verdad-absoluta\/#primaryimage","url":"https:\/\/shrimataji.org\/test\/wp-content\/uploads\/2018\/07\/media_originals\/images\/headers-general\/pink-flower-soft.jpg","contentUrl":"https:\/\/shrimataji.org\/test\/wp-content\/uploads\/2018\/07\/media_originals\/images\/headers-general\/pink-flower-soft.jpg","width":990,"height":350},{"@type":"BreadcrumbList","@id":"https:\/\/shrimataji.org\/test\/es\/la-verdad-absoluta\/#breadcrumb","itemListElement":[{"@type":"ListItem","position":1,"name":"Home","item":"https:\/\/shrimataji.org\/test\/uk\/home-en\/"},{"@type":"ListItem","position":2,"name":"La Verdad Absoluta"}]},{"@type":"WebSite","@id":"https:\/\/shrimataji.org\/test\/#website","url":"https:\/\/shrimataji.org\/test\/","name":"Shri Mataji Nirmala Devi","description":"A Life Dedicated to Humanity","publisher":{"@id":"https:\/\/shrimataji.org\/test\/#\/schema\/person\/a1b3419c6585f164aa96da1ff85715d1"},"potentialAction":[{"@type":"SearchAction","target":{"@type":"EntryPoint","urlTemplate":"https:\/\/shrimataji.org\/test\/?s={search_term_string}"},"query-input":{"@type":"PropertyValueSpecification","valueRequired":true,"valueName":"search_term_string"}}],"inLanguage":"en-US"},{"@type":["Person","Organization"],"@id":"https:\/\/shrimataji.org\/test\/#\/schema\/person\/a1b3419c6585f164aa96da1ff85715d1","name":"Nirmala Shrivastava","image":{"@type":"ImageObject","inLanguage":"en-US","@id":"https:\/\/shrimataji.org\/test\/wp-content\/uploads\/2023\/02\/SMO_LOGO-03.svg","url":"https:\/\/shrimataji.org\/test\/wp-content\/uploads\/2023\/02\/SMO_LOGO-03.svg","contentUrl":"https:\/\/shrimataji.org\/test\/wp-content\/uploads\/2023\/02\/SMO_LOGO-03.svg","width":"1024","height":"1024","caption":"Nirmala Shrivastava"},"logo":{"@id":"https:\/\/shrimataji.org\/test\/wp-content\/uploads\/2023\/02\/SMO_LOGO-03.svg"},"sameAs":["https:\/\/shrimataji.org\/test","https:\/\/www.facebook.com\/shrimataji","https:\/\/x.com\/shrimataji","https:\/\/www.youtube.com\/@Shri_Mataji_Nirmala_Devi\/featured"]}]}},"lang":"es","translations":{"es":10994,"ur":37515,"en":430,"am":18090,"th":20081,"hu":19580,"ar":16986,"sq":18491,"zh":17388,"tr":10219,"pt":10427,"de":10701,"fr":10799,"it":10897,"ja":11292,"ru":11480,"bn":11671,"te":11779,"sw":11902,"he":12050,"el":12342,"sk":12440,"fa":12538,"fi":12636,"bg":13496,"ro":14571,"cs":14764,"nl":16650,"ku":16810,"be":18698,"kn":18972,"mr":20445,"uk":20738,"ml":21033,"ta":22809,"sv":23078,"gu":28913,"pa":29073,"fil":29527,"da":37823,"pl":38033,"nn":38375},"pll_sync_post":[],"_links":{"self":[{"href":"https:\/\/shrimataji.org\/test\/wp-json\/wp\/v2\/pages\/10994","targetHints":{"allow":["GET"]}}],"collection":[{"href":"https:\/\/shrimataji.org\/test\/wp-json\/wp\/v2\/pages"}],"about":[{"href":"https:\/\/shrimataji.org\/test\/wp-json\/wp\/v2\/types\/page"}],"author":[{"embeddable":true,"href":"https:\/\/shrimataji.org\/test\/wp-json\/wp\/v2\/users\/63"}],"replies":[{"embeddable":true,"href":"https:\/\/shrimataji.org\/test\/wp-json\/wp\/v2\/comments?post=10994"}],"version-history":[{"count":0,"href":"https:\/\/shrimataji.org\/test\/wp-json\/wp\/v2\/pages\/10994\/revisions"}],"wp:featuredmedia":[{"embeddable":true,"href":"https:\/\/shrimataji.org\/test\/wp-json\/wp\/v2\/media\/133"}],"wp:attachment":[{"href":"https:\/\/shrimataji.org\/test\/wp-json\/wp\/v2\/media?parent=10994"}],"curies":[{"name":"wp","href":"https:\/\/api.w.org\/{rel}","templated":true}]}}