{"id":10995,"date":"2022-01-29T09:27:08","date_gmt":"2022-01-29T09:27:08","guid":{"rendered":"https:\/\/test.shrimataji.org\/?page_id=6380"},"modified":"2026-03-11T23:49:01","modified_gmt":"2026-03-11T23:49:01","slug":"el-arte-del-crecimiento-interior","status":"publish","type":"page","link":"https:\/\/shrimataji.org\/test\/es\/el-arte-del-crecimiento-interior\/","title":{"rendered":"El Arte del Crecimiento Interior"},"content":{"rendered":"\n\n\t<h1>El arte del crecimiento interior<\/h1>\n<h2>Descubre tu verdadero potencial interior<\/h2>\n<div class=\"su-quote su-quote-style-default\"><div class=\"su-quote-inner su-u-clearfix su-u-trim\"> A medida que empiezas a descubrir el crecimiento externo, que debes desarrollar, debe haber un crecimiento interior. Como en un \u00e1rbol, cuando crece, las ra\u00edces deben crecer. <\/div><\/div>\n<h4>Nuestro crecimiento interior en la <a href=\"https:\/\/shrimataji.org\/test\/es\/sahaja-yoga-meditacion\/\" target=\"_blank\" rel=\"noopener\">meditaci\u00f3n de Sahaja Yoga<\/a> es completamente natural y espont\u00e1neo. No existe ninguna t\u00e9cnica especial que podamos usar con la mente o el intelecto para forzar o influir en este crecimiento interior. As\u00ed como no existe una t\u00e9cnica especial para que una semilla se convierta en planta o una flor en fruto, sino que es la Madre Naturaleza la que produce espont\u00e1neamente todos estos eventos naturales, es solo nuestra <a href=\"https:\/\/shrimataji.org\/test\/es\/kundalini-es\/\" target=\"_blank\" rel=\"noopener\">Kundalini<\/a>, la fuerza maternal que nos nutre y que trabaja todo el sistema sutil a trav\u00e9s de la compleja red de <a href=\"https:\/\/shrimataji.org\/test\/es\/chakras-y-cualidades\/\" target=\"_blank\" rel=\"noopener\">chakra<\/a>s y <a href=\"https:\/\/shrimataji.org\/test\/es\/nadis-y-los-estados-de-animo\/\" target=\"_blank\" rel=\"noopener\">nadis<\/a> para desarrollar plenamente nuestra conciencia espiritual.<\/h4>\n<p>Es a trav\u00e9s de la plena consciencia espiritual que nos unimos a nuestro verdadero potencial interior, que integra hol\u00edsticamente nuestro cuerpo, mente, emociones e intelecto. Antes de la autorrealizaci\u00f3n, nuestro coraz\u00f3n desea algo, nuestro intelecto piensa otra cosa y nuestro cuerpo reacciona de forma diferente. La pr\u00e1ctica regular de la meditaci\u00f3n Sahaja Yoga establece la conexi\u00f3n sutil entre coraz\u00f3n, atenci\u00f3n, mente, cuerpo e intelecto que nos permite experimentar un estado de fluidez perfecto en todos los aspectos de nuestra vida.<\/p>\n<p>Al alcanzar esta armon\u00eda interior, descubrimos que afecta profundamente nuestro entorno, ya sea en el trabajo, en la familia o en la sociedad en la que nos desenvolvemos. No tenemos que pensar ni decir nada de una manera espec\u00edfica, sino que nuestras auras espirituales (hay siete auras que rodean nuestro coraz\u00f3n y chakras) se iluminan e interact\u00faan din\u00e1micamente con todo lo que rodea nuestras vidas.<\/p>\n<div class=\"su-quote su-quote-style-default\"><div class=\"su-quote-inner su-u-clearfix su-u-trim\"> No es sino el crecimiento interior de nuestras ra\u00edces lo que se logra a trav\u00e9s del ascenso de la Kundalini&#8230; Por lo tanto, lo \u00fanico que tienes que hacer es dedicar algo de tiempo, venir a la colectividad y progresar en Sahaja Yoga. <\/div><\/div>\n\n","protected":false},"excerpt":{"rendered":"<p>El arte del crecimiento interior Descubre tu verdadero potencial interior Nuestro crecimiento interior en la meditaci\u00f3n de Sahaja Yoga es completamente natural y espont\u00e1neo. No existe ninguna t\u00e9cnica especial que podamos usar con la mente o el intelecto para forzar o influir en este crecimiento interior. As\u00ed como no existe una t\u00e9cnica especial para que&hellip; <br \/> <a class=\"read-more\" href=\"https:\/\/shrimataji.org\/test\/es\/el-arte-del-crecimiento-interior\/\">Read more<\/a><\/p>\n","protected":false},"author":63,"featured_media":9258,"parent":0,"menu_order":0,"comment_status":"closed","ping_status":"closed","template":"","meta":{"inline_featured_image":false,"footnotes":""},"class_list":["post-10995","page","type-page","status-publish","has-post-thumbnail","hentry"],"yoast_head":"<!-- This site is optimized with the Yoast SEO plugin v27.4 - https:\/\/yoast.com\/product\/yoast-seo-wordpress\/ -->\n<title>El Arte del Crecimiento Interior - TEST - SMND<\/title>\n<meta name=\"robots\" content=\"noindex, follow, max-snippet:-1, max-image-preview:large, max-video-preview:-1\" \/>\n<meta property=\"og:locale\" content=\"en_US\" \/>\n<meta property=\"og:type\" content=\"article\" \/>\n<meta property=\"og:title\" content=\"El Arte del Crecimiento Interior - TEST - SMND\" \/>\n<meta property=\"og:description\" content=\"El arte del crecimiento interior Descubre tu verdadero potencial interior Nuestro crecimiento interior en la meditaci\u00f3n de Sahaja Yoga es completamente natural y espont\u00e1neo. No existe ninguna t\u00e9cnica especial que podamos usar con la mente o el intelecto para forzar o influir en este crecimiento interior. As\u00ed como no existe una t\u00e9cnica especial para que&hellip; Read more\" \/>\n<meta property=\"og:url\" content=\"https:\/\/shrimataji.org\/test\/es\/el-arte-del-crecimiento-interior\/\" \/>\n<meta property=\"og:site_name\" content=\"TEST - SMND\" \/>\n<meta property=\"article:publisher\" content=\"https:\/\/www.facebook.com\/shrimataji\" \/>\n<meta property=\"article:modified_time\" content=\"2026-03-11T23:49:01+00:00\" \/>\n<meta property=\"og:image\" content=\"https:\/\/shrimataji.org\/test\/wp-content\/uploads\/2023\/03\/23_Banner-SY-Growth-scaled.jpg\" \/>\n\t<meta property=\"og:image:width\" content=\"2560\" \/>\n\t<meta property=\"og:image:height\" content=\"905\" \/>\n\t<meta property=\"og:image:type\" content=\"image\/jpeg\" \/>\n<meta name=\"twitter:card\" content=\"summary_large_image\" \/>\n<meta name=\"twitter:site\" content=\"@shrimataji\" \/>\n<meta name=\"twitter:label1\" content=\"Est. reading time\" \/>\n\t<meta name=\"twitter:data1\" content=\"2 minutes\" \/>\n<script type=\"application\/ld+json\" class=\"yoast-schema-graph\">{\"@context\":\"https:\\\/\\\/schema.org\",\"@graph\":[{\"@type\":\"WebPage\",\"@id\":\"https:\\\/\\\/shrimataji.org\\\/test\\\/es\\\/el-arte-del-crecimiento-interior\\\/\",\"url\":\"https:\\\/\\\/shrimataji.org\\\/test\\\/es\\\/el-arte-del-crecimiento-interior\\\/\",\"name\":\"El Arte del Crecimiento Interior - TEST - SMND\",\"isPartOf\":{\"@id\":\"https:\\\/\\\/shrimataji.org\\\/test\\\/#website\"},\"primaryImageOfPage\":{\"@id\":\"https:\\\/\\\/shrimataji.org\\\/test\\\/es\\\/el-arte-del-crecimiento-interior\\\/#primaryimage\"},\"image\":{\"@id\":\"https:\\\/\\\/shrimataji.org\\\/test\\\/es\\\/el-arte-del-crecimiento-interior\\\/#primaryimage\"},\"thumbnailUrl\":\"https:\\\/\\\/shrimataji.org\\\/test\\\/wp-content\\\/uploads\\\/2023\\\/03\\\/23_Banner-SY-Growth-scaled.jpg\",\"datePublished\":\"2022-01-29T09:27:08+00:00\",\"dateModified\":\"2026-03-11T23:49:01+00:00\",\"breadcrumb\":{\"@id\":\"https:\\\/\\\/shrimataji.org\\\/test\\\/es\\\/el-arte-del-crecimiento-interior\\\/#breadcrumb\"},\"inLanguage\":\"en-US\",\"potentialAction\":[{\"@type\":\"ReadAction\",\"target\":[\"https:\\\/\\\/shrimataji.org\\\/test\\\/es\\\/el-arte-del-crecimiento-interior\\\/\"]}]},{\"@type\":\"ImageObject\",\"inLanguage\":\"en-US\",\"@id\":\"https:\\\/\\\/shrimataji.org\\\/test\\\/es\\\/el-arte-del-crecimiento-interior\\\/#primaryimage\",\"url\":\"https:\\\/\\\/shrimataji.org\\\/test\\\/wp-content\\\/uploads\\\/2023\\\/03\\\/23_Banner-SY-Growth-scaled.jpg\",\"contentUrl\":\"https:\\\/\\\/shrimataji.org\\\/test\\\/wp-content\\\/uploads\\\/2023\\\/03\\\/23_Banner-SY-Growth-scaled.jpg\",\"width\":2560,\"height\":905},{\"@type\":\"BreadcrumbList\",\"@id\":\"https:\\\/\\\/shrimataji.org\\\/test\\\/es\\\/el-arte-del-crecimiento-interior\\\/#breadcrumb\",\"itemListElement\":[{\"@type\":\"ListItem\",\"position\":1,\"name\":\"Home\",\"item\":\"https:\\\/\\\/shrimataji.org\\\/test\\\/uk\\\/home-en\\\/\"},{\"@type\":\"ListItem\",\"position\":2,\"name\":\"El Arte del Crecimiento Interior\"}]},{\"@type\":\"WebSite\",\"@id\":\"https:\\\/\\\/shrimataji.org\\\/test\\\/#website\",\"url\":\"https:\\\/\\\/shrimataji.org\\\/test\\\/\",\"name\":\"Shri Mataji Nirmala Devi\",\"description\":\"A Life Dedicated to Humanity\",\"publisher\":{\"@id\":\"https:\\\/\\\/shrimataji.org\\\/test\\\/#\\\/schema\\\/person\\\/a1b3419c6585f164aa96da1ff85715d1\"},\"potentialAction\":[{\"@type\":\"SearchAction\",\"target\":{\"@type\":\"EntryPoint\",\"urlTemplate\":\"https:\\\/\\\/shrimataji.org\\\/test\\\/?s={search_term_string}\"},\"query-input\":{\"@type\":\"PropertyValueSpecification\",\"valueRequired\":true,\"valueName\":\"search_term_string\"}}],\"inLanguage\":\"en-US\"},{\"@type\":[\"Person\",\"Organization\"],\"@id\":\"https:\\\/\\\/shrimataji.org\\\/test\\\/#\\\/schema\\\/person\\\/a1b3419c6585f164aa96da1ff85715d1\",\"name\":\"Nirmala Shrivastava\",\"image\":{\"@type\":\"ImageObject\",\"inLanguage\":\"en-US\",\"@id\":\"https:\\\/\\\/shrimataji.org\\\/test\\\/wp-content\\\/uploads\\\/2023\\\/02\\\/SMO_LOGO-03.svg\",\"url\":\"https:\\\/\\\/shrimataji.org\\\/test\\\/wp-content\\\/uploads\\\/2023\\\/02\\\/SMO_LOGO-03.svg\",\"contentUrl\":\"https:\\\/\\\/shrimataji.org\\\/test\\\/wp-content\\\/uploads\\\/2023\\\/02\\\/SMO_LOGO-03.svg\",\"width\":\"1024\",\"height\":\"1024\",\"caption\":\"Nirmala Shrivastava\"},\"logo\":{\"@id\":\"https:\\\/\\\/shrimataji.org\\\/test\\\/wp-content\\\/uploads\\\/2023\\\/02\\\/SMO_LOGO-03.svg\"},\"sameAs\":[\"https:\\\/\\\/shrimataji.org\\\/test\",\"https:\\\/\\\/www.facebook.com\\\/shrimataji\",\"https:\\\/\\\/x.com\\\/shrimataji\",\"https:\\\/\\\/www.youtube.com\\\/@Shri_Mataji_Nirmala_Devi\\\/featured\"]}]}<\/script>\n<!-- \/ Yoast SEO plugin. -->","yoast_head_json":{"title":"El Arte del Crecimiento Interior - TEST - SMND","robots":{"index":"noindex","follow":"follow","max-snippet":"max-snippet:-1","max-image-preview":"max-image-preview:large","max-video-preview":"max-video-preview:-1"},"og_locale":"en_US","og_type":"article","og_title":"El Arte del Crecimiento Interior - TEST - SMND","og_description":"El arte del crecimiento interior Descubre tu verdadero potencial interior Nuestro crecimiento interior en la meditaci\u00f3n de Sahaja Yoga es completamente natural y espont\u00e1neo. No existe ninguna t\u00e9cnica especial que podamos usar con la mente o el intelecto para forzar o influir en este crecimiento interior. As\u00ed como no existe una t\u00e9cnica especial para que&hellip; Read more","og_url":"https:\/\/shrimataji.org\/test\/es\/el-arte-del-crecimiento-interior\/","og_site_name":"TEST - SMND","article_publisher":"https:\/\/www.facebook.com\/shrimataji","article_modified_time":"2026-03-11T23:49:01+00:00","og_image":[{"width":2560,"height":905,"url":"https:\/\/shrimataji.org\/test\/wp-content\/uploads\/2023\/03\/23_Banner-SY-Growth-scaled.jpg","type":"image\/jpeg"}],"twitter_card":"summary_large_image","twitter_site":"@shrimataji","twitter_misc":{"Est. reading time":"2 minutes"},"schema":{"@context":"https:\/\/schema.org","@graph":[{"@type":"WebPage","@id":"https:\/\/shrimataji.org\/test\/es\/el-arte-del-crecimiento-interior\/","url":"https:\/\/shrimataji.org\/test\/es\/el-arte-del-crecimiento-interior\/","name":"El Arte del Crecimiento Interior - TEST - SMND","isPartOf":{"@id":"https:\/\/shrimataji.org\/test\/#website"},"primaryImageOfPage":{"@id":"https:\/\/shrimataji.org\/test\/es\/el-arte-del-crecimiento-interior\/#primaryimage"},"image":{"@id":"https:\/\/shrimataji.org\/test\/es\/el-arte-del-crecimiento-interior\/#primaryimage"},"thumbnailUrl":"https:\/\/shrimataji.org\/test\/wp-content\/uploads\/2023\/03\/23_Banner-SY-Growth-scaled.jpg","datePublished":"2022-01-29T09:27:08+00:00","dateModified":"2026-03-11T23:49:01+00:00","breadcrumb":{"@id":"https:\/\/shrimataji.org\/test\/es\/el-arte-del-crecimiento-interior\/#breadcrumb"},"inLanguage":"en-US","potentialAction":[{"@type":"ReadAction","target":["https:\/\/shrimataji.org\/test\/es\/el-arte-del-crecimiento-interior\/"]}]},{"@type":"ImageObject","inLanguage":"en-US","@id":"https:\/\/shrimataji.org\/test\/es\/el-arte-del-crecimiento-interior\/#primaryimage","url":"https:\/\/shrimataji.org\/test\/wp-content\/uploads\/2023\/03\/23_Banner-SY-Growth-scaled.jpg","contentUrl":"https:\/\/shrimataji.org\/test\/wp-content\/uploads\/2023\/03\/23_Banner-SY-Growth-scaled.jpg","width":2560,"height":905},{"@type":"BreadcrumbList","@id":"https:\/\/shrimataji.org\/test\/es\/el-arte-del-crecimiento-interior\/#breadcrumb","itemListElement":[{"@type":"ListItem","position":1,"name":"Home","item":"https:\/\/shrimataji.org\/test\/uk\/home-en\/"},{"@type":"ListItem","position":2,"name":"El Arte del Crecimiento Interior"}]},{"@type":"WebSite","@id":"https:\/\/shrimataji.org\/test\/#website","url":"https:\/\/shrimataji.org\/test\/","name":"Shri Mataji Nirmala Devi","description":"A Life Dedicated to Humanity","publisher":{"@id":"https:\/\/shrimataji.org\/test\/#\/schema\/person\/a1b3419c6585f164aa96da1ff85715d1"},"potentialAction":[{"@type":"SearchAction","target":{"@type":"EntryPoint","urlTemplate":"https:\/\/shrimataji.org\/test\/?s={search_term_string}"},"query-input":{"@type":"PropertyValueSpecification","valueRequired":true,"valueName":"search_term_string"}}],"inLanguage":"en-US"},{"@type":["Person","Organization"],"@id":"https:\/\/shrimataji.org\/test\/#\/schema\/person\/a1b3419c6585f164aa96da1ff85715d1","name":"Nirmala Shrivastava","image":{"@type":"ImageObject","inLanguage":"en-US","@id":"https:\/\/shrimataji.org\/test\/wp-content\/uploads\/2023\/02\/SMO_LOGO-03.svg","url":"https:\/\/shrimataji.org\/test\/wp-content\/uploads\/2023\/02\/SMO_LOGO-03.svg","contentUrl":"https:\/\/shrimataji.org\/test\/wp-content\/uploads\/2023\/02\/SMO_LOGO-03.svg","width":"1024","height":"1024","caption":"Nirmala Shrivastava"},"logo":{"@id":"https:\/\/shrimataji.org\/test\/wp-content\/uploads\/2023\/02\/SMO_LOGO-03.svg"},"sameAs":["https:\/\/shrimataji.org\/test","https:\/\/www.facebook.com\/shrimataji","https:\/\/x.com\/shrimataji","https:\/\/www.youtube.com\/@Shri_Mataji_Nirmala_Devi\/featured"]}]}},"lang":"es","translations":{"es":10995,"ur":37517,"en":6380,"am":18092,"th":20084,"hu":19582,"ar":16988,"sq":18493,"zh":17390,"hi":7883,"tr":10220,"pt":10428,"de":10702,"fr":10800,"it":10898,"ja":11293,"ru":11481,"bn":11672,"te":11780,"sw":11903,"he":12051,"el":12343,"sk":12441,"fa":12539,"fi":12637,"bg":13405,"ro":14479,"cs":14672,"nl":16652,"ku":16812,"be":18700,"kn":18974,"mr":20448,"uk":20741,"ml":21036,"ta":22811,"sv":23080,"gu":28915,"pa":29075,"fil":29529,"da":37825,"pl":38035,"nn":38377},"pll_sync_post":[],"_links":{"self":[{"href":"https:\/\/shrimataji.org\/test\/wp-json\/wp\/v2\/pages\/10995","targetHints":{"allow":["GET"]}}],"collection":[{"href":"https:\/\/shrimataji.org\/test\/wp-json\/wp\/v2\/pages"}],"about":[{"href":"https:\/\/shrimataji.org\/test\/wp-json\/wp\/v2\/types\/page"}],"author":[{"embeddable":true,"href":"https:\/\/shrimataji.org\/test\/wp-json\/wp\/v2\/users\/63"}],"replies":[{"embeddable":true,"href":"https:\/\/shrimataji.org\/test\/wp-json\/wp\/v2\/comments?post=10995"}],"version-history":[{"count":0,"href":"https:\/\/shrimataji.org\/test\/wp-json\/wp\/v2\/pages\/10995\/revisions"}],"wp:featuredmedia":[{"embeddable":true,"href":"https:\/\/shrimataji.org\/test\/wp-json\/wp\/v2\/media\/9258"}],"wp:attachment":[{"href":"https:\/\/shrimataji.org\/test\/wp-json\/wp\/v2\/media?parent=10995"}],"curies":[{"name":"wp","href":"https:\/\/api.w.org\/{rel}","templated":true}]}}